--
-- Host: localhost    Database: api
-- ------------------------------------------------------


--
-- Table structure for table `activities`
--

CREATE TABLE `activities` (
  `id` int(10) unsigned NOT NULL AUTO_INCREMENT,
  `classwork_id` int(11) NOT NULL,
  `classwork_type` varchar(255) COLLATE utf8_unicode_ci NOT NULL,
  `user_id` int(10) unsigned NOT NULL DEFAULT '1',
  `house_id` int(10) unsigned NOT NULL DEFAULT '1',
  `created_at` timestamp NULL DEFAULT NULL,
  `updated_at` timestamp NULL DEFAULT NULL,
  PRIMARY KEY (`id`),
  KEY `activities_classwork_id_index` (`classwork_id`),
  KEY `activities_classwork_type_index` (`classwork_type`),
  KEY `activities_user_id_index` (`user_id`),
  KEY `activities_house_id_index` (`house_id`),
  CONSTRAINT `activities_house_id_foreign` FOREIGN KEY (`house_id`) REFERENCES `houses` (`id`) ON DELETE CASCADE,
  CONSTRAINT `activities_user_id_foreign` FOREIGN KEY (`user_id`) REFERENCES `users` (`id`) ON DELETE CASCADE
) ENGINE=InnoDB DEFAULT CHARSET=utf8 COLLATE=utf8_unicode_ci;

--
-- Dumping data for table `activities`
--


--
-- Table structure for table `assignments`
--

CREATE TABLE `assignments` (
  `id` int(10) unsigned NOT NULL AUTO_INCREMENT,
  `assignment` varchar(255) COLLATE utf8_unicode_ci NOT NULL,
  `description` varchar(255) COLLATE utf8_unicode_ci NOT NULL,
  `image` varchar(255) COLLATE utf8_unicode_ci DEFAULT NULL,
  `start_available_time` datetime NOT NULL,
  `end_available_time` datetime NOT NULL,
  `due_time` datetime NOT NULL,
  `number_of_tries_allowed` int(11) NOT NULL,
  `which_result` int(11) NOT NULL,
  `status_id` int(10) unsigned NOT NULL DEFAULT '1',
  `user_id` int(10) unsigned NOT NULL DEFAULT '2',
  `created_at` timestamp NULL DEFAULT NULL,
  `updated_at` timestamp NULL DEFAULT NULL,
  PRIMARY KEY (`id`),
  KEY `assignments_status_id_foreign` (`status_id`),
  KEY `assignments_user_id_foreign` (`user_id`),
  CONSTRAINT `assignments_status_id_foreign` FOREIGN KEY (`status_id`) REFERENCES `statuses` (`id`),
  CONSTRAINT `assignments_user_id_foreign` FOREIGN KEY (`user_id`) REFERENCES `users` (`id`)
) ENGINE=InnoDB DEFAULT CHARSET=utf8 COLLATE=utf8_unicode_ci;

--
-- Dumping data for table `assignments`
--


--
-- Table structure for table `course_track`
--

CREATE TABLE `course_track` (
  `course_id` int(10) unsigned NOT NULL,
  `track_id` int(10) unsigned NOT NULL,
  `track_order` double(8,2) NOT NULL DEFAULT '9999.00',
  `number_of` int(11) DEFAULT NULL,
  `unit_id` int(10) unsigned DEFAULT NULL,
  `created_at` timestamp NULL DEFAULT NULL,
  `updated_at` timestamp NULL DEFAULT NULL,
  PRIMARY KEY (`course_id`,`track_id`),
  KEY `course_track_track_id_foreign` (`track_id`),
  KEY `course_track_unit_id_foreign` (`unit_id`),
  CONSTRAINT `course_track_course_id_foreign` FOREIGN KEY (`course_id`) REFERENCES `courses` (`id`) ON DELETE CASCADE,
  CONSTRAINT `course_track_track_id_foreign` FOREIGN KEY (`track_id`) REFERENCES `tracks` (`id`) ON DELETE CASCADE,
  CONSTRAINT `course_track_unit_id_foreign` FOREIGN KEY (`unit_id`) REFERENCES `units` (`id`) ON DELETE CASCADE
) ENGINE=InnoDB DEFAULT CHARSET=utf8 COLLATE=utf8_unicode_ci;

--
-- Dumping data for table `course_track`
--

INSERT INTO `course_track` VALUES (1,1,1.00,40,2,'2018-05-03 21:17:13','2018-05-03 21:17:13'),(1,2,2.00,20,2,'2018-05-03 21:17:13','2018-05-03 21:17:13'),(1,3,3.00,20,2,'2018-05-03 21:17:13','2018-05-03 21:17:13'),(1,4,4.00,20,2,'2018-05-03 21:17:13','2018-05-03 21:17:13'),(1,5,5.00,20,2,'2018-05-03 21:17:13','2018-05-03 21:17:13'),(1,6,6.00,20,2,'2018-05-03 21:17:13','2018-05-03 21:17:13'),(1,7,7.00,10,2,'2018-05-03 21:17:13','2018-05-03 21:17:13'),(1,8,8.00,13,2,'2018-05-03 21:17:13','2018-05-03 21:17:13'),(1,9,9.00,13,2,'2018-05-03 21:17:13','2018-05-03 21:17:13'),(1,10,10.00,13,2,'2018-05-03 21:17:13','2018-05-03 21:17:13'),(1,11,11.00,13,2,'2018-05-03 21:17:13','2018-05-03 21:17:13'),(1,12,12.00,13,2,'2018-05-03 21:17:13','2018-05-03 21:17:13'),(1,13,13.00,13,2,'2018-05-03 21:17:13','2018-05-03 21:17:13'),(1,14,14.00,13,2,'2018-05-03 21:17:13','2018-05-03 21:17:13'),(1,15,15.00,13,2,'2018-05-03 21:17:13','2018-05-03 21:17:13'),(1,16,16.00,13,2,'2018-05-03 21:17:13','2018-05-03 21:17:13'),(1,17,17.00,13,2,'2018-05-03 21:17:13','2018-05-03 21:17:13'),(1,18,18.00,13,2,'2018-05-03 21:17:13','2018-05-03 21:17:13'),(1,19,19.00,13,2,'2018-05-03 21:17:13','2018-05-03 21:17:13'),(1,20,20.00,13,2,'2018-05-03 21:17:13','2018-05-03 21:17:13'),(1,21,21.00,13,2,'2018-05-03 21:17:13','2018-05-03 21:17:13'),(1,22,22.00,13,2,'2018-05-03 21:17:13','2018-05-03 21:17:13'),(1,23,23.00,13,2,'2018-05-03 21:17:13','2018-05-03 21:17:13'),(1,24,24.00,13,2,'2018-05-03 21:17:13','2018-05-03 21:17:13'),(1,25,25.00,13,2,'2018-05-03 21:17:13','2018-05-03 21:17:13'),(1,26,26.00,13,2,'2018-05-03 21:17:13','2018-05-03 21:17:13'),(1,27,27.00,13,2,'2018-05-03 21:17:13','2018-05-03 21:17:13'),(1,28,28.00,13,2,'2018-05-03 21:17:13','2018-05-03 21:17:13'),(1,29,29.00,13,2,'2018-05-03 21:17:13','2018-05-03 21:17:13'),(1,30,30.00,13,2,'2018-05-03 21:17:13','2018-05-03 21:17:13'),(1,31,31.00,13,2,'2018-05-03 21:17:13','2018-05-03 21:17:13'),(1,32,32.00,10,2,'2018-05-03 21:17:13','2018-05-03 21:17:13'),(1,33,33.00,10,2,'2018-05-03 21:17:13','2018-05-03 21:17:13'),(1,34,34.00,10,2,'2018-05-03 21:17:13','2018-05-03 21:17:13'),(1,35,35.00,10,2,'2018-05-03 21:17:13','2018-05-03 21:17:13'),(1,36,36.00,10,2,'2018-05-03 21:17:13','2018-05-03 21:17:13'),(1,37,37.00,10,2,'2018-05-03 21:17:13','2018-05-03 21:17:13'),(1,38,38.00,10,2,'2018-05-03 21:17:13','2018-05-03 21:17:13'),(1,39,39.00,10,2,'2018-05-03 21:17:13','2018-05-03 21:17:13'),(1,40,40.00,10,2,'2018-05-03 21:17:13','2018-05-03 21:17:13'),(1,41,41.00,10,2,'2018-05-03 21:17:13','2018-05-03 21:17:13'),(1,42,42.00,10,2,'2018-05-03 21:17:13','2018-05-03 21:17:13'),(1,43,43.00,10,2,'2018-05-03 21:17:13','2018-05-03 21:17:13'),(1,44,44.00,10,2,'2018-05-03 21:17:13','2018-05-03 21:17:13'),(1,45,45.00,10,2,'2018-05-03 21:17:13','2018-05-03 21:17:13'),(1,46,46.00,10,2,'2018-05-03 21:17:13','2018-05-03 21:17:13'),(1,47,47.00,10,2,'2018-05-03 21:17:13','2018-05-03 21:17:13'),(1,48,48.00,10,2,'2018-05-03 21:17:13','2018-05-03 21:17:13'),(1,49,49.00,10,2,'2018-05-03 21:17:13','2018-05-03 21:17:13'),(1,50,50.00,10,2,'2018-05-03 21:17:13','2018-05-03 21:17:13'),(1,51,51.00,10,2,'2018-05-03 21:17:13','2018-05-03 21:17:13'),(1,52,52.00,10,2,'2018-05-03 21:17:13','2018-05-03 21:17:13'),(1,53,53.00,10,2,'2018-05-03 21:17:13','2018-05-03 21:17:13'),(1,54,54.00,10,2,'2018-05-03 21:17:13','2018-05-03 21:17:13'),(1,55,55.00,10,2,'2018-05-03 21:17:13','2018-05-03 21:17:13'),(1,56,56.00,10,2,'2018-05-03 21:17:13','2018-05-03 21:17:13'),(1,57,57.00,10,2,'2018-05-03 21:17:13','2018-05-03 21:17:13'),(1,58,58.00,10,2,'2018-05-03 21:17:13','2018-05-03 21:17:13'),(1,59,59.00,10,2,'2018-05-03 21:17:13','2018-05-03 21:17:13'),(1,60,60.00,10,2,'2018-05-03 21:17:13','2018-05-03 21:17:13'),(1,61,61.00,10,2,'2018-05-03 21:17:13','2018-05-03 21:17:13'),(1,62,62.00,13,2,'2018-05-03 21:17:13','2018-05-03 21:17:13'),(1,63,63.00,13,2,'2018-05-03 21:17:13','2018-05-03 21:17:13'),(1,64,64.00,13,2,'2018-05-03 21:17:13','2018-05-03 21:17:13'),(1,65,65.00,13,2,'2018-05-03 21:17:13','2018-05-03 21:17:13'),(1,66,66.00,13,2,'2018-05-03 21:17:13','2018-05-03 21:17:13'),(1,67,67.00,13,2,'2018-05-03 21:17:13','2018-05-03 21:17:13'),(1,68,68.00,13,2,'2018-05-03 21:17:13','2018-05-03 21:17:13'),(1,69,69.00,13,2,'2018-05-03 21:17:13','2018-05-03 21:17:13'),(1,70,70.00,13,2,'2018-05-03 21:17:13','2018-05-03 21:17:13'),(1,71,71.00,13,2,'2018-05-03 21:17:13','2018-05-03 21:17:13'),(1,72,72.00,13,2,'2018-05-03 21:17:13','2018-05-03 21:17:13'),(2,62,1.00,13,2,'2018-05-03 21:17:13','2018-05-03 21:17:13'),(2,63,2.00,13,2,'2018-05-03 21:17:13','2018-05-03 21:17:13'),(2,64,3.00,13,2,'2018-05-03 21:17:13','2018-05-03 21:17:13'),(2,65,4.00,13,2,'2018-05-03 21:17:13','2018-05-03 21:17:13'),(2,66,5.00,13,2,'2018-05-03 21:17:13','2018-05-03 21:17:13'),(2,67,6.00,13,2,'2018-05-03 21:17:13','2018-05-03 21:17:13'),(2,68,7.00,13,2,'2018-05-03 21:17:13','2018-05-03 21:17:13'),(2,69,8.00,13,2,'2018-05-03 21:17:13','2018-05-03 21:17:13'),(2,70,9.00,13,2,'2018-05-03 21:17:13','2018-05-03 21:17:13'),(2,71,10.00,13,2,'2018-05-03 21:17:13','2018-05-03 21:17:13'),(2,72,11.00,13,2,'2018-05-03 21:17:13','2018-05-03 21:17:13'),(3,47,1.00,10,2,'2018-05-03 21:17:13','2018-05-03 21:17:13'),(3,48,2.00,10,2,'2018-05-03 21:17:13','2018-05-03 21:17:13'),(3,49,3.00,10,2,'2018-05-03 21:17:13','2018-05-03 21:17:13'),(3,50,4.00,10,2,'2018-05-03 21:17:13','2018-05-03 21:17:13'),(3,51,5.00,10,2,'2018-05-03 21:17:13','2018-05-03 21:17:13'),(3,52,6.00,10,2,'2018-05-03 21:17:13','2018-05-03 21:17:13'),(3,53,7.00,10,2,'2018-05-03 21:17:13','2018-05-03 21:17:13'),(3,54,8.00,10,2,'2018-05-03 21:17:13','2018-05-03 21:17:13'),(3,55,9.00,10,2,'2018-05-03 21:17:13','2018-05-03 21:17:13'),(3,56,10.00,10,2,'2018-05-03 21:17:13','2018-05-03 21:17:13'),(3,57,11.00,10,2,'2018-05-03 21:17:13','2018-05-03 21:17:13'),(3,58,12.00,10,2,'2018-05-03 21:17:13','2018-05-03 21:17:13'),(3,59,13.00,10,2,'2018-05-03 21:17:13','2018-05-03 21:17:13'),(3,60,14.00,10,2,'2018-05-03 21:17:13','2018-05-03 21:17:13'),(3,61,15.00,10,2,'2018-05-03 21:17:13','2018-05-03 21:17:13'),(4,32,1.00,10,2,'2018-05-03 21:17:13','2018-05-03 21:17:13'),(4,33,2.00,10,2,'2018-05-03 21:17:13','2018-05-03 21:17:13'),(4,34,3.00,10,2,'2018-05-03 21:17:13','2018-05-03 21:17:13'),(4,35,4.00,10,2,'2018-05-03 21:17:13','2018-05-03 21:17:13'),(4,36,5.00,10,2,'2018-05-03 21:17:13','2018-05-03 21:17:13'),(4,37,6.00,10,2,'2018-05-03 21:17:13','2018-05-03 21:17:13'),(4,38,7.00,10,2,'2018-05-03 21:17:13','2018-05-03 21:17:13'),(4,39,8.00,10,2,'2018-05-03 21:17:13','2018-05-03 21:17:13'),(4,40,9.00,10,2,'2018-05-03 21:17:13','2018-05-03 21:17:13'),(4,41,10.00,10,2,'2018-05-03 21:17:13','2018-05-03 21:17:13'),(4,42,11.00,10,2,'2018-05-03 21:17:13','2018-05-03 21:17:13'),(4,43,12.00,10,2,'2018-05-03 21:17:13','2018-05-03 21:17:13'),(4,44,13.00,10,2,'2018-05-03 21:17:13','2018-05-03 21:17:13'),(4,45,14.00,10,2,'2018-05-03 21:17:13','2018-05-03 21:17:13'),(4,46,15.00,10,2,'2018-05-03 21:17:13','2018-05-03 21:17:13'),(5,20,1.00,13,2,'2018-05-03 21:17:13','2018-05-03 21:17:13'),(5,21,2.00,13,2,'2018-05-03 21:17:13','2018-05-03 21:17:13'),(5,22,3.00,13,2,'2018-05-03 21:17:13','2018-05-03 21:17:13'),(5,23,4.00,13,2,'2018-05-03 21:17:13','2018-05-03 21:17:13'),(5,24,5.00,13,2,'2018-05-03 21:17:13','2018-05-03 21:17:13'),(5,25,6.00,13,2,'2018-05-03 21:17:13','2018-05-03 21:17:13'),(5,26,7.00,13,2,'2018-05-03 21:17:13','2018-05-03 21:17:13'),(5,27,8.00,13,2,'2018-05-03 21:17:13','2018-05-03 21:17:13'),(5,28,9.00,13,2,'2018-05-03 21:17:13','2018-05-03 21:17:13'),(5,29,10.00,13,2,'2018-05-03 21:17:13','2018-05-03 21:17:13'),(5,30,11.00,13,2,'2018-05-03 21:17:13','2018-05-03 21:17:13'),(5,31,12.00,13,2,'2018-05-03 21:17:13','2018-05-03 21:17:13'),(6,9,1.00,13,2,'2018-05-03 21:17:13','2018-05-03 21:17:13'),(6,10,2.00,13,2,'2018-05-03 21:17:13','2018-05-03 21:17:13'),(6,11,3.00,13,2,'2018-05-03 21:17:13','2018-05-03 21:17:13'),(6,12,4.00,13,2,'2018-05-03 21:17:13','2018-05-03 21:17:13'),(6,13,5.00,13,2,'2018-05-03 21:17:13','2018-05-03 21:17:13'),(6,14,6.00,13,2,'2018-05-03 21:17:13','2018-05-03 21:17:13'),(6,15,7.00,13,2,'2018-05-03 21:17:13','2018-05-03 21:17:13'),(6,16,8.00,13,2,'2018-05-03 21:17:13','2018-05-03 21:17:13'),(6,17,9.00,13,2,'2018-05-03 21:17:13','2018-05-03 21:17:13'),(6,18,10.00,13,2,'2018-05-03 21:17:13','2018-05-03 21:17:13'),(6,19,11.00,13,2,'2018-05-03 21:17:13','2018-05-03 21:17:13'),(7,1,1.00,40,2,'2018-05-03 21:17:13','2018-05-03 21:17:13'),(7,2,2.00,20,2,'2018-05-03 21:17:13','2018-05-03 21:17:13'),(7,3,3.00,20,2,'2018-05-03 21:17:13','2018-05-03 21:17:13'),(7,4,4.00,20,2,'2018-05-03 21:17:13','2018-05-03 21:17:13'),(7,5,5.00,20,2,'2018-05-03 21:17:13','2018-05-03 21:17:13'),(7,6,6.00,20,2,'2018-05-03 21:17:13','2018-05-03 21:17:13'),(7,7,7.00,10,2,'2018-05-03 21:17:13','2018-05-03 21:17:13'),(7,8,8.00,13,2,'2018-05-03 21:17:13','2018-05-03 21:17:13'),(8,73,1.00,10,2,'2018-05-03 21:17:13','2018-05-03 21:17:13'),(8,74,2.00,10,2,'2018-05-03 21:17:13','2018-05-03 21:17:13'),(8,75,3.00,10,2,'2018-05-03 21:17:13','2018-05-03 21:17:13'),(8,76,4.00,10,2,'2018-05-03 21:17:13','2018-05-03 21:17:13'),(8,77,5.00,10,2,'2018-05-03 21:17:13','2018-05-03 21:17:13'),(8,78,6.00,10,2,'2018-05-03 21:17:13','2018-05-03 21:17:13'),(8,79,7.00,10,2,'2018-05-03 21:17:13','2018-05-03 21:17:13'),(8,80,8.00,10,2,'2018-05-03 21:17:13','2018-05-03 21:17:13'),(8,81,9.00,10,2,'2018-05-03 21:17:13','2018-05-03 21:17:13'),(8,82,10.00,10,2,'2018-05-03 21:17:13','2018-05-03 21:17:13'),(8,83,11.00,10,2,'2018-05-03 21:17:13','2018-05-03 21:17:13'),(8,84,12.00,10,2,'2018-05-03 21:17:14','2018-05-03 21:17:14'),(8,85,13.00,10,2,'2018-05-03 21:17:14','2018-05-03 21:17:14'),(8,86,14.00,10,2,'2018-05-03 21:17:14','2018-05-03 21:17:14'),(8,87,15.00,10,2,'2018-05-03 21:17:14','2018-05-03 21:17:14'),(8,88,16.00,10,2,'2018-05-03 21:17:14','2018-05-03 21:17:14'),(8,89,17.00,10,2,'2018-05-03 21:17:14','2018-05-03 21:17:14'),(8,90,18.00,10,2,'2018-05-03 21:17:14','2018-05-03 21:17:14'),(8,91,19.00,10,2,'2018-05-03 21:17:14','2018-05-03 21:17:14'),(8,92,20.00,10,2,'2018-05-03 21:17:14','2018-05-03 21:17:14'),(8,93,21.00,10,2,'2018-05-03 21:17:14','2018-05-03 21:17:14'),(8,94,22.00,10,2,'2018-05-03 21:17:14','2018-05-03 21:17:14'),(8,95,23.00,10,2,'2018-05-03 21:17:14','2018-05-03 21:17:14'),(8,96,24.00,10,2,'2018-05-03 21:17:14','2018-05-03 21:17:14'),(8,97,25.00,10,2,'2018-05-03 21:17:14','2018-05-03 21:17:14'),(8,98,26.00,10,2,'2018-05-03 21:17:14','2018-05-03 21:17:14'),(8,99,27.00,10,2,'2018-05-03 21:17:14','2018-05-03 21:17:14'),(8,100,28.00,10,2,'2018-05-03 21:17:14','2018-05-03 21:17:14'),(8,101,29.00,10,2,'2018-05-03 21:17:14','2018-05-03 21:17:14');

--
-- Table structure for table `courses`
--

CREATE TABLE `courses` (
  `id` int(10) unsigned NOT NULL AUTO_INCREMENT,
  `course` varchar(255) COLLATE utf8_unicode_ci NOT NULL,
  `description` varchar(255) COLLATE utf8_unicode_ci NOT NULL,
  `start_maxile_score` int(11) NOT NULL,
  `end_maxile_score` int(11) NOT NULL,
  `user_id` int(10) unsigned NOT NULL DEFAULT '1',
  `image` varchar(255) COLLATE utf8_unicode_ci DEFAULT NULL,
  `status_id` int(10) unsigned NOT NULL DEFAULT '1',
  `prereq_course_id` int(10) unsigned DEFAULT NULL,
  `created_at` timestamp NULL DEFAULT NULL,
  `updated_at` timestamp NULL DEFAULT NULL,
  PRIMARY KEY (`id`),
  KEY `courses_user_id_foreign` (`user_id`),
  KEY `courses_status_id_foreign` (`status_id`),
  KEY `courses_prereq_course_id_foreign` (`prereq_course_id`),
  CONSTRAINT `courses_prereq_course_id_foreign` FOREIGN KEY (`prereq_course_id`) REFERENCES `courses` (`id`),
  CONSTRAINT `courses_status_id_foreign` FOREIGN KEY (`status_id`) REFERENCES `statuses` (`id`),
  CONSTRAINT `courses_user_id_foreign` FOREIGN KEY (`user_id`) REFERENCES `users` (`id`)
) ENGINE=InnoDB AUTO_INCREMENT=84 DEFAULT CHARSET=utf8 COLLATE=utf8_unicode_ci;

--
-- Dumping data for table `courses`
--

INSERT INTO `courses` VALUES (1,'All Gifted K to 6 Math','All Gifted Adaptive K to 6 Singapore Maths',200,800,1,'images/courses/1549185102.png',3,NULL,'2018-05-03 21:17:11','2019-02-03 09:11:42'),(2,'Singapore P6 Math','Singapore Primary 6 Mathematics',600,700,1,'images/courses/1549184771.png',3,NULL,'2018-05-03 21:17:11','2019-02-03 09:06:11'),(3,'Singapore P5 Math','Singapore Primary 5 Mathematics',500,600,1,'images/courses/1549184780.png',3,NULL,'2018-05-03 21:17:11','2019-02-03 09:06:20'),(4,'Singapore P4 Math','Singapore Primary 4 Mathematics',400,500,1,'images/courses/1549184818.png',3,NULL,'2018-05-03 21:17:11','2019-02-03 09:06:58'),(5,'Singapore P3 Math','Singapore Primary 3 Mathematics',300,400,1,'images/courses/1549184829.png',3,NULL,'2018-05-03 21:17:11','2019-02-03 09:07:09'),(6,'Singapore P2 Math','Singapore Primary 2 Mathematics',200,300,1,'images/courses/1549184840.png',3,NULL,'2018-05-03 21:17:11','2019-02-03 09:07:20'),(7,'Singapore P1 Math','Singapore Primary 1 Mathematics',100,200,1,'images/courses/1549184849.png',3,NULL,'2018-05-03 21:17:11','2019-02-03 09:07:29'),(8,'Algebra I','A study of basic operations with signed numbers, monomials, and polynomials. Also includes formulas, equations, inequalities, graphing, exponents, roots, quadratic equations, and algebraic fractions.',700,1000,1,'images/courses/1549184873.png',3,NULL,'2018-05-03 21:17:11','2019-02-03 09:07:53'),(77,'Laptop 2','Laptop ',0,10,69,'images/courses/1555901287.png',1,NULL,'2019-04-22 02:48:07','2019-04-22 02:48:07'),(78,'Test One','This is a test course',100,200,84,'images/courses/1590632415.png',1,NULL,'2020-05-28 02:18:52','2020-05-28 02:20:15'),(79,'AllReady! Math K1','AllReady! Math K2',100,200,84,NULL,1,NULL,'2020-07-03 05:52:45','2020-12-06 04:46:59'),(81,'AllReady! Math K2','AllReady! Math K2 Course',100,200,41,NULL,1,NULL,'2020-09-16 13:49:02','2020-09-16 13:49:02'),(82,'Kindergarten to Primary 6 Adaptive Mathematics','K-6 ad math',0,600,20,NULL,1,NULL,'2020-09-30 09:33:57','2020-09-30 09:33:57'),(83,'AllReady Dummy Regular Course','Dummy Regular Course W3 and W6 tracks to test quiz function',100,200,41,'images/courses/1607165110.png',1,NULL,'2020-12-05 10:37:37','2020-12-11 04:14:37');

--
-- Table structure for table `difficulties`
--

CREATE TABLE `difficulties` (
  `id` int(10) unsigned NOT NULL AUTO_INCREMENT,
  `difficulty` int(11) NOT NULL,
  `short_description` varchar(255) COLLATE utf8_unicode_ci NOT NULL,
  `description` varchar(255) COLLATE utf8_unicode_ci NOT NULL,
  `user_id` int(10) unsigned NOT NULL DEFAULT '1',
  `image` varchar(255) COLLATE utf8_unicode_ci DEFAULT NULL,
  `status_id` int(10) unsigned NOT NULL DEFAULT '1',
  `created_at` timestamp NULL DEFAULT NULL,
  `updated_at` timestamp NULL DEFAULT NULL,
  PRIMARY KEY (`id`),
  KEY `difficulties_user_id_foreign` (`user_id`),
  KEY `difficulties_status_id_foreign` (`status_id`),
  CONSTRAINT `difficulties_status_id_foreign` FOREIGN KEY (`status_id`) REFERENCES `statuses` (`id`),
  CONSTRAINT `difficulties_user_id_foreign` FOREIGN KEY (`user_id`) REFERENCES `users` (`id`)
) ENGINE=InnoDB AUTO_INCREMENT=4 DEFAULT CHARSET=utf8 COLLATE=utf8_unicode_ci;

--
-- Dumping data for table `difficulties`
--

INSERT INTO `difficulties` VALUES (1,1,'1 - Knowledge and Comprehension','Recall of information; Discovery; Observation; Listing;\r\n            Locating; Naming + Understanding; Translating; Summarising; Demonstrating; Discussing',1,NULL,1,'2018-05-03 21:15:37','2018-05-03 21:15:37'),(2,2,'2 - Application and Analysis','Using and applying knowledge; Using problem solving methods; Manipulating;\r\n            Designing; Experimenting + Identifying and analyzing patterns; Organization of ideas; recognizing trends',1,NULL,1,'2018-05-03 21:15:37','2018-05-03 21:15:37'),(3,3,'3 - Synthesis and Evaluation','Using old concepts to create new ideas; Design and Invention;\r\n            Composing; Imagining; Inferring; Modifying; Predicting; COmbining;\r\n            + Assessing theories, Comparison of ideas; Evaluating outcomes; Solving;\r\n            Judging; Recom',1,NULL,1,'2018-05-03 21:15:37','2018-05-03 21:15:37');

--
-- Table structure for table `errorlogs`
--

CREATE TABLE `errorlogs` (
  `id` int(10) unsigned NOT NULL AUTO_INCREMENT,
  `user_id` int(10) unsigned NOT NULL DEFAULT '1',
  `error` varchar(255) COLLATE utf8_unicode_ci NOT NULL,
  `created_at` timestamp NULL DEFAULT NULL,
  `updated_at` timestamp NULL DEFAULT NULL,
  PRIMARY KEY (`id`),
  KEY `errorlogs_user_id_index` (`user_id`),
  CONSTRAINT `errorlogs_user_id_foreign` FOREIGN KEY (`user_id`) REFERENCES `users` (`id`) ON DELETE CASCADE
) ENGINE=InnoDB AUTO_INCREMENT=2 DEFAULT CHARSET=utf8 COLLATE=utf8_unicode_ci;

--
-- Dumping data for table `errorlogs`
--

INSERT INTO `errorlogs` VALUES (1,115,'Question 507 not assigned to bigandsmallarts@yahoo.com','2019-03-13 13:18:22','2019-03-13 13:18:22');

--
-- Table structure for table `field_user`
--

CREATE TABLE `field_user` (
  `field_id` int(10) unsigned NOT NULL,
  `user_id` int(10) unsigned NOT NULL,
  `field_maxile` decimal(8,2) NOT NULL DEFAULT '0.00',
  `field_test_date` datetime DEFAULT NULL,
  `month_achieved` int(11) NOT NULL,
  `created_at` timestamp NULL DEFAULT NULL,
  `updated_at` timestamp NULL DEFAULT NULL,
  PRIMARY KEY (`field_id`,`user_id`,`month_achieved`),
  KEY `field_user_user_id_foreign` (`user_id`),
  CONSTRAINT `field_user_field_id_foreign` FOREIGN KEY (`field_id`) REFERENCES `fields` (`id`) ON DELETE CASCADE,
  CONSTRAINT `field_user_user_id_foreign` FOREIGN KEY (`user_id`) REFERENCES `users` (`id`) ON DELETE CASCADE
) ENGINE=InnoDB DEFAULT CHARSET=utf8 COLLATE=utf8_unicode_ci;

--
-- Dumping data for table `field_user`
--

INSERT INTO `field_user` VALUES (1,2,400.00,'2021-09-16 03:00:01',202109,'2021-08-15 09:12:42','2021-09-16 03:00:01'),(1,17,300.00,'2018-05-06 13:44:34',201805,'2018-05-06 13:40:23','2018-05-06 13:44:34'),(1,18,300.00,'2018-05-07 01:57:31',201805,'2018-05-07 01:55:20','2018-05-07 01:57:31'),(1,20,200.00,'2020-12-24 07:59:02',202012,'2019-03-19 02:53:08','2020-12-24 07:59:02'),(1,22,300.00,'2018-05-19 16:28:59',201805,'2018-05-19 16:27:06','2018-05-19 16:28:59'),(1,23,300.00,'2018-05-19 16:35:43',201805,'2018-05-19 16:32:37','2018-05-19 16:35:43'),(1,24,300.00,'2018-05-19 17:47:33',201805,'2018-05-19 17:33:01','2018-05-19 17:47:33'),(1,26,200.00,'2018-05-19 16:51:39',201805,'2018-05-19 16:51:39','2018-05-19 16:51:39'),(1,27,300.00,'2018-05-19 17:18:05',201805,'2018-05-19 17:15:37','2018-05-19 17:18:05'),(1,28,300.00,'2018-05-19 17:37:49',201805,'2018-05-19 17:34:17','2018-05-19 17:37:49'),(1,30,300.00,'2018-05-19 18:15:46',201805,'2018-05-19 18:09:45','2018-05-19 18:15:46'),(1,32,200.00,'2018-05-19 18:12:39',201805,'2018-05-19 18:12:39','2018-05-19 18:12:39'),(1,33,300.00,'2018-05-19 18:39:04',201805,'2018-05-19 18:37:14','2018-05-19 18:39:04'),(1,34,300.00,'2018-05-19 18:52:23',201805,'2018-05-19 18:49:07','2018-05-19 18:52:23'),(1,35,200.00,'2018-05-19 19:01:13',201805,'2018-05-19 19:01:13','2018-05-19 19:01:13'),(1,36,300.00,'2018-05-19 19:20:18',201805,'2018-05-19 19:16:41','2018-05-19 19:20:18'),(1,37,200.00,'2018-05-19 19:20:25',201805,'2018-05-19 19:20:25','2018-05-19 19:20:25'),(1,38,200.00,'2018-05-19 19:55:50',201805,'2018-05-19 19:55:50','2018-05-19 19:55:50'),(1,39,300.00,'2018-05-19 20:17:32',201805,'2018-05-19 20:14:26','2018-05-19 20:17:32'),(1,40,200.00,'2018-05-19 20:13:21',201805,'2018-05-19 20:13:21','2018-05-19 20:13:21'),(1,41,300.00,'2020-10-31 04:34:18',202010,'2020-05-28 06:19:59','2020-10-31 04:34:18'),(1,42,300.00,'2018-06-09 07:42:38',201806,'2018-06-09 07:39:32','2018-06-09 07:42:38'),(1,43,300.00,'2018-06-09 07:39:57',201806,'2018-06-09 07:38:09','2018-06-09 07:39:57'),(1,44,300.00,'2018-06-09 07:52:32',201806,'2018-06-09 07:48:32','2018-06-09 07:52:32'),(1,45,300.00,'2018-06-09 07:47:27',201806,'2018-06-09 07:39:39','2018-06-09 07:47:27'),(1,46,300.00,'2018-06-09 07:45:51',201806,'2018-06-09 07:42:51','2018-06-09 07:45:51'),(1,47,300.00,'2018-07-19 09:43:27',201807,'2018-07-19 09:40:45','2018-07-19 09:43:27'),(1,84,500.00,'2019-11-04 00:30:16',201911,'2019-08-19 23:57:52','2019-11-04 00:30:16'),(1,103,200.00,'2019-02-01 01:14:13',201902,'2019-02-01 01:14:13','2019-02-01 01:14:13'),(1,112,500.00,'2020-05-19 01:55:24',202005,'2019-10-01 06:25:27','2020-05-19 01:55:24'),(1,113,400.00,'2019-11-02 13:40:51',201911,'2019-02-19 09:51:39','2019-11-02 13:40:51'),(1,114,300.00,'2020-04-07 10:04:45',202004,'2019-02-19 12:42:46','2020-04-07 10:04:45'),(1,115,500.00,'2020-03-02 07:59:10',202003,'2019-02-20 09:44:06','2020-03-02 07:59:10'),(1,116,300.00,'2019-08-01 00:27:26',201908,'2019-02-21 08:03:37','2019-08-01 00:27:26'),(1,117,600.00,'2019-02-20 04:00:38',201902,'2019-02-20 03:47:21','2019-02-20 04:00:38'),(1,118,195.24,'2019-04-07 05:48:46',201904,'2019-02-20 07:08:58','2019-04-07 05:48:46'),(1,119,600.00,'2019-02-22 10:57:51',201902,'2019-02-20 12:22:08','2019-02-22 10:57:51'),(1,120,150.00,'2019-04-12 14:48:00',201904,'2019-02-20 14:03:15','2019-04-12 14:48:00'),(1,121,500.00,'2019-02-21 06:53:38',201902,'2019-02-21 06:16:29','2019-02-21 06:53:38'),(1,122,300.00,'2019-06-01 00:14:36',201906,'2019-02-21 23:48:26','2019-06-01 00:14:36'),(1,123,300.00,'2019-05-09 07:48:50',201905,'2019-02-22 04:31:06','2019-05-09 07:48:50'),(1,124,600.00,'2019-02-23 07:20:59',201902,'2019-02-23 06:39:45','2019-02-23 07:20:59'),(1,125,400.00,'2020-01-04 09:10:22',202001,'2019-05-31 01:46:02','2020-01-04 09:10:22'),(1,126,700.00,'2019-08-24 12:20:00',201908,'2019-07-20 11:40:56','2019-08-24 12:20:00'),(1,127,400.00,'2019-08-25 05:18:21',201908,'2019-06-03 12:01:32','2019-08-25 05:18:21'),(1,128,400.00,'2020-08-08 10:53:27',202008,'2019-02-24 08:45:49','2020-08-08 10:53:27'),(1,130,400.00,'2019-11-13 22:08:57',201911,'2019-02-25 18:03:20','2019-11-13 22:08:57'),(1,131,500.00,'2019-05-10 12:43:27',201905,'2019-03-10 06:32:47','2019-05-10 12:43:27'),(1,132,500.00,'2020-01-13 13:46:14',202001,'2019-02-28 07:34:31','2020-01-13 13:46:14'),(1,133,133.33,'2019-04-03 10:52:01',201904,'2019-03-01 14:09:47','2019-04-03 10:52:01'),(1,135,300.00,'2019-05-04 03:26:11',201905,'2019-03-07 15:44:43','2019-05-04 03:26:11'),(1,136,200.00,'2019-03-10 10:32:20',201903,'2019-03-10 10:32:20','2019-03-10 10:32:20'),(1,138,38.89,'2019-04-19 01:20:38',201904,'2019-03-25 09:10:50','2019-04-19 01:20:38'),(1,142,200.00,'2019-04-11 12:34:40',201904,'2019-04-11 12:34:40','2019-04-11 12:34:40'),(1,144,700.00,'2019-08-27 01:45:35',201908,'2019-05-07 01:23:07','2019-08-27 01:45:35'),(1,146,300.00,'2019-05-07 01:58:08',201905,'2019-05-07 01:45:23','2019-05-07 01:58:08'),(1,147,300.00,'2019-05-07 13:31:30',201905,'2019-05-07 13:27:47','2019-05-07 13:31:30'),(1,149,500.00,'2020-05-29 09:13:07',202005,'2019-06-18 07:58:18','2020-05-29 09:13:07'),(1,150,300.00,'2019-06-06 15:00:09',201906,'2019-06-06 14:56:17','2019-06-06 15:00:09'),(1,151,300.00,'2019-07-21 12:57:55',201907,'2019-07-21 12:55:29','2019-07-21 12:57:55'),(1,152,500.00,'2019-12-05 05:26:39',201912,'2019-07-24 07:19:01','2019-12-05 05:26:39'),(1,153,300.00,'2019-07-25 11:57:56',201907,'2019-07-25 11:55:54','2019-07-25 11:57:56'),(1,154,300.00,'2020-03-19 11:54:03',202003,'2019-08-16 13:59:00','2020-03-19 11:54:03'),(1,155,500.00,'2019-09-18 14:26:15',201909,'2019-09-18 13:29:19','2019-09-18 14:26:15'),(1,158,400.00,'2021-04-05 07:22:39',202104,'2020-02-13 08:34:00','2021-04-05 07:22:39'),(1,159,500.00,'2020-06-05 15:42:37',202006,'2020-01-02 06:58:23','2020-06-05 15:42:37'),(1,160,400.00,'2019-12-27 02:38:50',201912,'2019-12-27 02:17:00','2019-12-27 02:38:50'),(1,164,600.00,'2020-08-01 02:12:32',202008,'2020-01-12 01:35:28','2020-08-01 02:12:32'),(1,165,300.00,'2020-03-02 07:19:17',202003,'2020-01-12 03:44:22','2020-03-02 07:19:17'),(1,166,200.00,'2020-01-14 04:34:54',202001,'2020-01-14 04:34:54','2020-01-14 04:34:54'),(1,167,500.00,'2020-07-20 07:20:08',202007,'2020-01-14 09:48:30','2020-07-20 07:20:08'),(1,168,300.00,'2020-01-14 10:30:21',202001,'2020-01-14 10:30:21','2020-01-14 10:30:21'),(1,169,400.00,'2020-07-19 12:46:17',202007,'2020-01-18 09:48:36','2020-07-19 12:46:17'),(1,170,300.00,'2020-01-20 15:59:06',202001,'2020-01-20 15:57:27','2020-01-20 15:59:06'),(1,172,200.00,'2020-01-22 16:36:50',202001,'2020-01-22 16:36:50','2020-01-22 16:36:50'),(1,174,500.00,'2020-10-19 02:41:01',202010,'2020-01-27 12:32:49','2020-10-19 02:41:01'),(1,175,300.00,'2020-11-07 02:49:19',202011,'2020-01-30 07:52:30','2020-11-07 02:49:19'),(1,178,200.00,'2020-02-05 07:34:06',202002,'2020-02-05 07:34:06','2020-02-05 07:34:06'),(1,179,300.00,'2020-02-07 10:02:04',202002,'2020-02-07 09:39:34','2020-02-07 10:02:04'),(1,180,500.00,'2020-02-08 04:22:58',202002,'2020-02-08 03:46:49','2020-02-08 04:22:58'),(1,181,300.00,'2020-02-12 09:08:51',202002,'2020-02-12 09:08:51','2020-02-12 09:08:51'),(1,182,300.00,'2020-02-12 10:16:39',202002,'2020-02-12 10:12:00','2020-02-12 10:16:39'),(1,184,300.00,'2020-03-05 06:55:32',202003,'2020-02-17 10:26:45','2020-03-05 06:55:32'),(1,185,300.00,'2020-03-07 04:39:58',202003,'2020-03-07 04:36:26','2020-03-07 04:39:58'),(1,186,300.00,'2020-06-07 17:05:46',202006,'2020-03-08 10:19:16','2020-06-07 17:05:46'),(1,189,200.00,'2020-04-17 16:53:20',202004,'2020-04-17 16:53:20','2020-04-17 16:53:20'),(1,194,600.00,'2021-08-01 22:56:40',202108,'2020-05-15 09:05:01','2021-08-01 22:56:40'),(1,195,200.00,'2020-05-27 02:22:58',202005,'2020-05-27 02:22:58','2020-05-27 02:22:58'),(1,197,500.00,'2020-08-21 07:28:27',202008,'2020-07-10 00:31:40','2020-08-21 07:28:27'),(1,198,400.00,'2020-07-10 04:42:41',202007,'2020-07-10 04:22:14','2020-07-10 04:42:41'),(1,199,300.00,'2020-07-23 20:02:00',202007,'2020-07-23 19:51:02','2020-07-23 20:02:00'),(1,200,200.00,'2020-07-26 04:36:04',202007,'2020-07-26 04:36:04','2020-07-26 04:36:04'),(1,202,200.00,'2020-07-26 14:15:04',202007,'2020-07-26 14:15:04','2020-07-26 14:15:04'),(1,205,200.00,'2020-08-01 03:55:03',202008,'2020-08-01 03:55:03','2020-08-01 03:55:03'),(1,208,200.00,'2021-08-20 01:33:44',202108,'2021-08-20 01:33:44','2021-08-20 01:33:44'),(1,213,200.00,'2020-08-30 07:57:52',202008,'2020-08-30 07:57:52','2020-08-30 07:57:52'),(1,214,300.00,'2020-09-09 10:03:26',202009,'2020-08-30 08:55:36','2020-09-09 10:03:26'),(1,225,300.00,'2020-09-22 07:53:07',202009,'2020-09-22 07:33:37','2020-09-22 07:53:07'),(1,257,300.00,'2020-11-18 04:24:20',202011,'2020-10-07 14:33:20','2020-11-18 04:24:20'),(1,319,600.00,'2021-11-26 06:21:59',202111,'2021-08-20 06:23:13','2021-11-26 06:21:59'),(1,320,600.00,'2021-11-30 06:03:46',202111,'2021-09-10 03:41:09','2021-11-30 06:03:46'),(2,115,700.00,'2019-02-20 10:20:39',201902,'2019-02-20 10:20:39','2019-02-20 10:20:39'),(2,128,700.00,'2019-02-24 09:32:31',201902,'2019-02-24 09:32:31','2019-02-24 09:32:31'),(2,133,700.00,'2019-03-01 15:08:11',201903,'2019-03-01 15:08:11','2019-03-01 15:08:11'),(2,194,700.00,'2021-08-02 23:00:34',202108,'2020-09-02 03:58:27','2021-08-02 23:00:34'),(3,122,700.00,'2019-02-22 00:32:41',201902,'2019-02-22 00:32:41','2019-02-22 00:32:41'),(3,126,700.00,'2019-08-26 12:11:57',201908,'2019-08-26 12:11:57','2019-08-26 12:11:57'),(3,131,700.00,'2019-03-10 07:26:04',201903,'2019-03-10 07:26:04','2019-03-10 07:26:04'),(3,194,700.00,'2021-08-03 22:54:34',202108,'2020-09-01 02:42:46','2021-08-03 22:54:34'),(5,2,300.00,'2021-08-15 09:18:21',202108,'2021-08-15 09:18:21','2021-08-15 09:18:21'),(5,17,300.00,'2018-05-06 13:45:49',201805,'2018-05-06 13:40:23','2018-05-06 13:45:49'),(5,18,300.00,'2018-05-07 01:58:25',201805,'2018-05-07 01:55:20','2018-05-07 01:58:25'),(5,20,300.00,'2019-03-19 02:55:52',201903,'2019-03-19 02:53:08','2019-03-19 02:55:52'),(5,22,200.00,'2018-05-19 16:27:06',201805,'2018-05-19 16:27:06','2018-05-19 16:27:06'),(5,24,200.00,'2018-05-19 17:33:01',201805,'2018-05-19 17:33:01','2018-05-19 17:33:01'),(5,26,200.00,'2018-05-19 16:58:10',201805,'2018-05-19 16:58:10','2018-05-19 16:58:10'),(5,27,300.00,'2018-05-19 17:19:19',201805,'2018-05-19 17:15:37','2018-05-19 17:19:19'),(5,28,300.00,'2018-05-19 17:40:38',201805,'2018-05-19 17:34:18','2018-05-19 17:40:38'),(5,29,200.00,'2018-05-19 17:45:19',201805,'2018-05-19 17:45:19','2018-05-19 17:45:19'),(5,30,300.00,'2018-05-19 18:17:00',201805,'2018-05-19 18:09:45','2018-05-19 18:17:00'),(5,32,200.00,'2018-05-19 18:12:39',201805,'2018-05-19 18:12:39','2018-05-19 18:12:39'),(5,33,300.00,'2018-05-19 18:41:04',201805,'2018-05-19 18:36:25','2018-05-19 18:41:04'),(5,34,300.00,'2018-05-19 19:05:55',201805,'2018-05-19 18:49:07','2018-05-19 19:05:55'),(5,36,200.00,'2018-05-19 19:16:41',201805,'2018-05-19 19:16:41','2018-05-19 19:16:41'),(5,37,200.00,'2018-05-19 19:20:25',201805,'2018-05-19 19:20:25','2018-05-19 19:20:25'),(5,38,200.00,'2018-05-19 19:55:50',201805,'2018-05-19 19:55:50','2018-05-19 19:55:50'),(5,39,200.00,'2018-05-19 20:14:26',201805,'2018-05-19 20:14:26','2018-05-19 20:14:26'),(5,42,300.00,'2018-06-09 07:44:23',201806,'2018-06-09 07:39:32','2018-06-09 07:44:23'),(5,43,300.00,'2018-06-09 07:42:56',201806,'2018-06-09 07:38:09','2018-06-09 07:42:56'),(5,44,200.00,'2018-06-09 07:47:36',201806,'2018-06-09 07:47:36','2018-06-09 07:47:36'),(5,45,300.00,'2018-06-09 07:49:59',201806,'2018-06-09 07:39:39','2018-06-09 07:49:59'),(5,46,300.00,'2018-06-09 07:47:45',201806,'2018-06-09 07:42:51','2018-06-09 07:47:45'),(5,47,300.00,'2018-07-19 09:45:00',201807,'2018-07-19 09:40:46','2018-07-19 09:45:00'),(5,84,400.00,'2019-08-20 00:07:48',201908,'2019-08-19 23:59:17','2019-08-20 00:07:48'),(5,103,200.00,'2019-02-01 01:14:13',201902,'2019-02-01 01:14:13','2019-02-01 01:14:13'),(5,112,400.00,'2019-10-01 06:43:25',201910,'2019-10-01 06:25:27','2019-10-01 06:43:25'),(5,113,150.00,'2019-04-18 12:59:53',201904,'2019-02-19 09:51:39','2019-04-18 12:59:53'),(5,114,300.00,'2019-02-19 12:52:58',201902,'2019-02-19 12:42:46','2019-02-19 12:52:58'),(5,116,300.00,'2019-02-21 08:10:36',201902,'2019-02-21 08:10:36','2019-02-21 08:10:36'),(5,118,500.00,'2019-02-20 08:47:17',201902,'2019-02-20 07:08:59','2019-02-20 08:47:17'),(5,119,200.00,'2019-02-20 12:22:08',201902,'2019-02-20 12:22:08','2019-02-20 12:22:08'),(5,120,300.00,'2019-02-20 14:09:58',201902,'2019-02-20 14:03:15','2019-02-20 14:09:58'),(5,121,300.00,'2019-02-21 06:24:20',201902,'2019-02-21 06:16:29','2019-02-21 06:24:20'),(5,122,300.00,'2019-02-22 00:17:20',201902,'2019-02-21 23:48:27','2019-02-22 00:17:20'),(5,123,200.00,'2019-02-22 04:31:06',201902,'2019-02-22 04:31:06','2019-02-22 04:31:06'),(5,124,300.00,'2019-02-23 06:45:55',201902,'2019-02-23 06:39:45','2019-02-23 06:45:55'),(5,125,300.00,'2019-05-31 02:17:00',201905,'2019-05-31 02:17:00','2019-05-31 02:17:00'),(5,126,400.00,'2019-07-20 12:05:10',201907,'2019-07-20 11:40:56','2019-07-20 12:05:10'),(5,127,300.00,'2019-06-03 12:05:54',201906,'2019-06-03 12:05:54','2019-06-03 12:05:54'),(5,128,200.00,'2019-02-24 08:45:49',201902,'2019-02-24 08:45:49','2019-02-24 08:45:49'),(5,130,200.00,'2019-06-17 17:21:03',201906,'2019-02-25 18:03:20','2019-06-17 17:21:03'),(5,131,500.00,'2019-03-10 06:51:27',201903,'2019-03-10 06:39:38','2019-03-10 06:51:27'),(5,132,300.00,'2019-02-28 07:46:02',201902,'2019-02-28 07:34:33','2019-02-28 07:46:02'),(5,133,300.00,'2019-03-01 14:25:34',201903,'2019-03-01 14:09:47','2019-03-01 14:25:34'),(5,135,300.00,'2019-05-04 05:00:02',201905,'2019-05-04 03:23:39','2019-05-04 05:00:02'),(5,138,200.00,'2019-03-25 09:10:50',201903,'2019-03-25 09:10:50','2019-03-25 09:10:50'),(5,142,200.00,'2019-04-11 12:34:39',201904,'2019-04-11 12:34:39','2019-04-11 12:34:39'),(5,144,200.00,'2019-05-07 01:23:08',201905,'2019-05-07 01:23:08','2019-05-07 01:23:08'),(5,146,200.00,'2019-05-07 01:45:23',201905,'2019-05-07 01:45:23','2019-05-07 01:45:23'),(5,147,200.00,'2019-05-07 13:27:48',201905,'2019-05-07 13:27:48','2019-05-07 13:27:48'),(5,149,300.00,'2019-06-18 08:07:32',201906,'2019-06-18 07:58:18','2019-06-18 08:07:32'),(5,150,300.00,'2019-06-06 15:00:09',201906,'2019-06-06 14:56:17','2019-06-06 15:00:09'),(5,151,300.00,'2019-07-21 12:59:51',201907,'2019-07-21 12:55:29','2019-07-21 12:59:51'),(5,152,500.00,'2019-07-24 07:46:12',201907,'2019-07-24 07:19:01','2019-07-24 07:46:12'),(5,154,200.00,'2019-08-16 13:59:05',201908,'2019-08-16 13:59:05','2019-08-16 13:59:05'),(5,155,500.00,'2019-09-18 14:26:15',201909,'2019-09-18 13:29:19','2019-09-18 14:26:15'),(5,159,300.00,'2020-01-02 07:17:25',202001,'2020-01-02 06:58:23','2020-01-02 07:17:25'),(5,160,200.00,'2019-12-27 02:17:00',201912,'2019-12-27 02:17:00','2019-12-27 02:17:00'),(5,164,400.00,'2020-01-12 02:15:58',202001,'2020-01-12 01:35:28','2020-01-12 02:15:58'),(5,166,200.00,'2020-01-14 04:34:54',202001,'2020-01-14 04:34:54','2020-01-14 04:34:54'),(5,167,200.00,'2020-01-14 09:48:30',202001,'2020-01-14 09:48:30','2020-01-14 09:48:30'),(5,169,200.00,'2020-01-18 09:48:36',202001,'2020-01-18 09:48:36','2020-01-18 09:48:36'),(5,170,200.00,'2020-01-20 15:56:39',202001,'2020-01-20 15:56:39','2020-01-20 15:56:39'),(5,174,400.00,'2020-01-27 13:01:51',202001,'2020-01-27 12:32:49','2020-01-27 13:01:51'),(5,175,200.00,'2020-01-30 07:52:29',202001,'2020-01-30 07:52:29','2020-01-30 07:52:29'),(5,178,200.00,'2020-02-05 07:34:06',202002,'2020-02-05 07:34:06','2020-02-05 07:34:06'),(5,180,400.00,'2020-02-08 04:11:24',202002,'2020-02-08 03:46:49','2020-02-08 04:11:24'),(5,182,200.00,'2020-02-12 10:12:00',202002,'2020-02-12 10:12:00','2020-02-12 10:12:00'),(5,184,200.00,'2020-02-17 10:26:45',202002,'2020-02-17 10:26:45','2020-02-17 10:26:45'),(5,185,200.00,'2020-03-07 04:36:26',202003,'2020-03-07 04:36:26','2020-03-07 04:36:26'),(5,186,200.00,'2020-03-08 10:16:15',202003,'2020-03-08 10:16:15','2020-03-08 10:16:15'),(5,189,200.00,'2020-04-17 16:53:20',202004,'2020-04-17 16:53:20','2020-04-17 16:53:20'),(5,194,700.00,'2021-08-10 00:27:59',202108,'2020-05-15 09:05:01','2021-08-10 00:27:59'),(5,198,400.00,'2020-07-10 05:03:11',202007,'2020-07-10 04:22:14','2020-07-10 05:03:11'),(5,199,300.00,'2020-07-23 20:04:49',202007,'2020-07-23 19:51:02','2020-07-23 20:04:49'),(5,202,200.00,'2020-07-26 14:15:04',202007,'2020-07-26 14:15:04','2020-07-26 14:15:04'),(5,205,200.00,'2020-08-01 03:56:20',202008,'2020-08-01 03:56:20','2020-08-01 03:56:20'),(5,208,200.00,'2021-08-20 01:33:44',202108,'2021-08-20 01:33:44','2021-08-20 01:33:44'),(5,225,200.00,'2020-09-22 07:36:16',202009,'2020-09-22 07:36:16','2020-09-22 07:36:16'),(5,257,200.00,'2020-10-19 13:48:56',202010,'2020-10-19 13:48:56','2020-10-19 13:48:56'),(5,319,300.00,'2021-08-20 23:26:44',202108,'2021-08-20 23:26:44','2021-08-20 23:26:44'),(5,320,200.00,'2021-09-10 03:42:09',202109,'2021-09-10 03:42:09','2021-09-10 03:42:09'),(6,2,300.00,'2021-08-15 09:18:09',202108,'2021-08-15 09:12:42','2021-08-15 09:18:09'),(6,17,300.00,'2018-05-06 13:44:34',201805,'2018-05-06 13:40:23','2018-05-06 13:44:34'),(6,18,300.00,'2018-05-07 01:57:31',201805,'2018-05-07 01:55:20','2018-05-07 01:57:31'),(6,20,300.00,'2019-03-19 02:54:46',201903,'2019-03-19 02:53:09','2019-03-19 02:54:46'),(6,22,300.00,'2018-05-19 17:34:22',201805,'2018-05-19 16:27:55','2018-05-19 17:34:22'),(6,23,300.00,'2018-05-19 16:35:43',201805,'2018-05-19 16:32:37','2018-05-19 16:35:43'),(6,24,200.00,'2018-05-19 17:33:01',201805,'2018-05-19 17:33:01','2018-05-19 17:33:01'),(6,27,300.00,'2018-05-19 17:18:05',201805,'2018-05-19 17:15:37','2018-05-19 17:18:05'),(6,28,300.00,'2018-05-19 17:37:49',201805,'2018-05-19 17:34:18','2018-05-19 17:37:49'),(6,29,200.00,'2018-05-19 17:45:19',201805,'2018-05-19 17:45:19','2018-05-19 17:45:19'),(6,30,300.00,'2018-05-19 18:15:46',201805,'2018-05-19 18:09:45','2018-05-19 18:15:46'),(6,32,200.00,'2018-05-19 18:12:39',201805,'2018-05-19 18:12:39','2018-05-19 18:12:39'),(6,33,300.00,'2018-05-19 18:39:04',201805,'2018-05-19 18:36:25','2018-05-19 18:39:04'),(6,34,300.00,'2018-05-19 18:52:23',201805,'2018-05-19 18:50:03','2018-05-19 18:52:23'),(6,36,300.00,'2018-05-19 19:20:18',201805,'2018-05-19 19:16:41','2018-05-19 19:20:18'),(6,37,200.00,'2018-05-19 19:20:25',201805,'2018-05-19 19:20:25','2018-05-19 19:20:25'),(6,38,200.00,'2018-05-19 19:55:50',201805,'2018-05-19 19:55:50','2018-05-19 19:55:50'),(6,39,300.00,'2018-05-19 20:17:32',201805,'2018-05-19 20:14:26','2018-05-19 20:17:32'),(6,40,200.00,'2018-05-19 20:13:21',201805,'2018-05-19 20:13:21','2018-05-19 20:13:21'),(6,41,300.00,'2020-09-23 04:29:12',202009,'2020-05-21 14:39:44','2020-09-23 04:29:12'),(6,42,300.00,'2018-06-09 07:42:38',201806,'2018-06-09 07:39:32','2018-06-09 07:42:38'),(6,43,300.00,'2018-06-09 07:39:57',201806,'2018-06-09 07:38:09','2018-06-09 07:39:57'),(6,44,300.00,'2018-06-09 07:52:32',201806,'2018-06-09 07:47:36','2018-06-09 07:52:32'),(6,45,300.00,'2018-06-09 07:47:27',201806,'2018-06-09 07:39:39','2018-06-09 07:47:27'),(6,46,300.00,'2018-06-09 07:45:51',201806,'2018-06-09 07:42:51','2018-06-09 07:45:51'),(6,47,300.00,'2018-07-19 09:43:27',201807,'2018-07-19 09:40:46','2018-07-19 09:43:27'),(6,84,400.00,'2019-08-20 00:03:51',201908,'2019-08-19 23:57:52','2019-08-20 00:03:51'),(6,103,200.00,'2019-02-01 01:14:13',201902,'2019-02-01 01:14:13','2019-02-01 01:14:13'),(6,112,400.00,'2019-10-01 06:38:21',201910,'2019-10-01 06:25:27','2019-10-01 06:38:21'),(6,113,400.00,'2019-07-10 13:25:58',201907,'2019-02-19 09:51:39','2019-07-10 13:25:58'),(6,114,700.00,'2019-02-19 13:03:58',201902,'2019-02-19 12:42:46','2019-02-19 13:03:58'),(6,115,400.00,'2020-01-31 17:14:07',202001,'2019-02-20 09:54:13','2020-01-31 17:14:07'),(6,116,300.00,'2019-02-21 08:09:09',201902,'2019-02-21 08:09:09','2019-02-21 08:09:09'),(6,117,400.00,'2019-02-20 03:54:50',201902,'2019-02-20 03:47:21','2019-02-20 03:54:50'),(6,118,400.00,'2019-02-20 07:40:01',201902,'2019-02-20 07:08:59','2019-02-20 07:40:01'),(6,119,300.00,'2019-02-20 12:28:05',201902,'2019-02-20 12:22:08','2019-02-20 12:28:05'),(6,120,500.00,'2019-02-20 14:53:39',201902,'2019-02-20 14:03:15','2019-02-20 14:53:39'),(6,121,500.00,'2019-02-21 07:04:06',201902,'2019-02-21 06:16:29','2019-02-21 07:04:06'),(6,122,400.00,'2019-02-22 00:26:03',201902,'2019-02-21 23:48:27','2019-02-22 00:26:03'),(6,123,300.00,'2019-02-22 05:08:16',201902,'2019-02-22 04:31:06','2019-02-22 05:08:16'),(6,124,300.00,'2019-02-23 06:42:45',201902,'2019-02-23 06:40:39','2019-02-23 06:42:45'),(6,125,300.00,'2019-05-31 01:53:33',201905,'2019-05-31 01:46:03','2019-05-31 01:53:33'),(6,126,700.00,'2019-10-01 13:08:23',201910,'2019-07-20 11:42:27','2019-10-01 13:08:23'),(6,127,300.00,'2019-06-03 12:04:05',201906,'2019-06-03 12:01:32','2019-06-03 12:04:05'),(6,128,300.00,'2020-06-21 12:33:09',202006,'2019-02-24 08:53:47','2020-06-21 12:33:09'),(6,130,300.00,'2019-06-17 17:27:18',201906,'2019-02-25 18:05:34','2019-06-17 17:27:18'),(6,131,300.00,'2019-03-10 06:36:22',201903,'2019-03-10 06:32:48','2019-03-10 06:36:22'),(6,132,400.00,'2019-02-28 07:51:13',201902,'2019-02-28 07:34:33','2019-02-28 07:51:13'),(6,133,300.00,'2019-03-01 14:21:44',201903,'2019-03-01 14:09:47','2019-03-01 14:21:44'),(6,135,300.00,'2019-05-04 03:26:11',201905,'2019-05-04 03:24:32','2019-05-04 03:26:11'),(6,138,200.00,'2019-03-25 09:10:50',201903,'2019-03-25 09:10:50','2019-03-25 09:10:50'),(6,146,300.00,'2019-05-07 01:58:08',201905,'2019-05-07 01:54:17','2019-05-07 01:58:08'),(6,147,300.00,'2019-05-07 13:31:30',201905,'2019-05-07 13:27:48','2019-05-07 13:31:30'),(6,149,500.00,'2019-07-02 08:29:53',201907,'2019-06-18 07:58:18','2019-07-02 08:29:53'),(6,150,300.00,'2019-06-06 14:59:17',201906,'2019-06-06 14:56:17','2019-06-06 14:59:17'),(6,151,300.00,'2019-07-21 12:57:55',201907,'2019-07-21 12:55:29','2019-07-21 12:57:55'),(6,152,400.00,'2019-07-24 07:30:46',201907,'2019-07-24 07:19:02','2019-07-24 07:30:46'),(6,153,200.00,'2019-07-25 11:52:46',201907,'2019-07-25 11:52:46','2019-07-25 11:52:46'),(6,155,500.00,'2019-09-23 13:35:05',201909,'2019-09-18 13:29:19','2019-09-23 13:35:05'),(6,158,400.00,'2021-01-21 10:32:46',202101,'2020-04-23 05:16:09','2021-01-21 10:32:46'),(6,159,400.00,'2020-02-13 07:11:04',202002,'2020-01-02 06:58:23','2020-02-13 07:11:04'),(6,160,400.00,'2019-12-27 02:38:50',201912,'2019-12-27 02:17:00','2019-12-27 02:38:50'),(6,164,600.00,'2020-07-11 00:44:33',202007,'2020-01-12 01:35:28','2020-07-11 00:44:33'),(6,166,200.00,'2020-01-14 04:34:54',202001,'2020-01-14 04:34:54','2020-01-14 04:34:54'),(6,167,400.00,'2020-03-10 09:11:48',202003,'2020-01-14 09:48:30','2020-03-10 09:11:48'),(6,168,200.00,'2020-01-14 10:19:56',202001,'2020-01-14 10:19:56','2020-01-14 10:19:56'),(6,169,300.00,'2020-04-05 11:53:51',202004,'2020-01-18 09:48:36','2020-04-05 11:53:51'),(6,170,200.00,'2020-01-20 15:56:39',202001,'2020-01-20 15:56:39','2020-01-20 15:56:39'),(6,174,500.00,'2020-05-29 09:04:54',202005,'2020-01-27 12:32:49','2020-05-29 09:04:54'),(6,175,300.00,'2020-01-31 06:47:48',202001,'2020-01-30 07:52:30','2020-01-31 06:47:48'),(6,178,200.00,'2020-02-05 07:40:12',202002,'2020-02-05 07:40:12','2020-02-05 07:40:12'),(6,180,500.00,'2020-02-08 04:32:23',202002,'2020-02-08 03:46:49','2020-02-08 04:32:23'),(6,182,300.00,'2020-02-12 10:16:40',202002,'2020-02-12 10:12:00','2020-02-12 10:16:40'),(6,184,300.00,'2020-02-17 10:34:59',202002,'2020-02-17 10:26:45','2020-02-17 10:34:59'),(6,185,300.00,'2020-03-07 04:39:58',202003,'2020-03-07 04:36:26','2020-03-07 04:39:58'),(6,186,300.00,'2020-03-08 10:20:36',202003,'2020-03-08 10:16:15','2020-03-08 10:20:36'),(6,189,200.00,'2020-04-17 16:53:20',202004,'2020-04-17 16:53:20','2020-04-17 16:53:20'),(6,194,700.00,'2021-08-01 22:56:40',202108,'2020-05-15 09:05:01','2021-08-01 22:56:40'),(6,197,400.00,'2020-08-21 06:59:50',202008,'2020-07-10 00:31:40','2020-08-21 06:59:50'),(6,198,300.00,'2020-07-10 04:32:14',202007,'2020-07-10 04:22:14','2020-07-10 04:32:14'),(6,199,300.00,'2020-07-23 20:04:49',202007,'2020-07-23 19:51:02','2020-07-23 20:04:49'),(6,200,200.00,'2020-07-26 04:36:04',202007,'2020-07-26 04:36:04','2020-07-26 04:36:04'),(6,202,200.00,'2020-07-26 14:15:04',202007,'2020-07-26 14:15:04','2020-07-26 14:15:04'),(6,205,200.00,'2020-08-01 03:55:03',202008,'2020-08-01 03:55:03','2020-08-01 03:55:03'),(6,208,200.00,'2021-08-20 01:33:44',202108,'2021-08-20 01:33:44','2021-08-20 01:33:44'),(6,214,200.00,'2020-08-30 09:02:08',202008,'2020-08-30 09:02:08','2020-08-30 09:02:08'),(6,225,300.00,'2020-09-22 08:19:22',202009,'2020-09-22 07:33:37','2020-09-22 08:19:22'),(6,257,200.00,'2020-10-07 14:33:20',202010,'2020-10-07 14:33:20','2020-10-07 14:33:20'),(6,319,500.00,'2021-09-22 08:20:57',202109,'2021-08-20 22:56:51','2021-09-22 08:20:57'),(6,320,500.00,'2021-11-26 07:28:07',202111,'2021-09-10 03:41:09','2021-11-26 07:28:07'),(7,2,300.00,'2021-08-15 09:18:09',202108,'2021-08-15 09:13:29','2021-08-15 09:18:09'),(7,17,300.00,'2018-05-06 13:45:49',201805,'2018-05-06 13:40:23','2018-05-06 13:45:49'),(7,18,300.00,'2018-05-07 01:58:25',201805,'2018-05-07 01:55:20','2018-05-07 01:58:25'),(7,20,300.00,'2019-03-19 02:55:52',201903,'2019-03-19 02:53:08','2019-03-19 02:55:52'),(7,22,300.00,'2018-05-19 16:29:20',201805,'2018-05-19 16:27:06','2018-05-19 16:29:20'),(7,23,300.00,'2018-05-19 16:37:10',201805,'2018-05-19 16:32:37','2018-05-19 16:37:10'),(7,24,300.00,'2018-05-19 17:50:09',201805,'2018-05-19 17:33:01','2018-05-19 17:50:09'),(7,26,200.00,'2018-05-19 16:51:39',201805,'2018-05-19 16:51:39','2018-05-19 16:51:39'),(7,27,300.00,'2018-05-19 17:19:19',201805,'2018-05-19 17:15:37','2018-05-19 17:19:19'),(7,28,300.00,'2018-05-19 17:40:38',201805,'2018-05-19 17:34:18','2018-05-19 17:40:38'),(7,29,200.00,'2018-05-19 17:45:19',201805,'2018-05-19 17:45:19','2018-05-19 17:45:19'),(7,30,300.00,'2018-05-19 18:17:00',201805,'2018-05-19 18:09:45','2018-05-19 18:17:00'),(7,32,200.00,'2018-05-19 18:12:39',201805,'2018-05-19 18:12:39','2018-05-19 18:12:39'),(7,33,300.00,'2018-05-19 18:41:04',201805,'2018-05-19 18:36:25','2018-05-19 18:41:04'),(7,34,300.00,'2018-05-19 19:05:55',201805,'2018-05-19 18:49:07','2018-05-19 19:05:55'),(7,35,200.00,'2018-05-19 19:01:13',201805,'2018-05-19 19:01:13','2018-05-19 19:01:13'),(7,36,200.00,'2018-05-19 19:16:41',201805,'2018-05-19 19:16:41','2018-05-19 19:16:41'),(7,37,200.00,'2018-05-19 19:20:25',201805,'2018-05-19 19:20:25','2018-05-19 19:20:25'),(7,39,200.00,'2018-05-19 20:14:26',201805,'2018-05-19 20:14:26','2018-05-19 20:14:26'),(7,41,200.00,'2020-05-21 14:39:44',202005,'2020-05-21 14:39:44','2020-05-21 14:39:44'),(7,42,300.00,'2018-06-09 07:44:23',201806,'2018-06-09 07:39:32','2018-06-09 07:44:23'),(7,43,300.00,'2018-06-09 07:42:56',201806,'2018-06-09 07:42:56','2018-06-09 07:42:56'),(7,44,200.00,'2018-06-09 07:47:36',201806,'2018-06-09 07:47:36','2018-06-09 07:47:36'),(7,45,300.00,'2018-06-09 07:49:59',201806,'2018-06-09 07:39:39','2018-06-09 07:49:59'),(7,46,300.00,'2018-06-09 07:47:45',201806,'2018-06-09 07:42:51','2018-06-09 07:47:45'),(7,47,300.00,'2018-07-19 09:45:00',201807,'2018-07-19 09:40:45','2018-07-19 09:45:00'),(7,84,400.00,'2019-08-20 00:07:49',201908,'2019-08-19 23:59:17','2019-08-20 00:07:49'),(7,103,200.00,'2019-02-01 01:14:12',201902,'2019-02-01 01:14:12','2019-02-01 01:14:12'),(7,112,500.00,'2019-10-01 06:55:33',201910,'2019-10-01 06:25:27','2019-10-01 06:55:33'),(7,113,288.89,'2019-04-18 13:03:39',201904,'2019-02-19 09:51:39','2019-04-18 13:03:39'),(7,114,500.00,'2019-02-19 13:00:10',201902,'2019-02-19 12:42:46','2019-02-19 13:00:10'),(7,115,500.00,'2019-02-20 10:18:47',201902,'2019-02-20 10:00:03','2019-02-20 10:18:47'),(7,116,500.00,'2019-02-21 08:13:33',201902,'2019-02-21 08:10:36','2019-02-21 08:13:33'),(7,117,300.00,'2019-02-20 03:53:10',201902,'2019-02-20 03:53:10','2019-02-20 03:53:10'),(7,118,600.00,'2019-02-23 09:47:24',201902,'2019-02-20 07:24:16','2019-02-23 09:47:24'),(7,119,500.00,'2019-02-21 10:34:39',201902,'2019-02-20 12:22:08','2019-02-21 10:34:39'),(7,120,500.00,'2019-02-20 14:47:06',201902,'2019-02-20 14:03:15','2019-02-20 14:47:06'),(7,121,500.00,'2019-02-21 06:59:35',201902,'2019-02-21 06:24:20','2019-02-21 06:59:35'),(7,122,400.00,'2019-02-22 00:26:03',201902,'2019-02-21 23:48:26','2019-02-22 00:26:03'),(7,123,400.00,'2019-02-22 05:23:07',201902,'2019-02-22 05:23:07','2019-02-22 05:23:07'),(7,124,400.00,'2019-02-23 07:02:45',201902,'2019-02-23 06:45:55','2019-02-23 07:02:45'),(7,125,300.00,'2019-05-31 02:17:00',201905,'2019-05-31 02:17:00','2019-05-31 02:17:00'),(7,126,400.00,'2019-07-20 12:05:10',201907,'2019-07-20 11:48:52','2019-07-20 12:05:10'),(7,127,400.00,'2019-06-03 12:13:47',201906,'2019-06-03 12:01:32','2019-06-03 12:13:47'),(7,128,400.00,'2019-02-24 09:12:11',201902,'2019-02-24 08:45:49','2019-02-24 09:12:11'),(7,130,200.00,'2019-06-17 17:21:03',201906,'2019-02-25 18:03:20','2019-06-17 17:21:03'),(7,131,500.00,'2019-03-10 06:57:41',201903,'2019-03-10 06:39:38','2019-03-10 06:57:41'),(7,132,400.00,'2019-02-28 07:57:24',201902,'2019-02-28 07:34:32','2019-02-28 07:57:24'),(7,133,700.00,'2019-03-01 15:08:11',201903,'2019-03-01 14:09:47','2019-03-01 15:08:11'),(7,135,300.00,'2019-05-04 05:00:12',201905,'2019-05-04 05:00:12','2019-05-04 05:00:12'),(7,138,300.00,'2019-03-25 09:19:24',201903,'2019-03-25 09:10:50','2019-03-25 09:19:24'),(7,146,200.00,'2019-05-07 01:45:23',201905,'2019-05-07 01:45:23','2019-05-07 01:45:23'),(7,147,200.00,'2019-05-07 13:27:47',201905,'2019-05-07 13:27:47','2019-05-07 13:27:47'),(7,149,500.00,'2019-07-11 10:07:14',201907,'2019-06-18 07:58:18','2019-07-11 10:07:14'),(7,150,300.00,'2019-06-06 15:00:15',201906,'2019-06-06 15:00:15','2019-06-06 15:00:15'),(7,151,200.00,'2019-07-21 12:55:29',201907,'2019-07-21 12:55:29','2019-07-21 12:55:29'),(7,152,500.00,'2019-07-24 07:54:19',201907,'2019-07-24 07:19:01','2019-07-24 07:54:19'),(7,153,200.00,'2019-07-25 11:52:46',201907,'2019-07-25 11:52:46','2019-07-25 11:52:46'),(7,155,500.00,'2019-09-22 05:01:36',201909,'2019-09-18 13:29:19','2019-09-22 05:01:36'),(7,159,300.00,'2020-01-02 07:17:25',202001,'2020-01-02 07:17:25','2020-01-02 07:17:25'),(7,160,400.00,'2019-12-27 02:46:09',201912,'2019-12-27 02:29:44','2019-12-27 02:46:09'),(7,164,500.00,'2020-04-15 06:10:37',202004,'2020-01-12 01:35:28','2020-04-15 06:10:37'),(7,165,200.00,'2020-01-12 03:38:08',202001,'2020-01-12 03:38:08','2020-01-12 03:38:08'),(7,166,200.00,'2020-01-14 04:34:54',202001,'2020-01-14 04:34:54','2020-01-14 04:34:54'),(7,167,300.00,'2020-01-14 10:00:18',202001,'2020-01-14 09:48:30','2020-01-14 10:00:18'),(7,168,200.00,'2020-01-14 10:19:56',202001,'2020-01-14 10:19:56','2020-01-14 10:19:56'),(7,169,300.00,'2020-01-18 09:58:37',202001,'2020-01-18 09:58:37','2020-01-18 09:58:37'),(7,170,200.00,'2020-01-20 15:56:39',202001,'2020-01-20 15:56:39','2020-01-20 15:56:39'),(7,174,500.00,'2020-06-03 02:37:38',202006,'2020-01-27 12:32:49','2020-06-03 02:37:38'),(7,175,200.00,'2020-01-30 07:52:29',202001,'2020-01-30 07:52:29','2020-01-30 07:52:29'),(7,179,200.00,'2020-02-07 09:39:34',202002,'2020-02-07 09:39:34','2020-02-07 09:39:34'),(7,180,500.00,'2020-02-08 04:27:04',202002,'2020-02-08 03:57:50','2020-02-08 04:27:04'),(7,182,300.00,'2020-02-12 10:20:16',202002,'2020-02-12 10:12:00','2020-02-12 10:20:16'),(7,184,300.00,'2020-02-17 10:38:11',202002,'2020-02-17 10:26:45','2020-02-17 10:38:11'),(7,185,300.00,'2020-03-07 04:41:19',202003,'2020-03-07 04:36:26','2020-03-07 04:41:19'),(7,186,300.00,'2020-03-08 10:21:02',202003,'2020-03-08 10:21:02','2020-03-08 10:21:02'),(7,189,200.00,'2020-04-17 16:53:20',202004,'2020-04-17 16:53:20','2020-04-17 16:53:20'),(7,194,700.00,'2021-08-03 23:41:18',202108,'2020-05-15 09:05:01','2021-08-03 23:41:18'),(7,195,200.00,'2020-05-27 02:22:58',202005,'2020-05-27 02:22:58','2020-05-27 02:22:58'),(7,197,300.00,'2020-07-10 00:36:37',202007,'2020-07-10 00:31:40','2020-07-10 00:36:37'),(7,198,400.00,'2020-07-10 05:03:11',202007,'2020-07-10 04:22:14','2020-07-10 05:03:11'),(7,199,300.00,'2020-07-23 20:04:49',202007,'2020-07-23 20:04:49','2020-07-23 20:04:49'),(7,200,200.00,'2020-07-26 04:36:04',202007,'2020-07-26 04:36:04','2020-07-26 04:36:04'),(7,202,200.00,'2020-07-26 14:15:04',202007,'2020-07-26 14:15:04','2020-07-26 14:15:04'),(7,205,200.00,'2020-08-01 03:55:03',202008,'2020-08-01 03:55:03','2020-08-01 03:55:03'),(7,208,200.00,'2021-08-20 01:33:44',202108,'2021-08-20 01:33:44','2021-08-20 01:33:44'),(7,214,200.00,'2020-08-30 08:55:36',202008,'2020-08-30 08:55:36','2020-08-30 08:55:36'),(7,225,300.00,'2020-09-22 07:53:22',202009,'2020-09-22 07:36:16','2020-09-22 07:53:22'),(7,257,300.00,'2020-10-19 14:01:11',202010,'2020-10-19 13:48:56','2020-10-19 14:01:11'),(7,319,500.00,'2021-09-22 08:24:41',202109,'2021-08-20 23:10:33','2021-09-22 08:24:41'),(7,320,500.00,'2021-11-26 07:32:41',202111,'2021-09-10 03:42:09','2021-11-26 07:32:41');

--
-- Table structure for table `fields`
--

CREATE TABLE `fields` (
  `id` int(10) unsigned NOT NULL AUTO_INCREMENT,
  `field` varchar(255) COLLATE utf8_unicode_ci NOT NULL,
  `description` text COLLATE utf8_unicode_ci NOT NULL,
  `user_id` int(10) unsigned NOT NULL DEFAULT '1',
  `image` varchar(255) COLLATE utf8_unicode_ci DEFAULT NULL,
  `status_id` int(10) unsigned NOT NULL DEFAULT '1',
  `created_at` timestamp NULL DEFAULT NULL,
  `updated_at` timestamp NULL DEFAULT NULL,
  PRIMARY KEY (`id`),
  KEY `fields_user_id_foreign` (`user_id`),
  KEY `fields_status_id_foreign` (`status_id`),
  CONSTRAINT `fields_status_id_foreign` FOREIGN KEY (`status_id`) REFERENCES `statuses` (`id`),
  CONSTRAINT `fields_user_id_foreign` FOREIGN KEY (`user_id`) REFERENCES `users` (`id`)
) ENGINE=InnoDB AUTO_INCREMENT=14 DEFAULT CHARSET=utf8 COLLATE=utf8_unicode_ci;

--
-- Dumping data for table `fields`
--

INSERT INTO `fields` VALUES (1,'Arithmetic','Fractions, Mental calculation‎, Division and Multiplication, Ratio',1,NULL,1,'2018-05-03 21:15:38','2018-05-03 21:15:38'),(2,'Algebra','Abstract algebra‎, Elementary algebra‎, Linear algebra‎, Mathematical identities‎, Polynomials‎, Series expansions‎, Symmetric functions‎, Variables',1,NULL,1,'2018-05-03 21:15:38','2018-05-03 21:15:38'),(3,'Applied Mathematics','Actuarial science, Algorithms, Computational mathematics, Computational science,\r\n				Cryptography‎, Cybernetics, Mathematical economics, Mathematical finance, Mathematical and theoretical biology, Mathematical chemistry,\r\n				Mathematical physics, Mathematical psychology, Mathematics in medicine, Mathematics of music, Operations research, Probability theory‎,\r\n				Algebra of random variables, Central limit theorem, Decision theory, DempsterShafer theory, Ergodic theory, Exotic probabilities,\r\n				Large deviations theory, Probabilistic inequalities, Probability interpretations, Probability journals, Probability theorems,\r\n				Probability theorists, Random matrices, Stochastic algorithms, Stochastic processes, Theory of probability distributions',1,NULL,1,'2018-05-03 21:15:38','2018-05-03 21:15:38'),(4,'Analysis and Calculus','Calculus, Integral calculus, Limits, Mathematical series, Multivariable calculus, Non-Newtonian calculus, Rates of change',1,NULL,1,'2018-05-03 21:15:38','2018-05-03 21:15:38'),(5,'Probability and Statistics','Operations research, Probability, Randomness, Statistics',1,NULL,1,'2018-05-03 21:15:38','2018-05-03 21:15:38'),(6,'Measurement','Measurement',1,NULL,1,'2018-05-03 21:15:38','2018-05-03 21:15:38'),(7,'Geometry','Geometry',1,NULL,1,'2018-05-03 21:15:38','2018-05-03 21:15:38'),(8,'Logic','Mathematical Logic, Proofing, Mathematical Induction, Set Theory',1,NULL,1,'2018-05-03 21:15:38','2018-05-03 21:15:38'),(9,'Topology','Deals with the properties of a figure that do not change when the figure is continuously deformed. The main areas are point set topology (or general topology), algebraic topology, and the topology of manifolds.',1,NULL,1,'2018-05-03 21:15:38','2018-05-03 21:15:38'),(10,'Numerical Analysis','The study of iterative methods and algorithms for approximately solving problems to a specified error bound. Includes numerical differentiation, numerical integration and numerical methods',1,NULL,1,'2018-05-03 21:15:38','2018-05-03 21:15:38'),(11,'Trigonometry','Trigonometry',1,NULL,1,'2018-05-03 21:15:38','2018-05-03 21:15:38'),(13,'sum','sum',1,NULL,1,'2019-02-04 06:45:00','2019-02-04 06:45:00');

--
-- Table structure for table `frameworks`
--

CREATE TABLE `frameworks` (
  `id` int(10) unsigned NOT NULL AUTO_INCREMENT,
  `framework` varchar(255) COLLATE utf8_unicode_ci NOT NULL,
  `description` longtext COLLATE utf8_unicode_ci NOT NULL,
  `created_at` timestamp NULL DEFAULT NULL,
  `updated_at` timestamp NULL DEFAULT NULL,
  PRIMARY KEY (`id`)
) ENGINE=InnoDB AUTO_INCREMENT=5 DEFAULT CHARSET=utf8 COLLATE=utf8_unicode_ci;

--
-- Dumping data for table `frameworks`
--

INSERT INTO `frameworks` VALUES (1,'Maxile','Mathematics framework created by All Gifted','2018-12-28 02:47:27','2018-12-28 02:47:27'),(2,'Lexile','The Lexile Framework for Reading is an educational tool that uses a measure called a Lexile to match readers with books, articles and other leveled reading resources. Readers and books are assigned a score on the Lexile scale, in which lower scores reflect easier readability for books and lower reading ability for readers.','2018-12-28 02:47:27','2018-12-28 02:47:27'),(3,'Maxile','Mathematics framework created by All Gifted','2019-01-21 08:14:46','2019-01-21 08:14:46'),(4,'Lexile','The Lexile Framework for Reading is an educational tool that uses a measure called a Lexile to match readers with books, articles and other leveled reading resources. Readers and books are assigned a score on the Lexile scale, in which lower scores reflect easier readability for books and lower reading ability for readers.','2019-01-21 08:14:46','2019-01-21 08:14:46');

--
-- Table structure for table `gamecodes`
--

CREATE TABLE `gamecodes` (
  `id` int(10) unsigned NOT NULL AUTO_INCREMENT,
  `gamecode` varchar(255) COLLATE utf8_unicode_ci NOT NULL,
  `description` varchar(255) COLLATE utf8_unicode_ci NOT NULL,
  `created_at` timestamp NULL DEFAULT NULL,
  `updated_at` timestamp NULL DEFAULT NULL,
  PRIMARY KEY (`id`)
) ENGINE=InnoDB DEFAULT CHARSET=utf8 COLLATE=utf8_unicode_ci;

--
-- Dumping data for table `gamecodes`
--


--
-- Table structure for table `house_quiz`
--

CREATE TABLE `house_quiz` (
  `house_id` int(10) unsigned NOT NULL,
  `quiz_id` int(10) unsigned NOT NULL DEFAULT '1',
  `start_date` date NOT NULL,
  `end_date` date NOT NULL,
  `result` decimal(3,2) NOT NULL,
  `attempts` int(11) NOT NULL,
  `which_attempt` int(11) NOT NULL,
  `created_at` timestamp NULL DEFAULT NULL,
  `updated_at` timestamp NULL DEFAULT NULL,
  PRIMARY KEY (`house_id`,`quiz_id`),
  KEY `house_quiz_quiz_id_foreign` (`quiz_id`),
  CONSTRAINT `house_quiz_house_id_foreign` FOREIGN KEY (`house_id`) REFERENCES `houses` (`id`),
  CONSTRAINT `house_quiz_quiz_id_foreign` FOREIGN KEY (`quiz_id`) REFERENCES `quizzes` (`id`)
) ENGINE=InnoDB DEFAULT CHARSET=utf8 COLLATE=utf8_unicode_ci;

--
-- Dumping data for table `house_quiz`
--

INSERT INTO `house_quiz` VALUES (16,150,'2020-11-06','2020-12-07',0.00,0,0,'2020-10-07 08:03:53','2020-11-07 02:04:17'),(16,429,'2020-11-22','2020-12-23',0.00,0,0,'2020-11-15 01:56:48','2020-11-23 02:08:29'),(17,130,'2020-10-17','2020-11-18',0.00,0,0,'2020-10-06 23:38:00','2020-10-18 12:15:37'),(17,487,'2020-12-05','2021-01-06',0.00,0,0,'2020-11-20 14:15:40','2020-12-06 02:07:29'),(18,152,'2020-10-17','2020-11-18',0.00,0,0,'2020-10-07 12:11:16','2020-10-18 07:25:36'),(19,66,'2020-10-23','2020-11-24',0.00,0,0,'2020-10-03 14:16:07','2020-10-24 05:09:06'),(19,439,'2020-11-16','2020-12-17',0.00,0,0,'2020-11-16 11:36:42','2020-11-17 03:08:36'),(20,155,'2020-11-05','2020-12-06',0.00,0,0,'2020-10-09 12:05:20','2020-11-06 07:14:05'),(21,93,'2020-10-26','2020-11-27',0.00,0,0,'2020-10-05 15:56:27','2020-10-27 09:02:41'),(21,447,'2020-11-19','2020-12-20',0.00,0,0,'2020-11-17 12:06:15','2020-11-20 11:55:39'),(22,97,'2020-10-28','2020-11-29',0.00,0,0,'2020-10-06 00:42:33','2020-10-29 12:49:05'),(22,411,'2020-11-18','2020-12-19',0.00,0,0,'2020-11-10 13:37:05','2020-11-19 15:30:00'),(23,153,'2020-10-20','2020-11-21',0.00,0,0,'2020-10-07 12:18:22','2020-10-21 13:19:50'),(24,154,'2020-10-22','2020-11-23',0.00,0,0,'2020-10-07 15:56:25','2020-10-23 09:00:06'),(25,151,'2020-10-16','2020-11-17',0.00,0,0,'2020-10-07 10:20:05','2020-10-17 12:10:43');

--
-- Table structure for table `house_role_user`
--

CREATE TABLE `house_role_user` (
  `house_id` int(10) unsigned NOT NULL DEFAULT '1',
  `role_id` int(10) unsigned NOT NULL DEFAULT '6',
  `user_id` int(10) unsigned NOT NULL,
  `progress` int(11) NOT NULL DEFAULT '0',
  `transaction_id` varchar(255) COLLATE utf8_unicode_ci DEFAULT NULL,
  `payment_email` varchar(255) COLLATE utf8_unicode_ci DEFAULT 'info.all-gifted@gmail.com',
  `purchaser_id` int(10) unsigned DEFAULT NULL,
  `start_date` date NOT NULL DEFAULT '2018-05-04',
  `expiry_date` date NOT NULL DEFAULT '2019-05-04',
  `places_alloted` int(11) NOT NULL DEFAULT '0',
  `created_at` timestamp NULL DEFAULT NULL,
  `updated_at` timestamp NULL DEFAULT NULL,
  `id` int(11) NOT NULL AUTO_INCREMENT,
  `mastercode` int(11) DEFAULT NULL,
  `amount_paid` decimal(8,2) DEFAULT NULL,
  `currency_code` varchar(255) COLLATE utf8_unicode_ci DEFAULT NULL,
  `payment_status` varchar(255) COLLATE utf8_unicode_ci DEFAULT NULL,
  PRIMARY KEY (`house_id`,`role_id`,`user_id`),
  UNIQUE KEY `id` (`id`),
  UNIQUE KEY `mastercode` (`mastercode`),
  KEY `house_role_user_role_id_foreign` (`role_id`),
  KEY `house_role_user_purchaser_id_foreign` (`purchaser_id`),
  KEY `house_role_user_house_id_index` (`house_id`),
  KEY `house_role_user_user_id_index` (`user_id`),
  CONSTRAINT `house_role_user_house_id_foreign` FOREIGN KEY (`house_id`) REFERENCES `houses` (`id`) ON DELETE CASCADE,
  CONSTRAINT `house_role_user_purchaser_id_foreign` FOREIGN KEY (`purchaser_id`) REFERENCES `users` (`id`) ON DELETE CASCADE,
  CONSTRAINT `house_role_user_role_id_foreign` FOREIGN KEY (`role_id`) REFERENCES `roles` (`id`) ON DELETE CASCADE,
  CONSTRAINT `house_role_user_user_id_foreign` FOREIGN KEY (`user_id`) REFERENCES `users` (`id`) ON DELETE CASCADE
) ENGINE=InnoDB AUTO_INCREMENT=356 DEFAULT CHARSET=utf8 COLLATE=utf8_unicode_ci;

--
-- Dumping data for table `house_role_user`
--

INSERT INTO `house_role_user` VALUES (1,1,41,0,NULL,'info.all-gifted@gmail.com',NULL,'2018-05-04','2019-05-04',0,'2018-06-09 06:28:33','2018-06-09 06:28:33',82,NULL,NULL,NULL,NULL),(1,1,135,0,'9999','iandyou312@gmail.com',135,'2019-05-04','2020-05-04',0,'2019-05-04 02:11:40','2019-05-04 02:14:29',187,NULL,20.00,'SGD','paid'),(1,2,23,0,NULL,'info.all-gifted@gmail.com',NULL,'2018-05-04','2019-05-04',0,'2018-05-19 16:38:12','2018-05-19 16:38:12',44,NULL,NULL,NULL,NULL),(1,2,28,0,NULL,'info.all-gifted@gmail.com',NULL,'2018-05-04','2019-05-04',0,'2018-05-19 17:40:58','2018-05-19 17:40:58',56,NULL,NULL,NULL,NULL),(1,2,30,0,NULL,'info.all-gifted@gmail.com',NULL,'2018-05-04','2019-05-04',0,'2018-05-19 18:17:18','2018-05-19 18:17:18',63,NULL,NULL,NULL,NULL),(1,2,41,0,NULL,'info.all-gifted@gmail.com',NULL,'2018-05-04','2019-05-04',0,'2018-06-09 06:28:33','2018-06-09 06:28:33',84,NULL,NULL,NULL,NULL),(1,2,43,0,NULL,'info.all-gifted@gmail.com',NULL,'2018-05-04','2019-05-04',0,'2018-06-09 07:43:31','2018-06-09 07:43:31',93,NULL,NULL,NULL,NULL),(1,2,45,0,NULL,'info.all-gifted@gmail.com',NULL,'2018-05-04','2019-05-04',0,'2018-06-09 07:51:43','2018-06-09 07:51:43',104,NULL,NULL,NULL,NULL),(1,2,47,0,NULL,'info.all-gifted@gmail.com',NULL,'2018-05-04','2019-05-04',0,'2018-07-19 09:45:09','2018-07-19 09:45:09',110,NULL,NULL,NULL,NULL),(1,3,18,0,NULL,'info.all-gifted@gmail.com',NULL,'2018-05-04','2019-05-04',0,'2018-05-07 01:58:44','2018-05-07 01:58:44',38,NULL,NULL,NULL,NULL),(1,3,28,0,NULL,'info.all-gifted@gmail.com',NULL,'2018-05-04','2019-05-04',0,'2018-05-19 17:40:58','2018-05-19 17:40:58',55,NULL,NULL,NULL,NULL),(1,3,30,0,NULL,'info.all-gifted@gmail.com',NULL,'2018-05-04','2019-05-04',0,'2018-05-19 18:17:18','2018-05-19 18:17:18',62,NULL,NULL,NULL,NULL),(1,3,33,0,NULL,'info.all-gifted@gmail.com',NULL,'2018-05-04','2019-05-04',0,'2018-05-19 18:41:30','2018-05-19 18:41:30',67,NULL,NULL,NULL,NULL),(1,3,41,0,NULL,'info.all-gifted@gmail.com',NULL,'2018-05-04','2019-05-04',0,'2018-06-09 06:28:33','2018-06-09 06:28:33',83,NULL,NULL,NULL,NULL),(1,3,42,0,NULL,'info.all-gifted@gmail.com',NULL,'2018-05-04','2019-05-04',0,'2018-06-09 07:45:20','2018-06-09 07:45:20',96,NULL,NULL,NULL,NULL),(1,3,43,0,NULL,'info.all-gifted@gmail.com',NULL,'2018-05-04','2019-05-04',0,'2018-06-09 07:43:31','2018-06-09 07:43:31',92,NULL,NULL,NULL,NULL),(1,3,45,0,NULL,'info.all-gifted@gmail.com',NULL,'2018-05-04','2019-05-04',0,'2018-06-09 07:51:43','2018-06-09 07:51:43',103,NULL,NULL,NULL,NULL),(1,3,47,0,NULL,'info.all-gifted@gmail.com',NULL,'2018-05-04','2019-05-04',0,'2018-07-19 09:45:09','2018-07-19 09:45:09',109,NULL,NULL,NULL,NULL),(1,4,1,200,NULL,'pamelaliusm@gmail.com',NULL,'2017-12-31','2018-12-31',1,'2018-05-03 21:17:22','2018-05-03 21:17:22',14,NULL,NULL,NULL,NULL),(1,4,27,0,NULL,'info.all-gifted@gmail.com',NULL,'2018-05-04','2019-05-04',0,'2018-05-19 17:19:30','2018-05-19 17:19:30',48,NULL,NULL,NULL,NULL),(1,4,28,0,NULL,'info.all-gifted@gmail.com',NULL,'2018-05-04','2019-05-04',0,'2018-05-19 17:40:58','2018-05-19 17:40:58',54,NULL,NULL,NULL,NULL),(1,4,30,0,NULL,'info.all-gifted@gmail.com',NULL,'2018-05-04','2019-05-04',0,'2018-05-19 18:17:18','2018-05-19 18:17:18',61,NULL,NULL,NULL,NULL),(1,4,33,0,NULL,'info.all-gifted@gmail.com',NULL,'2018-05-04','2019-05-04',0,'2018-05-19 18:41:30','2018-05-19 18:41:30',66,NULL,NULL,NULL,NULL),(1,4,41,0,'NTUC','info.allgifted@gmail.com',NULL,'2020-09-17','2020-10-17',15,NULL,NULL,242,NULL,NULL,NULL,NULL),(1,4,42,0,NULL,'info.all-gifted@gmail.com',NULL,'2018-05-04','2019-05-04',0,'2018-06-09 07:45:20','2018-06-09 07:45:20',95,NULL,NULL,NULL,NULL),(1,4,43,0,NULL,'info.all-gifted@gmail.com',NULL,'2018-05-04','2019-05-04',0,'2018-06-09 07:43:31','2018-06-09 07:43:31',91,NULL,NULL,NULL,NULL),(1,4,45,0,NULL,'info.all-gifted@gmail.com',NULL,'2018-05-04','2019-05-04',0,'2018-06-09 08:36:53','2018-06-09 08:36:53',105,NULL,NULL,NULL,NULL),(1,4,46,0,NULL,'info.all-gifted@gmail.com',NULL,'2018-05-04','2019-05-04',0,'2018-06-09 07:48:13','2018-06-09 07:48:13',99,NULL,NULL,NULL,NULL),(1,4,47,0,NULL,'info.all-gifted@gmail.com',NULL,'2018-05-04','2019-05-04',0,'2018-07-19 09:45:08','2018-07-19 09:45:08',108,NULL,NULL,NULL,NULL),(1,6,2,400,NULL,'info.allgifted@gmail.com',41,'2021-08-15','2022-08-15',0,'2021-08-15 09:11:16','2021-09-16 03:03:59',351,NULL,450.00,'SGD','PAID'),(1,6,20,0,NULL,'info.allgifted@gmail.com',41,'2019-03-19','2020-03-19',0,'2019-03-19 02:51:15','2019-03-19 02:51:15',180,NULL,18.00,'SGD','PAID'),(1,6,22,0,NULL,'pamelaliusm@gmail.com',2,'2018-05-19','2019-05-19',0,'2018-05-19 16:22:34','2018-05-19 16:22:34',40,NULL,NULL,NULL,NULL),(1,6,23,0,NULL,'pamelaliusm@gmail.com',2,'2018-05-19','2019-05-19',0,'2018-05-19 16:30:52','2018-05-19 16:30:52',41,NULL,NULL,NULL,NULL),(1,6,24,0,NULL,'pamelaliusm@gmail.com',2,'2018-05-19','2019-05-19',0,'2018-05-19 17:26:57','2018-05-19 17:26:57',51,NULL,NULL,NULL,NULL),(1,6,26,0,NULL,'pamelaliusm@gmail.com',2,'2018-05-19','2019-05-19',0,'2018-05-19 16:50:13','2018-05-19 16:50:13',45,NULL,NULL,NULL,NULL),(1,6,27,0,NULL,'pamelaliusm@gmail.com',2,'2018-05-19','2019-05-19',0,'2018-05-19 17:13:36','2018-05-19 17:13:36',46,NULL,NULL,NULL,NULL),(1,6,28,257,NULL,'pamelaliusm@gmail.com',2,'2018-05-19','2019-05-19',0,'2018-05-19 17:27:42','2018-05-19 17:49:00',52,NULL,NULL,NULL,NULL),(1,6,29,0,NULL,'pamelaliusm@gmail.com',2,'2018-05-19','2019-05-19',0,'2018-05-19 17:41:33','2018-05-19 17:41:33',57,NULL,NULL,NULL,NULL),(1,6,30,0,NULL,'pamelaliusm@gmail.com',2,'2018-05-19','2019-05-19',0,'2018-05-19 18:06:22','2018-05-19 18:06:22',58,NULL,NULL,NULL,NULL),(1,6,32,0,NULL,'pamelaliusm@gmail.com',2,'2018-05-19','2019-05-19',0,'2018-05-19 18:08:06','2018-05-19 18:08:06',59,NULL,NULL,NULL,NULL),(1,6,33,0,NULL,'pamelaliusm@gmail.com',2,'2018-05-19','2019-05-19',0,'2018-05-19 18:32:39','2018-05-19 18:32:39',64,NULL,NULL,NULL,NULL),(1,6,34,0,NULL,'pamelaliusm@gmail.com',2,'2018-05-19','2019-05-19',0,'2018-05-19 18:47:32','2018-05-19 18:47:32',69,NULL,NULL,NULL,NULL),(1,6,35,0,NULL,'pamelaliusm@gmail.com',2,'2018-05-19','2019-05-19',0,'2018-05-19 18:56:00','2018-05-19 18:56:00',70,NULL,NULL,NULL,NULL),(1,6,36,0,NULL,'pamelaliusm@gmail.com',2,'2018-05-19','2019-05-19',0,'2018-05-19 19:13:43','2018-05-19 19:13:43',74,NULL,NULL,NULL,NULL),(1,6,37,0,NULL,'pamelaliusm@gmail.com',2,'2018-05-19','2019-05-19',0,'2018-05-19 19:17:21','2018-05-19 19:17:21',75,NULL,NULL,NULL,NULL),(1,6,38,0,NULL,'pamelaliusm@gmail.com',2,'2018-05-19','2019-05-19',0,'2018-05-19 19:52:31','2018-05-19 19:52:31',76,NULL,NULL,NULL,NULL),(1,6,39,0,NULL,'pamelaliusm@gmail.com',2,'2018-05-19','2019-05-19',0,'2018-05-19 20:11:09','2018-05-19 20:11:09',79,NULL,NULL,NULL,NULL),(1,6,40,0,NULL,'pamelaliusm@gmail.com',2,'2018-05-19','2019-05-19',0,'2018-05-19 20:11:24','2018-05-19 20:11:24',80,NULL,NULL,NULL,NULL),(1,6,41,0,NULL,'pamelaliusm@gmail.com',2,'2018-06-09','2099-12-12',0,'2018-06-09 06:12:28','2020-10-31 04:34:18',81,NULL,NULL,NULL,NULL),(1,6,42,0,NULL,'pamelaliusm@gmail.com',2,'2018-06-09','2019-06-09',0,'2018-06-09 07:32:01','2018-06-09 07:32:01',85,NULL,NULL,NULL,NULL),(1,6,43,0,NULL,'pamelaliusm@gmail.com',2,'2018-06-09','2019-06-09',0,'2018-06-09 07:33:47','2018-06-09 07:33:47',86,NULL,NULL,NULL,NULL),(1,6,44,0,NULL,'pamelaliusm@gmail.com',2,'2018-06-09','2019-06-09',0,'2018-06-09 07:34:01','2018-06-09 07:34:01',87,NULL,NULL,NULL,NULL),(1,6,45,260,NULL,'pamelaliusm@gmail.com',2,'2018-06-09','2019-06-09',0,'2018-06-09 07:35:29','2018-06-09 08:10:53',88,NULL,NULL,NULL,NULL),(1,6,47,265,NULL,'pamelaliusm@gmail.com',2,'2018-06-15','2019-06-15',0,'2018-06-15 01:11:22','2018-07-19 13:48:18',106,NULL,NULL,NULL,NULL),(1,6,69,280,NULL,'info.allgifted@gmail.com',41,'2019-05-07','2020-05-07',0,'2019-05-07 02:40:28','2019-05-10 09:13:23',193,NULL,22.50,'SGD','PAID'),(1,6,84,0,'PAY-64707312ME8427910LP3ILAA','info.all-gifted@gmail.com',1,'2019-05-18','2099-05-18',1,'2019-05-18 08:44:29','2020-09-17 03:47:43',195,NULL,0.01,'SGD','paid'),(1,6,103,0,NULL,'pamelaliusm@gmail.com',2,'2019-02-01','2020-02-01',0,'2019-02-01 01:06:15','2019-02-01 01:06:15',139,NULL,NULL,NULL,NULL),(1,6,110,0,NULL,'info.allgifted@gmail.com',41,'2019-02-18','2020-02-18',0,'2019-02-18 15:11:12','2019-02-18 15:11:12',151,NULL,9.18,'SGD','PAID'),(1,6,111,0,NULL,'info.allgifted@gmail.com',41,'2019-02-18','2020-02-18',0,'2019-02-18 15:35:16','2019-02-18 15:35:16',152,NULL,9.38,'SGD','PAID'),(1,6,112,500,NULL,'info.allgifted@gmail.com',41,'2019-02-19','2020-02-19',0,'2019-02-19 05:16:01','2020-05-27 01:50:21',153,NULL,9.57,'SGD','PAID'),(1,6,113,400,NULL,'info.allgifted@gmail.com',41,'2019-02-19','2020-02-19',0,'2019-02-19 09:44:00','2019-11-13 12:41:17',154,NULL,9.78,'SGD','PAID'),(1,6,114,200,NULL,'info.allgifted@gmail.com',41,'2019-02-19','2020-02-19',0,'2019-02-19 12:31:27','2020-04-07 10:09:54',155,NULL,10.00,'SGD','PAID'),(1,6,115,500,NULL,'info.allgifted@gmail.com',41,'2019-02-20','2020-02-20',0,'2019-02-20 02:28:26','2020-03-05 09:03:42',156,NULL,10.23,'SGD','PAID'),(1,6,116,275,NULL,'info.allgifted@gmail.com',41,'2019-02-20','2020-02-20',0,'2019-02-20 10:22:09','2019-08-02 00:53:27',159,NULL,10.98,'SGD','PAID'),(1,6,117,0,NULL,'info.allgifted@gmail.com',41,'2019-02-20','2020-02-20',0,'2019-02-20 03:39:40','2019-02-20 03:39:40',157,NULL,10.47,'SGD','PAID'),(1,6,118,0,NULL,'info.allgifted@gmail.com',41,'2019-02-20','2020-02-20',0,'2019-02-20 07:04:22','2019-03-02 00:41:08',158,NULL,10.71,'SGD','PAID'),(1,6,119,600,NULL,'info.allgifted@gmail.com',41,'2019-02-20','2020-02-20',0,'2019-02-20 12:16:52','2019-02-22 11:07:21',160,NULL,11.25,'SGD','PAID'),(1,6,120,0,NULL,'info.allgifted@gmail.com',41,'2019-02-20','2020-02-20',0,'2019-02-20 13:59:45','2019-02-20 13:59:45',161,NULL,11.54,'SGD','PAID'),(1,6,121,0,NULL,'info.allgifted@gmail.com',41,'2019-02-21','2020-02-21',0,'2019-02-21 06:12:48','2019-02-21 06:12:48',162,NULL,11.84,'SGD','PAID'),(1,6,122,300,NULL,'info.allgifted@gmail.com',41,'2019-02-21','2020-02-21',0,'2019-02-21 23:44:22','2019-06-01 00:14:36',163,NULL,12.16,'SGD','PAID'),(1,6,123,250,NULL,'info.allgifted@gmail.com',41,'2019-02-22','2020-02-22',0,'2019-02-22 04:12:53','2019-05-09 08:34:30',164,NULL,12.50,'SGD','PAID'),(1,6,124,0,NULL,'info.allgifted@gmail.com',41,'2019-02-22','2020-02-22',0,'2019-02-22 15:46:26','2019-02-22 15:46:26',165,NULL,12.86,'SGD','PAID'),(1,6,125,400,NULL,'info.allgifted@gmail.com',41,'2019-02-23','2020-02-23',0,'2019-02-23 12:01:34','2020-01-04 09:11:13',166,NULL,13.24,'SGD','PAID'),(1,6,126,617,NULL,'info.allgifted@gmail.com',41,'2019-02-23','2020-02-23',0,'2019-02-23 12:57:20','2019-10-30 09:40:28',167,NULL,13.64,'SGD','PAID'),(1,6,127,400,NULL,'info.allgifted@gmail.com',41,'2019-02-23','2020-02-23',0,'2019-02-23 13:43:15','2019-06-12 03:33:55',168,NULL,14.06,'SGD','PAID'),(1,6,128,0,NULL,'info.allgifted@gmail.com',41,'2019-02-23','2020-02-23',0,'2019-02-23 22:46:10','2020-08-26 12:58:05',169,NULL,14.52,'SGD','PAID'),(1,6,130,400,NULL,'info.allgifted@gmail.com',41,'2019-02-25','2020-02-25',0,'2019-02-25 17:55:09','2019-11-13 22:25:34',170,NULL,15.00,'SGD','PAID'),(1,6,131,500,NULL,'info.allgifted@gmail.com',41,'2019-02-27','2020-02-27',0,'2019-02-27 07:22:39','2019-04-12 12:10:39',171,NULL,15.52,'SGD','PAID'),(1,6,132,500,NULL,'info.allgifted@gmail.com',41,'2019-02-28','2020-02-28',0,'2019-02-28 07:31:00','2019-03-22 07:41:02',172,NULL,16.07,'SGD','PAID'),(1,6,133,0,NULL,'info.allgifted@gmail.com',41,'2019-03-01','2020-03-01',0,'2019-03-01 13:52:24','2019-03-01 13:52:24',173,NULL,16.67,'SGD','PAID'),(1,6,135,267,'9999','iandyou312@gmail.com',135,'2019-05-04','2020-05-04',1,'2019-05-04 02:16:20','2019-05-04 05:01:46',190,NULL,20.00,'SGD','paid'),(1,6,136,0,NULL,'info.allgifted@gmail.com',41,'2019-03-10','2020-03-10',0,'2019-03-10 10:20:13','2019-03-10 10:20:13',177,NULL,17.31,'SGD','PAID'),(1,6,138,0,NULL,'info.allgifted@gmail.com',41,'2019-03-25','2020-03-25',0,'2019-03-25 07:01:14','2019-03-25 07:01:14',181,NULL,18.75,'SGD','PAID'),(1,6,142,200,NULL,'info.allgifted@gmail.com',41,'2019-04-11','2020-04-11',0,'2019-04-11 12:24:34','2019-04-11 13:01:05',182,NULL,19.57,'SGD','PAID'),(1,6,144,700,NULL,'info.allgifted@gmail.com',41,'2019-05-07','2020-05-07',0,'2019-05-07 01:07:33','2019-08-27 01:45:35',191,NULL,20.45,'SGD','PAID'),(1,6,146,0,NULL,'info.allgifted@gmail.com',41,'2019-05-07','2020-05-07',0,'2019-05-07 01:30:14','2019-05-07 01:30:14',192,NULL,21.43,'SGD','PAID'),(1,6,147,0,NULL,'info.allgifted@gmail.com',41,'2019-05-07','2020-05-07',0,'2019-05-07 13:23:46','2019-05-07 13:23:46',194,NULL,23.68,'SGD','PAID'),(1,6,149,500,NULL,'info.all-gifted@gmail.com',NULL,'2018-05-04','2019-05-04',0,'2019-06-18 13:42:36','2019-08-05 08:48:35',197,NULL,NULL,NULL,NULL),(1,6,150,0,NULL,'info.all-gifted@gmail.com',NULL,'2018-05-04','2019-05-04',0,'2019-06-06 15:00:15','2019-06-06 15:00:15',196,NULL,NULL,NULL,NULL),(1,6,152,500,NULL,'info.all-gifted@gmail.com',NULL,'2018-05-04','2019-05-04',0,'2019-07-24 07:54:19','2019-11-25 06:17:37',198,NULL,NULL,NULL,NULL),(1,6,153,225,NULL,'info.all-gifted@gmail.com',NULL,'2018-05-04','2019-05-04',0,'2019-07-25 11:55:54','2019-07-31 02:09:49',199,NULL,NULL,NULL,NULL),(1,6,154,0,NULL,'info.all-gifted@gmail.com',NULL,'2018-05-04','2019-05-04',0,'2019-08-16 14:02:17','2020-03-19 11:55:15',200,NULL,NULL,NULL,NULL),(1,6,155,0,NULL,'info.all-gifted@gmail.com',NULL,'2018-05-04','2019-05-04',0,'2019-09-23 13:35:05','2019-09-23 13:35:05',202,NULL,NULL,NULL,NULL),(1,6,158,400,NULL,'info.allgifted@gmail.com',41,'2020-08-31','2021-08-31',0,'2019-09-18 12:01:09','2021-04-05 07:29:21',201,NULL,28.13,'SGD','PAID'),(1,6,159,500,NULL,'info.all-gifted@gmail.com',NULL,'2018-05-04','2019-05-04',0,'2020-01-02 07:17:40','2020-05-30 09:37:33',204,NULL,NULL,NULL,NULL),(1,6,160,0,NULL,'info.all-gifted@gmail.com',NULL,'2018-05-04','2019-05-04',0,'2019-12-27 02:48:59','2019-12-27 02:48:59',203,NULL,NULL,NULL,NULL),(1,6,164,0,NULL,'info.all-gifted@gmail.com',NULL,'2018-05-04','2019-05-04',0,'2020-01-12 02:19:19','2020-08-13 23:46:55',205,NULL,NULL,NULL,NULL),(1,6,165,0,NULL,'info.all-gifted@gmail.com',NULL,'2018-05-04','2019-05-04',0,'2020-01-12 03:39:33','2020-03-12 08:07:22',206,NULL,NULL,NULL,NULL),(1,6,167,500,NULL,'info.all-gifted@gmail.com',NULL,'2018-05-04','2019-05-04',0,'2020-01-14 10:00:51','2020-05-17 06:22:55',207,NULL,NULL,NULL,NULL),(1,6,168,200,NULL,'info.all-gifted@gmail.com',NULL,'2018-05-04','2019-05-04',0,'2020-01-14 10:28:48','2020-01-14 10:33:46',208,NULL,NULL,NULL,NULL),(1,6,169,0,NULL,'info.all-gifted@gmail.com',NULL,'2018-05-04','2019-05-04',0,'2020-01-18 09:58:56','2020-07-30 12:47:36',209,NULL,NULL,NULL,NULL),(1,6,172,0,NULL,'info.all-gifted@gmail.com',NULL,'2018-05-04','2019-05-04',0,'2020-01-23 06:59:54','2020-01-23 06:59:54',210,NULL,NULL,NULL,NULL),(1,6,174,500,NULL,'info.allgifted@gmail.com',41,'2020-09-03','2021-09-03',0,'2020-01-27 13:07:55','2020-10-20 06:12:46',211,NULL,32.14,'SGD','PAID'),(1,6,175,300,NULL,'info.allgifted@gmail.com',41,'2020-11-07','2021-11-07',0,'2020-01-31 07:33:23','2020-11-14 05:50:42',212,NULL,450.00,'SGD','PAID'),(1,6,179,200,NULL,'info.all-gifted@gmail.com',NULL,'2018-05-04','2019-05-04',0,'2020-02-07 09:40:17','2020-02-07 10:02:04',214,NULL,NULL,NULL,NULL),(1,6,180,0,NULL,'info.all-gifted@gmail.com',NULL,'2018-05-04','2019-05-04',0,'2020-02-08 04:32:23','2020-02-08 04:32:23',215,NULL,NULL,NULL,NULL),(1,6,181,300,NULL,'info.all-gifted@gmail.com',NULL,'2018-05-04','2019-05-04',0,'2020-02-12 09:02:35','2020-02-12 09:13:50',216,NULL,NULL,NULL,NULL),(1,6,184,200,NULL,'info.all-gifted@gmail.com',NULL,'2018-05-04','2019-05-04',0,'2020-02-17 10:38:44','2020-03-27 03:40:53',217,NULL,NULL,NULL,NULL),(1,6,185,0,NULL,'info.all-gifted@gmail.com',NULL,'2018-05-04','2019-05-04',0,'2020-03-07 04:41:32','2020-03-07 04:41:32',218,NULL,NULL,NULL,NULL),(1,6,186,300,NULL,'info.all-gifted@gmail.com',NULL,'2018-05-04','2019-05-04',0,'2020-03-08 10:21:03','2020-06-07 17:06:16',219,NULL,NULL,NULL,NULL),(1,6,189,0,NULL,'info.all-gifted@gmail.com',NULL,'2018-05-04','2019-05-04',0,'2020-04-17 17:03:41','2020-04-17 17:03:41',220,NULL,NULL,NULL,NULL),(1,6,194,410,NULL,'info.allgifted@gmail.com',41,'2020-09-01','2021-09-01',0,'2020-05-15 09:34:34','2021-08-12 22:55:18',221,NULL,30.00,'SGD','PAID'),(1,6,197,462,NULL,'info.all-gifted@gmail.com',NULL,'2018-05-04','2019-05-04',0,'2020-07-10 00:37:09','2020-08-29 09:27:17',230,NULL,NULL,NULL,NULL),(1,6,198,272,NULL,'info.all-gifted@gmail.com',NULL,'2018-05-04','2019-05-04',0,'2020-07-10 05:08:28','2020-07-21 11:41:01',231,NULL,NULL,NULL,NULL),(1,6,199,0,NULL,'info.all-gifted@gmail.com',NULL,'2018-05-04','2019-05-04',0,'2020-07-23 20:05:31','2020-07-23 20:05:31',232,NULL,NULL,NULL,NULL),(1,6,208,0,NULL,'info.allgifted@gmail.com',41,'2021-08-20','2022-08-20',0,'2021-08-20 01:30:46','2021-08-20 01:30:46',352,NULL,450.00,'SGD','PAID'),(1,6,209,0,NULL,'info.allgifted@gmail.com',41,'2021-08-20','2022-08-20',0,'2021-08-20 02:01:48','2021-08-20 02:01:48',353,NULL,450.00,'SGD','PAID'),(1,6,213,0,'9999','info.allgifted@gmail.com',41,'2020-08-30','2021-08-30',1,'2020-08-30 07:57:14','2020-08-30 08:12:48',233,NULL,0.00,'SGD','PAID'),(1,6,214,250,NULL,'info.allgifted@gmail.com',41,'2020-08-30','2021-08-30',0,'2020-08-30 08:49:12','2020-09-21 11:14:23',234,NULL,26.47,'SGD','PAID'),(1,6,220,0,NULL,'info.allgifted@gmail.com',41,'2020-09-18','2021-09-18',0,'2020-09-18 06:23:45','2020-09-18 06:23:45',248,NULL,34.62,'SGD','PAID'),(1,6,257,300,NULL,'info.allgifted@gmail.com',41,'2020-10-07','2021-10-07',0,'2020-10-07 14:08:12','2020-11-18 04:24:20',297,NULL,450.00,'SGD','PAID'),(1,6,319,580,NULL,'info.allgifted@gmail.com',41,'2021-08-20','2022-08-20',0,'2021-08-20 06:20:16','2021-11-30 06:43:32',354,NULL,450.00,'SGD','PAID'),(1,6,320,377,NULL,'info.allgifted@gmail.com',41,'2021-09-09','2022-09-09',0,'2021-09-09 09:00:30','2021-11-30 06:21:32',355,NULL,450.00,'SGD','PAID'),(1,7,1,0,'PAY-64707312ME8427910LP3ILAA','info.all-gifted@gmail.com',1,'2018-11-22','2019-11-22',122,'2018-11-02 15:47:38','2019-05-18 08:44:29',111,10089357,1.00,'SGD','paid'),(1,7,2,100,NULL,'pamelaliusm@gmail.com',NULL,'2016-11-01','2017-12-30',970,'2018-05-03 21:17:22','2019-02-01 02:08:19',13,24691396,NULL,NULL,NULL),(1,7,5,200,NULL,'anernsen@hotmail.com.sg',NULL,'2016-11-01','2017-12-30',2,'2018-05-03 21:17:22','2018-05-03 21:17:22',2,75127912,NULL,NULL,NULL),(1,7,6,300,NULL,'iztan@live.com',NULL,'2016-11-01','2017-12-30',1,'2018-05-03 21:17:22','2018-05-03 21:17:22',3,9527716,NULL,NULL,NULL),(1,7,7,400,NULL,'jaxlim@gmail.com',NULL,'2016-11-01','2017-12-30',1,'2018-05-03 21:17:22','2018-05-03 21:17:22',4,15241825,NULL,NULL,NULL),(1,7,8,500,NULL,'jennifer-ocean@hotmail.com',NULL,'2016-11-01','2017-12-30',1,'2018-05-03 21:17:22','2018-05-03 21:17:22',5,2946385,NULL,NULL,NULL),(1,7,9,200,NULL,'juthlee@hotmail.com',NULL,'2016-11-01','2017-12-30',1,'2018-05-03 21:17:22','2018-05-03 21:17:22',6,8255065,NULL,NULL,NULL),(1,7,10,300,NULL,'lim_hongyue@hotmail.com',NULL,'2016-11-01','2017-12-30',1,'2018-05-03 21:17:22','2018-05-03 21:17:22',7,6168735,NULL,NULL,NULL),(1,7,11,199,NULL,'merlisaloy@gmail.com',NULL,'2016-11-01','2017-12-30',1,'2018-05-03 21:17:22','2018-05-03 21:17:22',8,11359720,NULL,NULL,NULL),(1,7,12,56,NULL,'siowjiayan@gmail.com.sg',NULL,'2016-11-01','2017-12-30',1,'2018-05-03 21:17:22','2018-05-03 21:17:22',9,19347100,NULL,NULL,NULL),(1,7,13,3456,NULL,'sunexcub@yahoo.com.sg',NULL,'2016-11-01','2017-12-30',1,'2018-05-03 21:17:22','2018-05-03 21:17:22',10,24380185,NULL,NULL,NULL),(1,7,14,56,NULL,'tiffytirry9@yahoo.com',NULL,'2016-11-01','2017-12-30',1,'2018-05-03 21:17:22','2018-05-03 21:17:22',11,20331475,NULL,NULL,NULL),(1,7,15,567,NULL,'tylertan@live.com',NULL,'2016-11-01','2017-12-30',1,'2018-05-03 21:17:22','2018-05-03 21:17:22',12,25987509,NULL,NULL,NULL),(1,7,41,0,NULL,'info.allgifted@gmail.com',NULL,'2018-05-04','2019-05-04',4,NULL,'2021-09-09 09:00:30',150,4782942,450.00,'SGD','PAID'),(2,1,135,0,'9999','iandyou312@gmail.com',135,'2019-05-04','2020-05-04',1,'2019-05-04 02:15:51','2019-05-04 02:16:00',188,NULL,20.00,'SGD','paid'),(2,4,2,300,NULL,'japher@singnet.com.sg',NULL,'2017-12-31','2018-12-31',1,'2018-05-03 21:17:22','2018-05-03 21:17:22',15,NULL,NULL,NULL,NULL),(2,6,135,0,'9999','iandyou312@gmail.com',135,'2019-05-04','2020-05-04',1,'2019-05-04 02:16:08','2019-05-04 02:16:08',189,NULL,20.00,'SGD','paid'),(4,6,1,0,'abc','info.all-gifted@gmail.com',1,'2018-11-22','2019-11-22',5,'2018-11-22 06:10:43','2018-11-22 06:10:43',112,16721674,5.00,'USD','paid'),(4,7,1,0,'PAY-8ME2410576444794MLP3JFQA','info.all-gifted@gmail.com',1,'2018-11-22','2019-11-22',109,'2018-11-22 11:29:07','2019-05-18 11:02:18',114,50982986,1.00,'SGD','paid'),(5,6,69,0,'9999','amitkumardev89@gmail.com',69,'2019-03-11','2020-03-11',0,'2018-11-25 09:34:58','2019-03-11 17:23:40',116,NULL,0.00,'USD','paid'),(7,6,84,0,'9999','kang.song.lim@oracle.com',84,'2020-05-22','2021-05-22',10,'2020-05-21 15:06:06','2020-05-22 02:01:12',222,NULL,0.00,'SGD','paid'),(7,6,135,0,'PAY-1EP24914YE309234GLP4NGSI','japher@singnet.com.sg',4,'2019-05-04','2020-05-04',0,'2019-05-04 01:06:46','2019-05-04 01:12:43',186,51557148,0.02,'SGD','paid'),(7,7,1,0,'PAY-5LG37763J1890792WLP3I2DQ','info.all-gifted@gmail.com',1,'2018-11-22','2019-11-22',123,'2018-11-22 11:04:36','2018-11-22 11:04:36',113,81305979,2.00,'SGD','paid'),(8,4,1,400,NULL,'japher@singnet.com.sg',NULL,'2017-12-31','2018-12-31',1000,'2018-05-03 21:17:22','2018-05-03 21:17:22',16,NULL,NULL,NULL,NULL),(8,6,2,500,NULL,'japher@singnet.com.sg',NULL,'2017-12-31','2018-12-31',1000,'2018-05-03 21:17:22','2018-05-03 21:17:22',17,NULL,NULL,NULL,NULL),(8,6,3,200,NULL,'japher@singnet.com.sg',NULL,'2017-12-31','2018-12-31',1000,'2018-05-03 21:17:22','2018-05-03 21:17:22',18,NULL,NULL,NULL,NULL),(8,6,5,199,NULL,'japher@singnet.com.sg',NULL,'2017-12-31','2018-12-31',1000,'2018-05-03 21:17:23','2018-05-03 21:17:23',20,NULL,NULL,NULL,NULL),(8,6,6,56,NULL,'japher@singnet.com.sg',NULL,'2017-12-31','2018-12-31',1000,'2018-05-03 21:17:23','2018-05-03 21:17:23',21,NULL,NULL,NULL,NULL),(8,6,7,3456,NULL,'japher@singnet.com.sg',NULL,'2017-12-31','2018-12-31',1000,'2018-05-03 21:17:23','2018-05-03 21:17:23',22,NULL,NULL,NULL,NULL),(8,6,8,56,NULL,'japher@singnet.com.sg',NULL,'2017-12-31','2018-12-31',1000,'2018-05-03 21:17:23','2018-05-03 21:17:23',23,NULL,NULL,NULL,NULL),(8,6,9,567,NULL,'japher@singnet.com.sg',NULL,'2017-12-31','2018-12-31',1000,'2018-05-03 21:17:23','2018-05-03 21:17:23',24,NULL,NULL,NULL,NULL),(12,4,69,0,NULL,'info.all-gifted@gmail.com',NULL,'2018-05-04','2019-05-04',0,'2019-04-22 02:49:14','2019-04-22 02:49:14',183,NULL,NULL,NULL,NULL),(12,6,69,0,'9999','amitkumardev89@gmail.com',69,'2019-04-22','2020-04-22',0,'2019-04-22 02:50:57','2019-04-22 02:53:13',184,NULL,0.00,'USD','paid'),(15,4,84,0,NULL,'info.all-gifted@gmail.com',NULL,'2018-05-04','2019-05-04',0,'2020-05-28 06:23:08','2020-05-28 06:23:08',225,NULL,NULL,NULL,NULL),(16,4,41,0,'NTUC','info.allgifted@gmail.com',NULL,'2020-09-17','2020-11-18',8,NULL,'2020-11-18 13:42:21',243,20201000,0.00,'SGD',NULL),(16,6,237,0,'NTUC','info.allgifted@gmail.com',41,'2020-10-08','2021-10-08',0,'2020-10-08 14:23:03','2020-10-08 14:23:03',307,NULL,0.00,'SGD',NULL),(16,6,248,0,'NTUC','info.allgifted@gmail.com',41,'2020-10-07','2021-10-07',0,'2020-10-07 08:03:51','2020-10-07 08:03:51',287,NULL,0.00,'SGD',NULL),(16,6,267,0,'NTUC','info.allgifted@gmail.com',41,'2020-11-07','2021-11-07',0,'2020-11-07 02:04:14','2020-11-07 02:04:14',343,NULL,0.00,'SGD',NULL),(16,6,283,0,'NTUC','info.allgifted@gmail.com',41,'2020-10-11','2021-10-11',0,'2020-10-11 08:08:26','2020-10-11 08:08:26',323,NULL,0.00,'SGD',NULL),(16,6,285,0,'NTUC','info.allgifted@gmail.com',41,'2020-10-11','2021-10-11',0,'2020-10-11 13:43:00','2020-10-11 13:43:00',325,NULL,0.00,'SGD',NULL),(16,6,286,0,'NTUC','info.allgifted@gmail.com',41,'2020-10-12','2021-10-12',0,'2020-10-12 02:14:26','2020-10-12 02:14:26',326,NULL,0.00,'SGD',NULL),(16,6,300,0,'NTUC','info.allgifted@gmail.com',41,'2020-10-30','2021-10-30',0,'2020-10-30 03:00:30','2020-10-30 03:00:30',342,NULL,0.00,'SGD',NULL),(17,4,41,0,'9999','kang@allgifted.com',41,'2020-09-04','2020-11-18',10,NULL,'2020-11-20 14:15:37',269,20201001,100.00,'SGD',NULL),(17,6,223,0,'9999','kang@allgifted.com',41,'2020-10-02','2020-11-02',0,'2020-10-02 02:54:32','2020-12-06 02:13:45',274,NULL,0.00,'USD',NULL),(17,6,226,0,'9999','kang@allgifted.com',41,'2020-10-07','2021-10-07',0,'2020-10-07 12:48:22','2020-10-07 12:48:22',292,NULL,100.00,'SGD',NULL),(17,6,247,0,'9999','kang@allgifted.com',41,'2020-10-06','2021-10-06',0,'2020-10-06 23:37:58','2020-10-06 23:37:58',286,NULL,100.00,'SGD',NULL),(17,6,254,0,'9999','kang@allgifted.com',41,'2020-10-07','2021-10-07',0,'2020-10-07 13:00:23','2020-10-07 13:00:23',293,NULL,100.00,'SGD',NULL),(17,6,263,0,'9999','kang@allgifted.com',41,'2020-10-08','2021-10-08',0,'2020-10-08 07:39:44','2020-10-08 07:39:44',302,NULL,100.00,'SGD',NULL),(17,6,281,0,'9999','kang@allgifted.com',41,'2020-10-10','2021-10-10',0,'2020-10-10 12:07:44','2020-10-10 12:07:44',320,NULL,100.00,'SGD',NULL),(17,6,307,0,'9999','kang@allgifted.com',41,'2020-11-20','2021-11-20',0,'2020-11-20 14:15:37','2020-11-20 14:15:37',345,NULL,100.00,'SGD',NULL),(18,4,41,0,'9999','kang@allgifted.com',41,'2018-05-04','2020-11-18',8,NULL,'2020-11-18 13:44:08',270,20201003,0.00,'USD',NULL),(18,6,20,0,'9999','kang@allgifted.com',41,'2020-10-17','2021-10-17',0,'2020-10-17 08:27:55','2020-10-17 08:28:05',331,NULL,0.00,'USD',NULL),(18,6,240,0,'9999','kang@allgifted.com',41,'2020-10-03','2020-10-05',0,'2020-10-03 03:30:20','2020-12-11 01:38:36',280,NULL,0.00,'USD',NULL),(18,6,241,0,'9999','kang@allgifted.com',41,'2020-10-03','2021-10-03',0,'2020-10-03 07:03:07','2020-10-03 07:03:07',281,NULL,0.00,'USD',NULL),(18,6,251,0,'9999','kang@allgifted.com',41,'2020-10-07','2021-10-07',0,'2020-10-07 12:11:14','2020-10-07 12:11:14',289,NULL,0.00,'USD',NULL),(18,6,255,0,'9999','kang@allgifted.com',41,'2020-10-07','2021-10-07',0,'2020-10-07 13:23:02','2020-10-07 13:23:02',294,NULL,0.00,'USD',NULL),(18,6,260,0,'9999','kang@allgifted.com',41,'2020-10-07','2021-10-07',0,'2020-10-07 23:09:50','2020-10-07 23:09:50',300,NULL,0.00,'USD',NULL),(18,6,262,0,'9999','kang@allgifted.com',41,'2020-10-10','2021-10-10',0,'2020-10-10 01:19:37','2020-10-10 01:19:37',313,NULL,0.00,'USD',NULL),(18,6,270,0,'9999','kang@allgifted.com',41,'2020-10-09','2021-10-09',0,'2020-10-09 12:19:45','2020-10-09 12:19:45',310,NULL,0.00,'USD',NULL),(18,6,274,0,'9999','kang@allgifted.com',41,'2020-10-10','2021-10-10',0,'2020-10-10 01:54:31','2020-10-10 01:54:31',314,NULL,0.00,'USD',NULL),(18,6,293,0,'9999','kang@allgifted.com',41,'2020-10-18','2021-10-18',0,'2020-10-18 07:25:34','2020-10-18 07:25:34',334,NULL,0.00,'USD',NULL),(18,6,295,0,'9999','kang@allgifted.com',41,'2020-10-17','2021-10-17',0,'2020-10-17 10:14:51','2020-10-17 10:14:51',333,NULL,0.00,'USD',NULL),(19,4,41,0,'9999','kang@allgifted.com',41,'2018-05-04','2020-11-18',13,NULL,'2020-11-18 13:44:59',271,20201004,0.00,'USD',NULL),(19,6,4,0,'NTUC','info.all-gifted@gmail.com',41,'2020-09-23','2021-09-23',0,'2020-09-23 04:38:57','2020-09-23 04:38:57',256,NULL,100.00,'SGD',NULL),(19,6,242,0,'9999','kang@allgifted.com',41,'2020-10-03','2021-10-03',0,'2020-10-03 08:33:25','2020-10-03 08:33:25',282,NULL,0.00,'USD',NULL),(19,6,253,0,'9999','kang@allgifted.com',41,'2020-10-07','2021-10-07',0,'2020-10-07 12:35:55','2020-10-07 12:35:55',291,NULL,0.00,'USD',NULL),(19,6,268,0,'9999','kang@allgifted.com',41,'2020-10-08','2021-10-08',0,'2020-10-08 12:44:38','2020-10-08 12:44:38',305,NULL,0.00,'USD',NULL),(19,6,277,0,'9999','kang@allgifted.com',41,'2020-10-10','2021-10-10',0,'2020-10-10 04:36:31','2020-10-10 04:36:31',316,NULL,0.00,'USD',NULL),(19,6,284,0,'9999','kang@allgifted.com',41,'2020-10-11','2021-10-11',0,'2020-10-11 09:17:24','2020-10-11 09:17:24',324,NULL,0.00,'USD',NULL),(19,6,296,0,'9999','kang@allgifted.com',41,'2020-10-20','2021-10-20',0,'2020-10-20 01:30:42','2020-10-20 01:30:42',337,NULL,0.00,'USD',NULL),(19,6,304,0,'9999','kang@allgifted.com',41,'2020-11-16','2021-11-16',0,'2020-11-16 11:36:40','2020-11-16 11:36:40',344,NULL,0.00,'USD',NULL),(20,4,41,0,'9999','info.all-gifted@gmail.com',NULL,'2020-09-01','2020-11-18',11,'2020-09-16 10:14:36','2020-11-18 13:36:55',236,20201005,1000.00,'SGD',NULL),(20,6,269,0,'9999','info.all-gifted@gmail.com',41,'2020-10-09','2021-10-09',0,'2020-10-09 12:05:17','2020-10-09 12:05:17',308,NULL,1000.00,'SGD',NULL),(20,6,278,0,'9999','info.all-gifted@gmail.com',41,'2020-10-10','2021-10-10',0,'2020-10-10 05:13:53','2020-10-10 05:13:53',317,NULL,1000.00,'SGD',NULL),(20,6,298,0,'9999','info.all-gifted@gmail.com',41,'2020-10-22','2021-10-22',0,'2020-10-22 08:22:26','2020-10-22 08:22:26',339,NULL,1000.00,'SGD',NULL),(20,6,299,0,'9999','info.all-gifted@gmail.com',41,'2020-10-23','2021-10-23',0,'2020-10-23 06:44:39','2020-10-23 06:44:39',340,NULL,1000.00,'SGD',NULL),(21,4,41,0,'9999','info.all-gifted@gmail.com',NULL,'2018-05-04','2020-12-10',7,'2020-09-16 14:29:03','2020-12-11 03:52:47',237,20202001,100.00,'USD',NULL),(21,6,234,0,'9999','info.all-gifted@gmail.com',41,'2020-10-08','2021-10-08',0,'2020-10-08 13:39:12','2020-10-08 13:39:12',306,NULL,100.00,'USD',NULL),(21,6,244,0,'9999','info.all-gifted@gmail.com',41,'2020-10-05','2021-10-05',0,'2020-10-05 15:56:25','2020-10-05 15:56:25',283,NULL,100.00,'USD',NULL),(21,6,256,0,'9999','info.all-gifted@gmail.com',41,'2020-10-07','2021-10-07',0,'2020-10-07 13:52:01','2020-10-07 13:52:01',296,NULL,100.00,'USD',NULL),(21,6,258,0,'9999','info.all-gifted@gmail.com',41,'2020-10-07','2021-10-07',0,'2020-10-07 15:24:01','2020-10-07 15:24:01',298,NULL,100.00,'USD',NULL),(21,6,271,0,'9999','info.all-gifted@gmail.com',41,'2020-10-09','2021-10-09',0,'2020-10-09 12:11:45','2020-10-09 12:11:45',309,NULL,100.00,'USD',NULL),(21,6,273,0,'9999','info.all-gifted@gmail.com',41,'2020-10-10','2021-10-10',0,'2020-10-10 00:49:45','2020-10-10 00:49:45',312,NULL,100.00,'USD',NULL),(21,6,279,0,'9999','info.all-gifted@gmail.com',41,'2020-10-10','2021-10-10',0,'2020-10-10 07:50:45','2020-10-10 07:50:45',318,NULL,100.00,'USD',NULL),(22,4,41,0,'9999','kang@allgifted.com',41,'2018-05-04','2020-11-18',14,NULL,'2020-11-18 13:45:34',273,20202002,0.00,'USD',NULL),(22,6,245,0,'9999','kang@allgifted.com',41,'2020-10-06','2021-10-06',0,'2020-10-06 00:42:30','2020-10-06 00:42:30',284,NULL,0.00,'USD',NULL),(22,6,246,0,'9999','kang@allgifted.com',41,'2020-10-06','2021-10-06',0,'2020-10-06 15:37:56','2020-10-06 15:37:56',285,NULL,0.00,'USD',NULL),(22,6,275,0,'9999','kang@allgifted.com',41,'2020-10-10','2021-10-10',0,'2020-10-10 07:52:37','2020-10-10 07:52:37',319,NULL,0.00,'USD',NULL),(22,6,290,0,'9999','kang@allgifted.com',41,'2020-10-17','2021-10-17',0,'2020-10-17 01:49:35','2020-10-17 01:49:35',329,NULL,0.00,'USD',NULL),(22,6,291,0,'9999','kang@allgifted.com',41,'2020-10-17','2021-10-17',0,'2020-10-17 02:59:29','2020-10-17 02:59:29',330,NULL,0.00,'USD',NULL),(22,6,297,0,'9999','kang@allgifted.com',41,'2020-10-20','2021-10-20',0,'2020-10-20 03:01:17','2020-10-20 03:01:17',338,NULL,0.00,'USD',NULL),(23,4,41,0,'9999','info.all-gifted@gmail.com',NULL,'2018-05-04','2020-12-18',9,'2020-09-16 14:33:44','2020-12-06 02:04:03',239,20202003,100.00,'USD',NULL),(23,6,249,0,'9999','info.all-gifted@gmail.com',41,'2020-10-07','2021-10-07',0,'2020-10-07 13:48:24','2020-10-07 13:48:24',295,NULL,100.00,'USD',NULL),(23,6,252,0,'9999','info.all-gifted@gmail.com',41,'2020-10-07','2021-10-07',0,'2020-10-07 12:18:19','2020-10-07 12:18:19',290,NULL,100.00,'USD',NULL),(23,6,261,0,'9999','info.all-gifted@gmail.com',41,'2020-10-08','2021-10-08',0,'2020-10-08 00:11:19','2020-10-08 00:11:19',301,NULL,100.00,'USD',NULL),(23,6,276,0,'9999','info.all-gifted@gmail.com',41,'2020-10-10','2021-10-10',0,'2020-10-10 02:33:13','2020-10-10 02:33:13',315,NULL,100.00,'USD',NULL),(23,6,287,0,'9999','info.all-gifted@gmail.com',41,'2020-10-12','2021-10-12',0,'2020-10-12 13:28:09','2020-10-12 13:28:09',327,NULL,100.00,'USD',NULL),(23,6,294,0,'9999','info.all-gifted@gmail.com',41,'2020-10-17','2021-10-17',0,'2020-10-17 08:35:13','2020-10-17 08:35:13',332,NULL,100.00,'USD',NULL),(24,4,41,0,'9999','info.all-gifted@gmail.com',NULL,'2018-05-04','2020-11-18',9,'2020-09-16 14:34:29','2020-11-18 13:40:19',240,20202004,0.00,'USD',NULL),(24,6,227,0,'9999','info.all-gifted@gmail.com',41,'2020-10-10','2021-10-10',0,'2020-10-10 13:11:32','2020-10-10 13:11:32',321,NULL,0.00,'USD',NULL),(24,6,232,0,NULL,'info.all-gifted@gmail.com',41,'2020-09-28','2021-09-28',0,'2020-09-28 00:55:41','2020-09-28 00:55:41',267,NULL,NULL,NULL,NULL),(24,6,259,0,'9999','info.all-gifted@gmail.com',41,'2020-10-07','2021-10-07',0,'2020-10-07 15:56:22','2020-10-07 15:56:22',299,NULL,0.00,'USD',NULL),(24,6,264,0,'9999','info.all-gifted@gmail.com',41,'2020-10-08','2021-10-08',0,'2020-10-08 08:38:59','2020-10-08 08:38:59',303,NULL,0.00,'USD',NULL),(24,6,272,0,'9999','info.all-gifted@gmail.com',41,'2020-10-09','2021-10-09',0,'2020-10-09 15:45:00','2020-10-09 15:45:00',311,NULL,0.00,'USD',NULL),(24,6,288,0,'9999','info.all-gifted@gmail.com',41,'2020-10-18','2021-10-18',0,'2020-10-18 13:57:05','2020-10-18 13:57:05',335,NULL,0.00,'USD',NULL),(24,6,292,0,'9999','info.all-gifted@gmail.com',41,'2020-10-19','2021-10-19',0,'2020-10-19 01:40:09','2020-10-19 01:40:09',336,NULL,0.00,'USD',NULL),(25,4,41,0,'9999','info.all-gifted@gmail.com',NULL,'2018-05-04','2020-11-18',16,'2020-09-16 14:35:28','2020-11-18 13:41:12',241,20202005,0.00,'USD',NULL),(25,6,235,0,NULL,'info.all-gifted@gmail.com',41,'2020-09-27','2021-09-27',0,'2020-09-27 16:07:44','2020-09-27 16:07:44',266,NULL,NULL,NULL,NULL),(25,6,250,0,'9999','info.all-gifted@gmail.com',41,'2020-10-07','2021-10-07',0,'2020-10-07 10:20:02','2020-10-07 10:20:02',288,NULL,0.00,'USD',NULL),(25,6,266,0,'9999','info.all-gifted@gmail.com',41,'2020-10-08','2021-10-08',0,'2020-10-08 09:55:44','2020-10-08 09:55:44',304,NULL,0.00,'USD',NULL),(25,6,282,0,'9999','info.all-gifted@gmail.com',41,'2020-10-11','2021-10-11',0,'2020-10-11 06:01:00','2020-10-11 06:01:00',322,NULL,0.00,'USD',NULL),(25,6,289,0,'9999','info.all-gifted@gmail.com',41,'2020-10-13','2021-10-13',0,'2020-10-13 10:44:21','2020-10-13 10:44:21',328,NULL,0.00,'USD',NULL),(26,4,20,0,'9999','info.all-gifted@gmail.com',NULL,'2018-05-04','2020-12-31',0,'2020-09-30 09:36:58','2020-10-02 03:38:55',268,NULL,0.00,'USD',NULL),(27,4,41,0,'9999','info.all-gifted@gmail.com',NULL,'2018-05-04','2021-04-04',10,'2020-12-06 04:50:46','2020-12-07 14:23:10',346,NULL,0.00,'USD',NULL),(27,6,223,0,'9999','limkangsong94@gmail.com',41,'2020-12-10','2021-12-10',5,'2020-12-07 14:24:03','2020-12-10 14:49:56',347,76925988,0.00,'USD','paid'),(27,6,236,0,'9999','limkangsong94@gmail.com',236,'2020-12-11','2021-12-11',2,'2020-12-11 02:45:20','2020-12-11 09:22:36',350,50754184,0.00,'USD','paid');

--
-- Table structure for table `house_test`
--

CREATE TABLE `house_test` (
  `house_id` int(10) unsigned NOT NULL,
  `test_id` int(10) unsigned NOT NULL DEFAULT '1',
  `start_date` date NOT NULL,
  `end_date` date NOT NULL,
  `result` decimal(3,2) NOT NULL,
  `attempts` int(11) NOT NULL,
  `which_attempt` int(11) NOT NULL,
  `created_at` timestamp NULL DEFAULT NULL,
  `updated_at` timestamp NULL DEFAULT NULL,
  PRIMARY KEY (`house_id`,`test_id`),
  KEY `house_test_test_id_foreign` (`test_id`),
  CONSTRAINT `house_test_house_id_foreign` FOREIGN KEY (`house_id`) REFERENCES `tests` (`id`),
  CONSTRAINT `house_test_test_id_foreign` FOREIGN KEY (`test_id`) REFERENCES `users` (`id`)
) ENGINE=InnoDB DEFAULT CHARSET=utf8 COLLATE=utf8_unicode_ci;

--
-- Dumping data for table `house_test`
--


--
-- Table structure for table `house_track`
--

CREATE TABLE `house_track` (
  `house_id` int(10) unsigned NOT NULL,
  `track_id` int(10) unsigned NOT NULL,
  `track_order` double(8,2) DEFAULT '9999.99',
  `start_date` date DEFAULT NULL,
  `end_date` date DEFAULT NULL,
  `created_at` timestamp NULL DEFAULT NULL,
  `updated_at` timestamp NULL DEFAULT NULL,
  PRIMARY KEY (`house_id`,`track_id`),
  KEY `house_track_track_id_foreign` (`track_id`),
  CONSTRAINT `house_track_house_id_foreign` FOREIGN KEY (`house_id`) REFERENCES `houses` (`id`) ON DELETE CASCADE,
  CONSTRAINT `house_track_track_id_foreign` FOREIGN KEY (`track_id`) REFERENCES `tracks` (`id`) ON DELETE CASCADE
) ENGINE=InnoDB DEFAULT CHARSET=utf8 COLLATE=utf8_unicode_ci;

--
-- Dumping data for table `house_track`
--

INSERT INTO `house_track` VALUES (1,1,1.00,NULL,NULL,NULL,NULL),(1,2,2.00,NULL,NULL,NULL,NULL),(1,3,3.00,NULL,NULL,NULL,NULL),(1,4,4.00,NULL,NULL,NULL,NULL),(1,5,5.00,NULL,NULL,NULL,NULL),(1,6,6.00,NULL,NULL,NULL,NULL),(1,7,7.00,NULL,NULL,NULL,NULL),(1,8,8.00,NULL,NULL,NULL,NULL),(1,9,9.00,NULL,NULL,NULL,NULL),(1,10,10.00,NULL,NULL,NULL,NULL),(1,11,11.00,NULL,NULL,NULL,NULL),(1,12,12.00,NULL,NULL,NULL,NULL),(1,13,13.00,NULL,NULL,NULL,NULL),(1,14,14.00,NULL,NULL,NULL,NULL),(1,15,15.00,NULL,NULL,NULL,NULL),(1,16,16.00,NULL,NULL,NULL,NULL),(1,17,17.00,NULL,NULL,NULL,NULL),(1,20,20.00,NULL,NULL,NULL,NULL),(1,21,21.00,NULL,NULL,NULL,NULL),(1,22,22.00,NULL,NULL,NULL,NULL),(1,23,23.00,NULL,NULL,NULL,NULL),(1,24,24.00,NULL,NULL,NULL,NULL),(1,25,25.00,NULL,NULL,NULL,NULL),(1,26,26.00,NULL,NULL,NULL,NULL),(1,27,27.00,NULL,NULL,NULL,NULL),(1,28,18.00,NULL,NULL,NULL,NULL),(1,29,29.00,NULL,NULL,NULL,NULL),(1,30,30.00,NULL,NULL,NULL,NULL),(1,31,31.00,NULL,NULL,NULL,NULL),(1,32,32.00,NULL,NULL,NULL,NULL),(1,33,33.00,NULL,NULL,NULL,NULL),(1,34,34.00,NULL,NULL,NULL,NULL),(1,35,35.00,NULL,NULL,NULL,NULL),(1,36,36.00,NULL,NULL,NULL,NULL),(1,37,37.00,NULL,NULL,NULL,NULL),(1,38,38.00,NULL,NULL,NULL,NULL),(1,39,39.00,NULL,NULL,NULL,NULL),(1,40,40.00,NULL,NULL,NULL,NULL),(1,41,41.00,NULL,NULL,NULL,NULL),(1,42,42.00,NULL,NULL,NULL,NULL),(1,43,43.00,NULL,NULL,NULL,NULL),(1,44,44.00,NULL,NULL,NULL,NULL),(1,45,45.00,NULL,NULL,NULL,NULL),(1,46,46.00,NULL,NULL,NULL,NULL),(1,47,47.00,NULL,NULL,NULL,NULL),(1,48,48.00,NULL,NULL,NULL,NULL),(1,49,49.00,NULL,NULL,NULL,NULL),(1,50,50.00,NULL,NULL,NULL,NULL),(1,51,51.00,NULL,NULL,NULL,NULL),(1,52,52.00,NULL,NULL,NULL,NULL),(1,53,53.00,NULL,NULL,NULL,NULL),(1,54,54.00,NULL,NULL,NULL,NULL),(1,55,55.00,NULL,NULL,NULL,NULL),(1,56,56.00,NULL,NULL,NULL,NULL),(1,57,57.00,NULL,NULL,NULL,NULL),(12,109,9999.99,NULL,NULL,NULL,NULL),(15,1,9999.99,NULL,NULL,NULL,NULL),(15,2,9999.99,NULL,NULL,NULL,NULL),(15,4,9999.99,NULL,NULL,NULL,NULL),(15,5,9999.99,NULL,NULL,NULL,NULL),(16,111,9999.99,'2020-09-05','2020-09-13',NULL,NULL),(16,112,9999.99,'2020-09-12','2020-09-20',NULL,NULL),(16,113,9999.99,'2020-09-19','2020-09-27',NULL,NULL),(16,114,9999.99,'2020-09-26','2020-10-03',NULL,NULL),(16,115,9999.99,'2020-10-02','2020-10-11',NULL,NULL),(16,116,9999.99,'2020-10-10','2020-10-18',NULL,NULL),(16,117,9999.99,'2020-10-17','2020-10-25',NULL,NULL),(16,118,9999.99,'2020-10-24','2020-11-01',NULL,NULL),(16,119,9999.99,'2020-10-31','2020-11-08',NULL,NULL),(16,120,9999.99,'2020-11-07','2020-11-15',NULL,NULL),(16,121,9999.99,'2020-11-14','2020-11-29',NULL,NULL),(16,122,9999.99,'2020-11-28','2020-12-06',NULL,NULL),(17,111,9999.99,'2020-09-05','2020-09-13',NULL,NULL),(17,112,9999.99,'2020-09-12','2020-09-20',NULL,NULL),(17,113,9999.99,'2020-09-19','2020-09-27',NULL,NULL),(17,114,9999.99,'2020-09-26','2020-10-03',NULL,NULL),(17,115,9999.99,'2020-10-02','2020-10-11',NULL,NULL),(17,116,9999.99,'2020-10-10','2020-10-18',NULL,NULL),(17,117,9999.99,'2020-10-17','2020-10-25',NULL,NULL),(17,118,9999.99,'2020-10-24','2020-11-01',NULL,NULL),(17,119,9999.99,'2020-10-31','2020-11-08',NULL,NULL),(17,120,9999.99,'2020-11-07','2020-11-15',NULL,NULL),(17,121,9999.99,'2020-11-14','2020-11-29',NULL,NULL),(17,122,9999.99,'2020-11-28','2020-12-06',NULL,NULL),(18,111,9999.99,'2020-09-05','2020-09-13',NULL,NULL),(18,112,9999.99,'2020-09-12','2020-09-20',NULL,NULL),(18,113,9999.99,'2020-09-19','2020-09-27',NULL,NULL),(18,114,9999.99,'2020-09-26','2020-10-03',NULL,NULL),(18,115,9999.99,'2020-10-02','2020-10-11',NULL,NULL),(18,116,9999.99,'2020-10-10','2020-10-18',NULL,NULL),(18,117,9999.99,'2020-10-17','2020-10-25',NULL,NULL),(18,118,9999.99,'2020-10-24','2020-11-01',NULL,NULL),(18,119,9999.99,'2020-10-31','2020-11-08',NULL,NULL),(18,120,9999.99,'2020-11-07','2020-11-15',NULL,NULL),(18,121,9999.99,'2020-11-14','2020-11-29',NULL,NULL),(18,122,9999.99,'2020-11-28','2020-12-06',NULL,NULL),(19,111,9999.99,'2020-09-05','2020-09-13',NULL,NULL),(19,112,9999.99,'2020-09-12','2020-09-20',NULL,NULL),(19,113,9999.99,'2020-09-19','2020-09-27',NULL,NULL),(19,114,9999.99,'2020-09-26','2020-10-03',NULL,NULL),(19,115,9999.99,'2020-10-02','2020-10-11',NULL,NULL),(19,116,9999.99,'2020-10-10','2020-10-18',NULL,NULL),(19,117,9999.99,'2020-10-17','2020-10-25',NULL,NULL),(19,118,9999.99,'2020-10-24','2020-11-01',NULL,NULL),(19,119,9999.99,'2020-10-31','2020-11-08',NULL,NULL),(19,120,9999.99,'2020-11-07','2020-11-15',NULL,NULL),(19,121,9999.99,'2020-11-14','2020-11-29',NULL,NULL),(19,122,9999.99,'2020-11-28','2020-12-06',NULL,NULL),(20,111,9999.99,'2020-09-05','2020-09-13',NULL,NULL),(20,112,9999.99,'2020-09-12','2020-09-20',NULL,NULL),(20,113,9999.99,'2020-09-19','2020-09-27',NULL,NULL),(20,114,9999.99,'2020-09-26','2020-10-03',NULL,NULL),(20,115,9999.99,'2020-10-02','2020-10-11',NULL,NULL),(20,116,9999.99,'2020-10-10','2020-10-18',NULL,NULL),(20,117,9999.99,'2020-10-17','2020-10-25',NULL,NULL),(20,118,9999.99,'2020-10-24','2020-11-01',NULL,NULL),(20,119,9999.99,'2020-10-31','2020-11-08',NULL,NULL),(20,120,9999.99,'2020-11-07','2020-11-15',NULL,NULL),(20,121,9999.99,'2020-11-14','2020-11-29',NULL,NULL),(20,122,9999.99,'2020-11-28','2020-12-06',NULL,NULL),(22,111,9999.99,'2020-09-05','2020-09-13',NULL,NULL),(22,112,9999.99,'2020-09-12','2020-09-20',NULL,NULL),(22,113,9999.99,'2020-09-19','2020-09-27',NULL,NULL),(22,114,9999.99,'2020-09-26','2020-10-03',NULL,NULL),(22,115,9999.99,'2020-10-02','2020-10-11',NULL,NULL),(22,116,9999.99,'2020-10-10','2020-10-18',NULL,NULL),(22,117,9999.99,'2020-10-17','2020-10-25',NULL,NULL),(22,118,9999.99,'2020-10-24','2020-11-01',NULL,NULL),(22,119,9999.99,'2020-10-31','2020-11-08',NULL,NULL),(22,120,9999.99,'2020-11-07','2020-11-15',NULL,NULL),(22,121,9999.99,'2020-11-14','2020-11-29',NULL,NULL),(22,122,9999.99,'2020-11-28','2020-12-06',NULL,NULL),(23,111,9999.99,'2020-09-05','2020-09-13',NULL,NULL),(23,112,9999.99,'2020-09-12','2020-09-20',NULL,NULL),(23,113,9999.99,'2020-09-19','2020-09-27',NULL,NULL),(23,114,9999.99,'2020-09-26','2020-10-03',NULL,NULL),(23,115,9999.99,'2020-10-02','2020-10-11',NULL,NULL),(23,116,9999.99,'2020-10-10','2020-10-18',NULL,NULL),(23,117,9999.99,'2020-10-17','2020-10-25',NULL,NULL),(23,118,9999.99,'2020-10-24','2020-11-01',NULL,NULL),(23,119,9999.99,'2020-10-31','2020-11-08',NULL,NULL),(23,120,9999.99,'2020-11-07','2020-11-15',NULL,NULL),(23,121,9999.99,'2020-11-14','2020-11-29',NULL,NULL),(23,122,9999.99,'2020-11-28','2020-12-06',NULL,NULL),(24,111,9999.99,'2020-09-05','2020-09-13',NULL,NULL),(24,112,9999.99,'2020-09-12','2020-09-20',NULL,NULL),(24,113,9999.99,'2020-09-19','2020-09-27',NULL,NULL),(24,114,9999.99,'2020-09-26','2020-10-03',NULL,NULL),(24,115,9999.99,'2020-10-02','2020-10-11',NULL,NULL),(24,116,9999.99,'2020-10-10','2020-10-18',NULL,NULL),(24,117,9999.99,'2020-10-17','2020-10-25',NULL,NULL),(24,118,9999.99,'2020-10-24','2020-11-01',NULL,NULL),(24,119,9999.99,'2020-10-31','2020-11-08',NULL,NULL),(24,120,9999.99,'2020-11-07','2020-11-15',NULL,NULL),(24,121,9999.99,'2020-11-14','2020-11-29',NULL,NULL),(24,122,9999.99,'2020-11-28','2020-12-06',NULL,NULL),(25,111,9999.99,'2020-09-05','2020-09-13',NULL,NULL),(25,112,9999.99,'2020-09-12','2020-09-20',NULL,NULL),(25,113,9999.99,'2020-09-19','2020-09-27',NULL,NULL),(25,114,9999.99,'2020-09-26','2020-10-03',NULL,NULL),(25,115,9999.99,'2020-10-02','2020-10-11',NULL,NULL),(25,116,9999.99,'2020-10-10','2020-10-18',NULL,NULL),(25,117,9999.99,'2020-10-17','2020-10-25',NULL,NULL),(25,118,9999.99,'2020-10-24','2020-11-01',NULL,NULL),(25,119,9999.99,'2020-10-31','2020-11-08',NULL,NULL),(25,120,9999.99,'2020-11-07','2020-11-15',NULL,NULL),(25,121,9999.99,'2020-11-14','2020-11-29',NULL,NULL),(25,122,9999.99,'2020-11-28','2020-12-06',NULL,NULL);

--
-- Table structure for table `houses`
--

CREATE TABLE `houses` (
  `id` int(10) unsigned NOT NULL AUTO_INCREMENT,
  `house` varchar(255) COLLATE utf8_unicode_ci NOT NULL,
  `description` varchar(255) COLLATE utf8_unicode_ci NOT NULL,
  `user_id` int(10) unsigned NOT NULL DEFAULT '1',
  `course_id` int(10) unsigned NOT NULL DEFAULT '1',
  `image` varchar(255) COLLATE utf8_unicode_ci DEFAULT NULL,
  `status_id` int(10) unsigned NOT NULL DEFAULT '4',
  `start_date` date DEFAULT NULL,
  `end_date` date DEFAULT NULL,
  `created_at` timestamp NULL DEFAULT NULL,
  `updated_at` timestamp NULL DEFAULT NULL,
  `price` int(11) NOT NULL,
  `currency` varchar(255) COLLATE utf8_unicode_ci NOT NULL DEFAULT 'SGD',
  `underperform` int(11) NOT NULL DEFAULT '40',
  `overperform` int(11) NOT NULL DEFAULT '90',
  `framework_id` int(10) unsigned DEFAULT NULL,
  `start_framework` int(11) NOT NULL DEFAULT '0',
  `end_framework` int(11) NOT NULL DEFAULT '1300',
  PRIMARY KEY (`id`),
  KEY `houses_user_id_foreign` (`user_id`),
  KEY `houses_course_id_foreign` (`course_id`),
  KEY `houses_status_id_foreign` (`status_id`),
  KEY `houses_framework_id_foreign` (`framework_id`),
  CONSTRAINT `houses_course_id_foreign` FOREIGN KEY (`course_id`) REFERENCES `courses` (`id`),
  CONSTRAINT `houses_framework_id_foreign` FOREIGN KEY (`framework_id`) REFERENCES `frameworks` (`id`),
  CONSTRAINT `houses_status_id_foreign` FOREIGN KEY (`status_id`) REFERENCES `statuses` (`id`),
  CONSTRAINT `houses_user_id_foreign` FOREIGN KEY (`user_id`) REFERENCES `users` (`id`)
) ENGINE=InnoDB AUTO_INCREMENT=28 DEFAULT CHARSET=utf8 COLLATE=utf8_unicode_ci;

--
-- Dumping data for table `houses`
--

INSERT INTO `houses` VALUES (1,'K-6 Maths','K-6 Maths',1,1,'images/houses/1555664297.png',3,'2016-02-26','2099-02-26','2018-05-03 21:17:20','2019-04-19 08:58:17',1000,'SGD',40,90,NULL,0,1300),(2,'All Gifted P6','All Gifted Singapore P6 Math',1,7,'images/houses/1548685456.png',3,'2016-02-26','2099-02-26','2018-05-03 21:17:20','2019-02-23 21:48:04',1000,'SGD',40,90,NULL,0,1300),(3,'All Gifted P5','All Gifted Singapore P5 Math',1,6,'images/houses/1548685437.png',3,'2016-02-26','2099-02-26','2018-05-03 21:17:20','2019-02-23 21:48:13',1000,'SGD',40,90,NULL,0,1300),(4,'All Gifted P4','All Gifted Singapore P4 Math',1,5,'images/houses/1549185207.png',3,'2016-02-26','2099-02-26','2018-05-03 21:17:20','2019-02-23 21:48:22',1000,'SGD',40,90,NULL,0,1300),(5,'All Gifted P3','All Gifted Singapore P3 Math',1,4,'images/houses/1548685517.png',3,'2016-02-26','2099-02-26','2018-05-03 21:17:20','2019-02-23 21:48:45',1000,'SGD',40,90,NULL,0,1300),(6,'All Gifted P2','All Gifted Singapore P2 Math',1,3,'images/houses/1548685539.png',3,'2016-02-26','2099-02-26','2018-05-03 21:17:20','2019-02-23 21:48:53',1000,'SGD',40,90,NULL,0,1300),(7,'All Gifted P1 Trial','All Gifted Singapore P1 Math',1,2,'images/houses/1548685555.png',3,'2016-02-26','2099-02-26','2018-05-03 21:17:20','2020-07-03 04:55:14',1000,'SGD',40,90,NULL,0,1300),(8,'Algebra 1','All Gifted Algebra 1, A study of basic operations with signed numbers, monomials, and polynomials. Also includes formulas, equations, inequalities, graphing, exponents, roots, quadratic equations, and algebraic fractions.',1,8,'images/houses/1548685675.png',3,'2016-02-26','2099-02-26','2018-05-03 21:17:20','2019-02-23 21:49:09',1200,'SGD',40,90,NULL,0,1300),(12,'Laptop Class 2','Laptop Class 2',69,77,'images/houses/1555901354.png',4,'2019-04-21','2019-05-22','2019-04-22 02:49:14','2019-04-22 02:49:14',0,'USD',40,90,NULL,0,1300),(15,'B55 Toa Payoh','Enr class for K1/2 B55 TP',84,78,'images/houses/1590646988.png',4,'2020-07-01','2020-12-30','2020-05-28 06:23:08','2020-05-28 06:23:08',50,'SGD',40,90,NULL,0,1300),(16,'2020 K1 Sat 11am','2020 K1 Sat 11am Class',84,79,NULL,4,'2020-09-05','2020-12-31','2020-07-03 09:20:54','2020-09-16 10:12:03',100,'SGD',40,90,NULL,0,1300),(17,'2020 K1 Sat 9am','2020 K1 Sat 9am class',84,79,NULL,4,'2020-09-05','2020-12-31','2020-07-04 15:19:46','2020-09-16 10:09:26',100,'SGD',40,90,NULL,0,1300),(18,'2020 K1 Sat 10am','2020 K1 Term 1 Sat 10am',84,79,NULL,4,'2020-09-05','2020-12-31','2020-07-08 14:05:22','2020-09-16 10:10:29',100,'SGD',40,90,NULL,0,1300),(19,'2020 K1 Sat 3pm','2020 K1 Sat 3pm class',41,79,NULL,4,'2020-09-05','2020-12-31','2020-09-16 10:13:29','2020-09-17 03:06:26',100,'SGD',40,90,NULL,0,1300),(20,'2020 K1 Sat 4pm','2020 K1 Sat 4pm class',41,79,NULL,4,'2020-09-05','2020-12-31','2020-09-16 10:14:36','2020-09-16 10:14:36',100,'SGD',40,90,NULL,0,1300),(21,'2020 K2 Sat 9am','2020 K2 Sat 9am class',41,81,NULL,4,'2020-09-05','2020-11-30','2020-09-16 14:29:03','2020-12-11 02:49:42',100,'SGD',40,90,NULL,0,1300),(22,'2020 K2 Sat 10am','2020 K2 Sat 10am class',41,81,NULL,4,'2020-09-05','2020-12-31','2020-09-16 14:32:38','2020-09-16 14:32:38',100,'SGD',40,90,NULL,0,1300),(23,'2020 K2 Sat 11am','2020 K2 Sat 11am class',41,81,NULL,4,'2020-09-05','2020-12-31','2020-09-16 14:33:44','2020-09-16 14:33:44',100,'SGD',40,90,NULL,0,1300),(24,'2020 K2 Sat 3pm','2020 K2 Sat 3pm class',41,81,NULL,4,'2020-09-05','2020-12-31','2020-09-16 14:34:29','2020-09-16 14:34:29',100,'SGD',40,90,NULL,0,1300),(25,'2020 K2 Sat 4pm','2020 K2 Sat 4pm class',41,81,NULL,4,'2020-12-05','2020-12-31','2020-09-16 14:35:28','2020-09-16 14:35:28',100,'SGD',40,90,NULL,0,1300),(26,'Adaptive k-6 math','Adaptive k-6 math',20,82,NULL,4,'2021-01-01','2021-12-31','2020-09-30 09:36:58','2020-09-30 09:36:58',600,'USD',40,90,NULL,0,1300),(27,'Dummy Deccember Class','Dummy class',41,83,NULL,4,'2020-12-05','2020-12-31','2020-12-06 04:50:46','2020-12-06 04:50:46',1000,'USD',40,90,NULL,0,1300);

--
-- Table structure for table `levels`
--

CREATE TABLE `levels` (
  `id` int(10) unsigned NOT NULL AUTO_INCREMENT,
  `level` int(11) NOT NULL,
  `description` varchar(255) COLLATE utf8_unicode_ci NOT NULL,
  `age` int(11) NOT NULL,
  `user_id` int(10) unsigned NOT NULL DEFAULT '1',
  `image` varchar(255) COLLATE utf8_unicode_ci DEFAULT NULL,
  `status_id` int(10) unsigned NOT NULL DEFAULT '1',
  `start_maxile_level` int(11) NOT NULL DEFAULT '0',
  `end_maxile_level` int(11) NOT NULL DEFAULT '0',
  `created_at` timestamp NULL DEFAULT NULL,
  `updated_at` timestamp NULL DEFAULT NULL,
  PRIMARY KEY (`id`),
  KEY `levels_user_id_foreign` (`user_id`),
  KEY `levels_status_id_foreign` (`status_id`),
  CONSTRAINT `levels_status_id_foreign` FOREIGN KEY (`status_id`) REFERENCES `statuses` (`id`),
  CONSTRAINT `levels_user_id_foreign` FOREIGN KEY (`user_id`) REFERENCES `users` (`id`)
) ENGINE=InnoDB AUTO_INCREMENT=15 DEFAULT CHARSET=utf8 COLLATE=utf8_unicode_ci;

--
-- Dumping data for table `levels`
--

INSERT INTO `levels` VALUES (1,0,'Kindergarten',0,1,NULL,3,0,100,'2018-05-03 21:17:11','2018-05-03 21:17:11'),(2,100,'Primary/Grade/Year 1',7,1,NULL,3,100,200,'2018-05-03 21:17:11','2018-05-03 21:17:11'),(3,200,'Primary/Grade/Year 2',8,1,NULL,3,200,300,'2018-05-03 21:17:11','2018-05-03 21:17:11'),(4,300,'Primary/Grade/Year 3',9,1,NULL,3,300,400,'2018-05-03 21:17:11','2018-05-03 21:17:11'),(5,400,'Primary/Grade/Year 4',10,1,NULL,3,400,500,'2018-05-03 21:17:11','2018-05-03 21:17:11'),(6,500,'Primary/Grade/Year 5',11,1,NULL,3,500,600,'2018-05-03 21:17:11','2018-05-03 21:17:11'),(7,600,'Primary/Grade/Year 6',12,1,NULL,3,600,700,'2018-05-03 21:17:11','2018-05-03 21:17:11'),(8,700,'Sec 1/Grade/Year 7',13,1,NULL,3,700,800,'2018-05-03 21:17:11','2018-05-03 21:17:11'),(9,800,'Sec 2/Grade/Year 8',14,1,NULL,3,800,900,'2018-05-03 21:17:11','2018-05-03 21:17:11'),(10,900,'Sec 3/Grade/Year 9',15,1,NULL,3,900,1000,'2018-05-03 21:17:11','2018-05-03 21:17:11'),(11,1000,'Sec 4/Grade/Year 10',16,1,NULL,3,1000,1100,'2018-05-03 21:17:11','2018-05-03 21:17:11'),(12,1100,'Pre-U1/Grade/Year 11',17,1,NULL,3,1100,1200,'2018-05-03 21:17:11','2018-05-03 21:17:11'),(13,1200,'Pre-U2/Grade/Year 12',18,1,NULL,3,1200,1300,'2018-05-03 21:17:11','2018-05-03 21:17:11'),(14,1300,'Beyond High School',99,1,NULL,3,1300,9999,'2018-05-03 21:17:11','2018-05-03 21:17:11');

--
-- Table structure for table `logs`
--

CREATE TABLE `logs` (
  `id` int(10) unsigned NOT NULL AUTO_INCREMENT,
  `subject_id` int(11) NOT NULL,
  `subject_type` varchar(255) COLLATE utf8_unicode_ci NOT NULL,
  `name` varchar(255) COLLATE utf8_unicode_ci NOT NULL,
  `user_id` int(10) unsigned NOT NULL DEFAULT '1',
  `created_at` timestamp NULL DEFAULT NULL,
  `updated_at` timestamp NULL DEFAULT NULL,
  PRIMARY KEY (`id`),
  KEY `logs_subject_id_index` (`subject_id`),
  KEY `logs_subject_type_index` (`subject_type`),
  KEY `logs_user_id_index` (`user_id`),
  CONSTRAINT `logs_user_id_foreign` FOREIGN KEY (`user_id`) REFERENCES `users` (`id`) ON DELETE CASCADE
) ENGINE=InnoDB AUTO_INCREMENT=33626 DEFAULT CHARSET=utf8 COLLATE=utf8_unicode_ci;

--
-- Dumping data for table `logs`
--

INSERT INTO `logs` VALUES (1,1,'App\\User','user: was created  scores:0 ',1,'2018-05-03 21:15:37','2018-05-03 21:15:37'),(2,2,'App\\User','user: was created  scores:200 ',1,'2018-05-03 21:15:37','2018-05-03 21:15:37'),(3,3,'App\\User','user: was created  scores:500 2500',1,'2018-05-03 21:15:37','2018-05-03 21:15:37'),(4,1,'App\\Status','status:Unpublished only creator can see it was created  scores: ',1,'2018-05-03 21:15:37','2018-05-03 21:15:37'),(5,2,'App\\Status','status:Restricted by community was created  scores: ',1,'2018-05-03 21:15:37','2018-05-03 21:15:37'),(6,3,'App\\Status','status:Everyone can see was created  scores: ',1,'2018-05-03 21:15:37','2018-05-03 21:15:37'),(7,4,'App\\Status','status:Draft and not to be published was created  scores: ',1,'2018-05-03 21:15:37','2018-05-03 21:15:37'),(8,1,'App\\Type','type:Multiple choice questions was created  scores: ',1,'2018-05-03 21:15:37','2018-05-03 21:15:37'),(9,2,'App\\Type','type:Fill in the blanks with numbers was created  scores: ',1,'2018-05-03 21:15:37','2018-05-03 21:15:37'),(10,3,'App\\Type','type:Drag and drop was created  scores: ',1,'2018-05-03 21:15:37','2018-05-03 21:15:37'),(11,4,'App\\Type','type:Fill in the Blanks was created  scores: ',1,'2018-05-03 21:15:37','2018-05-03 21:15:37'),(12,5,'App\\Type','type:Multi-select was created  scores: ',1,'2018-05-03 21:15:37','2018-05-03 21:15:37'),(13,6,'App\\Type','type:Essay was created  scores: ',1,'2018-05-03 21:15:37','2018-05-03 21:15:37'),(14,1,'App\\Difficulty','difficulty:Recall of information; Discovery; Observation; Listing;\r\n            Locating; Naming + Understanding; Translating; Summarising; Demonstrating; Discussing was created  scores: ',1,'2018-05-03 21:15:37','2018-05-03 21:15:37'),(15,2,'App\\Difficulty','difficulty:Using and applying knowledge; Using problem solving methods; Manipulating;\r\n            Designing; Experimenting + Identifying and analyzing patterns; Organization of ideas; recognizing trends was created  scores: ',1,'2018-05-03 21:15:37','2018-05-03 21:15:37'),(16,3,'App\\Difficulty','difficulty:Using old concepts to create new ideas; Design and Invention;\r\n            Composing; Imagining; Inferring; Modifying; Predicting; COmbining;\r\n            + Assessing theories, Comparison of ideas; Evaluating outcomes; Solving;\r\n            Jud',1,'2018-05-03 21:15:37','2018-05-03 21:15:37'),(17,1,'App\\Role','role:Site Administrator or Site Manager was created  scores: ',1,'2018-05-03 21:15:37','2018-05-03 21:15:37'),(18,2,'App\\Role','role:Principal of School was created  scores: ',1,'2018-05-03 21:15:37','2018-05-03 21:15:37'),(19,3,'App\\Role','role:Head of Subject/Course for School was created  scores: ',1,'2018-05-03 21:15:37','2018-05-03 21:15:37'),(20,4,'App\\Role','role:Teacher in charge of class was created  scores: ',1,'2018-05-03 21:15:37','2018-05-03 21:15:37'),(21,5,'App\\Role','role:Co-teacher or Teaching Assistant was created  scores: ',1,'2018-05-03 21:15:37','2018-05-03 21:15:37'),(22,6,'App\\Role','role:Enrolled student in class/course was created  scores: ',1,'2018-05-03 21:15:37','2018-05-03 21:15:37'),(23,7,'App\\Role','role:Designated parent of student enrolled in class/course was created  scores: ',1,'2018-05-03 21:15:37','2018-05-03 21:15:37'),(24,1,'App\\Permission','permission:List all Students was created  scores: ',1,'2018-05-03 21:15:37','2018-05-03 21:15:37'),(25,2,'App\\Permission','permission:List Students from a class was created  scores: ',1,'2018-05-03 21:15:37','2018-05-03 21:15:37'),(26,3,'App\\Permission','permission:List students from a course was created  scores: ',1,'2018-05-03 21:15:37','2018-05-03 21:15:37'),(27,4,'App\\Permission','permission:List students from a school was created  scores: ',1,'2018-05-03 21:15:37','2018-05-03 21:15:37'),(28,5,'App\\Permission','permission:List non-hidden Students only was created  scores: ',1,'2018-05-03 21:15:38','2018-05-03 21:15:38'),(29,6,'App\\Permission','permission:Create or enroll new Students was created  scores: ',1,'2018-05-03 21:15:38','2018-05-03 21:15:38'),(30,7,'App\\Permission','permission:Edit/Delete information of all Students was created  scores: ',1,'2018-05-03 21:15:38','2018-05-03 21:15:38'),(31,8,'App\\Permission','permission:Edit/Delete information of students in a was created  scores: ',1,'2018-05-03 21:15:38','2018-05-03 21:15:38'),(32,9,'App\\Permission','permission:Edit/Delete information of students in same classes was created  scores: ',1,'2018-05-03 21:15:38','2018-05-03 21:15:38'),(33,10,'App\\Permission','permission:List public and hidden statuses was created  scores: ',1,'2018-05-03 21:15:38','2018-05-03 21:15:38'),(34,11,'App\\Permission','permission:List non-hidden Status only was created  scores: ',1,'2018-05-03 21:15:38','2018-05-03 21:15:38'),(35,12,'App\\Permission','permission:Create new Status was created  scores: ',1,'2018-05-03 21:15:38','2018-05-03 21:15:38'),(36,13,'App\\Permission','permission:Edit/Delete status was created  scores: ',1,'2018-05-03 21:15:38','2018-05-03 21:15:38'),(37,14,'App\\Permission','permission:List public and hidden difficulties was created  scores: ',1,'2018-05-03 21:15:38','2018-05-03 21:15:38'),(38,15,'App\\Permission','permission:List non-hidden difficulties only was created  scores: ',1,'2018-05-03 21:15:38','2018-05-03 21:15:38'),(39,16,'App\\Permission','permission:Create new difficulties was created  scores: ',1,'2018-05-03 21:15:38','2018-05-03 21:15:38'),(40,17,'App\\Permission','permission:Edit/Delete difficulties was created  scores: ',1,'2018-05-03 21:15:38','2018-05-03 21:15:38'),(41,18,'App\\Permission','permission:List public and hidden tests was created  scores: ',1,'2018-05-03 21:15:38','2018-05-03 21:15:38'),(42,19,'App\\Permission','permission:List non-hidden tests only was created  scores: ',1,'2018-05-03 21:15:38','2018-05-03 21:15:38'),(43,20,'App\\Permission','permission:Create new tests was created  scores: ',1,'2018-05-03 21:15:38','2018-05-03 21:15:38'),(44,21,'App\\Permission','permission:Edit/Delete tests was created  scores: ',1,'2018-05-03 21:15:38','2018-05-03 21:15:38'),(45,22,'App\\Permission','permission:List public and hidden questions was created  scores: ',1,'2018-05-03 21:15:38','2018-05-03 21:15:38'),(46,23,'App\\Permission','permission:List non-hidden questions only was created  scores: ',1,'2018-05-03 21:15:38','2018-05-03 21:15:38'),(47,24,'App\\Permission','permission:Create new questions was created  scores: ',1,'2018-05-03 21:15:38','2018-05-03 21:15:38'),(48,25,'App\\Permission','permission:Edit/Delete questions was created  scores: ',1,'2018-05-03 21:15:38','2018-05-03 21:15:38'),(49,26,'App\\Permission','permission:List public and hidden skills was created  scores: ',1,'2018-05-03 21:15:38','2018-05-03 21:15:38'),(50,27,'App\\Permission','permission:List non-hidden skills only was created  scores: ',1,'2018-05-03 21:15:38','2018-05-03 21:15:38'),(51,28,'App\\Permission','permission:Create new skills was created  scores: ',1,'2018-05-03 21:15:38','2018-05-03 21:15:38'),(52,29,'App\\Permission','permission:Edit/Delete skills was created  scores: ',1,'2018-05-03 21:15:38','2018-05-03 21:15:38'),(53,30,'App\\Permission','permission:List public and hidden tracks was created  scores: ',1,'2018-05-03 21:15:38','2018-05-03 21:15:38'),(54,31,'App\\Permission','permission:List non-hidden tracks only was created  scores: ',1,'2018-05-03 21:15:38','2018-05-03 21:15:38'),(55,32,'App\\Permission','permission:Create new tracks was created  scores: ',1,'2018-05-03 21:15:38','2018-05-03 21:15:38'),(56,33,'App\\Permission','permission:Edit/Delete tracks was created  scores: ',1,'2018-05-03 21:15:38','2018-05-03 21:15:38'),(57,34,'App\\Permission','permission:List public and hidden levels was created  scores: ',1,'2018-05-03 21:15:38','2018-05-03 21:15:38'),(58,35,'App\\Permission','permission:List non-hidden levels only was created  scores: ',1,'2018-05-03 21:15:38','2018-05-03 21:15:38'),(59,36,'App\\Permission','permission:Create new levels was created  scores: ',1,'2018-05-03 21:15:38','2018-05-03 21:15:38'),(60,37,'App\\Permission','permission:Edit/Delete levels was created  scores: ',1,'2018-05-03 21:15:38','2018-05-03 21:15:38'),(61,1,'App\\Field','field:Fractions, Mental calculation‎, Division and Multiplication, Ratio was created  scores: ',1,'2018-05-03 21:15:38','2018-05-03 21:15:38'),(62,2,'App\\Field','field:Abstract algebra‎, Elementary algebra‎, Linear algebra‎, Mathematical identities‎, Polynomials‎, Series expansions‎, Symmetric functions‎, Variables was created  scores: ',1,'2018-05-03 21:15:38','2018-05-03 21:15:38'),(63,3,'App\\Field','field:Actuarial science, Algorithms, Computational mathematics, Computational science,\r\n				Cryptography‎, Cybernetics, Mathematical economics, Mathematical finance, Mathematical and theoretical biology, Mathematical chemistry,\r\n				Mathematical physics, ',1,'2018-05-03 21:15:38','2018-05-03 21:15:38'),(64,4,'App\\Field','field:Calculus, Integral calculus, Limits, Mathematical series, Multivariable calculus, Non-Newtonian calculus, Rates of change was created  scores: ',1,'2018-05-03 21:15:38','2018-05-03 21:15:38'),(65,5,'App\\Field','field:Operations research, Probability, Randomness, Statistics was created  scores: ',1,'2018-05-03 21:15:38','2018-05-03 21:15:38'),(66,6,'App\\Field','field:Measurement was created  scores: ',1,'2018-05-03 21:15:38','2018-05-03 21:15:38'),(67,7,'App\\Field','field:Geometry was created  scores: ',1,'2018-05-03 21:15:38','2018-05-03 21:15:38'),(68,8,'App\\Field','field:Mathematical Logic, Proofing, Mathematical Induction, Set Theory was created  scores: ',1,'2018-05-03 21:15:38','2018-05-03 21:15:38'),(69,9,'App\\Field','field:Deals with the properties of a figure that do not change when the figure is continuously deformed. The main areas are point set topology (or general topology), algebraic topology, and the topology of manifolds. was created  scores: ',1,'2018-05-03 21:15:38','2018-05-03 21:15:38'),(70,10,'App\\Field','field:The study of iterative methods and algorithms for approximately solving problems to a specified error bound. Includes numerical differentiation, numerical integration and numerical methods was created  scores: ',1,'2018-05-03 21:15:38','2018-05-03 21:15:38'),(71,11,'App\\Field','field:Trigonometry was created  scores: ',1,'2018-05-03 21:15:38','2018-05-03 21:15:38'),(72,1,'App\\Unit','unit:hours was created  scores: ',1,'2018-05-03 21:15:38','2018-05-03 21:15:38'),(73,2,'App\\Unit','unit:24 hours was created  scores: ',1,'2018-05-03 21:15:38','2018-05-03 21:15:38'),(74,3,'App\\Unit','unit:12 months in a year was created  scores: ',1,'2018-05-03 21:15:38','2018-05-03 21:15:38'),(75,4,'App\\Unit','unit:12 months in a year was created  scores: ',1,'2018-05-03 21:15:38','2018-05-03 21:15:38'),(76,4,'App\\User','user: was created  scores: ',1,'2018-05-03 21:17:11','2018-05-03 21:17:11'),(77,5,'App\\User','user: was created  scores: ',1,'2018-05-03 21:17:11','2018-05-03 21:17:11'),(78,6,'App\\User','user: was created  scores: ',1,'2018-05-03 21:17:11','2018-05-03 21:17:11'),(79,7,'App\\User','user: was created  scores: ',1,'2018-05-03 21:17:11','2018-05-03 21:17:11'),(80,8,'App\\User','user: was created  scores: ',1,'2018-05-03 21:17:11','2018-05-03 21:17:11'),(81,9,'App\\User','user: was created  scores: ',1,'2018-05-03 21:17:11','2018-05-03 21:17:11'),(82,10,'App\\User','user: was created  scores: ',1,'2018-05-03 21:17:11','2018-05-03 21:17:11'),(83,11,'App\\User','user: was created  scores: ',1,'2018-05-03 21:17:11','2018-05-03 21:17:11'),(84,12,'App\\User','user: was created  scores: ',1,'2018-05-03 21:17:11','2018-05-03 21:17:11'),(85,13,'App\\User','user: was created  scores: ',1,'2018-05-03 21:17:11','2018-05-03 21:17:11'),(86,14,'App\\User','user: was created  scores: ',1,'2018-05-03 21:17:11','2018-05-03 21:17:11'),(87,15,'App\\User','user: was created  scores: ',1,'2018-05-03 21:17:11','2018-05-03 21:17:11'),(88,16,'App\\User','user: was created  scores: ',1,'2018-05-03 21:17:11','2018-05-03 21:17:11'),(89,1,'App\\Level','level:Kindergarten was created  scores: ',1,'2018-05-03 21:17:11','2018-05-03 21:17:11'),(90,2,'App\\Level','level:Primary/Grade/Year 1 was created  scores: ',1,'2018-05-03 21:17:11','2018-05-03 21:17:11'),(91,3,'App\\Level','level:Primary/Grade/Year 2 was created  scores: ',1,'2018-05-03 21:17:11','2018-05-03 21:17:11'),(92,4,'App\\Level','level:Primary/Grade/Year 3 was created  scores: ',1,'2018-05-03 21:17:11','2018-05-03 21:17:11'),(93,5,'App\\Level','level:Primary/Grade/Year 4 was created  scores: ',1,'2018-05-03 21:17:11','2018-05-03 21:17:11'),(94,6,'App\\Level','level:Primary/Grade/Year 5 was created  scores: ',1,'2018-05-03 21:17:11','2018-05-03 21:17:11'),(95,7,'App\\Level','level:Primary/Grade/Year 6 was created  scores: ',1,'2018-05-03 21:17:11','2018-05-03 21:17:11'),(96,8,'App\\Level','level:Sec 1/Grade/Year 7 was created  scores: ',1,'2018-05-03 21:17:11','2018-05-03 21:17:11'),(97,9,'App\\Level','level:Sec 2/Grade/Year 8 was created  scores: ',1,'2018-05-03 21:17:11','2018-05-03 21:17:11'),(98,10,'App\\Level','level:Sec 3/Grade/Year 9 was created  scores: ',1,'2018-05-03 21:17:11','2018-05-03 21:17:11'),(99,11,'App\\Level','level:Sec 4/Grade/Year 10 was created  scores: ',1,'2018-05-03 21:17:11','2018-05-03 21:17:11'),(100,12,'App\\Level','level:Pre-U1/Grade/Year 11 was created  scores: ',1,'2018-05-03 21:17:11','2018-05-03 21:17:11'),(101,13,'App\\Level','level:Pre-U2/Grade/Year 12 was created  scores: ',1,'2018-05-03 21:17:11','2018-05-03 21:17:11'),(102,14,'App\\Level','level:Beyond High School was created  scores: ',1,'2018-05-03 21:17:11','2018-05-03 21:17:11'),(103,1,'App\\Track','track:Numbers up to 100 was created  scores: ',1,'2018-05-03 21:17:12','2018-05-03 21:17:12'),(104,2,'App\\Track','track:Addition and Subtraction to 100 was created  scores: ',1,'2018-05-03 21:17:12','2018-05-03 21:17:12'),(105,3,'App\\Track','track:Multiplication and Division to 100 was created  scores: ',1,'2018-05-03 21:17:12','2018-05-03 21:17:12'),(106,4,'App\\Track','track:Money Year 1 was created  scores: ',1,'2018-05-03 21:17:12','2018-05-03 21:17:12'),(107,5,'App\\Track','track:Length Year 1 was created  scores: ',1,'2018-05-03 21:17:12','2018-05-03 21:17:12'),(108,6,'App\\Track','track:Time Year 1 was created  scores: ',1,'2018-05-03 21:17:12','2018-05-03 21:17:12'),(109,7,'App\\Track','track:2D Shapes was created  scores: ',1,'2018-05-03 21:17:12','2018-05-03 21:17:12'),(110,8,'App\\Track','track:Picture Graphs was created  scores: ',1,'2018-05-03 21:17:12','2018-05-03 21:17:12'),(111,9,'App\\Track','track:Numbers up to 1000 was created  scores: ',1,'2018-05-03 21:17:12','2018-05-03 21:17:12'),(112,10,'App\\Track','track:Addition and Subtraction to 1000 was created  scores: ',1,'2018-05-03 21:17:12','2018-05-03 21:17:12'),(113,11,'App\\Track','track:Multiplication and Division to 1000 was created  scores: ',1,'2018-05-03 21:17:12','2018-05-03 21:17:12'),(114,12,'App\\Track','track:Fraction of a Whole was created  scores: ',1,'2018-05-03 21:17:12','2018-05-03 21:17:12'),(115,13,'App\\Track','track:Addition and Subtraction of fraction of a whole was created  scores: ',1,'2018-05-03 21:17:12','2018-05-03 21:17:12'),(116,14,'App\\Track','track:Money Year 2 was created  scores: ',1,'2018-05-03 21:17:12','2018-05-03 21:17:12'),(117,15,'App\\Track','track:Length, Mass Volume was created  scores: ',1,'2018-05-03 21:17:12','2018-05-03 21:17:12'),(118,16,'App\\Track','track:Time Year 2 was created  scores: ',1,'2018-05-03 21:17:12','2018-05-03 21:17:12'),(119,17,'App\\Track','track:2D Shapes Year 2 was created  scores: ',1,'2018-05-03 21:17:12','2018-05-03 21:17:12'),(120,18,'App\\Track','track:3D Shapes was created  scores: ',1,'2018-05-03 21:17:12','2018-05-03 21:17:12'),(121,19,'App\\Track','track:Picture Graphs with Scales was created  scores: ',1,'2018-05-03 21:17:12','2018-05-03 21:17:12'),(122,20,'App\\Track','track:Numbers up to 10000 was created  scores: ',1,'2018-05-03 21:17:12','2018-05-03 21:17:12'),(123,21,'App\\Track','track:Addition and Subtraction to 10000 was created  scores: ',1,'2018-05-03 21:17:12','2018-05-03 21:17:12'),(124,22,'App\\Track','track:Multiplication and Dvision to 10000 was created  scores: ',1,'2018-05-03 21:17:12','2018-05-03 21:17:12'),(125,23,'App\\Track','track:Equivalent Fractions was created  scores: ',1,'2018-05-03 21:17:12','2018-05-03 21:17:12'),(126,24,'App\\Track','track:Addition and Subtraction of equivalent fractions was created  scores: ',1,'2018-05-03 21:17:12','2018-05-03 21:17:12'),(127,25,'App\\Track','track:Money Year 3 was created  scores: ',1,'2018-05-03 21:17:12','2018-05-03 21:17:12'),(128,26,'App\\Track','track:Length, Mass and Volume Year 3 was created  scores: ',1,'2018-05-03 21:17:12','2018-05-03 21:17:12'),(129,27,'App\\Track','track:Time Year 3 was created  scores: ',1,'2018-05-03 21:17:12','2018-05-03 21:17:12'),(130,28,'App\\Track','track:Area and Perimeter was created  scores: ',1,'2018-05-03 21:17:12','2018-05-03 21:17:12'),(131,29,'App\\Track','track:Angles Year 3 was created  scores: ',1,'2018-05-03 21:17:12','2018-05-03 21:17:12'),(132,30,'App\\Track','track:Perpendicular and Parallel Lines was created  scores: ',1,'2018-05-03 21:17:12','2018-05-03 21:17:12'),(133,31,'App\\Track','track:Bar Graphs was created  scores: ',1,'2018-05-03 21:17:12','2018-05-03 21:17:12'),(134,32,'App\\Track','track:Numbers up to 100000 was created  scores: ',1,'2018-05-03 21:17:12','2018-05-03 21:17:12'),(135,33,'App\\Track','track:Factors and Multiples was created  scores: ',1,'2018-05-03 21:17:12','2018-05-03 21:17:12'),(136,34,'App\\Track','track:Four Operations was created  scores: ',1,'2018-05-03 21:17:12','2018-05-03 21:17:12'),(137,35,'App\\Track','track:Mixed Numbers and Improper Fractions was created  scores: ',1,'2018-05-03 21:17:12','2018-05-03 21:17:12'),(138,36,'App\\Track','track:Fraction of a Set of Objects was created  scores: ',1,'2018-05-03 21:17:12','2018-05-03 21:17:12'),(139,37,'App\\Track','track:Addition and subtraction of fractions was created  scores: ',1,'2018-05-03 21:17:12','2018-05-03 21:17:12'),(140,38,'App\\Track','track:Decimals up to 3 decimal places was created  scores: ',1,'2018-05-03 21:17:12','2018-05-03 21:17:12'),(141,39,'App\\Track','track:Addition and Subtraction of Decimals was created  scores: ',1,'2018-05-03 21:17:12','2018-05-03 21:17:12'),(142,40,'App\\Track','track:Multiplication and Division of decimals was created  scores: ',1,'2018-05-03 21:17:12','2018-05-03 21:17:12'),(143,41,'App\\Track','track:Time Year 4 was created  scores: ',1,'2018-05-03 21:17:12','2018-05-03 21:17:12'),(144,42,'App\\Track','track:Area and Perimeter Year 4 was created  scores: ',1,'2018-05-03 21:17:12','2018-05-03 21:17:12'),(145,43,'App\\Track','track:Angles Year 4 was created  scores: ',1,'2018-05-03 21:17:12','2018-05-03 21:17:12'),(146,44,'App\\Track','track:Rectangle and Square was created  scores: ',1,'2018-05-03 21:17:12','2018-05-03 21:17:12'),(147,45,'App\\Track','track:Line Symmetry was created  scores: ',1,'2018-05-03 21:17:12','2018-05-03 21:17:12'),(148,46,'App\\Track','track:Tables and Line Graphs was created  scores: ',1,'2018-05-03 21:17:12','2018-05-03 21:17:12'),(149,47,'App\\Track','track:Numbers up to 10\nmillion \nFour Operations was created  scores: ',1,'2018-05-03 21:17:12','2018-05-03 21:17:12'),(150,48,'App\\Track','track:Four Operations to 10 million was created  scores: ',1,'2018-05-03 21:17:12','2018-05-03 21:17:12'),(151,49,'App\\Track','track:Order of Operations to 10 million was created  scores: ',1,'2018-05-03 21:17:12','2018-05-03 21:17:12'),(152,50,'App\\Track','track:Concept of fraction as division was created  scores: ',1,'2018-05-03 21:17:12','2018-05-03 21:17:12'),(153,51,'App\\Track','track:Four operations of fractions was created  scores: ',1,'2018-05-03 21:17:12','2018-05-03 21:17:12'),(154,52,'App\\Track','track:Four operations of decimals was created  scores: ',1,'2018-05-03 21:17:12','2018-05-03 21:17:12'),(155,53,'App\\Track','track:Percentage Year 5 was created  scores: ',1,'2018-05-03 21:17:12','2018-05-03 21:17:12'),(156,54,'App\\Track','track:Ratio Year 5 was created  scores: ',1,'2018-05-03 21:17:12','2018-05-03 21:17:12'),(157,55,'App\\Track','track:Length, mass and volume Year 5 was created  scores: ',1,'2018-05-03 21:17:12','2018-05-03 21:17:12'),(158,56,'App\\Track','track:Area of triangle was created  scores: ',1,'2018-05-03 21:17:12','2018-05-03 21:17:12'),(159,57,'App\\Track','track:Volume of cube and cuboid Year 5 was created  scores: ',1,'2018-05-03 21:17:12','2018-05-03 21:17:12'),(160,58,'App\\Track','track:Angles Year 5 was created  scores: ',1,'2018-05-03 21:17:12','2018-05-03 21:17:12'),(161,59,'App\\Track','track:Triangles was created  scores: ',1,'2018-05-03 21:17:12','2018-05-03 21:17:12'),(162,60,'App\\Track','track:Parallelogram, rhombus and trapezium was created  scores: ',1,'2018-05-03 21:17:12','2018-05-03 21:17:12'),(163,61,'App\\Track','track:Average of a set of data was created  scores: ',1,'2018-05-03 21:17:12','2018-05-03 21:17:12'),(164,62,'App\\Track','track:Four operations of fractions Year 6 was created  scores: ',1,'2018-05-03 21:17:12','2018-05-03 21:17:12'),(165,63,'App\\Track','track:Percentage Year 6 was created  scores: ',1,'2018-05-03 21:17:12','2018-05-03 21:17:12'),(166,64,'App\\Track','track:Ratio Year 6 was created  scores: ',1,'2018-05-03 21:17:12','2018-05-03 21:17:12'),(167,65,'App\\Track','track:Speed was created  scores: ',1,'2018-05-03 21:17:12','2018-05-03 21:17:12'),(168,66,'App\\Track','track:Area and circumference of circle was created  scores: ',1,'2018-05-03 21:17:12','2018-05-03 21:17:12'),(169,67,'App\\Track','track:Area and perimeter of composite figure was created  scores: ',1,'2018-05-03 21:17:12','2018-05-03 21:17:12'),(170,68,'App\\Track','track:Volume of cube and cuboid Year 6 was created  scores: ',1,'2018-05-03 21:17:12','2018-05-03 21:17:12'),(171,69,'App\\Track','track:Geometrical Figures was created  scores: ',1,'2018-05-03 21:17:12','2018-05-03 21:17:12'),(172,70,'App\\Track','track:Nets was created  scores: ',1,'2018-05-03 21:17:12','2018-05-03 21:17:12'),(173,71,'App\\Track','track:Pie charts was created  scores: ',1,'2018-05-03 21:17:12','2018-05-03 21:17:12'),(174,72,'App\\Track','track:Algebraic expessions in one variable was created  scores: ',1,'2018-05-03 21:17:12','2018-05-03 21:17:12'),(175,73,'App\\Track','track:Operations with signed numbers was created  scores: ',1,'2018-05-03 21:17:12','2018-05-03 21:17:12'),(176,74,'App\\Track','track:Mathematical properties was created  scores: ',1,'2018-05-03 21:17:12','2018-05-03 21:17:12'),(177,75,'App\\Track','track:Variable and Formulas was created  scores: ',1,'2018-05-03 21:17:12','2018-05-03 21:17:12'),(178,76,'App\\Track','track:Monomials and polynomials was created  scores: ',1,'2018-05-03 21:17:12','2018-05-03 21:17:12'),(179,77,'App\\Track','track:Basic operations with monomials and polynomials was created  scores: ',1,'2018-05-03 21:17:12','2018-05-03 21:17:12'),(180,78,'App\\Track','track:Multiplying binomials was created  scores: ',1,'2018-05-03 21:17:12','2018-05-03 21:17:12'),(181,79,'App\\Track','track:Dividing Monomials was created  scores: ',1,'2018-05-03 21:17:12','2018-05-03 21:17:12'),(182,80,'App\\Track','track:Dividing Polynomials was created  scores: ',1,'2018-05-03 21:17:12','2018-05-03 21:17:12'),(183,81,'App\\Track','track:Equations with one Unknown was created  scores: ',1,'2018-05-03 21:17:12','2018-05-03 21:17:12'),(184,82,'App\\Track','track:Simplying equations was created  scores: ',1,'2018-05-03 21:17:12','2018-05-03 21:17:12'),(185,83,'App\\Track','track:Solving equations with 2 unknowns was created  scores: ',1,'2018-05-03 21:17:12','2018-05-03 21:17:12'),(186,84,'App\\Track','track:Inequalities and one unknown was created  scores: ',1,'2018-05-03 21:17:12','2018-05-03 21:17:12'),(187,85,'App\\Track','track:The rectangular coordinate system was created  scores: ',1,'2018-05-03 21:17:12','2018-05-03 21:17:12'),(188,86,'App\\Track','track:Graphing lines was created  scores: ',1,'2018-05-03 21:17:12','2018-05-03 21:17:12'),(189,87,'App\\Track','track:The slope of a line was created  scores: ',1,'2018-05-03 21:17:12','2018-05-03 21:17:12'),(190,88,'App\\Track','track:graphing linear equations was created  scores: ',1,'2018-05-03 21:17:12','2018-05-03 21:17:12'),(191,89,'App\\Track','track:Exponents was created  scores: ',1,'2018-05-03 21:17:12','2018-05-03 21:17:12'),(192,90,'App\\Track','track:Roots was created  scores: ',1,'2018-05-03 21:17:12','2018-05-03 21:17:12'),(193,91,'App\\Track','track:The Pythagorean Theorem was created  scores: ',1,'2018-05-03 21:17:12','2018-05-03 21:17:12'),(194,92,'App\\Track','track:The basics of factoring was created  scores: ',1,'2018-05-03 21:17:12','2018-05-03 21:17:12'),(195,93,'App\\Track','track:Quadratic Equations was created  scores: ',1,'2018-05-03 21:17:13','2018-05-03 21:17:13'),(196,94,'App\\Track','track:Algebra Introducation was created  scores: ',1,'2018-05-03 21:17:13','2018-05-03 21:17:13'),(197,95,'App\\Track','track:Algebraic fractions was created  scores: ',1,'2018-05-03 21:17:13','2018-05-03 21:17:13'),(198,96,'App\\Track','track:Multiplying fractions was created  scores: ',1,'2018-05-03 21:17:13','2018-05-03 21:17:13'),(199,97,'App\\Track','track:Dividing fractions was created  scores: ',1,'2018-05-03 21:17:13','2018-05-03 21:17:13'),(200,98,'App\\Track','track:Like and unlike fractions was created  scores: ',1,'2018-05-03 21:17:13','2018-05-03 21:17:13'),(201,99,'App\\Track','track:Adding and subtracting fractions was created  scores: ',1,'2018-05-03 21:17:13','2018-05-03 21:17:13'),(202,100,'App\\Track','track:Complex Fractions was created  scores: ',1,'2018-05-03 21:17:13','2018-05-03 21:17:13'),(203,101,'App\\Track','track:Linear Equations and Containing  Fractions was created  scores: ',1,'2018-05-03 21:17:13','2018-05-03 21:17:13'),(204,0,'App\\TrackUser','trackuser: was created  scores: ',1,'2018-05-03 21:17:14','2018-05-03 21:17:14'),(205,0,'App\\TrackUser','trackuser: was created  scores: ',1,'2018-05-03 21:17:14','2018-05-03 21:17:14'),(206,0,'App\\TrackUser','trackuser: was created  scores: ',1,'2018-05-03 21:17:14','2018-05-03 21:17:14'),(207,0,'App\\TrackUser','trackuser: was created  scores: ',1,'2018-05-03 21:17:14','2018-05-03 21:17:14'),(208,0,'App\\TrackUser','trackuser: was created  scores: ',1,'2018-05-03 21:17:14','2018-05-03 21:17:14'),(209,0,'App\\TrackUser','trackuser: was created  scores: ',1,'2018-05-03 21:17:14','2018-05-03 21:17:14'),(210,1,'App\\Skill','skill:Counting to tell the number of objects in a given set was created  scores: ',1,'2018-05-03 21:17:14','2018-05-03 21:17:14'),(211,2,'App\\Skill','skill:Number notation, representations and place values (tens, ones) was created  scores: ',1,'2018-05-03 21:17:14','2018-05-03 21:17:14'),(212,3,'App\\Skill','skill:Reading and Writing numbers in numerals and in words was created  scores: ',1,'2018-05-03 21:17:14','2018-05-03 21:17:14'),(213,4,'App\\Skill','skill:Comparing the number of objects in two or more sets was created  scores: ',1,'2018-05-03 21:17:14','2018-05-03 21:17:14'),(214,5,'App\\Skill','skill:Comparing and ordering numbers was created  scores: ',1,'2018-05-03 21:17:14','2018-05-03 21:17:14'),(215,6,'App\\Skill','skill:Patterns in number sequences was created  scores: ',1,'2018-05-03 21:17:14','2018-05-03 21:17:14'),(216,7,'App\\Skill','skill:First, second, third… until tenth was created  scores: ',1,'2018-05-03 21:17:14','2018-05-03 21:17:14'),(217,8,'App\\Skill','skill:Numbers bond for up to 10 was created  scores: ',1,'2018-05-03 21:17:14','2018-05-03 21:17:14'),(218,9,'App\\Skill','skill:Concepts of addition and subtraction was created  scores: ',1,'2018-05-03 21:17:14','2018-05-03 21:17:14'),(219,10,'App\\Skill','skill:use of +, -, and = was created  scores: ',1,'2018-05-03 21:17:14','2018-05-03 21:17:14'),(220,11,'App\\Skill','skill:relationship between addition and subtraction was created  scores: ',1,'2018-05-03 21:17:14','2018-05-03 21:17:14'),(221,12,'App\\Skill','skill:Adding more than two 1-digit numbers was created  scores: ',1,'2018-05-03 21:17:14','2018-05-03 21:17:14'),(222,13,'App\\Skill','skill:Add and subtracting within 100 was created  scores: ',1,'2018-05-03 21:17:14','2018-05-03 21:17:14'),(223,14,'App\\Skill','skill:Adding and subtracting using algorithms was created  scores: ',1,'2018-05-03 21:17:14','2018-05-03 21:17:14'),(224,15,'App\\Skill','skill:Solving 1-step word problems involving addition and subtraction within 20 was created  scores: ',1,'2018-05-03 21:17:14','2018-05-03 21:17:14'),(225,16,'App\\Skill','skill:concepts of multiplication and division was created  scores: ',1,'2018-05-03 21:17:14','2018-05-03 21:17:14'),(226,17,'App\\Skill','skill:use of x was created  scores: ',1,'2018-05-03 21:17:14','2018-05-03 21:17:14'),(227,18,'App\\Skill','skill:multiplying within 40 was created  scores: ',1,'2018-05-03 21:17:14','2018-05-03 21:17:14'),(228,19,'App\\Skill','skill:dividing within 20 was created  scores: ',1,'2018-05-03 21:17:14','2018-05-03 21:17:14'),(229,20,'App\\Skill','skill:solving 1-step word problems involving multiplication and division with pictorial representation was created  scores: ',1,'2018-05-03 21:17:14','2018-05-03 21:17:14'),(230,21,'App\\Skill','skill:counting amount of money was created  scores: ',1,'2018-05-03 21:17:14','2018-05-03 21:17:14'),(231,22,'App\\Skill','skill:solving 1-step word problems involving addition and subtraction of money in dollars only was created  scores: ',1,'2018-05-03 21:17:14','2018-05-03 21:17:14'),(232,23,'App\\Skill','skill:measuring and comparing the length of objects in non-standard units was created  scores: ',1,'2018-05-03 21:17:14','2018-05-03 21:17:14'),(233,24,'App\\Skill','skill:telling time to the hour/half hour was created  scores: ',1,'2018-05-03 21:17:14','2018-05-03 21:17:14'),(234,25,'App\\Skill','skill:identifying, naming, describing and classifying 2D shapes was created  scores: ',1,'2018-05-03 21:17:14','2018-05-03 21:17:14'),(235,26,'App\\Skill','skill:making/completing patterns with 2D shapes according to size, shape, colour, orientation was created  scores: ',1,'2018-05-03 21:17:14','2018-05-03 21:17:14'),(236,27,'App\\Skill','skill:reading and interpreting data from picture graphs was created  scores: ',1,'2018-05-03 21:17:14','2018-05-03 21:17:14'),(237,28,'App\\Skill','skill:counting in tens/hundreds was created  scores: ',1,'2018-05-03 21:17:14','2018-05-03 21:17:14'),(238,29,'App\\Skill','skill:number notation, representations and place values (hunds, tens, ones) was created  scores: ',1,'2018-05-03 21:17:14','2018-05-03 21:17:14'),(239,30,'App\\Skill','skill:reading and writing numbers in numerals and in words was created  scores: ',1,'2018-05-03 21:17:14','2018-05-03 21:17:14'),(240,31,'App\\Skill','skill:comparing and ordering numbers was created  scores: ',1,'2018-05-03 21:17:14','2018-05-03 21:17:14'),(241,32,'App\\Skill','skill:patterns in number sequences was created  scores: ',1,'2018-05-03 21:17:14','2018-05-03 21:17:14'),(242,33,'App\\Skill','skill:odd and even numbers was created  scores: ',1,'2018-05-03 21:17:14','2018-05-03 21:17:14'),(243,34,'App\\Skill','skill:addition and subtraction algorithms (up to 3 digits) was created  scores: ',1,'2018-05-03 21:17:14','2018-05-03 21:17:14'),(244,35,'App\\Skill','skill:solving up to 2-step word problems involving addition and subtraction was created  scores: ',1,'2018-05-03 21:17:14','2018-05-03 21:17:14'),(245,36,'App\\Skill','skill:multiplication tables of 2,3,4,5 and 10 was created  scores: ',1,'2018-05-03 21:17:14','2018-05-03 21:17:14'),(246,37,'App\\Skill','skill:use of + was created  scores: ',1,'2018-05-03 21:17:14','2018-05-03 21:17:14'),(247,38,'App\\Skill','skill:relationship between multiplication and division was created  scores: ',1,'2018-05-03 21:17:14','2018-05-03 21:17:14'),(248,39,'App\\Skill','skill:multiplying and dividing within the multiplication tables was created  scores: ',1,'2018-05-03 21:17:14','2018-05-03 21:17:14'),(249,40,'App\\Skill','skill:solving 1-step word problems involving multiplication and division within the multiplication tables was created  scores: ',1,'2018-05-03 21:17:14','2018-05-03 21:17:14'),(250,41,'App\\Skill','skill:fraction as part of a whole was created  scores: ',1,'2018-05-03 21:17:14','2018-05-03 21:17:14'),(251,42,'App\\Skill','skill:notation and representation of fractions was created  scores: ',1,'2018-05-03 21:17:14','2018-05-03 21:17:14'),(252,43,'App\\Skill','skill:comparing and ordering fractions with denominator of giving fractions not exceeding 12 was created  scores: ',1,'2018-05-03 21:17:14','2018-05-03 21:17:14'),(253,44,'App\\Skill','skill:adding and subtracting like fractions within one whole with denominators of given fractions not exceeding 12 was created  scores: ',1,'2018-05-03 21:17:14','2018-05-03 21:17:14'),(254,45,'App\\Skill','skill:counting aound of money in dollars and cents was created  scores: ',1,'2018-05-03 21:17:15','2018-05-03 21:17:15'),(255,46,'App\\Skill','skill:reading and writing money in decimal notation was created  scores: ',1,'2018-05-03 21:17:15','2018-05-03 21:17:15'),(256,47,'App\\Skill','skill:comparing 2 or 3 amounts of money was created  scores: ',1,'2018-05-03 21:17:15','2018-05-03 21:17:15'),(257,48,'App\\Skill','skill:converting an amount of money in decimal notation to cents only and vice versa was created  scores: ',1,'2018-05-03 21:17:15','2018-05-03 21:17:15'),(258,49,'App\\Skill','skill:solving word problems involving money in dollars only (or in cents only) was created  scores: ',1,'2018-05-03 21:17:15','2018-05-03 21:17:15'),(259,50,'App\\Skill','skill:measuring length, mass and volume of liquid was created  scores: ',1,'2018-05-03 21:17:15','2018-05-03 21:17:15'),(260,51,'App\\Skill','skill:measuring and drawing a line segment to the nearest cm was created  scores: ',1,'2018-05-03 21:17:15','2018-05-03 21:17:15'),(261,52,'App\\Skill','skill:using appropriate units of measurement and their abbreviations cm, m, g, kg, l was created  scores: ',1,'2018-05-03 21:17:15','2018-05-03 21:17:15'),(262,53,'App\\Skill','skill:comparing and ordering lengths, masses and volumes was created  scores: ',1,'2018-05-03 21:17:15','2018-05-03 21:17:15'),(263,54,'App\\Skill','skill:solving word problems involving length/mass/volume was created  scores: ',1,'2018-05-03 21:17:15','2018-05-03 21:17:15'),(264,55,'App\\Skill','skill:telling time to 5 minutes was created  scores: ',1,'2018-05-03 21:17:15','2018-05-03 21:17:15'),(265,56,'App\\Skill','skill:use of \'a.m. \' and \'p.m.\' was created  scores: ',1,'2018-05-03 21:17:15','2018-05-03 21:17:15'),(266,57,'App\\Skill','skill:use of abbreviated h and min was created  scores: ',1,'2018-05-03 21:17:15','2018-05-03 21:17:15'),(267,58,'App\\Skill','skill:duration of 1 hour/half hour was created  scores: ',1,'2018-05-03 21:17:15','2018-05-03 21:17:15'),(268,59,'App\\Skill','skill:identifying, naming, describing and classifying 2D shapes semicircle, quarter circle was created  scores: ',1,'2018-05-03 21:17:15','2018-05-03 21:17:15'),(269,60,'App\\Skill','skill:identifying the basic shapes that make up a given figure was created  scores: ',1,'2018-05-03 21:17:15','2018-05-03 21:17:15'),(270,61,'App\\Skill','skill:forming different 2D figures with rectangle, square, triangle, semicircle, quarter circle was created  scores: ',1,'2018-05-03 21:17:15','2018-05-03 21:17:15'),(271,62,'App\\Skill','skill:identifying, naming, describing and classifying 3D shapes: cubes, cuboid, cone, cylinder and sphere was created  scores: ',1,'2018-05-03 21:17:15','2018-05-03 21:17:15'),(272,63,'App\\Skill','skill:reading and interpreting data from picture graphs with scales was created  scores: ',1,'2018-05-03 21:17:15','2018-05-03 21:17:15'),(273,64,'App\\Skill','skill:solving 1-step problems using data from picture graphs was created  scores: ',1,'2018-05-03 21:17:15','2018-05-03 21:17:15'),(274,65,'App\\Skill','skill:counting in hundreds/thousands was created  scores: ',1,'2018-05-03 21:17:15','2018-05-03 21:17:15'),(275,66,'App\\Skill','skill:number notation, representations and place values (thousands, hundreds, tens, ones) was created  scores: ',1,'2018-05-03 21:17:15','2018-05-03 21:17:15'),(276,67,'App\\Skill','skill:reading and writing numbers in numerals and in words to 10000 was created  scores: ',1,'2018-05-03 21:17:15','2018-05-03 21:17:15'),(277,68,'App\\Skill','skill:comparing and order numbers to 10000 was created  scores: ',1,'2018-05-03 21:17:15','2018-05-03 21:17:15'),(278,69,'App\\Skill','skill:patterns and ordering numbers to 10000 was created  scores: ',1,'2018-05-03 21:17:15','2018-05-03 21:17:15'),(279,70,'App\\Skill','skill:addition and subtraction algorithms (up to 4 digits) was created  scores: ',1,'2018-05-03 21:17:15','2018-05-03 21:17:15'),(280,71,'App\\Skill','skill:solving up to 2-step word problems involving addition and subtraction up to 4 digits was created  scores: ',1,'2018-05-03 21:17:15','2018-05-03 21:17:15'),(281,72,'App\\Skill','skill:multiplication tables of 6,7,8 and 9 was created  scores: ',1,'2018-05-03 21:17:15','2018-05-03 21:17:15'),(282,73,'App\\Skill','skill:multiplying and dividing within the multiplication tables of 6,7.8 and 9 was created  scores: ',1,'2018-05-03 21:17:15','2018-05-03 21:17:15'),(283,74,'App\\Skill','skill:division with remainder was created  scores: ',1,'2018-05-03 21:17:15','2018-05-03 21:17:15'),(284,75,'App\\Skill','skill:multiplication and division algorithms (up to 3 digits by 1 digit) was created  scores: ',1,'2018-05-03 21:17:15','2018-05-03 21:17:15'),(285,76,'App\\Skill','skill:solving up to 2-step word problems involving the 4 operations was created  scores: ',1,'2018-05-03 21:17:15','2018-05-03 21:17:15'),(286,77,'App\\Skill','skill:equivalent fractions was created  scores: ',1,'2018-05-03 21:17:15','2018-05-03 21:17:15'),(287,78,'App\\Skill','skill:expressing a fraction in its simplest form was created  scores: ',1,'2018-05-03 21:17:15','2018-05-03 21:17:15'),(288,79,'App\\Skill','skill:comparing and ordering unlike fractions with denominations of given fractions not exceeding 12 was created  scores: ',1,'2018-05-03 21:17:15','2018-05-03 21:17:15'),(289,80,'App\\Skill','skill:writing the equivalent fraction of a fraction given the denominator or the numerator was created  scores: ',1,'2018-05-03 21:17:15','2018-05-03 21:17:15'),(290,81,'App\\Skill','skill:adding and subtracting two related fractions witin one whole with denominators of given fractions not exceeding 12 was created  scores: ',1,'2018-05-03 21:17:15','2018-05-03 21:17:15'),(291,82,'App\\Skill','skill:adding and subtracting money in decimal notation was created  scores: ',1,'2018-05-03 21:17:15','2018-05-03 21:17:15'),(292,83,'App\\Skill','skill:solving word problems involving addition and subtraction of money in decimal notation was created  scores: ',1,'2018-05-03 21:17:15','2018-05-03 21:17:15'),(293,84,'App\\Skill','skill:measuring length in km and volume in ml was created  scores: ',1,'2018-05-03 21:17:15','2018-05-03 21:17:15'),(294,85,'App\\Skill','skill:measuring length/mass/volume in compound units was created  scores: ',1,'2018-05-03 21:17:15','2018-05-03 21:17:15'),(295,86,'App\\Skill','skill:converting a measurement in compound units to the smaller unit, and vice versa was created  scores: ',1,'2018-05-03 21:17:15','2018-05-03 21:17:15'),(296,87,'App\\Skill','skill:solving word problems involving length/mass/volume/capacity excluding fractions and compound units was created  scores: ',1,'2018-05-03 21:17:15','2018-05-03 21:17:15'),(297,88,'App\\Skill','skill:telling time to the minute was created  scores: ',1,'2018-05-03 21:17:15','2018-05-03 21:17:15'),(298,89,'App\\Skill','skill:use of \'past\' and \'to\' to tell time was created  scores: ',1,'2018-05-03 21:17:15','2018-05-03 21:17:15'),(299,90,'App\\Skill','skill:measuring time in hours and minutes was created  scores: ',1,'2018-05-03 21:17:15','2018-05-03 21:17:15'),(300,91,'App\\Skill','skill:converting time in hours and minutes to minutes only and vice versa was created  scores: ',1,'2018-05-03 21:17:15','2018-05-03 21:17:15'),(301,92,'App\\Skill','skill:finding the starting time, finishing time or duration given the other two quantities was created  scores: ',1,'2018-05-03 21:17:15','2018-05-03 21:17:15'),(302,93,'App\\Skill','skill:solving problems involving time in hours and minutes was created  scores: ',1,'2018-05-03 21:17:15','2018-05-03 21:17:15'),(303,94,'App\\Skill','skill:concepts of area and perimeter of a plane figure was created  scores: ',1,'2018-05-03 21:17:15','2018-05-03 21:17:15'),(304,95,'App\\Skill','skill:measuring area in square units, cm2 and m2 excluding conversion between cm2 and m2 was created  scores: ',1,'2018-05-03 21:17:15','2018-05-03 21:17:15'),(305,96,'App\\Skill','skill:perimeter of rectlinear figure, rectangle and square was created  scores: ',1,'2018-05-03 21:17:15','2018-05-03 21:17:15'),(306,97,'App\\Skill','skill:area of rectangle/square was created  scores: ',1,'2018-05-03 21:17:15','2018-05-03 21:17:15'),(307,98,'App\\Skill','skill:concepts of angle was created  scores: ',1,'2018-05-03 21:17:15','2018-05-03 21:17:15'),(308,99,'App\\Skill','skill:right angles, angles greater than/smaller than a right angle was created  scores: ',1,'2018-05-03 21:17:15','2018-05-03 21:17:15'),(309,100,'App\\Skill','skill:perpendicular and parallel lines was created  scores: ',1,'2018-05-03 21:17:15','2018-05-03 21:17:15'),(310,101,'App\\Skill','skill:draw perpendicular and parallel lines on square grid was created  scores: ',1,'2018-05-03 21:17:15','2018-05-03 21:17:15'),(311,102,'App\\Skill','skill:reading and interpreting data from bar graphs was created  scores: ',1,'2018-05-03 21:17:15','2018-05-03 21:17:15'),(312,103,'App\\Skill','skill:using different scales on axis was created  scores: ',1,'2018-05-03 21:17:15','2018-05-03 21:17:15'),(313,104,'App\\Skill','skill:solving 1-step problems using data from bar graphs was created  scores: ',1,'2018-05-03 21:17:15','2018-05-03 21:17:15'),(314,105,'App\\Skill','skill:number notation, representations and place values (ten thousands, thousands, hundreds, tens and ones) was created  scores: ',1,'2018-05-03 21:17:15','2018-05-03 21:17:15'),(315,106,'App\\Skill','skill:reading and writing numbers in numerals and in words was created  scores: ',1,'2018-05-03 21:17:15','2018-05-03 21:17:15'),(316,107,'App\\Skill','skill:comparing and ordering numbers was created  scores: ',1,'2018-05-03 21:17:15','2018-05-03 21:17:15'),(317,108,'App\\Skill','skill:patterns in number sequences to 100,000 was created  scores: ',1,'2018-05-03 21:17:15','2018-05-03 21:17:15'),(318,109,'App\\Skill','skill:rounding numbers to the nearest 10, 100 or 1000 was created  scores: ',1,'2018-05-03 21:17:15','2018-05-03 21:17:15'),(319,110,'App\\Skill','skill:use of ≈ was created  scores: ',1,'2018-05-03 21:17:15','2018-05-03 21:17:15'),(320,111,'App\\Skill','skill:factors, multiples and their relationship was created  scores: ',1,'2018-05-03 21:17:15','2018-05-03 21:17:15'),(321,112,'App\\Skill','skill:determining if a 1-digit number is a factor o a given number within 100 was created  scores: ',1,'2018-05-03 21:17:15','2018-05-03 21:17:15'),(322,113,'App\\Skill','skill:finding the common factors of 2 given numbers was created  scores: ',1,'2018-05-03 21:17:15','2018-05-03 21:17:15'),(323,114,'App\\Skill','skill:determining if a number is a multiple of a given 1-digit number was created  scores: ',1,'2018-05-03 21:17:15','2018-05-03 21:17:15'),(324,115,'App\\Skill','skill:finding the common multiples of two given 1-digit numbers was created  scores: ',1,'2018-05-03 21:17:15','2018-05-03 21:17:15'),(325,116,'App\\Skill','skill:multiplication algorithm up to 4 digits by 1 digit, up to 3 digits by 2 digits was created  scores: ',1,'2018-05-03 21:17:15','2018-05-03 21:17:15'),(326,117,'App\\Skill','skill:division algorithm (up to 4 digits by 1 digit) was created  scores: ',1,'2018-05-03 21:17:15','2018-05-03 21:17:15'),(327,118,'App\\Skill','skill:solving up to 3-step word problems involving the 4 operations was created  scores: ',1,'2018-05-03 21:17:15','2018-05-03 21:17:15'),(328,119,'App\\Skill','skill:mixed numbers, improper fractions and their relationships was created  scores: ',1,'2018-05-03 21:17:15','2018-05-03 21:17:15'),(329,120,'App\\Skill','skill:fraction as part of a set of objects was created  scores: ',1,'2018-05-03 21:17:15','2018-05-03 21:17:15'),(330,121,'App\\Skill','skill:adding and subtracting fractions with denominators of given fractions not exceeding 12 and not more than 2 different denominators was created  scores: ',1,'2018-05-03 21:17:15','2018-05-03 21:17:15'),(331,122,'App\\Skill','skill:solving up to 2-step word problems involving addition and subtraction of fractions was created  scores: ',1,'2018-05-03 21:17:15','2018-05-03 21:17:15'),(332,123,'App\\Skill','skill:notation and representation and place values (tenths, hundredths, thousandths) was created  scores: ',1,'2018-05-03 21:17:15','2018-05-03 21:17:15'),(333,124,'App\\Skill','skill:comparing and ordering decimals was created  scores: ',1,'2018-05-03 21:17:15','2018-05-03 21:17:15'),(334,125,'App\\Skill','skill:dividing a whole number by a whole number with quotient as a decimal was created  scores: ',1,'2018-05-03 21:17:15','2018-05-03 21:17:15'),(335,126,'App\\Skill','skill:converting decimals to fractions was created  scores: ',1,'2018-05-03 21:17:15','2018-05-03 21:17:15'),(336,127,'App\\Skill','skill:converting fractions to decimals when the denominator is a factor of 10 or 100 was created  scores: ',1,'2018-05-03 21:17:15','2018-05-03 21:17:15'),(337,128,'App\\Skill','skill:rounding decimals to the nearest whole number, 1 decimal place and 2 decimal places was created  scores: ',1,'2018-05-03 21:17:15','2018-05-03 21:17:15'),(338,129,'App\\Skill','skill:adding and subtracting decimals (up to 2 decimal places) was created  scores: ',1,'2018-05-03 21:17:15','2018-05-03 21:17:15'),(339,130,'App\\Skill','skill:multiplying and dividing decimals (up to 2 decimal places) by a 1-digit whole numbers for decimals up to 3 dec places was created  scores: ',1,'2018-05-03 21:17:15','2018-05-03 21:17:15'),(340,131,'App\\Skill','skill:solving up to 2-step word problems involving the  operations was created  scores: ',1,'2018-05-03 21:17:15','2018-05-03 21:17:15'),(341,132,'App\\Skill','skill:rounding off answers to a specified degree of accuracy was created  scores: ',1,'2018-05-03 21:17:15','2018-05-03 21:17:15'),(342,133,'App\\Skill','skill:measuring time in seconds was created  scores: ',1,'2018-05-03 21:17:15','2018-05-03 21:17:15'),(343,134,'App\\Skill','skill:24-hour clock was created  scores: ',1,'2018-05-03 21:17:15','2018-05-03 21:17:15'),(344,135,'App\\Skill','skill:solving problems involving time in 24-hour clock was created  scores: ',1,'2018-05-03 21:17:15','2018-05-03 21:17:15'),(345,136,'App\\Skill','skill:finding one dimension of a rectangle given the other dimension and its area/perimeter was created  scores: ',1,'2018-05-03 21:17:15','2018-05-03 21:17:15'),(346,137,'App\\Skill','skill:finding the length of one side of a square given its area/perimeter was created  scores: ',1,'2018-05-03 21:17:15','2018-05-03 21:17:15'),(347,138,'App\\Skill','skill:finding the area of figures made up of rectanges and squares was created  scores: ',1,'2018-05-03 21:17:15','2018-05-03 21:17:15'),(348,139,'App\\Skill','skill:using notation suc as   $$\\angle $$ABC and $$\\angle $$a to name angles was created  scores: ',1,'2018-05-03 21:17:15','2018-05-03 21:17:15'),(349,140,'App\\Skill','skill:measuring angles in degrees was created  scores: ',1,'2018-05-03 21:17:15','2018-05-03 21:17:15'),(350,141,'App\\Skill','skill:relating quarter, half and complete turns to angles in degrees was created  scores: ',1,'2018-05-03 21:17:15','2018-05-03 21:17:15'),(351,142,'App\\Skill','skill:8-point compass was created  scores: ',1,'2018-05-03 21:17:15','2018-05-03 21:17:15'),(352,143,'App\\Skill','skill:properties of rectangle and square, excluding diagonal properties was created  scores: ',1,'2018-05-03 21:17:16','2018-05-03 21:17:16'),(353,144,'App\\Skill','skill:identifying symmetric figures was created  scores: ',1,'2018-05-03 21:17:16','2018-05-03 21:17:16'),(354,145,'App\\Skill','skill:determining whether a straight line is a line of symmetry of a symmetric figure was created  scores: ',1,'2018-05-03 21:17:16','2018-05-03 21:17:16'),(355,146,'App\\Skill','skill:completing a table from given data was created  scores: ',1,'2018-05-03 21:17:16','2018-05-03 21:17:16'),(356,147,'App\\Skill','skill:reading and interpreting data from tables/line graphs was created  scores: ',1,'2018-05-03 21:17:16','2018-05-03 21:17:16'),(357,148,'App\\Skill','skill:solve 1-step problems using data from tables/graphs was created  scores: ',1,'2018-05-03 21:17:16','2018-05-03 21:17:16'),(358,149,'App\\Skill','skill:reading and writing numbers in numerals and in words up to 10 million was created  scores: ',1,'2018-05-03 21:17:16','2018-05-03 21:17:16'),(359,150,'App\\Skill','skill:rounding off numbers to the nearest 1000. was created  scores: ',1,'2018-05-03 21:17:16','2018-05-03 21:17:16'),(360,151,'App\\Skill','skill:multiplication and division by tens, hundreds and thousands without using calculators was created  scores: ',1,'2018-05-03 21:17:16','2018-05-03 21:17:16'),(361,152,'App\\Skill','skill:solving word problems involving the 4 operations to 10m was created  scores: ',1,'2018-05-03 21:17:16','2018-05-03 21:17:16'),(362,153,'App\\Skill','skill:estimation of answers in calculations was created  scores: ',1,'2018-05-03 21:17:16','2018-05-03 21:17:16'),(363,154,'App\\Skill','skill:checking reasonableness of answers was created  scores: ',1,'2018-05-03 21:17:16','2018-05-03 21:17:16'),(364,155,'App\\Skill','skill:combined operations involving the 4 operations was created  scores: ',1,'2018-05-03 21:17:16','2018-05-03 21:17:16'),(365,156,'App\\Skill','skill:use of brackets was created  scores: ',1,'2018-05-03 21:17:16','2018-05-03 21:17:16'),(366,157,'App\\Skill','skill:association of a fraction with division was created  scores: ',1,'2018-05-03 21:17:16','2018-05-03 21:17:16'),(367,158,'App\\Skill','skill:conversion between fractions and decimals was created  scores: ',1,'2018-05-03 21:17:16','2018-05-03 21:17:16'),(368,159,'App\\Skill','skill:addition and subtraction of proper fractions without using calculators was created  scores: ',1,'2018-05-03 21:17:16','2018-05-03 21:17:16'),(369,160,'App\\Skill','skill:addition and subtraction of mixed numbers was created  scores: ',1,'2018-05-03 21:17:16','2018-05-03 21:17:16'),(370,161,'App\\Skill','skill:multiplication of a proper fractions and a proper/ improper fraction without using calculators was created  scores: ',1,'2018-05-03 21:17:16','2018-05-03 21:17:16'),(371,162,'App\\Skill','skill:multiplication of an improper fraction and an improper fraction, was created  scores: ',1,'2018-05-03 21:17:16','2018-05-03 21:17:16'),(372,163,'App\\Skill','skill:multiplication of a mixed number and a whole number was created  scores: ',1,'2018-05-03 21:17:16','2018-05-03 21:17:16'),(373,164,'App\\Skill','skill:division of a proper fraction by a whole number without using calculators was created  scores: ',1,'2018-05-03 21:17:16','2018-05-03 21:17:16'),(374,165,'App\\Skill','skill:solving word problems involving the 4 operation was created  scores: ',1,'2018-05-03 21:17:16','2018-05-03 21:17:16'),(375,166,'App\\Skill','skill:multiplication and division of decimals (up to 3 decimal places) by tens, hundreds and thousands without using calculatorsoperations, • rounding off answers to a specified degree of accuracy, • estimation of answers in calculations, • checking reaso',1,'2018-05-03 21:17:16','2018-05-03 21:17:16'),(376,167,'App\\Skill','skill:solving word problems involving the 4 operations was created  scores: ',1,'2018-05-03 21:17:16','2018-05-03 21:17:16'),(377,168,'App\\Skill','skill:rounding off answers to a specified degree of accuracy was created  scores: ',1,'2018-05-03 21:17:16','2018-05-03 21:17:16'),(378,169,'App\\Skill','skill:estimation of answers in calculations was created  scores: ',1,'2018-05-03 21:17:16','2018-05-03 21:17:16'),(379,170,'App\\Skill','skill:checking reasonableness of answers was created  scores: ',1,'2018-05-03 21:17:16','2018-05-03 21:17:16'),(380,171,'App\\Skill','skill:expressing a part of a whole as a percentage was created  scores: ',1,'2018-05-03 21:17:16','2018-05-03 21:17:16'),(381,172,'App\\Skill','skill:use of the percentage symbol (%) was created  scores: ',1,'2018-05-03 21:17:16','2018-05-03 21:17:16'),(382,173,'App\\Skill','skill:writing fractions and decimals as percentages, and vice versa was created  scores: ',1,'2018-05-03 21:17:16','2018-05-03 21:17:16'),(383,174,'App\\Skill','skill:finding a percentage part of a whole was created  scores: ',1,'2018-05-03 21:17:16','2018-05-03 21:17:16'),(384,175,'App\\Skill','skill:solving up to 2-step word problems involving percentage was created  scores: ',1,'2018-05-03 21:17:16','2018-05-03 21:17:16'),(385,176,'App\\Skill','skill:discount, GST and annual interest was created  scores: ',1,'2018-05-03 21:17:16','2018-05-03 21:17:16'),(386,177,'App\\Skill','skill:interpretation of a : b and a : b : c, where a, b and c are whole numbers was created  scores: ',1,'2018-05-03 21:17:16','2018-05-03 21:17:16'),(387,178,'App\\Skill','skill:writing equivalent ratios was created  scores: ',1,'2018-05-03 21:17:16','2018-05-03 21:17:16'),(388,179,'App\\Skill','skill:expressing a ratio in its simplest form was created  scores: ',1,'2018-05-03 21:17:16','2018-05-03 21:17:16'),(389,180,'App\\Skill','skill:finding the ratio of two or three given quantities was created  scores: ',1,'2018-05-03 21:17:16','2018-05-03 21:17:16'),(390,181,'App\\Skill','skill:finding the missing term in a pair of equivalent ratios was created  scores: ',1,'2018-05-03 21:17:16','2018-05-03 21:17:16'),(391,182,'App\\Skill','skill:finding one quantity given the other quantity and their ratio was created  scores: ',1,'2018-05-03 21:17:16','2018-05-03 21:17:16'),(392,183,'App\\Skill','skill:solving up to 2-step word problems involving ratio was created  scores: ',1,'2018-05-03 21:17:16','2018-05-03 21:17:16'),(393,184,'App\\Skill','skill:conversion of a measurement from a smaller unit to a larger unit in decimal form, and vice versa was created  scores: ',1,'2018-05-03 21:17:16','2018-05-03 21:17:16'),(394,185,'App\\Skill','skill:identifying the base of a triangle and its corresponding height, was created  scores: ',1,'2018-05-03 21:17:16','2018-05-03 21:17:16'),(395,186,'App\\Skill','skill:use of formula to calculate the area of a triangle was created  scores: ',1,'2018-05-03 21:17:16','2018-05-03 21:17:16'),(396,187,'App\\Skill','skill:building solids with unit cubes was created  scores: ',1,'2018-05-03 21:17:16','2018-05-03 21:17:16'),(397,188,'App\\Skill','skill:measurement of volume in cubic units was created  scores: ',1,'2018-05-03 21:17:16','2018-05-03 21:17:16'),(398,189,'App\\Skill','skill:measurement of volume in cubic centimetres (cm3 )/ cubic metres (m3 ) was created  scores: ',1,'2018-05-03 21:17:16','2018-05-03 21:17:16'),(399,190,'App\\Skill','skill:use of formula to calculate the volume of a cube/ cuboid was created  scores: ',1,'2018-05-03 21:17:16','2018-05-03 21:17:16'),(400,191,'App\\Skill','skill:finding the volume of liquid in a rectangular tank was created  scores: ',1,'2018-05-03 21:17:16','2018-05-03 21:17:16'),(401,192,'App\\Skill','skill:conversion between A, ml and cm3 was created  scores: ',1,'2018-05-03 21:17:16','2018-05-03 21:17:16'),(402,193,'App\\Skill','skill:solving up to 3-step word problems involving the volume of a cube/ cuboid. was created  scores: ',1,'2018-05-03 21:17:16','2018-05-03 21:17:16'),(403,194,'App\\Skill','skill:Use of angles on a straight line, angles at a point, vertically opposite angles was created  scores: ',1,'2018-05-03 21:17:16','2018-05-03 21:17:16'),(404,195,'App\\Skill','skill:identifying and naming the following types of triangles ∗ isosceles triangle, ∗ equilateral triangle, ∗ right-angled triangle, was created  scores: ',1,'2018-05-03 21:17:16','2018-05-03 21:17:16'),(405,196,'App\\Skill','skill:use of the property that the angle sum of a triangle is 180o was created  scores: ',1,'2018-05-03 21:17:16','2018-05-03 21:17:16'),(406,197,'App\\Skill','skill:finding unknown angles was created  scores: ',1,'2018-05-03 21:17:16','2018-05-03 21:17:16'),(407,198,'App\\Skill','skill:identifying and naming parallelogram, rhombus and trapezium, • properties of parallelogram, rhombus and trapezium was created  scores: ',1,'2018-05-03 21:17:16','2018-05-03 21:17:16'),(408,199,'App\\Skill','skill:properties of parallelogram, rhombus and trapezium was created  scores: ',1,'2018-05-03 21:17:16','2018-05-03 21:17:16'),(409,200,'App\\Skill','skill:finding unknown angles of parallelogram, rhombus and trapezium was created  scores: ',1,'2018-05-03 21:17:16','2018-05-03 21:17:16'),(410,201,'App\\Skill','skill:drawing a square/rectangle/parallelogram/rhombus/trapezium from given dimensions using ruler, protractor and set squares was created  scores: ',1,'2018-05-03 21:17:16','2018-05-03 21:17:16'),(411,202,'App\\Skill','skill:interpretation of average as \"total amount ÷ number of items\" was created  scores: ',1,'2018-05-03 21:17:16','2018-05-03 21:17:16'),(412,203,'App\\Skill','skill:calculation of the average number/quantity was created  scores: ',1,'2018-05-03 21:17:16','2018-05-03 21:17:16'),(413,204,'App\\Skill','skill:finding the total amount given the average and the number of items was created  scores: ',1,'2018-05-03 21:17:16','2018-05-03 21:17:16'),(414,205,'App\\Skill','skill:solving word problems involving average was created  scores: ',1,'2018-05-03 21:17:16','2018-05-03 21:17:16'),(415,206,'App\\Skill','skill:division of a whole number/proper fraction by a proper fraction without using calculators. was created  scores: ',1,'2018-05-03 21:17:16','2018-05-03 21:17:16'),(416,207,'App\\Skill','skill:finding the whole given a part and the percentage, was created  scores: ',1,'2018-05-03 21:17:16','2018-05-03 21:17:16'),(417,208,'App\\Skill','skill:finding percentage increase/decrease, was created  scores: ',1,'2018-05-03 21:17:16','2018-05-03 21:17:16'),(418,209,'App\\Skill','skill:solving word problems involving percentage was created  scores: ',1,'2018-05-03 21:17:16','2018-05-03 21:17:16'),(419,210,'App\\Skill','skill:expressing one quantity as a fraction of another, given their ratio, and vice versa was created  scores: ',1,'2018-05-03 21:17:16','2018-05-03 21:17:16'),(420,211,'App\\Skill','skill:finding how many times one quantity is as large as another, given their ratio, and vice versa was created  scores: ',1,'2018-05-03 21:17:16','2018-05-03 21:17:16'),(421,212,'App\\Skill','skill:expressing one quantity as a fraction of another given the two quantities was created  scores: ',1,'2018-05-03 21:17:16','2018-05-03 21:17:16'),(422,213,'App\\Skill','skill:finding the whole/ one part when a whole is divided into parts in a given ratio was created  scores: ',1,'2018-05-03 21:17:16','2018-05-03 21:17:16'),(423,214,'App\\Skill','skill:solving word problems involving 2 pairs of ratios was created  scores: ',1,'2018-05-03 21:17:16','2018-05-03 21:17:16'),(424,215,'App\\Skill','skill:concepts of speed and average speed was created  scores: ',1,'2018-05-03 21:17:16','2018-05-03 21:17:16'),(425,216,'App\\Skill','skill:relationship between distance, time and speed was created  scores: ',1,'2018-05-03 21:17:16','2018-05-03 21:17:16'),(426,217,'App\\Skill','skill:calculation of speed, distance or time given the other two quantities was created  scores: ',1,'2018-05-03 21:17:16','2018-05-03 21:17:16'),(427,218,'App\\Skill','skill:writing speed in different units such as km/h, m/min, m/s and cm/s was created  scores: ',1,'2018-05-03 21:17:16','2018-05-03 21:17:16'),(428,219,'App\\Skill','skill:solving up to 3-step word problems involving speed and average speed was created  scores: ',1,'2018-05-03 21:17:16','2018-05-03 21:17:16'),(429,220,'App\\Skill','skill:use of formulae to calculate the area and circumference of a circle was created  scores: ',1,'2018-05-03 21:17:16','2018-05-03 21:17:16'),(430,221,'App\\Skill','skill:finding the area and perimeter of ∗ semicircle (half circle) ∗ quarter circle was created  scores: ',1,'2018-05-03 21:17:16','2018-05-03 21:17:16'),(431,222,'App\\Skill','skill:solving word problems involving area and perimeter. was created  scores: ',1,'2018-05-03 21:17:16','2018-05-03 21:17:16'),(432,223,'App\\Skill','skill:finding the area and perimeter of a figure made up of some of the following shapes: square, rectangle, triangle, semicircle and quarter circle. was created  scores: ',1,'2018-05-03 21:17:16','2018-05-03 21:17:16'),(433,224,'App\\Skill','skill:finding one dimension of a cuboid given its volume and the other dimensions was created  scores: ',1,'2018-05-03 21:17:16','2018-05-03 21:17:16'),(434,225,'App\\Skill','skill:finding the length of one edge of a cube given its volume, was created  scores: ',1,'2018-05-03 21:17:16','2018-05-03 21:17:16'),(435,226,'App\\Skill','skill:finding the height of a cuboid given its volume and base area, was created  scores: ',1,'2018-05-03 21:17:16','2018-05-03 21:17:16'),(436,227,'App\\Skill','skill:finding the area of a face of a cuboid given its volume and one dimension was created  scores: ',1,'2018-05-03 21:17:16','2018-05-03 21:17:16'),(437,228,'App\\Skill','skill:use of the symbols $$\\sqrt{{}}$$ and $$\\sqrt[3]{{}}$$ was created  scores: ',1,'2018-05-03 21:17:16','2018-05-03 21:17:16'),(438,229,'App\\Skill','skill:solving word problems involving volume of a cube/ cuboid was created  scores: ',1,'2018-05-03 21:17:16','2018-05-03 21:17:16'),(439,230,'App\\Skill','skill:finding unknown angles in geometrical figures involving square, rectangle, parallelogram, rhombus, trapezium and triangle was created  scores: ',1,'2018-05-03 21:17:16','2018-05-03 21:17:16'),(440,231,'App\\Skill','skill:2-D representation of cube, cuboid, cone, cylinder, prism and pyramid was created  scores: ',1,'2018-05-03 21:17:16','2018-05-03 21:17:16'),(441,232,'App\\Skill','skill:identifying nets of the following solids ∗ cube, ∗ cuboid, ∗ prism, ∗ pyramid was created  scores: ',1,'2018-05-03 21:17:16','2018-05-03 21:17:16'),(442,233,'App\\Skill','skill:identifying the solid which can be formed by a given net was created  scores: ',1,'2018-05-03 21:17:16','2018-05-03 21:17:16'),(443,234,'App\\Skill','skill:making 3-D solids from given nets. was created  scores: ',1,'2018-05-03 21:17:16','2018-05-03 21:17:16'),(444,235,'App\\Skill','skill:reading and interpreting pie charts was created  scores: ',1,'2018-05-03 21:17:16','2018-05-03 21:17:16'),(445,236,'App\\Skill','skill:solving 1-step problems using information presented in pie charts. was created  scores: ',1,'2018-05-03 21:17:16','2018-05-03 21:17:16'),(446,237,'App\\Skill','skill:representation of an unknown number using a letter was created  scores: ',1,'2018-05-03 21:17:16','2018-05-03 21:17:16'),(447,238,'App\\Skill','skill:simple algebraic expressions was created  scores: ',1,'2018-05-03 21:17:16','2018-05-03 21:17:16'),(448,239,'App\\Skill','skill:simplification of algebraic expressions, was created  scores: ',1,'2018-05-03 21:17:16','2018-05-03 21:17:16'),(449,240,'App\\Skill','skill:evaluation of simple algebraic expressions by substitution was created  scores: ',1,'2018-05-03 21:17:16','2018-05-03 21:17:16'),(450,241,'App\\Skill','skill:solving word problems involving algebraic expressions was created  scores: ',1,'2018-05-03 21:17:17','2018-05-03 21:17:17'),(451,242,'App\\Skill','skill:Number Lines was created  scores: ',1,'2018-05-03 21:17:17','2018-05-03 21:17:17'),(452,243,'App\\Skill','skill:Absolute Value was created  scores: ',1,'2018-05-03 21:17:17','2018-05-03 21:17:17'),(453,244,'App\\Skill','skill:Adding Signed Numbers was created  scores: ',1,'2018-05-03 21:17:17','2018-05-03 21:17:17'),(454,245,'App\\Skill','skill:Subtracting Signed numbers was created  scores: ',1,'2018-05-03 21:17:17','2018-05-03 21:17:17'),(455,246,'App\\Skill','skill:Multiplying signed numbers was created  scores: ',1,'2018-05-03 21:17:17','2018-05-03 21:17:17'),(456,247,'App\\Skill','skill:Dividing signed numbers was created  scores: ',1,'2018-05-03 21:17:17','2018-05-03 21:17:17'),(457,248,'App\\Skill','skill:Special properties of zero was created  scores: ',1,'2018-05-03 21:17:17','2018-05-03 21:17:17'),(458,249,'App\\Skill','skill:Special properties of 1 was created  scores: ',1,'2018-05-03 21:17:17','2018-05-03 21:17:17'),(459,250,'App\\Skill','skill:Expoenets was created  scores: ',1,'2018-05-03 21:17:17','2018-05-03 21:17:17'),(460,251,'App\\Skill','skill:The order of operations was created  scores: ',1,'2018-05-03 21:17:17','2018-05-03 21:17:17'),(461,252,'App\\Skill','skill:Symbols of inclusion was created  scores: ',1,'2018-05-03 21:17:17','2018-05-03 21:17:17'),(462,253,'App\\Skill','skill:The commutative property was created  scores: ',1,'2018-05-03 21:17:17','2018-05-03 21:17:17'),(463,254,'App\\Skill','skill:The associative property was created  scores: ',1,'2018-05-03 21:17:17','2018-05-03 21:17:17'),(464,255,'App\\Skill','skill:The distributive property was created  scores: ',1,'2018-05-03 21:17:17','2018-05-03 21:17:17'),(465,256,'App\\Skill','skill:What is a variable? was created  scores: ',1,'2018-05-03 21:17:17','2018-05-03 21:17:17'),(466,257,'App\\Skill','skill:What is a formula? was created  scores: ',1,'2018-05-03 21:17:17','2018-05-03 21:17:17'),(467,258,'App\\Skill','skill:Algebraic Expressions was created  scores: ',1,'2018-05-03 21:17:17','2018-05-03 21:17:17'),(468,259,'App\\Skill','skill:What is a Monomial was created  scores: ',1,'2018-05-03 21:17:17','2018-05-03 21:17:17'),(469,260,'App\\Skill','skill:What is a Polynomial was created  scores: ',1,'2018-05-03 21:17:17','2018-05-03 21:17:17'),(470,261,'App\\Skill','skill:Like Terms was created  scores: ',1,'2018-05-03 21:17:17','2018-05-03 21:17:17'),(471,262,'App\\Skill','skill:The Degree of a Polynomial was created  scores: ',1,'2018-05-03 21:17:17','2018-05-03 21:17:17'),(472,263,'App\\Skill','skill:Adding and Subtracting Monomials was created  scores: ',1,'2018-05-03 21:17:17','2018-05-03 21:17:17'),(473,264,'App\\Skill','skill:Adding and Subtracting Polynomials was created  scores: ',1,'2018-05-03 21:17:17','2018-05-03 21:17:17'),(474,265,'App\\Skill','skill:Multiplying Monomials was created  scores: ',1,'2018-05-03 21:17:17','2018-05-03 21:17:17'),(475,266,'App\\Skill','skill:Multiplying Monomials with Exponents was created  scores: ',1,'2018-05-03 21:17:17','2018-05-03 21:17:17'),(476,267,'App\\Skill','skill:Raising a Monomial to a Power was created  scores: ',1,'2018-05-03 21:17:17','2018-05-03 21:17:17'),(477,268,'App\\Skill','skill:Multiplying a Polynomials by a Monomial was created  scores: ',1,'2018-05-03 21:17:17','2018-05-03 21:17:17'),(478,269,'App\\Skill','skill:Using the FOIL Method was created  scores: ',1,'2018-05-03 21:17:17','2018-05-03 21:17:17'),(479,270,'App\\Skill','skill:The Difference of two perfect squares was created  scores: ',1,'2018-05-03 21:17:17','2018-05-03 21:17:17'),(480,271,'App\\Skill','skill:Squaring a Binomial was created  scores: ',1,'2018-05-03 21:17:17','2018-05-03 21:17:17'),(481,272,'App\\Skill','skill:Writing a Division Problem in a Fraction form was created  scores: ',1,'2018-05-03 21:17:17','2018-05-03 21:17:17'),(482,273,'App\\Skill','skill:The Cancellation Method was created  scores: ',1,'2018-05-03 21:17:17','2018-05-03 21:17:17'),(483,274,'App\\Skill','skill:The Factoring Method was created  scores: ',1,'2018-05-03 21:17:17','2018-05-03 21:17:17'),(484,275,'App\\Skill','skill:Dividing Monomials with Exponents was created  scores: ',1,'2018-05-03 21:17:17','2018-05-03 21:17:17'),(485,276,'App\\Skill','skill:Negative Exponents was created  scores: ',1,'2018-05-03 21:17:17','2018-05-03 21:17:17'),(486,277,'App\\Skill','skill:The Fraction Method was created  scores: ',1,'2018-05-03 21:17:17','2018-05-03 21:17:17'),(487,278,'App\\Skill','skill:The Long-division Method was created  scores: ',1,'2018-05-03 21:17:17','2018-05-03 21:17:17'),(488,279,'App\\Skill','skill:Dividing One Polynomial by Another was created  scores: ',1,'2018-05-03 21:17:17','2018-05-03 21:17:17'),(489,280,'App\\Skill','skill:What is an equation? was created  scores: ',1,'2018-05-03 21:17:17','2018-05-03 21:17:17'),(490,281,'App\\Skill','skill:Solving Addition and subtraction equations was created  scores: ',1,'2018-05-03 21:17:17','2018-05-03 21:17:17'),(491,282,'App\\Skill','skill:Solving Multiplication and Division Equations was created  scores: ',1,'2018-05-03 21:17:17','2018-05-03 21:17:17'),(492,283,'App\\Skill','skill:Equations Involving More than One Operation was created  scores: ',1,'2018-05-03 21:17:17','2018-05-03 21:17:17'),(493,284,'App\\Skill','skill:Equations with Like Terms was created  scores: ',1,'2018-05-03 21:17:17','2018-05-03 21:17:17'),(494,285,'App\\Skill','skill:Equations with Variable Terms on Both Sides was created  scores: ',1,'2018-05-03 21:17:17','2018-05-03 21:17:17'),(495,286,'App\\Skill','skill:Equations Containing Symbols of Inclusion was created  scores: ',1,'2018-05-03 21:17:17','2018-05-03 21:17:17'),(496,287,'App\\Skill','skill:Unusual Equations was created  scores: ',1,'2018-05-03 21:17:17','2018-05-03 21:17:17'),(497,288,'App\\Skill','skill:The Addition-Subtraction Method was created  scores: ',1,'2018-05-03 21:17:17','2018-05-03 21:17:17'),(498,289,'App\\Skill','skill:Using Multiplication to Solve Systems of Equation was created  scores: ',1,'2018-05-03 21:17:17','2018-05-03 21:17:17'),(499,290,'App\\Skill','skill:Solving Systems of Equations using the Substitution Method was created  scores: ',1,'2018-05-03 21:17:17','2018-05-03 21:17:17'),(500,291,'App\\Skill','skill:Dependent and Inconsistent Systems of Equations was created  scores: ',1,'2018-05-03 21:17:17','2018-05-03 21:17:17'),(501,292,'App\\Skill','skill:Using Equations to Solve Word Problems was created  scores: ',1,'2018-05-03 21:17:17','2018-05-03 21:17:17'),(502,293,'App\\Skill','skill:What is an Inequality was created  scores: ',1,'2018-05-03 21:17:17','2018-05-03 21:17:17'),(503,294,'App\\Skill','skill:Solving problems with inequalities was created  scores: ',1,'2018-05-03 21:17:17','2018-05-03 21:17:17'),(504,295,'App\\Skill','skill:Inequalities with Variables was created  scores: ',1,'2018-05-03 21:17:17','2018-05-03 21:17:17'),(505,296,'App\\Skill','skill:Graphing Inequalities was created  scores: ',1,'2018-05-03 21:17:17','2018-05-03 21:17:17'),(506,297,'App\\Skill','skill:Simplifying Inequalities was created  scores: ',1,'2018-05-03 21:17:17','2018-05-03 21:17:17'),(507,298,'App\\Skill','skill:Inequalities involving multiplication and division was created  scores: ',1,'2018-05-03 21:17:17','2018-05-03 21:17:17'),(508,299,'App\\Skill','skill:Using Inequalities to solve word problems was created  scores: ',1,'2018-05-03 21:17:17','2018-05-03 21:17:17'),(509,300,'App\\Skill','skill:The Cartesian Plane was created  scores: ',1,'2018-05-03 21:17:17','2018-05-03 21:17:17'),(510,301,'App\\Skill','skill:The Quadrants of a Plane was created  scores: ',1,'2018-05-03 21:17:17','2018-05-03 21:17:17'),(511,302,'App\\Skill','skill:Points in the Cartesian Plane was created  scores: ',1,'2018-05-03 21:17:17','2018-05-03 21:17:17'),(512,303,'App\\Skill','skill:Plotting Points was created  scores: ',1,'2018-05-03 21:17:17','2018-05-03 21:17:17'),(513,304,'App\\Skill','skill:Identifying the Coordinates of a Point was created  scores: ',1,'2018-05-03 21:17:17','2018-05-03 21:17:17'),(514,305,'App\\Skill','skill:Overview was created  scores: ',1,'2018-05-03 21:17:17','2018-05-03 21:17:17'),(515,306,'App\\Skill','skill:The Point-Sampling Method was created  scores: ',1,'2018-05-03 21:17:17','2018-05-03 21:17:17'),(516,307,'App\\Skill','skill:The Double-Intercept Approach was created  scores: ',1,'2018-05-03 21:17:17','2018-05-03 21:17:17'),(517,308,'App\\Skill','skill:Graphing Equations with One Variable was created  scores: ',1,'2018-05-03 21:17:17','2018-05-03 21:17:17'),(518,309,'App\\Skill','skill:What is a slope? was created  scores: ',1,'2018-05-03 21:17:17','2018-05-03 21:17:17'),(519,310,'App\\Skill','skill:The Slope Formula was created  scores: ',1,'2018-05-03 21:17:17','2018-05-03 21:17:17'),(520,311,'App\\Skill','skill:Slopes of Horizontal and Vertical Lines was created  scores: ',1,'2018-05-03 21:17:17','2018-05-03 21:17:17'),(521,312,'App\\Skill','skill:The General Form of an Equation was created  scores: ',1,'2018-05-03 21:17:17','2018-05-03 21:17:17'),(522,313,'App\\Skill','skill:The Point-Slope form of an Equation was created  scores: ',1,'2018-05-03 21:17:17','2018-05-03 21:17:17'),(523,314,'App\\Skill','skill:The Slope-Intercept form of an Equation was created  scores: ',1,'2018-05-03 21:17:17','2018-05-03 21:17:17'),(524,315,'App\\Skill','skill:Comparison of Methods for graphing linear Equations was created  scores: ',1,'2018-05-03 21:17:17','2018-05-03 21:17:17'),(525,316,'App\\Skill','skill:Graphing a system of equations was created  scores: ',1,'2018-05-03 21:17:17','2018-05-03 21:17:17'),(526,317,'App\\Skill','skill:Some practical applications for graphing was created  scores: ',1,'2018-05-03 21:17:17','2018-05-03 21:17:17'),(527,318,'App\\Skill','skill:Review of Exponents was created  scores: ',1,'2018-05-03 21:17:17','2018-05-03 21:17:17'),(528,319,'App\\Skill','skill:Positive and Negative Bases was created  scores: ',1,'2018-05-03 21:17:17','2018-05-03 21:17:17'),(529,320,'App\\Skill','skill:Powers of ten was created  scores: ',1,'2018-05-03 21:17:17','2018-05-03 21:17:17'),(530,321,'App\\Skill','skill:Variables in Exponential Expressions was created  scores: ',1,'2018-05-03 21:17:17','2018-05-03 21:17:17'),(531,322,'App\\Skill','skill:Adding and Subtracting Exponenial Expressions was created  scores: ',1,'2018-05-03 21:17:17','2018-05-03 21:17:17'),(532,323,'App\\Skill','skill:Multiplying Exponential expressions was created  scores: ',1,'2018-05-03 21:17:17','2018-05-03 21:17:17'),(533,324,'App\\Skill','skill:Dividing Exponential Expressions was created  scores: ',1,'2018-05-03 21:17:17','2018-05-03 21:17:17'),(534,325,'App\\Skill','skill:Negative Exponents in Division Problems was created  scores: ',1,'2018-05-03 21:17:17','2018-05-03 21:17:17'),(535,326,'App\\Skill','skill:Raising an Exponential Expresion to a power was created  scores: ',1,'2018-05-03 21:17:17','2018-05-03 21:17:17'),(536,327,'App\\Skill','skill:Raising a Fraction to a power was created  scores: ',1,'2018-05-03 21:17:17','2018-05-03 21:17:17'),(537,328,'App\\Skill','skill:Expressions with Negative Exponents was created  scores: ',1,'2018-05-03 21:17:17','2018-05-03 21:17:17'),(538,329,'App\\Skill','skill:Fractions with Negative Exponents was created  scores: ',1,'2018-05-03 21:17:17','2018-05-03 21:17:17'),(539,330,'App\\Skill','skill:Scientic Notation was created  scores: ',1,'2018-05-03 21:17:17','2018-05-03 21:17:17'),(540,331,'App\\Skill','skill:What is a Root? was created  scores: ',1,'2018-05-03 21:17:17','2018-05-03 21:17:17'),(541,332,'App\\Skill','skill:Cube Roots and Fourth Roots was created  scores: ',1,'2018-05-03 21:17:17','2018-05-03 21:17:17'),(542,333,'App\\Skill','skill:Radicals with Variables was created  scores: ',1,'2018-05-03 21:17:17','2018-05-03 21:17:17'),(543,334,'App\\Skill','skill:Rational and Irrational Numbers was created  scores: ',1,'2018-05-03 21:17:17','2018-05-03 21:17:17'),(544,335,'App\\Skill','skill:Simplifying Square Roots was created  scores: ',1,'2018-05-03 21:17:17','2018-05-03 21:17:17'),(545,336,'App\\Skill','skill:Simplifying Radical Expressions with Variables was created  scores: ',1,'2018-05-03 21:17:17','2018-05-03 21:17:17'),(546,337,'App\\Skill','skill:Fractional Exponents was created  scores: ',1,'2018-05-03 21:17:17','2018-05-03 21:17:17'),(547,338,'App\\Skill','skill:Adding and Subtracting Radicals was created  scores: ',1,'2018-05-03 21:17:17','2018-05-03 21:17:17'),(548,339,'App\\Skill','skill:Multiplying Radicals was created  scores: ',1,'2018-05-03 21:17:17','2018-05-03 21:17:17'),(549,340,'App\\Skill','skill:Dividing Radicals was created  scores: ',1,'2018-05-03 21:17:18','2018-05-03 21:17:18'),(550,341,'App\\Skill','skill:Simplifying Fractions Containing Radicals was created  scores: ',1,'2018-05-03 21:17:18','2018-05-03 21:17:18'),(551,342,'App\\Skill','skill:Using Square Roots to solve Equations was created  scores: ',1,'2018-05-03 21:17:18','2018-05-03 21:17:18'),(552,343,'App\\Skill','skill:Radical Equations was created  scores: ',1,'2018-05-03 21:17:18','2018-05-03 21:17:18'),(553,344,'App\\Skill','skill:Factors Introduction was created  scores: ',1,'2018-05-03 21:17:18','2018-05-03 21:17:18'),(554,345,'App\\Skill','skill:Factors and Prime Numbers was created  scores: ',1,'2018-05-03 21:17:18','2018-05-03 21:17:18'),(555,346,'App\\Skill','skill:Factoring Constants was created  scores: ',1,'2018-05-03 21:17:18','2018-05-03 21:17:18'),(556,347,'App\\Skill','skill:Common Factors was created  scores: ',1,'2018-05-03 21:17:18','2018-05-03 21:17:18'),(557,348,'App\\Skill','skill:Factoring Monomials was created  scores: ',1,'2018-05-03 21:17:18','2018-05-03 21:17:18'),(558,349,'App\\Skill','skill:Finding the Greatest Common Factor of Two Monomials was created  scores: ',1,'2018-05-03 21:17:18','2018-05-03 21:17:18'),(559,350,'App\\Skill','skill:Factoring Polynomials was created  scores: ',1,'2018-05-03 21:17:18','2018-05-03 21:17:18'),(560,351,'App\\Skill','skill:Polynomial Factors was created  scores: ',1,'2018-05-03 21:17:18','2018-05-03 21:17:18'),(561,352,'App\\Skill','skill:The Difference of two perfect squares was created  scores: ',1,'2018-05-03 21:17:18','2018-05-03 21:17:18'),(562,353,'App\\Skill','skill:Factoring Trinomials was created  scores: ',1,'2018-05-03 21:17:18','2018-05-03 21:17:18'),(563,354,'App\\Skill','skill:Perfect Square Trinomials was created  scores: ',1,'2018-05-03 21:17:18','2018-05-03 21:17:18'),(564,355,'App\\Skill','skill:Trinomials That Won\'t Factor was created  scores: ',1,'2018-05-03 21:17:18','2018-05-03 21:17:18'),(565,356,'App\\Skill','skill:What is a Quadratic Equation? was created  scores: ',1,'2018-05-03 21:17:18','2018-05-03 21:17:18'),(566,357,'App\\Skill','skill:The Zero Property was created  scores: ',1,'2018-05-03 21:17:18','2018-05-03 21:17:18'),(567,358,'App\\Skill','skill:Solving Quadratic Equations was created  scores: ',1,'2018-05-03 21:17:18','2018-05-03 21:17:18'),(568,359,'App\\Skill','skill:The Quadratic Formula was created  scores: ',1,'2018-05-03 21:17:18','2018-05-03 21:17:18'),(569,360,'App\\Skill','skill:Why Bother Factoring? was created  scores: ',1,'2018-05-03 21:17:18','2018-05-03 21:17:18'),(570,361,'App\\Skill','skill:The Discriminant was created  scores: ',1,'2018-05-03 21:17:18','2018-05-03 21:17:18'),(571,362,'App\\Skill','skill:A Review of Numeric Fractions was created  scores: ',1,'2018-05-03 21:17:18','2018-05-03 21:17:18'),(572,363,'App\\Skill','skill:Reducing or Simplifying Numeric Fractions was created  scores: ',1,'2018-05-03 21:17:18','2018-05-03 21:17:18'),(573,364,'App\\Skill','skill:The Sign of a Fraction was created  scores: ',1,'2018-05-03 21:17:18','2018-05-03 21:17:18'),(574,365,'App\\Skill','skill:Working with Algebraic Fractions was created  scores: ',1,'2018-05-03 21:17:18','2018-05-03 21:17:18'),(575,366,'App\\Skill','skill:Reducing Fractions with Monomial Terms was created  scores: ',1,'2018-05-03 21:17:18','2018-05-03 21:17:18'),(576,367,'App\\Skill','skill:Illegal Values in Monomial Fractions was created  scores: ',1,'2018-05-03 21:17:18','2018-05-03 21:17:18'),(577,368,'App\\Skill','skill:Reducing Fractions with Polynomial Terms was created  scores: ',1,'2018-05-03 21:17:18','2018-05-03 21:17:18'),(578,369,'App\\Skill','skill:Illegal Values in Polynomial Fractions was created  scores: ',1,'2018-05-03 21:17:18','2018-05-03 21:17:18'),(579,370,'App\\Skill','skill:Multiplying Numeric Fractions was created  scores: ',1,'2018-05-03 21:17:18','2018-05-03 21:17:18'),(580,371,'App\\Skill','skill:Multiplying Monomial Fractions was created  scores: ',1,'2018-05-03 21:17:18','2018-05-03 21:17:18'),(581,372,'App\\Skill','skill:Multiplying Polynomial Fractions was created  scores: ',1,'2018-05-03 21:17:18','2018-05-03 21:17:18'),(582,373,'App\\Skill','skill:Dividing Numeric Fractions was created  scores: ',1,'2018-05-03 21:17:18','2018-05-03 21:17:18'),(583,374,'App\\Skill','skill:Dividing Monomial Fractions was created  scores: ',1,'2018-05-03 21:17:18','2018-05-03 21:17:18'),(584,375,'App\\Skill','skill:Dividing Polynomial Fractions was created  scores: ',1,'2018-05-03 21:17:18','2018-05-03 21:17:18'),(585,376,'App\\Skill','skill:Finding the Lowest Common Denominator was created  scores: ',1,'2018-05-03 21:17:18','2018-05-03 21:17:18'),(586,377,'App\\Skill','skill:Equivalent Fractions was created  scores: ',1,'2018-05-03 21:17:18','2018-05-03 21:17:18'),(587,378,'App\\Skill','skill:adding and subtracting like fractions was created  scores: ',1,'2018-05-03 21:17:18','2018-05-03 21:17:18'),(588,379,'App\\Skill','skill:Adding and Subtracting Unlike Fractions was created  scores: ',1,'2018-05-03 21:17:18','2018-05-03 21:17:18'),(589,380,'App\\Skill','skill:Complex Fractions was created  scores: ',1,'2018-05-03 21:17:18','2018-05-03 21:17:18'),(590,381,'App\\Skill','skill:Isolating the Variable was created  scores: ',1,'2018-05-03 21:17:18','2018-05-03 21:17:18'),(591,382,'App\\Skill','skill:Using Cross Multiplication was created  scores: ',1,'2018-05-03 21:17:18','2018-05-03 21:17:18'),(592,383,'App\\Skill','skill:Quadratic Equations Containing Fractions was created  scores: ',1,'2018-05-03 21:17:18','2018-05-03 21:17:18'),(593,0,'App\\SkillUser','skilluser: was created  scores: ',1,'2018-05-03 21:17:20','2018-05-03 21:17:20'),(594,0,'App\\SkillUser','skilluser: was created  scores: ',1,'2018-05-03 21:17:20','2018-05-03 21:17:20'),(595,0,'App\\SkillUser','skilluser: was created  scores: ',1,'2018-05-03 21:17:20','2018-05-03 21:17:20'),(596,0,'App\\SkillUser','skilluser: was created  scores: ',1,'2018-05-03 21:17:20','2018-05-03 21:17:20'),(597,0,'App\\SkillUser','skilluser: was created  scores: ',1,'2018-05-03 21:17:20','2018-05-03 21:17:20'),(598,0,'App\\SkillUser','skilluser: was created  scores: ',1,'2018-05-03 21:17:20','2018-05-03 21:17:20'),(599,0,'App\\SkillUser','skilluser: was created  scores: ',1,'2018-05-03 21:17:20','2018-05-03 21:17:20'),(600,0,'App\\SkillUser','skilluser: was created  scores: ',1,'2018-05-03 21:17:20','2018-05-03 21:17:20'),(601,0,'App\\SkillUser','skilluser: was created  scores: ',1,'2018-05-03 21:17:20','2018-05-03 21:17:20'),(602,0,'App\\SkillUser','skilluser: was created  scores: ',1,'2018-05-03 21:17:20','2018-05-03 21:17:20'),(603,0,'App\\SkillUser','skilluser: was created  scores: ',1,'2018-05-03 21:17:20','2018-05-03 21:17:20'),(604,0,'App\\SkillUser','skilluser: was created  scores: ',1,'2018-05-03 21:17:20','2018-05-03 21:17:20'),(605,1,'App\\House','house:K-6 Maths was created  scores: ',1,'2018-05-03 21:17:20','2018-05-03 21:17:20'),(606,2,'App\\House','house:All Gifted Singapore P6 Math was created  scores: ',1,'2018-05-03 21:17:20','2018-05-03 21:17:20'),(607,3,'App\\House','house:All Gifted Singapore P5 Math was created  scores: ',1,'2018-05-03 21:17:20','2018-05-03 21:17:20'),(608,4,'App\\House','house:All Gifted Singapore P4 Math was created  scores: ',1,'2018-05-03 21:17:20','2018-05-03 21:17:20'),(609,5,'App\\House','house:All Gifted Singapore P3 Math was created  scores: ',1,'2018-05-03 21:17:20','2018-05-03 21:17:20'),(610,6,'App\\House','house:All Gifted Singapore P2 Math was created  scores: ',1,'2018-05-03 21:17:20','2018-05-03 21:17:20'),(611,7,'App\\House','house:All Gifted Singapore P1 Math was created  scores: ',1,'2018-05-03 21:17:20','2018-05-03 21:17:20'),(612,8,'App\\House','house:All Gifted Algebra 1, A study of basic operations with signed numbers, monomials, and polynomials. Also includes formulas, equations, inequalities, graphing, exponents, roots, quadratic equations, and algebraic fractions. was created  scores: ',1,'2018-05-03 21:17:20','2018-05-03 21:17:20'),(613,0,'App\\House_Track','house_track: was created  scores: ',1,'2018-05-03 21:17:20','2018-05-03 21:17:20'),(614,0,'App\\House_Track','house_track: was created  scores: ',1,'2018-05-03 21:17:21','2018-05-03 21:17:21'),(615,0,'App\\House_Track','house_track: was created  scores: ',1,'2018-05-03 21:17:21','2018-05-03 21:17:21'),(616,0,'App\\House_Track','house_track: was created  scores: ',1,'2018-05-03 21:17:21','2018-05-03 21:17:21'),(617,0,'App\\House_Track','house_track: was created  scores: ',1,'2018-05-03 21:17:21','2018-05-03 21:17:21'),(618,0,'App\\House_Track','house_track: was created  scores: ',1,'2018-05-03 21:17:21','2018-05-03 21:17:21'),(619,0,'App\\House_Track','house_track: was created  scores: ',1,'2018-05-03 21:17:21','2018-05-03 21:17:21'),(620,0,'App\\House_Track','house_track: was created  scores: ',1,'2018-05-03 21:17:21','2018-05-03 21:17:21'),(621,0,'App\\House_Track','house_track: was created  scores: ',1,'2018-05-03 21:17:21','2018-05-03 21:17:21'),(622,0,'App\\House_Track','house_track: was created  scores: ',1,'2018-05-03 21:17:21','2018-05-03 21:17:21'),(623,0,'App\\House_Track','house_track: was created  scores: ',1,'2018-05-03 21:17:21','2018-05-03 21:17:21'),(624,0,'App\\House_Track','house_track: was created  scores: ',1,'2018-05-03 21:17:21','2018-05-03 21:17:21'),(625,0,'App\\House_Track','house_track: was created  scores: ',1,'2018-05-03 21:17:21','2018-05-03 21:17:21'),(626,0,'App\\House_Track','house_track: was created  scores: ',1,'2018-05-03 21:17:21','2018-05-03 21:17:21'),(627,0,'App\\House_Track','house_track: was created  scores: ',1,'2018-05-03 21:17:21','2018-05-03 21:17:21'),(628,0,'App\\House_Track','house_track: was created  scores: ',1,'2018-05-03 21:17:21','2018-05-03 21:17:21'),(629,0,'App\\House_Track','house_track: was created  scores: ',1,'2018-05-03 21:17:21','2018-05-03 21:17:21'),(630,0,'App\\House_Track','house_track: was created  scores: ',1,'2018-05-03 21:17:21','2018-05-03 21:17:21'),(631,0,'App\\House_Track','house_track: was created  scores: ',1,'2018-05-03 21:17:21','2018-05-03 21:17:21'),(632,0,'App\\House_Track','house_track: was created  scores: ',1,'2018-05-03 21:17:21','2018-05-03 21:17:21'),(633,0,'App\\House_Track','house_track: was created  scores: ',1,'2018-05-03 21:17:21','2018-05-03 21:17:21'),(634,0,'App\\House_Track','house_track: was created  scores: ',1,'2018-05-03 21:17:21','2018-05-03 21:17:21'),(635,0,'App\\House_Track','house_track: was created  scores: ',1,'2018-05-03 21:17:21','2018-05-03 21:17:21'),(636,0,'App\\House_Track','house_track: was created  scores: ',1,'2018-05-03 21:17:21','2018-05-03 21:17:21'),(637,0,'App\\House_Track','house_track: was created  scores: ',1,'2018-05-03 21:17:21','2018-05-03 21:17:21'),(638,0,'App\\House_Track','house_track: was created  scores: ',1,'2018-05-03 21:17:21','2018-05-03 21:17:21'),(639,0,'App\\House_Track','house_track: was created  scores: ',1,'2018-05-03 21:17:21','2018-05-03 21:17:21'),(640,0,'App\\House_Track','house_track: was created  scores: ',1,'2018-05-03 21:17:21','2018-05-03 21:17:21'),(641,0,'App\\House_Track','house_track: was created  scores: ',1,'2018-05-03 21:17:21','2018-05-03 21:17:21'),(642,0,'App\\House_Track','house_track: was created  scores: ',1,'2018-05-03 21:17:21','2018-05-03 21:17:21'),(643,0,'App\\House_Track','house_track: was created  scores: ',1,'2018-05-03 21:17:21','2018-05-03 21:17:21'),(644,0,'App\\House_Track','house_track: was created  scores: ',1,'2018-05-03 21:17:21','2018-05-03 21:17:21'),(645,0,'App\\House_Track','house_track: was created  scores: ',1,'2018-05-03 21:17:21','2018-05-03 21:17:21'),(646,0,'App\\House_Track','house_track: was created  scores: ',1,'2018-05-03 21:17:21','2018-05-03 21:17:21'),(647,0,'App\\House_Track','house_track: was created  scores: ',1,'2018-05-03 21:17:21','2018-05-03 21:17:21'),(648,0,'App\\House_Track','house_track: was created  scores: ',1,'2018-05-03 21:17:21','2018-05-03 21:17:21'),(649,0,'App\\House_Track','house_track: was created  scores: ',1,'2018-05-03 21:17:21','2018-05-03 21:17:21'),(650,0,'App\\House_Track','house_track: was created  scores: ',1,'2018-05-03 21:17:21','2018-05-03 21:17:21'),(651,0,'App\\House_Track','house_track: was created  scores: ',1,'2018-05-03 21:17:21','2018-05-03 21:17:21'),(652,0,'App\\House_Track','house_track: was created  scores: ',1,'2018-05-03 21:17:21','2018-05-03 21:17:21'),(653,0,'App\\House_Track','house_track: was created  scores: ',1,'2018-05-03 21:17:21','2018-05-03 21:17:21'),(654,0,'App\\House_Track','house_track: was created  scores: ',1,'2018-05-03 21:17:21','2018-05-03 21:17:21'),(655,0,'App\\House_Track','house_track: was created  scores: ',1,'2018-05-03 21:17:21','2018-05-03 21:17:21'),(656,0,'App\\House_Track','house_track: was created  scores: ',1,'2018-05-03 21:17:21','2018-05-03 21:17:21'),(657,0,'App\\House_Track','house_track: was created  scores: ',1,'2018-05-03 21:17:21','2018-05-03 21:17:21'),(658,0,'App\\House_Track','house_track: was created  scores: ',1,'2018-05-03 21:17:21','2018-05-03 21:17:21'),(659,0,'App\\House_Track','house_track: was created  scores: ',1,'2018-05-03 21:17:21','2018-05-03 21:17:21'),(660,0,'App\\House_Track','house_track: was created  scores: ',1,'2018-05-03 21:17:21','2018-05-03 21:17:21'),(661,0,'App\\House_Track','house_track: was created  scores: ',1,'2018-05-03 21:17:21','2018-05-03 21:17:21'),(662,0,'App\\House_Track','house_track: was created  scores: ',1,'2018-05-03 21:17:21','2018-05-03 21:17:21'),(663,0,'App\\House_Track','house_track: was created  scores: ',1,'2018-05-03 21:17:21','2018-05-03 21:17:21'),(664,0,'App\\House_Track','house_track: was created  scores: ',1,'2018-05-03 21:17:21','2018-05-03 21:17:21'),(665,0,'App\\House_Track','house_track: was created  scores: ',1,'2018-05-03 21:17:21','2018-05-03 21:17:21'),(666,0,'App\\House_Track','house_track: was created  scores: ',1,'2018-05-03 21:17:21','2018-05-03 21:17:21'),(667,0,'App\\House_Track','house_track: was created  scores: ',1,'2018-05-03 21:17:21','2018-05-03 21:17:21'),(668,0,'App\\House_Track','house_track: was created  scores: ',1,'2018-05-03 21:17:21','2018-05-03 21:17:21'),(669,0,'App\\House_Track','house_track: was created  scores: ',1,'2018-05-03 21:17:21','2018-05-03 21:17:21'),(670,0,'App\\House_Track','house_track: was created  scores: ',1,'2018-05-03 21:17:21','2018-05-03 21:17:21'),(671,0,'App\\House_Track','house_track: was created  scores: ',1,'2018-05-03 21:17:21','2018-05-03 21:17:21'),(672,0,'App\\House_Track','house_track: was created  scores: ',1,'2018-05-03 21:17:21','2018-05-03 21:17:21'),(673,0,'App\\House_Track','house_track: was created  scores: ',1,'2018-05-03 21:17:21','2018-05-03 21:17:21'),(674,0,'App\\House_Track','house_track: was created  scores: ',1,'2018-05-03 21:17:21','2018-05-03 21:17:21'),(675,0,'App\\House_Track','house_track: was created  scores: ',1,'2018-05-03 21:17:21','2018-05-03 21:17:21'),(676,0,'App\\House_Track','house_track: was created  scores: ',1,'2018-05-03 21:17:21','2018-05-03 21:17:21'),(677,0,'App\\House_Track','house_track: was created  scores: ',1,'2018-05-03 21:17:21','2018-05-03 21:17:21'),(678,0,'App\\House_Track','house_track: was created  scores: ',1,'2018-05-03 21:17:21','2018-05-03 21:17:21'),(679,0,'App\\House_Track','house_track: was created  scores: ',1,'2018-05-03 21:17:21','2018-05-03 21:17:21'),(680,0,'App\\House_Track','house_track: was created  scores: ',1,'2018-05-03 21:17:21','2018-05-03 21:17:21'),(681,0,'App\\House_Track','house_track: was created  scores: ',1,'2018-05-03 21:17:21','2018-05-03 21:17:21'),(682,0,'App\\House_Track','house_track: was created  scores: ',1,'2018-05-03 21:17:21','2018-05-03 21:17:21'),(683,0,'App\\House_Track','house_track: was created  scores: ',1,'2018-05-03 21:17:21','2018-05-03 21:17:21'),(684,0,'App\\House_Track','house_track: was created  scores: ',1,'2018-05-03 21:17:21','2018-05-03 21:17:21'),(685,0,'App\\House_Track','house_track: was created  scores: ',1,'2018-05-03 21:17:21','2018-05-03 21:17:21'),(686,0,'App\\House_Track','house_track: was created  scores: ',1,'2018-05-03 21:17:21','2018-05-03 21:17:21'),(687,0,'App\\House_Track','house_track: was created  scores: ',1,'2018-05-03 21:17:21','2018-05-03 21:17:21'),(688,0,'App\\House_Track','house_track: was created  scores: ',1,'2018-05-03 21:17:21','2018-05-03 21:17:21'),(689,0,'App\\House_Track','house_track: was created  scores: ',1,'2018-05-03 21:17:21','2018-05-03 21:17:21'),(690,0,'App\\House_Track','house_track: was created  scores: ',1,'2018-05-03 21:17:21','2018-05-03 21:17:21'),(691,0,'App\\House_Track','house_track: was created  scores: ',1,'2018-05-03 21:17:21','2018-05-03 21:17:21'),(692,0,'App\\House_Track','house_track: was created  scores: ',1,'2018-05-03 21:17:21','2018-05-03 21:17:21'),(693,0,'App\\House_Track','house_track: was created  scores: ',1,'2018-05-03 21:17:21','2018-05-03 21:17:21'),(694,0,'App\\House_Track','house_track: was created  scores: ',1,'2018-05-03 21:17:21','2018-05-03 21:17:21'),(695,0,'App\\House_Track','house_track: was created  scores: ',1,'2018-05-03 21:17:21','2018-05-03 21:17:21'),(696,0,'App\\House_Track','house_track: was created  scores: ',1,'2018-05-03 21:17:21','2018-05-03 21:17:21'),(697,0,'App\\House_Track','house_track: was created  scores: ',1,'2018-05-03 21:17:21','2018-05-03 21:17:21'),(698,0,'App\\House_Track','house_track: was created  scores: ',1,'2018-05-03 21:17:21','2018-05-03 21:17:21'),(699,0,'App\\House_Track','house_track: was created  scores: ',1,'2018-05-03 21:17:21','2018-05-03 21:17:21'),(700,0,'App\\House_Track','house_track: was created  scores: ',1,'2018-05-03 21:17:21','2018-05-03 21:17:21'),(701,0,'App\\House_Track','house_track: was created  scores: ',1,'2018-05-03 21:17:21','2018-05-03 21:17:21'),(702,0,'App\\House_Track','house_track: was created  scores: ',1,'2018-05-03 21:17:21','2018-05-03 21:17:21'),(703,0,'App\\House_Track','house_track: was created  scores: ',1,'2018-05-03 21:17:21','2018-05-03 21:17:21'),(704,0,'App\\House_Track','house_track: was created  scores: ',1,'2018-05-03 21:17:21','2018-05-03 21:17:21'),(705,0,'App\\House_Track','house_track: was created  scores: ',1,'2018-05-03 21:17:21','2018-05-03 21:17:21'),(706,0,'App\\House_Track','house_track: was created  scores: ',1,'2018-05-03 21:17:21','2018-05-03 21:17:21'),(707,0,'App\\House_Track','house_track: was created  scores: ',1,'2018-05-03 21:17:21','2018-05-03 21:17:21'),(708,0,'App\\House_Track','house_track: was created  scores: ',1,'2018-05-03 21:17:21','2018-05-03 21:17:21'),(709,0,'App\\House_Track','house_track: was created  scores: ',1,'2018-05-03 21:17:21','2018-05-03 21:17:21'),(710,0,'App\\House_Track','house_track: was created  scores: ',1,'2018-05-03 21:17:21','2018-05-03 21:17:21'),(711,0,'App\\House_Track','house_track: was created  scores: ',1,'2018-05-03 21:17:21','2018-05-03 21:17:21'),(712,0,'App\\House_Track','house_track: was created  scores: ',1,'2018-05-03 21:17:21','2018-05-03 21:17:21'),(713,0,'App\\House_Track','house_track: was created  scores: ',1,'2018-05-03 21:17:21','2018-05-03 21:17:21'),(714,0,'App\\House_Track','house_track: was created  scores: ',1,'2018-05-03 21:17:21','2018-05-03 21:17:21'),(715,0,'App\\House_Track','house_track: was created  scores: ',1,'2018-05-03 21:17:22','2018-05-03 21:17:22'),(716,0,'App\\House_Track','house_track: was created  scores: ',1,'2018-05-03 21:17:22','2018-05-03 21:17:22'),(717,0,'App\\House_Track','house_track: was created  scores: ',1,'2018-05-03 21:17:22','2018-05-03 21:17:22'),(718,0,'App\\House_Track','house_track: was created  scores: ',1,'2018-05-03 21:17:22','2018-05-03 21:17:22'),(719,0,'App\\House_Track','house_track: was created  scores: ',1,'2018-05-03 21:17:22','2018-05-03 21:17:22'),(720,0,'App\\House_Track','house_track: was created  scores: ',1,'2018-05-03 21:17:22','2018-05-03 21:17:22'),(721,0,'App\\House_Track','house_track: was created  scores: ',1,'2018-05-03 21:17:22','2018-05-03 21:17:22'),(722,0,'App\\House_Track','house_track: was created  scores: ',1,'2018-05-03 21:17:22','2018-05-03 21:17:22'),(723,0,'App\\House_Track','house_track: was created  scores: ',1,'2018-05-03 21:17:22','2018-05-03 21:17:22'),(724,0,'App\\House_Track','house_track: was created  scores: ',1,'2018-05-03 21:17:22','2018-05-03 21:17:22'),(725,0,'App\\House_Track','house_track: was created  scores: ',1,'2018-05-03 21:17:22','2018-05-03 21:17:22'),(726,0,'App\\House_Track','house_track: was created  scores: ',1,'2018-05-03 21:17:22','2018-05-03 21:17:22'),(727,0,'App\\House_Track','house_track: was created  scores: ',1,'2018-05-03 21:17:22','2018-05-03 21:17:22'),(728,0,'App\\House_Track','house_track: was created  scores: ',1,'2018-05-03 21:17:22','2018-05-03 21:17:22'),(729,0,'App\\House_Track','house_track: was created  scores: ',1,'2018-05-03 21:17:22','2018-05-03 21:17:22'),(730,0,'App\\House_Track','house_track: was created  scores: ',1,'2018-05-03 21:17:22','2018-05-03 21:17:22'),(731,0,'App\\House_Track','house_track: was created  scores: ',1,'2018-05-03 21:17:22','2018-05-03 21:17:22'),(732,0,'App\\House_Track','house_track: was created  scores: ',1,'2018-05-03 21:17:22','2018-05-03 21:17:22'),(733,0,'App\\House_Track','house_track: was created  scores: ',1,'2018-05-03 21:17:22','2018-05-03 21:17:22'),(734,0,'App\\House_Track','house_track: was created  scores: ',1,'2018-05-03 21:17:22','2018-05-03 21:17:22'),(735,0,'App\\House_Track','house_track: was created  scores: ',1,'2018-05-03 21:17:22','2018-05-03 21:17:22'),(736,0,'App\\House_Track','house_track: was created  scores: ',1,'2018-05-03 21:17:22','2018-05-03 21:17:22'),(737,0,'App\\House_Track','house_track: was created  scores: ',1,'2018-05-03 21:17:22','2018-05-03 21:17:22'),(738,0,'App\\House_Track','house_track: was created  scores: ',1,'2018-05-03 21:17:22','2018-05-03 21:17:22'),(739,0,'App\\House_Track','house_track: was created  scores: ',1,'2018-05-03 21:17:22','2018-05-03 21:17:22'),(740,0,'App\\House_Track','house_track: was created  scores: ',1,'2018-05-03 21:17:22','2018-05-03 21:17:22'),(741,0,'App\\House_Track','house_track: was created  scores: ',1,'2018-05-03 21:17:22','2018-05-03 21:17:22'),(742,0,'App\\House_Track','house_track: was created  scores: ',1,'2018-05-03 21:17:22','2018-05-03 21:17:22'),(743,0,'App\\House_Track','house_track: was created  scores: ',1,'2018-05-03 21:17:22','2018-05-03 21:17:22'),(744,0,'App\\House_Track','house_track: was created  scores: ',1,'2018-05-03 21:17:22','2018-05-03 21:17:22'),(745,0,'App\\House_Track','house_track: was created  scores: ',1,'2018-05-03 21:17:22','2018-05-03 21:17:22'),(746,0,'App\\House_Track','house_track: was created  scores: ',1,'2018-05-03 21:17:22','2018-05-03 21:17:22'),(747,0,'App\\House_Track','house_track: was created  scores: ',1,'2018-05-03 21:17:22','2018-05-03 21:17:22'),(748,0,'App\\House_Track','house_track: was created  scores: ',1,'2018-05-03 21:17:22','2018-05-03 21:17:22'),(749,0,'App\\House_Track','house_track: was created  scores: ',1,'2018-05-03 21:17:22','2018-05-03 21:17:22'),(750,0,'App\\House_Track','house_track: was created  scores: ',1,'2018-05-03 21:17:22','2018-05-03 21:17:22'),(751,0,'App\\House_Track','house_track: was created  scores: ',1,'2018-05-03 21:17:22','2018-05-03 21:17:22'),(752,0,'App\\House_Track','house_track: was created  scores: ',1,'2018-05-03 21:17:22','2018-05-03 21:17:22'),(753,0,'App\\House_Track','house_track: was created  scores: ',1,'2018-05-03 21:17:22','2018-05-03 21:17:22'),(754,0,'App\\House_Track','house_track: was created  scores: ',1,'2018-05-03 21:17:22','2018-05-03 21:17:22'),(755,0,'App\\House_Track','house_track: was created  scores: ',1,'2018-05-03 21:17:22','2018-05-03 21:17:22'),(756,0,'App\\House_Track','house_track: was created  scores: ',1,'2018-05-03 21:17:22','2018-05-03 21:17:22'),(757,0,'App\\House_Track','house_track: was created  scores: ',1,'2018-05-03 21:17:22','2018-05-03 21:17:22'),(758,0,'App\\House_Track','house_track: was created  scores: ',1,'2018-05-03 21:17:22','2018-05-03 21:17:22'),(759,0,'App\\House_Track','house_track: was created  scores: ',1,'2018-05-03 21:17:22','2018-05-03 21:17:22'),(760,0,'App\\House_Track','house_track: was created  scores: ',1,'2018-05-03 21:17:22','2018-05-03 21:17:22'),(761,0,'App\\House_Track','house_track: was created  scores: ',1,'2018-05-03 21:17:22','2018-05-03 21:17:22'),(762,0,'App\\House_Track','house_track: was created  scores: ',1,'2018-05-03 21:17:22','2018-05-03 21:17:22'),(763,0,'App\\House_Track','house_track: was created  scores: ',1,'2018-05-03 21:17:22','2018-05-03 21:17:22'),(764,0,'App\\House_Track','house_track: was created  scores: ',1,'2018-05-03 21:17:22','2018-05-03 21:17:22'),(765,0,'App\\House_Track','house_track: was created  scores: ',1,'2018-05-03 21:17:22','2018-05-03 21:17:22'),(766,0,'App\\House_Track','house_track: was created  scores: ',1,'2018-05-03 21:17:22','2018-05-03 21:17:22'),(767,0,'App\\House_Track','house_track: was created  scores: ',1,'2018-05-03 21:17:22','2018-05-03 21:17:22'),(768,0,'App\\House_Track','house_track: was created  scores: ',1,'2018-05-03 21:17:22','2018-05-03 21:17:22'),(769,0,'App\\House_Track','house_track: was created  scores: ',1,'2018-05-03 21:17:22','2018-05-03 21:17:22'),(770,0,'App\\House_Track','house_track: was created  scores: ',1,'2018-05-03 21:17:22','2018-05-03 21:17:22'),(771,0,'App\\House_Track','house_track: was created  scores: ',1,'2018-05-03 21:17:22','2018-05-03 21:17:22'),(772,0,'App\\House_Track','house_track: was created  scores: ',1,'2018-05-03 21:17:22','2018-05-03 21:17:22'),(773,0,'App\\House_Track','house_track: was created  scores: ',1,'2018-05-03 21:17:22','2018-05-03 21:17:22'),(774,0,'App\\House_Track','house_track: was created  scores: ',1,'2018-05-03 21:17:22','2018-05-03 21:17:22'),(775,0,'App\\House_Track','house_track: was created  scores: ',1,'2018-05-03 21:17:22','2018-05-03 21:17:22'),(776,0,'App\\House_Track','house_track: was created  scores: ',1,'2018-05-03 21:17:22','2018-05-03 21:17:22'),(777,0,'App\\House_Track','house_track: was created  scores: ',1,'2018-05-03 21:17:22','2018-05-03 21:17:22'),(778,0,'App\\House_Track','house_track: was created  scores: ',1,'2018-05-03 21:17:22','2018-05-03 21:17:22'),(779,0,'App\\House_Track','house_track: was created  scores: ',1,'2018-05-03 21:17:22','2018-05-03 21:17:22'),(780,0,'App\\House_Track','house_track: was created  scores: ',1,'2018-05-03 21:17:22','2018-05-03 21:17:22'),(781,0,'App\\House_Track','house_track: was created  scores: ',1,'2018-05-03 21:17:22','2018-05-03 21:17:22'),(782,0,'App\\House_Track','house_track: was created  scores: ',1,'2018-05-03 21:17:22','2018-05-03 21:17:22'),(783,0,'App\\House_Track','house_track: was created  scores: ',1,'2018-05-03 21:17:22','2018-05-03 21:17:22'),(784,0,'App\\House_Track','house_track: was created  scores: ',1,'2018-05-03 21:17:22','2018-05-03 21:17:22'),(785,0,'App\\House_Track','house_track: was created  scores: ',1,'2018-05-03 21:17:22','2018-05-03 21:17:22'),(786,1,'App\\Enrolment','enrolment: was created  scores: ',1,'2018-05-03 21:17:22','2018-05-03 21:17:22'),(787,2,'App\\Enrolment','enrolment: was created  scores: ',1,'2018-05-03 21:17:22','2018-05-03 21:17:22'),(788,3,'App\\Enrolment','enrolment: was created  scores: ',1,'2018-05-03 21:17:22','2018-05-03 21:17:22'),(789,4,'App\\Enrolment','enrolment: was created  scores: ',1,'2018-05-03 21:17:22','2018-05-03 21:17:22'),(790,5,'App\\Enrolment','enrolment: was created  scores: ',1,'2018-05-03 21:17:22','2018-05-03 21:17:22'),(791,6,'App\\Enrolment','enrolment: was created  scores: ',1,'2018-05-03 21:17:22','2018-05-03 21:17:22'),(792,7,'App\\Enrolment','enrolment: was created  scores: ',1,'2018-05-03 21:17:22','2018-05-03 21:17:22'),(793,8,'App\\Enrolment','enrolment: was created  scores: ',1,'2018-05-03 21:17:22','2018-05-03 21:17:22'),(794,9,'App\\Enrolment','enrolment: was created  scores: ',1,'2018-05-03 21:17:22','2018-05-03 21:17:22'),(795,10,'App\\Enrolment','enrolment: was created  scores: ',1,'2018-05-03 21:17:22','2018-05-03 21:17:22'),(796,11,'App\\Enrolment','enrolment: was created  scores: ',1,'2018-05-03 21:17:22','2018-05-03 21:17:22'),(797,12,'App\\Enrolment','enrolment: was created  scores: ',1,'2018-05-03 21:17:22','2018-05-03 21:17:22'),(798,13,'App\\Enrolment','enrolment: was created  scores: ',1,'2018-05-03 21:17:22','2018-05-03 21:17:22'),(799,14,'App\\Enrolment','enrolment: was created  scores: ',1,'2018-05-03 21:17:22','2018-05-03 21:17:22'),(800,15,'App\\Enrolment','enrolment: was created  scores: ',1,'2018-05-03 21:17:22','2018-05-03 21:17:22'),(801,16,'App\\Enrolment','enrolment: was created  scores: ',1,'2018-05-03 21:17:22','2018-05-03 21:17:22'),(802,17,'App\\Enrolment','enrolment: was created  scores: ',1,'2018-05-03 21:17:22','2018-05-03 21:17:22'),(803,18,'App\\Enrolment','enrolment: was created  scores: ',1,'2018-05-03 21:17:22','2018-05-03 21:17:22'),(804,19,'App\\Enrolment','enrolment: was created  scores: ',1,'2018-05-03 21:17:22','2018-05-03 21:17:22'),(805,20,'App\\Enrolment','enrolment: was created  scores: ',1,'2018-05-03 21:17:23','2018-05-03 21:17:23'),(806,21,'App\\Enrolment','enrolment: was created  scores: ',1,'2018-05-03 21:17:23','2018-05-03 21:17:23'),(807,22,'App\\Enrolment','enrolment: was created  scores: ',1,'2018-05-03 21:17:23','2018-05-03 21:17:23'),(808,23,'App\\Enrolment','enrolment: was created  scores: ',1,'2018-05-03 21:17:23','2018-05-03 21:17:23'),(809,24,'App\\Enrolment','enrolment: was created  scores: ',1,'2018-05-03 21:17:23','2018-05-03 21:17:23'),(810,0,'App\\Permission_Role','permission_role: was created  scores: ',1,'2018-05-03 21:17:23','2018-05-03 21:17:23'),(811,0,'App\\Permission_Role','permission_role: was created  scores: ',1,'2018-05-03 21:17:23','2018-05-03 21:17:23'),(812,0,'App\\Permission_Role','permission_role: was created  scores: ',1,'2018-05-03 21:17:23','2018-05-03 21:17:23'),(813,0,'App\\Permission_Role','permission_role: was created  scores: ',1,'2018-05-03 21:17:23','2018-05-03 21:17:23'),(814,0,'App\\Permission_Role','permission_role: was created  scores: ',1,'2018-05-03 21:17:23','2018-05-03 21:17:23'),(815,0,'App\\Permission_Role','permission_role: was created  scores: ',1,'2018-05-03 21:17:23','2018-05-03 21:17:23'),(816,0,'App\\Permission_Role','permission_role: was created  scores: ',1,'2018-05-03 21:17:23','2018-05-03 21:17:23'),(817,0,'App\\Permission_Role','permission_role: was created  scores: ',1,'2018-05-03 21:17:23','2018-05-03 21:17:23'),(818,0,'App\\Permission_Role','permission_role: was created  scores: ',1,'2018-05-03 21:17:23','2018-05-03 21:17:23'),(819,0,'App\\Permission_Role','permission_role: was created  scores: ',1,'2018-05-03 21:17:23','2018-05-03 21:17:23'),(820,0,'App\\Permission_Role','permission_role: was created  scores: ',1,'2018-05-03 21:17:23','2018-05-03 21:17:23'),(821,0,'App\\Permission_Role','permission_role: was created  scores: ',1,'2018-05-03 21:17:23','2018-05-03 21:17:23'),(822,0,'App\\Permission_Role','permission_role: was created  scores: ',1,'2018-05-03 21:17:23','2018-05-03 21:17:23'),(823,0,'App\\Permission_Role','permission_role: was created  scores: ',1,'2018-05-03 21:17:23','2018-05-03 21:17:23'),(824,0,'App\\Permission_Role','permission_role: was created  scores: ',1,'2018-05-03 21:17:23','2018-05-03 21:17:23'),(825,0,'App\\Permission_Role','permission_role: was created  scores: ',1,'2018-05-03 21:17:23','2018-05-03 21:17:23'),(826,0,'App\\Permission_Role','permission_role: was created  scores: ',1,'2018-05-03 21:17:23','2018-05-03 21:17:23'),(827,0,'App\\Permission_Role','permission_role: was created  scores: ',1,'2018-05-03 21:17:23','2018-05-03 21:17:23'),(828,0,'App\\Permission_Role','permission_role: was created  scores: ',1,'2018-05-03 21:17:23','2018-05-03 21:17:23'),(829,0,'App\\Permission_Role','permission_role: was created  scores: ',1,'2018-05-03 21:17:23','2018-05-03 21:17:23'),(830,0,'App\\Permission_Role','permission_role: was created  scores: ',1,'2018-05-03 21:17:23','2018-05-03 21:17:23'),(831,0,'App\\Permission_Role','permission_role: was created  scores: ',1,'2018-05-03 21:17:23','2018-05-03 21:17:23'),(832,0,'App\\Permission_Role','permission_role: was created  scores: ',1,'2018-05-03 21:17:23','2018-05-03 21:17:23'),(833,0,'App\\Permission_Role','permission_role: was created  scores: ',1,'2018-05-03 21:17:23','2018-05-03 21:17:23'),(834,0,'App\\Permission_Role','permission_role: was created  scores: ',1,'2018-05-03 21:17:23','2018-05-03 21:17:23'),(835,0,'App\\Permission_Role','permission_role: was created  scores: ',1,'2018-05-03 21:17:23','2018-05-03 21:17:23'),(836,0,'App\\Permission_Role','permission_role: was created  scores: ',1,'2018-05-03 21:17:23','2018-05-03 21:17:23'),(837,0,'App\\Permission_Role','permission_role: was created  scores: ',1,'2018-05-03 21:17:23','2018-05-03 21:17:23'),(838,0,'App\\Permission_Role','permission_role: was created  scores: ',1,'2018-05-03 21:17:23','2018-05-03 21:17:23'),(839,0,'App\\Permission_Role','permission_role: was created  scores: ',1,'2018-05-03 21:17:23','2018-05-03 21:17:23'),(840,0,'App\\Permission_Role','permission_role: was created  scores: ',1,'2018-05-03 21:17:23','2018-05-03 21:17:23'),(841,0,'App\\Permission_Role','permission_role: was created  scores: ',1,'2018-05-03 21:17:23','2018-05-03 21:17:23'),(842,0,'App\\Permission_Role','permission_role: was created  scores: ',1,'2018-05-03 21:17:23','2018-05-03 21:17:23'),(843,0,'App\\Permission_Role','permission_role: was created  scores: ',1,'2018-05-03 21:17:23','2018-05-03 21:17:23'),(844,0,'App\\Permission_Role','permission_role: was created  scores: ',1,'2018-05-03 21:17:23','2018-05-03 21:17:23'),(845,0,'App\\Permission_Role','permission_role: was created  scores: ',1,'2018-05-03 21:17:23','2018-05-03 21:17:23'),(846,0,'App\\Permission_Role','permission_role: was created  scores: ',1,'2018-05-03 21:17:23','2018-05-03 21:17:23'),(847,0,'App\\Permission_Role','permission_role: was created  scores: ',1,'2018-05-03 21:17:23','2018-05-03 21:17:23'),(848,0,'App\\Permission_Role','permission_role: was created  scores: ',1,'2018-05-03 21:17:23','2018-05-03 21:17:23'),(849,0,'App\\Permission_Role','permission_role: was created  scores: ',1,'2018-05-03 21:17:23','2018-05-03 21:17:23'),(850,0,'App\\Permission_Role','permission_role: was created  scores: ',1,'2018-05-03 21:17:23','2018-05-03 21:17:23'),(851,0,'App\\Permission_Role','permission_role: was created  scores: ',1,'2018-05-03 21:17:23','2018-05-03 21:17:23'),(852,0,'App\\Permission_Role','permission_role: was created  scores: ',1,'2018-05-03 21:17:23','2018-05-03 21:17:23'),(853,0,'App\\Permission_Role','permission_role: was created  scores: ',1,'2018-05-03 21:17:23','2018-05-03 21:17:23'),(854,0,'App\\Permission_Role','permission_role: was created  scores: ',1,'2018-05-03 21:17:23','2018-05-03 21:17:23'),(855,0,'App\\Permission_Role','permission_role: was created  scores: ',1,'2018-05-03 21:17:23','2018-05-03 21:17:23'),(856,0,'App\\Permission_Role','permission_role: was created  scores: ',1,'2018-05-03 21:17:23','2018-05-03 21:17:23'),(857,0,'App\\Permission_Role','permission_role: was created  scores: ',1,'2018-05-03 21:17:23','2018-05-03 21:17:23'),(858,0,'App\\Permission_Role','permission_role: was created  scores: ',1,'2018-05-03 21:17:23','2018-05-03 21:17:23'),(859,0,'App\\Permission_Role','permission_role: was created  scores: ',1,'2018-05-03 21:17:23','2018-05-03 21:17:23'),(860,0,'App\\Permission_Role','permission_role: was created  scores: ',1,'2018-05-03 21:17:23','2018-05-03 21:17:23'),(861,0,'App\\Permission_Role','permission_role: was created  scores: ',1,'2018-05-03 21:17:23','2018-05-03 21:17:23'),(862,0,'App\\Permission_Role','permission_role: was created  scores: ',1,'2018-05-03 21:17:23','2018-05-03 21:17:23'),(863,0,'App\\Permission_Role','permission_role: was created  scores: ',1,'2018-05-03 21:17:23','2018-05-03 21:17:23'),(864,0,'App\\Permission_Role','permission_role: was created  scores: ',1,'2018-05-03 21:17:23','2018-05-03 21:17:23'),(865,0,'App\\Permission_Role','permission_role: was created  scores: ',1,'2018-05-03 21:17:23','2018-05-03 21:17:23'),(866,0,'App\\Permission_Role','permission_role: was created  scores: ',1,'2018-05-03 21:17:23','2018-05-03 21:17:23'),(867,0,'App\\Permission_Role','permission_role: was created  scores: ',1,'2018-05-03 21:17:23','2018-05-03 21:17:23'),(868,0,'App\\Permission_Role','permission_role: was created  scores: ',1,'2018-05-03 21:17:23','2018-05-03 21:17:23'),(869,0,'App\\Permission_Role','permission_role: was created  scores: ',1,'2018-05-03 21:17:23','2018-05-03 21:17:23'),(870,0,'App\\Permission_Role','permission_role: was created  scores: ',1,'2018-05-03 21:17:23','2018-05-03 21:17:23'),(871,0,'App\\Permission_Role','permission_role: was created  scores: ',1,'2018-05-03 21:17:23','2018-05-03 21:17:23'),(872,0,'App\\Permission_Role','permission_role: was created  scores: ',1,'2018-05-03 21:17:23','2018-05-03 21:17:23'),(873,0,'App\\Permission_Role','permission_role: was created  scores: ',1,'2018-05-03 21:17:23','2018-05-03 21:17:23'),(874,0,'App\\Permission_Role','permission_role: was created  scores: ',1,'2018-05-03 21:17:23','2018-05-03 21:17:23'),(875,0,'App\\Permission_Role','permission_role: was created  scores: ',1,'2018-05-03 21:17:23','2018-05-03 21:17:23'),(876,0,'App\\Permission_Role','permission_role: was created  scores: ',1,'2018-05-03 21:17:23','2018-05-03 21:17:23'),(877,0,'App\\Permission_Role','permission_role: was created  scores: ',1,'2018-05-03 21:17:23','2018-05-03 21:17:23'),(878,0,'App\\Permission_Role','permission_role: was created  scores: ',1,'2018-05-03 21:17:23','2018-05-03 21:17:23'),(879,0,'App\\Permission_Role','permission_role: was created  scores: ',1,'2018-05-03 21:17:23','2018-05-03 21:17:23'),(880,0,'App\\Permission_Role','permission_role: was created  scores: ',1,'2018-05-03 21:17:23','2018-05-03 21:17:23'),(881,0,'App\\Permission_Role','permission_role: was created  scores: ',1,'2018-05-03 21:17:23','2018-05-03 21:17:23'),(882,0,'App\\Permission_Role','permission_role: was created  scores: ',1,'2018-05-03 21:17:23','2018-05-03 21:17:23'),(883,0,'App\\Permission_Role','permission_role: was created  scores: ',1,'2018-05-03 21:17:23','2018-05-03 21:17:23'),(884,0,'App\\Permission_Role','permission_role: was created  scores: ',1,'2018-05-03 21:17:23','2018-05-03 21:17:23'),(885,0,'App\\Permission_Role','permission_role: was created  scores: ',1,'2018-05-03 21:17:23','2018-05-03 21:17:23'),(886,0,'App\\Permission_Role','permission_role: was created  scores: ',1,'2018-05-03 21:17:23','2018-05-03 21:17:23'),(887,0,'App\\Permission_Role','permission_role: was created  scores: ',1,'2018-05-03 21:17:23','2018-05-03 21:17:23'),(888,0,'App\\Permission_Role','permission_role: was created  scores: ',1,'2018-05-03 21:17:23','2018-05-03 21:17:23'),(889,1,'App\\Question','question: was created  scores: ',1,'2018-05-03 21:17:24','2018-05-03 21:17:24'),(890,2,'App\\Question','question: was created  scores: ',1,'2018-05-03 21:17:24','2018-05-03 21:17:24'),(891,3,'App\\Question','question: was created  scores: ',1,'2018-05-03 21:17:24','2018-05-03 21:17:24'),(892,4,'App\\Question','question: was created  scores: ',1,'2018-05-03 21:17:24','2018-05-03 21:17:24'),(893,5,'App\\Question','question: was created  scores: ',1,'2018-05-03 21:17:24','2018-05-03 21:17:24'),(894,6,'App\\Question','question: was created  scores: ',1,'2018-05-03 21:17:24','2018-05-03 21:17:24'),(895,7,'App\\Question','question: was created  scores: ',1,'2018-05-03 21:17:24','2018-05-03 21:17:24'),(896,8,'App\\Question','question: was created  scores: ',1,'2018-05-03 21:17:24','2018-05-03 21:17:24'),(897,9,'App\\Question','question: was created  scores: ',1,'2018-05-03 21:17:24','2018-05-03 21:17:24'),(898,10,'App\\Question','question: was created  scores: ',1,'2018-05-03 21:17:24','2018-05-03 21:17:24'),(899,11,'App\\Question','question: was created  scores: ',1,'2018-05-03 21:17:24','2018-05-03 21:17:24'),(900,12,'App\\Question','question: was created  scores: ',1,'2018-05-03 21:17:24','2018-05-03 21:17:24'),(901,13,'App\\Question','question: was created  scores: ',1,'2018-05-03 21:17:24','2018-05-03 21:17:24'),(902,14,'App\\Question','question: was created  scores: ',1,'2018-05-03 21:17:24','2018-05-03 21:17:24'),(903,15,'App\\Question','question: was created  scores: ',1,'2018-05-03 21:17:24','2018-05-03 21:17:24'),(904,16,'App\\Question','question: was created  scores: ',1,'2018-05-03 21:17:24','2018-05-03 21:17:24'),(905,17,'App\\Question','question: was created  scores: ',1,'2018-05-03 21:17:24','2018-05-03 21:17:24'),(906,18,'App\\Question','question: was created  scores: ',1,'2018-05-03 21:17:24','2018-05-03 21:17:24'),(907,19,'App\\Question','question: was created  scores: ',1,'2018-05-03 21:17:24','2018-05-03 21:17:24'),(908,20,'App\\Question','question: was created  scores: ',1,'2018-05-03 21:17:24','2018-05-03 21:17:24'),(909,21,'App\\Question','question: was created  scores: ',1,'2018-05-03 21:17:24','2018-05-03 21:17:24'),(910,22,'App\\Question','question: was created  scores: ',1,'2018-05-03 21:17:24','2018-05-03 21:17:24'),(911,23,'App\\Question','question: was created  scores: ',1,'2018-05-03 21:17:24','2018-05-03 21:17:24'),(912,24,'App\\Question','question: was created  scores: ',1,'2018-05-03 21:17:24','2018-05-03 21:17:24'),(913,25,'App\\Question','question: was created  scores: ',1,'2018-05-03 21:17:24','2018-05-03 21:17:24'),(914,26,'App\\Question','question: was created  scores: ',1,'2018-05-03 21:17:24','2018-05-03 21:17:24'),(915,27,'App\\Question','question: was created  scores: ',1,'2018-05-03 21:17:24','2018-05-03 21:17:24'),(916,28,'App\\Question','question: was created  scores: ',1,'2018-05-03 21:17:24','2018-05-03 21:17:24'),(917,29,'App\\Question','question: was created  scores: ',1,'2018-05-03 21:17:24','2018-05-03 21:17:24'),(918,30,'App\\Question','question: was created  scores: ',1,'2018-05-03 21:17:24','2018-05-03 21:17:24'),(919,31,'App\\Question','question: was created  scores: ',1,'2018-05-03 21:17:24','2018-05-03 21:17:24'),(920,32,'App\\Question','question: was created  scores: ',1,'2018-05-03 21:17:24','2018-05-03 21:17:24'),(921,33,'App\\Question','question: was created  scores: ',1,'2018-05-03 21:17:24','2018-05-03 21:17:24'),(922,34,'App\\Question','question: was created  scores: ',1,'2018-05-03 21:17:25','2018-05-03 21:17:25'),(923,35,'App\\Question','question: was created  scores: ',1,'2018-05-03 21:17:25','2018-05-03 21:17:25'),(924,36,'App\\Question','question: was created  scores: ',1,'2018-05-03 21:17:25','2018-05-03 21:17:25'),(925,37,'App\\Question','question: was created  scores: ',1,'2018-05-03 21:17:25','2018-05-03 21:17:25'),(926,38,'App\\Question','question: was created  scores: ',1,'2018-05-03 21:17:25','2018-05-03 21:17:25'),(927,39,'App\\Question','question: was created  scores: ',1,'2018-05-03 21:17:25','2018-05-03 21:17:25'),(928,40,'App\\Question','question: was created  scores: ',1,'2018-05-03 21:17:25','2018-05-03 21:17:25'),(929,41,'App\\Question','question: was created  scores: ',1,'2018-05-03 21:17:25','2018-05-03 21:17:25'),(930,42,'App\\Question','question: was created  scores: ',1,'2018-05-03 21:17:25','2018-05-03 21:17:25'),(931,43,'App\\Question','question: was created  scores: ',1,'2018-05-03 21:17:25','2018-05-03 21:17:25'),(932,44,'App\\Question','question: was created  scores: ',1,'2018-05-03 21:17:25','2018-05-03 21:17:25'),(933,45,'App\\Question','question: was created  scores: ',1,'2018-05-03 21:17:25','2018-05-03 21:17:25'),(934,46,'App\\Question','question: was created  scores: ',1,'2018-05-03 21:17:25','2018-05-03 21:17:25'),(935,47,'App\\Question','question: was created  scores: ',1,'2018-05-03 21:17:25','2018-05-03 21:17:25'),(936,48,'App\\Question','question: was created  scores: ',1,'2018-05-03 21:17:25','2018-05-03 21:17:25'),(937,49,'App\\Question','question: was created  scores: ',1,'2018-05-03 21:17:25','2018-05-03 21:17:25'),(938,50,'App\\Question','question: was created  scores: ',1,'2018-05-03 21:17:25','2018-05-03 21:17:25'),(939,51,'App\\Question','question: was created  scores: ',1,'2018-05-03 21:17:25','2018-05-03 21:17:25'),(940,52,'App\\Question','question: was created  scores: ',1,'2018-05-03 21:17:25','2018-05-03 21:17:25'),(941,53,'App\\Question','question: was created  scores: ',1,'2018-05-03 21:17:25','2018-05-03 21:17:25'),(942,54,'App\\Question','question: was created  scores: ',1,'2018-05-03 21:17:25','2018-05-03 21:17:25'),(943,55,'App\\Question','question: was created  scores: ',1,'2018-05-03 21:17:25','2018-05-03 21:17:25'),(944,56,'App\\Question','question: was created  scores: ',1,'2018-05-03 21:17:25','2018-05-03 21:17:25'),(945,57,'App\\Question','question: was created  scores: ',1,'2018-05-03 21:17:25','2018-05-03 21:17:25'),(946,58,'App\\Question','question: was created  scores: ',1,'2018-05-03 21:17:25','2018-05-03 21:17:25'),(947,59,'App\\Question','question: was created  scores: ',1,'2018-05-03 21:17:25','2018-05-03 21:17:25'),(948,60,'App\\Question','question: was created  scores: ',1,'2018-05-03 21:17:25','2018-05-03 21:17:25'),(949,61,'App\\Question','question: was created  scores: ',1,'2018-05-03 21:17:25','2018-05-03 21:17:25'),(950,62,'App\\Question','question: was created  scores: ',1,'2018-05-03 21:17:25','2018-05-03 21:17:25'),(951,63,'App\\Question','question: was created  scores: ',1,'2018-05-03 21:17:25','2018-05-03 21:17:25'),(952,64,'App\\Question','question: was created  scores: ',1,'2018-05-03 21:17:25','2018-05-03 21:17:25'),(953,65,'App\\Question','question: was created  scores: ',1,'2018-05-03 21:17:25','2018-05-03 21:17:25'),(954,66,'App\\Question','question: was created  scores: ',1,'2018-05-03 21:17:25','2018-05-03 21:17:25'),(955,67,'App\\Question','question: was created  scores: ',1,'2018-05-03 21:17:25','2018-05-03 21:17:25'),(956,68,'App\\Question','question: was created  scores: ',1,'2018-05-03 21:17:25','2018-05-03 21:17:25'),(957,69,'App\\Question','question: was created  scores: ',1,'2018-05-03 21:17:25','2018-05-03 21:17:25'),(958,70,'App\\Question','question: was created  scores: ',1,'2018-05-03 21:17:25','2018-05-03 21:17:25'),(959,71,'App\\Question','question: was created  scores: ',1,'2018-05-03 21:17:25','2018-05-03 21:17:25'),(960,72,'App\\Question','question: was created  scores: ',1,'2018-05-03 21:17:25','2018-05-03 21:17:25'),(961,73,'App\\Question','question: was created  scores: ',1,'2018-05-03 21:17:25','2018-05-03 21:17:25'),(962,74,'App\\Question','question: was created  scores: ',1,'2018-05-03 21:17:25','2018-05-03 21:17:25'),(963,75,'App\\Question','question: was created  scores: ',1,'2018-05-03 21:17:25','2018-05-03 21:17:25'),(964,76,'App\\Question','question: was created  scores: ',1,'2018-05-03 21:17:25','2018-05-03 21:17:25'),(965,77,'App\\Question','question: was created  scores: ',1,'2018-05-03 21:17:25','2018-05-03 21:17:25'),(966,78,'App\\Question','question: was created  scores: ',1,'2018-05-03 21:17:25','2018-05-03 21:17:25'),(967,79,'App\\Question','question: was created  scores: ',1,'2018-05-03 21:17:25','2018-05-03 21:17:25'),(968,80,'App\\Question','question: was created  scores: ',1,'2018-05-03 21:17:25','2018-05-03 21:17:25'),(969,81,'App\\Question','question: was created  scores: ',1,'2018-05-03 21:17:25','2018-05-03 21:17:25'),(970,82,'App\\Question','question: was created  scores: ',1,'2018-05-03 21:17:25','2018-05-03 21:17:25'),(971,83,'App\\Question','question: was created  scores: ',1,'2018-05-03 21:17:25','2018-05-03 21:17:25'),(972,84,'App\\Question','question: was created  scores: ',1,'2018-05-03 21:17:25','2018-05-03 21:17:25'),(973,85,'App\\Question','question: was created  scores: ',1,'2018-05-03 21:17:25','2018-05-03 21:17:25'),(974,86,'App\\Question','question: was created  scores: ',1,'2018-05-03 21:17:25','2018-05-03 21:17:25'),(975,87,'App\\Question','question: was created  scores: ',1,'2018-05-03 21:17:25','2018-05-03 21:17:25'),(976,88,'App\\Question','question: was created  scores: ',1,'2018-05-03 21:17:25','2018-05-03 21:17:25'),(977,89,'App\\Question','question: was created  scores: ',1,'2018-05-03 21:17:25','2018-05-03 21:17:25'),(978,90,'App\\Question','question: was created  scores: ',1,'2018-05-03 21:17:25','2018-05-03 21:17:25'),(979,91,'App\\Question','question: was created  scores: ',1,'2018-05-03 21:17:25','2018-05-03 21:17:25'),(980,92,'App\\Question','question: was created  scores: ',1,'2018-05-03 21:17:25','2018-05-03 21:17:25'),(981,93,'App\\Question','question: was created  scores: ',1,'2018-05-03 21:17:25','2018-05-03 21:17:25'),(982,94,'App\\Question','question: was created  scores: ',1,'2018-05-03 21:17:25','2018-05-03 21:17:25'),(983,95,'App\\Question','question: was created  scores: ',1,'2018-05-03 21:17:25','2018-05-03 21:17:25'),(984,96,'App\\Question','question: was created  scores: ',1,'2018-05-03 21:17:25','2018-05-03 21:17:25'),(985,97,'App\\Question','question: was created  scores: ',1,'2018-05-03 21:17:25','2018-05-03 21:17:25'),(986,98,'App\\Question','question: was created  scores: ',1,'2018-05-03 21:17:25','2018-05-03 21:17:25'),(987,99,'App\\Question','question: was created  scores: ',1,'2018-05-03 21:17:25','2018-05-03 21:17:25'),(988,100,'App\\Question','question: was created  scores: ',1,'2018-05-03 21:17:25','2018-05-03 21:17:25'),(989,101,'App\\Question','question: was created  scores: ',1,'2018-05-03 21:17:25','2018-05-03 21:17:25'),(990,102,'App\\Question','question: was created  scores: ',1,'2018-05-03 21:17:25','2018-05-03 21:17:25'),(991,103,'App\\Question','question: was created  scores: ',1,'2018-05-03 21:17:25','2018-05-03 21:17:25'),(992,104,'App\\Question','question: was created  scores: ',1,'2018-05-03 21:17:25','2018-05-03 21:17:25'),(993,105,'App\\Question','question: was created  scores: ',1,'2018-05-03 21:17:25','2018-05-03 21:17:25'),(994,106,'App\\Question','question: was created  scores: ',1,'2018-05-03 21:17:25','2018-05-03 21:17:25'),(995,107,'App\\Question','question: was created  scores: ',1,'2018-05-03 21:17:25','2018-05-03 21:17:25'),(996,108,'App\\Question','question: was created  scores: ',1,'2018-05-03 21:17:25','2018-05-03 21:17:25'),(997,109,'App\\Question','question: was created  scores: ',1,'2018-05-03 21:17:25','2018-05-03 21:17:25'),(998,110,'App\\Question','question: was created  scores: ',1,'2018-05-03 21:17:25','2018-05-03 21:17:25'),(999,111,'App\\Question','question: was created  scores: ',1,'2018-05-03 21:17:25','2018-05-03 21:17:25'),(1000,112,'App\\Question','question: was created  scores: ',1,'2018-05-03 21:17:25','2018-05-03 21:17:25'),(1001,113,'App\\Question','question: was created  scores: ',1,'2018-05-03 21:17:25','2018-05-03 21:17:25'),(1002,114,'App\\Question','question: was created  scores: ',1,'2018-05-03 21:17:25','2018-05-03 21:17:25'),(1003,115,'App\\Question','question: was created  scores: ',1,'2018-05-03 21:17:25','2018-05-03 21:17:25'),(1004,116,'App\\Question','question: was created  scores: ',1,'2018-05-03 21:17:25','2018-05-03 21:17:25'),(1005,117,'App\\Question','question: was created  scores: ',1,'2018-05-03 21:17:25','2018-05-03 21:17:25'),(1006,118,'App\\Question','question: was created  scores: ',1,'2018-05-03 21:17:25','2018-05-03 21:17:25'),(1007,119,'App\\Question','question: was created  scores: ',1,'2018-05-03 21:17:25','2018-05-03 21:17:25'),(1008,120,'App\\Question','question: was created  scores: ',1,'2018-05-03 21:17:25','2018-05-03 21:17:25'),(1009,121,'App\\Question','question: was created  scores: ',1,'2018-05-03 21:17:25','2018-05-03 21:17:25'),(1010,122,'App\\Question','question: was created  scores: ',1,'2018-05-03 21:17:25','2018-05-03 21:17:25'),(1011,123,'App\\Question','question: was created  scores: ',1,'2018-05-03 21:17:25','2018-05-03 21:17:25'),(1012,124,'App\\Question','question: was created  scores: ',1,'2018-05-03 21:17:25','2018-05-03 21:17:25'),(1013,125,'App\\Question','question: was created  scores: ',1,'2018-05-03 21:17:25','2018-05-03 21:17:25'),(1014,126,'App\\Question','question: was created  scores: ',1,'2018-05-03 21:17:25','2018-05-03 21:17:25'),(1015,127,'App\\Question','question: was created  scores: ',1,'2018-05-03 21:17:25','2018-05-03 21:17:25'),(1016,128,'App\\Question','question: was created  scores: ',1,'2018-05-03 21:17:25','2018-05-03 21:17:25'),(1017,129,'App\\Question','question: was created  scores: ',1,'2018-05-03 21:17:25','2018-05-03 21:17:25'),(1018,130,'App\\Question','question: was created  scores: ',1,'2018-05-03 21:17:26','2018-05-03 21:17:26'),(1019,131,'App\\Question','question: was created  scores: ',1,'2018-05-03 21:17:26','2018-05-03 21:17:26'),(1020,132,'App\\Question','question: was created  scores: ',1,'2018-05-03 21:17:26','2018-05-03 21:17:26'),(1021,133,'App\\Question','question: was created  scores: ',1,'2018-05-03 21:17:26','2018-05-03 21:17:26'),(1022,134,'App\\Question','question: was created  scores: ',1,'2018-05-03 21:17:26','2018-05-03 21:17:26'),(1023,135,'App\\Question','question: was created  scores: ',1,'2018-05-03 21:17:26','2018-05-03 21:17:26'),(1024,136,'App\\Question','question: was created  scores: ',1,'2018-05-03 21:17:26','2018-05-03 21:17:26'),(1025,137,'App\\Question','question: was created  scores: ',1,'2018-05-03 21:17:26','2018-05-03 21:17:26'),(1026,138,'App\\Question','question: was created  scores: ',1,'2018-05-03 21:17:26','2018-05-03 21:17:26'),(1027,139,'App\\Question','question: was created  scores: ',1,'2018-05-03 21:17:26','2018-05-03 21:17:26'),(1028,140,'App\\Question','question: was created  scores: ',1,'2018-05-03 21:17:26','2018-05-03 21:17:26'),(1029,141,'App\\Question','question: was created  scores: ',1,'2018-05-03 21:17:26','2018-05-03 21:17:26'),(1030,142,'App\\Question','question: was created  scores: ',1,'2018-05-03 21:17:26','2018-05-03 21:17:26'),(1031,143,'App\\Question','question: was created  scores: ',1,'2018-05-03 21:17:26','2018-05-03 21:17:26'),(1032,144,'App\\Question','question: was created  scores: ',1,'2018-05-03 21:17:26','2018-05-03 21:17:26'),(1033,145,'App\\Question','question: was created  scores: ',1,'2018-05-03 21:17:26','2018-05-03 21:17:26'),(1034,146,'App\\Question','question: was created  scores: ',1,'2018-05-03 21:17:26','2018-05-03 21:17:26'),(1035,147,'App\\Question','question: was created  scores: ',1,'2018-05-03 21:17:26','2018-05-03 21:17:26'),(1036,148,'App\\Question','question: was created  scores: ',1,'2018-05-03 21:17:26','2018-05-03 21:17:26'),(1037,149,'App\\Question','question: was created  scores: ',1,'2018-05-03 21:17:26','2018-05-03 21:17:26'),(1038,150,'App\\Question','question: was created  scores: ',1,'2018-05-03 21:17:26','2018-05-03 21:17:26'),(1039,151,'App\\Question','question: was created  scores: ',1,'2018-05-03 21:17:26','2018-05-03 21:17:26'),(1040,152,'App\\Question','question: was created  scores: ',1,'2018-05-03 21:17:26','2018-05-03 21:17:26'),(1041,153,'App\\Question','question: was created  scores: ',1,'2018-05-03 21:17:26','2018-05-03 21:17:26'),(1042,154,'App\\Question','question: was created  scores: ',1,'2018-05-03 21:17:26','2018-05-03 21:17:26'),(1043,155,'App\\Question','question: was created  scores: ',1,'2018-05-03 21:17:26','2018-05-03 21:17:26'),(1044,156,'App\\Question','question: was created  scores: ',1,'2018-05-03 21:17:26','2018-05-03 21:17:26'),(1045,157,'App\\Question','question: was created  scores: ',1,'2018-05-03 21:17:26','2018-05-03 21:17:26'),(1046,158,'App\\Question','question: was created  scores: ',1,'2018-05-03 21:17:26','2018-05-03 21:17:26'),(1047,159,'App\\Question','question: was created  scores: ',1,'2018-05-03 21:17:26','2018-05-03 21:17:26'),(1048,160,'App\\Question','question: was created  scores: ',1,'2018-05-03 21:17:26','2018-05-03 21:17:26'),(1049,161,'App\\Question','question: was created  scores: ',1,'2018-05-03 21:17:26','2018-05-03 21:17:26'),(1050,162,'App\\Question','question: was created  scores: ',1,'2018-05-03 21:17:26','2018-05-03 21:17:26'),(1051,163,'App\\Question','question: was created  scores: ',1,'2018-05-03 21:17:26','2018-05-03 21:17:26'),(1052,164,'App\\Question','question: was created  scores: ',1,'2018-05-03 21:17:26','2018-05-03 21:17:26'),(1053,165,'App\\Question','question: was created  scores: ',1,'2018-05-03 21:17:26','2018-05-03 21:17:26'),(1054,166,'App\\Question','question: was created  scores: ',1,'2018-05-03 21:17:26','2018-05-03 21:17:26'),(1055,167,'App\\Question','question: was created  scores: ',1,'2018-05-03 21:17:26','2018-05-03 21:17:26'),(1056,168,'App\\Question','question: was created  scores: ',1,'2018-05-03 21:17:26','2018-05-03 21:17:26'),(1057,169,'App\\Question','question: was created  scores: ',1,'2018-05-03 21:17:26','2018-05-03 21:17:26'),(1058,170,'App\\Question','question: was created  scores: ',1,'2018-05-03 21:17:26','2018-05-03 21:17:26'),(1059,171,'App\\Question','question: was created  scores: ',1,'2018-05-03 21:17:26','2018-05-03 21:17:26'),(1060,172,'App\\Question','question: was created  scores: ',1,'2018-05-03 21:17:26','2018-05-03 21:17:26'),(1061,173,'App\\Question','question: was created  scores: ',1,'2018-05-03 21:17:26','2018-05-03 21:17:26'),(1062,174,'App\\Question','question: was created  scores: ',1,'2018-05-03 21:17:26','2018-05-03 21:17:26'),(1063,175,'App\\Question','question: was created  scores: ',1,'2018-05-03 21:17:26','2018-05-03 21:17:26'),(1064,176,'App\\Question','question: was created  scores: ',1,'2018-05-03 21:17:26','2018-05-03 21:17:26'),(1065,177,'App\\Question','question: was created  scores: ',1,'2018-05-03 21:17:26','2018-05-03 21:17:26'),(1066,178,'App\\Question','question: was created  scores: ',1,'2018-05-03 21:17:26','2018-05-03 21:17:26'),(1067,179,'App\\Question','question: was created  scores: ',1,'2018-05-03 21:17:26','2018-05-03 21:17:26'),(1068,180,'App\\Question','question: was created  scores: ',1,'2018-05-03 21:17:26','2018-05-03 21:17:26'),(1069,181,'App\\Question','question: was created  scores: ',1,'2018-05-03 21:17:26','2018-05-03 21:17:26'),(1070,182,'App\\Question','question: was created  scores: ',1,'2018-05-03 21:17:26','2018-05-03 21:17:26'),(1071,183,'App\\Question','question: was created  scores: ',1,'2018-05-03 21:17:26','2018-05-03 21:17:26'),(1072,184,'App\\Question','question: was created  scores: ',1,'2018-05-03 21:17:26','2018-05-03 21:17:26'),(1073,185,'App\\Question','question: was created  scores: ',1,'2018-05-03 21:17:26','2018-05-03 21:17:26'),(1074,186,'App\\Question','question: was created  scores: ',1,'2018-05-03 21:17:26','2018-05-03 21:17:26'),(1075,187,'App\\Question','question: was created  scores: ',1,'2018-05-03 21:17:26','2018-05-03 21:17:26'),(1076,188,'App\\Question','question: was created  scores: ',1,'2018-05-03 21:17:26','2018-05-03 21:17:26'),(1077,189,'App\\Question','question: was created  scores: ',1,'2018-05-03 21:17:26','2018-05-03 21:17:26'),(1078,190,'App\\Question','question: was created  scores: ',1,'2018-05-03 21:17:26','2018-05-03 21:17:26'),(1079,191,'App\\Question','question: was created  scores: ',1,'2018-05-03 21:17:26','2018-05-03 21:17:26'),(1080,192,'App\\Question','question: was created  scores: ',1,'2018-05-03 21:17:26','2018-05-03 21:17:26'),(1081,193,'App\\Question','question: was created  scores: ',1,'2018-05-03 21:17:26','2018-05-03 21:17:26'),(1082,194,'App\\Question','question: was created  scores: ',1,'2018-05-03 21:17:26','2018-05-03 21:17:26'),(1083,195,'App\\Question','question: was created  scores: ',1,'2018-05-03 21:17:26','2018-05-03 21:17:26'),(1084,196,'App\\Question','question: was created  scores: ',1,'2018-05-03 21:17:26','2018-05-03 21:17:26'),(1085,197,'App\\Question','question: was created  scores: ',1,'2018-05-03 21:17:26','2018-05-03 21:17:26'),(1086,198,'App\\Question','question: was created  scores: ',1,'2018-05-03 21:17:26','2018-05-03 21:17:26'),(1087,199,'App\\Question','question: was created  scores: ',1,'2018-05-03 21:17:26','2018-05-03 21:17:26'),(1088,200,'App\\Question','question: was created  scores: ',1,'2018-05-03 21:17:26','2018-05-03 21:17:26'),(1089,201,'App\\Question','question: was created  scores: ',1,'2018-05-03 21:17:26','2018-05-03 21:17:26'),(1090,202,'App\\Question','question: was created  scores: ',1,'2018-05-03 21:17:26','2018-05-03 21:17:26'),(1091,203,'App\\Question','question: was created  scores: ',1,'2018-05-03 21:17:26','2018-05-03 21:17:26'),(1092,204,'App\\Question','question: was created  scores: ',1,'2018-05-03 21:17:26','2018-05-03 21:17:26'),(1093,205,'App\\Question','question: was created  scores: ',1,'2018-05-03 21:17:26','2018-05-03 21:17:26'),(1094,206,'App\\Question','question: was created  scores: ',1,'2018-05-03 21:17:26','2018-05-03 21:17:26'),(1095,207,'App\\Question','question: was created  scores: ',1,'2018-05-03 21:17:26','2018-05-03 21:17:26'),(1096,208,'App\\Question','question: was created  scores: ',1,'2018-05-03 21:17:26','2018-05-03 21:17:26'),(1097,209,'App\\Question','question: was created  scores: ',1,'2018-05-03 21:17:26','2018-05-03 21:17:26'),(1098,210,'App\\Question','question: was created  scores: ',1,'2018-05-03 21:17:26','2018-05-03 21:17:26'),(1099,211,'App\\Question','question: was created  scores: ',1,'2018-05-03 21:17:26','2018-05-03 21:17:26'),(1100,212,'App\\Question','question: was created  scores: ',1,'2018-05-03 21:17:26','2018-05-03 21:17:26'),(1101,213,'App\\Question','question: was created  scores: ',1,'2018-05-03 21:17:26','2018-05-03 21:17:26'),(1102,214,'App\\Question','question: was created  scores: ',1,'2018-05-03 21:17:26','2018-05-03 21:17:26'),(1103,215,'App\\Question','question: was created  scores: ',1,'2018-05-03 21:17:26','2018-05-03 21:17:26'),(1104,216,'App\\Question','question: was created  scores: ',1,'2018-05-03 21:17:26','2018-05-03 21:17:26'),(1105,217,'App\\Question','question: was created  scores: ',1,'2018-05-03 21:17:26','2018-05-03 21:17:26'),(1106,218,'App\\Question','question: was created  scores: ',1,'2018-05-03 21:17:26','2018-05-03 21:17:26'),(1107,219,'App\\Question','question: was created  scores: ',1,'2018-05-03 21:17:26','2018-05-03 21:17:26'),(1108,220,'App\\Question','question: was created  scores: ',1,'2018-05-03 21:17:26','2018-05-03 21:17:26'),(1109,221,'App\\Question','question: was created  scores: ',1,'2018-05-03 21:17:26','2018-05-03 21:17:26'),(1110,222,'App\\Question','question: was created  scores: ',1,'2018-05-03 21:17:26','2018-05-03 21:17:26'),(1111,223,'App\\Question','question: was created  scores: ',1,'2018-05-03 21:17:26','2018-05-03 21:17:26'),(1112,224,'App\\Question','question: was created  scores: ',1,'2018-05-03 21:17:26','2018-05-03 21:17:26'),(1113,225,'App\\Question','question: was created  scores: ',1,'2018-05-03 21:17:26','2018-05-03 21:17:26'),(1114,226,'App\\Question','question: was created  scores: ',1,'2018-05-03 21:17:26','2018-05-03 21:17:26'),(1115,227,'App\\Question','question: was created  scores: ',1,'2018-05-03 21:17:27','2018-05-03 21:17:27'),(1116,228,'App\\Question','question: was created  scores: ',1,'2018-05-03 21:17:27','2018-05-03 21:17:27'),(1117,229,'App\\Question','question: was created  scores: ',1,'2018-05-03 21:17:27','2018-05-03 21:17:27'),(1118,230,'App\\Question','question: was created  scores: ',1,'2018-05-03 21:17:27','2018-05-03 21:17:27'),(1119,231,'App\\Question','question: was created  scores: ',1,'2018-05-03 21:17:27','2018-05-03 21:17:27'),(1120,232,'App\\Question','question: was created  scores: ',1,'2018-05-03 21:17:27','2018-05-03 21:17:27'),(1121,233,'App\\Question','question: was created  scores: ',1,'2018-05-03 21:17:27','2018-05-03 21:17:27'),(1122,234,'App\\Question','question: was created  scores: ',1,'2018-05-03 21:17:27','2018-05-03 21:17:27'),(1123,235,'App\\Question','question: was created  scores: ',1,'2018-05-03 21:17:27','2018-05-03 21:17:27'),(1124,236,'App\\Question','question: was created  scores: ',1,'2018-05-03 21:17:27','2018-05-03 21:17:27'),(1125,237,'App\\Question','question: was created  scores: ',1,'2018-05-03 21:17:27','2018-05-03 21:17:27'),(1126,238,'App\\Question','question: was created  scores: ',1,'2018-05-03 21:17:27','2018-05-03 21:17:27'),(1127,239,'App\\Question','question: was created  scores: ',1,'2018-05-03 21:17:27','2018-05-03 21:17:27'),(1128,240,'App\\Question','question: was created  scores: ',1,'2018-05-03 21:17:27','2018-05-03 21:17:27'),(1129,241,'App\\Question','question: was created  scores: ',1,'2018-05-03 21:17:27','2018-05-03 21:17:27'),(1130,242,'App\\Question','question: was created  scores: ',1,'2018-05-03 21:17:27','2018-05-03 21:17:27'),(1131,243,'App\\Question','question: was created  scores: ',1,'2018-05-03 21:17:27','2018-05-03 21:17:27'),(1132,244,'App\\Question','question: was created  scores: ',1,'2018-05-03 21:17:27','2018-05-03 21:17:27'),(1133,245,'App\\Question','question: was created  scores: ',1,'2018-05-03 21:17:27','2018-05-03 21:17:27'),(1134,246,'App\\Question','question: was created  scores: ',1,'2018-05-03 21:17:27','2018-05-03 21:17:27'),(1135,247,'App\\Question','question: was created  scores: ',1,'2018-05-03 21:17:27','2018-05-03 21:17:27'),(1136,248,'App\\Question','question: was created  scores: ',1,'2018-05-03 21:17:27','2018-05-03 21:17:27'),(1137,249,'App\\Question','question: was created  scores: ',1,'2018-05-03 21:17:27','2018-05-03 21:17:27'),(1138,250,'App\\Question','question: was created  scores: ',1,'2018-05-03 21:17:27','2018-05-03 21:17:27'),(1139,251,'App\\Question','question: was created  scores: ',1,'2018-05-03 21:17:27','2018-05-03 21:17:27'),(1140,252,'App\\Question','question: was created  scores: ',1,'2018-05-03 21:17:27','2018-05-03 21:17:27'),(1141,253,'App\\Question','question: was created  scores: ',1,'2018-05-03 21:17:27','2018-05-03 21:17:27'),(1142,254,'App\\Question','question: was created  scores: ',1,'2018-05-03 21:17:27','2018-05-03 21:17:27'),(1143,255,'App\\Question','question: was created  scores: ',1,'2018-05-03 21:17:27','2018-05-03 21:17:27'),(1144,256,'App\\Question','question: was created  scores: ',1,'2018-05-03 21:17:27','2018-05-03 21:17:27'),(1145,257,'App\\Question','question: was created  scores: ',1,'2018-05-03 21:17:27','2018-05-03 21:17:27'),(1146,258,'App\\Question','question: was created  scores: ',1,'2018-05-03 21:17:27','2018-05-03 21:17:27'),(1147,259,'App\\Question','question: was created  scores: ',1,'2018-05-03 21:17:27','2018-05-03 21:17:27'),(1148,260,'App\\Question','question: was created  scores: ',1,'2018-05-03 21:17:27','2018-05-03 21:17:27'),(1149,261,'App\\Question','question: was created  scores: ',1,'2018-05-03 21:17:27','2018-05-03 21:17:27'),(1150,262,'App\\Question','question: was created  scores: ',1,'2018-05-03 21:17:27','2018-05-03 21:17:27'),(1151,263,'App\\Question','question: was created  scores: ',1,'2018-05-03 21:17:27','2018-05-03 21:17:27'),(1152,264,'App\\Question','question: was created  scores: ',1,'2018-05-03 21:17:27','2018-05-03 21:17:27'),(1153,265,'App\\Question','question: was created  scores: ',1,'2018-05-03 21:17:27','2018-05-03 21:17:27'),(1154,266,'App\\Question','question: was created  scores: ',1,'2018-05-03 21:17:27','2018-05-03 21:17:27'),(1155,267,'App\\Question','question: was created  scores: ',1,'2018-05-03 21:17:27','2018-05-03 21:17:27'),(1156,268,'App\\Question','question: was created  scores: ',1,'2018-05-03 21:17:27','2018-05-03 21:17:27'),(1157,269,'App\\Question','question: was created  scores: ',1,'2018-05-03 21:17:27','2018-05-03 21:17:27'),(1158,270,'App\\Question','question: was created  scores: ',1,'2018-05-03 21:17:27','2018-05-03 21:17:27'),(1159,271,'App\\Question','question: was created  scores: ',1,'2018-05-03 21:17:27','2018-05-03 21:17:27'),(1160,272,'App\\Question','question: was created  scores: ',1,'2018-05-03 21:17:27','2018-05-03 21:17:27'),(1161,273,'App\\Question','question: was created  scores: ',1,'2018-05-03 21:17:27','2018-05-03 21:17:27'),(1162,274,'App\\Question','question: was created  scores: ',1,'2018-05-03 21:17:27','2018-05-03 21:17:27'),(1163,275,'App\\Question','question: was created  scores: ',1,'2018-05-03 21:17:27','2018-05-03 21:17:27'),(1164,276,'App\\Question','question: was created  scores: ',1,'2018-05-03 21:17:27','2018-05-03 21:17:27'),(1165,277,'App\\Question','question: was created  scores: ',1,'2018-05-03 21:17:27','2018-05-03 21:17:27'),(1166,278,'App\\Question','question: was created  scores: ',1,'2018-05-03 21:17:27','2018-05-03 21:17:27'),(1167,279,'App\\Question','question: was created  scores: ',1,'2018-05-03 21:17:27','2018-05-03 21:17:27'),(1168,280,'App\\Question','question: was created  scores: ',1,'2018-05-03 21:17:27','2018-05-03 21:17:27'),(1169,281,'App\\Question','question: was created  scores: ',1,'2018-05-03 21:17:27','2018-05-03 21:17:27'),(1170,282,'App\\Question','question: was created  scores: ',1,'2018-05-03 21:17:27','2018-05-03 21:17:27'),(1171,283,'App\\Question','question: was created  scores: ',1,'2018-05-03 21:17:27','2018-05-03 21:17:27'),(1172,284,'App\\Question','question: was created  scores: ',1,'2018-05-03 21:17:27','2018-05-03 21:17:27'),(1173,285,'App\\Question','question: was created  scores: ',1,'2018-05-03 21:17:27','2018-05-03 21:17:27'),(1174,286,'App\\Question','question: was created  scores: ',1,'2018-05-03 21:17:27','2018-05-03 21:17:27'),(1175,287,'App\\Question','question: was created  scores: ',1,'2018-05-03 21:17:27','2018-05-03 21:17:27'),(1176,288,'App\\Question','question: was created  scores: ',1,'2018-05-03 21:17:27','2018-05-03 21:17:27'),(1177,289,'App\\Question','question: was created  scores: ',1,'2018-05-03 21:17:27','2018-05-03 21:17:27'),(1178,290,'App\\Question','question: was created  scores: ',1,'2018-05-03 21:17:27','2018-05-03 21:17:27'),(1179,291,'App\\Question','question: was created  scores: ',1,'2018-05-03 21:17:27','2018-05-03 21:17:27'),(1180,292,'App\\Question','question: was created  scores: ',1,'2018-05-03 21:17:27','2018-05-03 21:17:27'),(1181,293,'App\\Question','question: was created  scores: ',1,'2018-05-03 21:17:27','2018-05-03 21:17:27'),(1182,294,'App\\Question','question: was created  scores: ',1,'2018-05-03 21:17:27','2018-05-03 21:17:27'),(1183,295,'App\\Question','question: was created  scores: ',1,'2018-05-03 21:17:27','2018-05-03 21:17:27'),(1184,296,'App\\Question','question: was created  scores: ',1,'2018-05-03 21:17:27','2018-05-03 21:17:27'),(1185,297,'App\\Question','question: was created  scores: ',1,'2018-05-03 21:17:27','2018-05-03 21:17:27'),(1186,298,'App\\Question','question: was created  scores: ',1,'2018-05-03 21:17:27','2018-05-03 21:17:27'),(1187,299,'App\\Question','question: was created  scores: ',1,'2018-05-03 21:17:27','2018-05-03 21:17:27'),(1188,300,'App\\Question','question: was created  scores: ',1,'2018-05-03 21:17:27','2018-05-03 21:17:27'),(1189,301,'App\\Question','question: was created  scores: ',1,'2018-05-03 21:17:27','2018-05-03 21:17:27'),(1190,302,'App\\Question','question: was created  scores: ',1,'2018-05-03 21:17:27','2018-05-03 21:17:27'),(1191,303,'App\\Question','question: was created  scores: ',1,'2018-05-03 21:17:27','2018-05-03 21:17:27'),(1192,304,'App\\Question','question: was created  scores: ',1,'2018-05-03 21:17:27','2018-05-03 21:17:27'),(1193,305,'App\\Question','question: was created  scores: ',1,'2018-05-03 21:17:27','2018-05-03 21:17:27'),(1194,306,'App\\Question','question: was created  scores: ',1,'2018-05-03 21:17:27','2018-05-03 21:17:27'),(1195,307,'App\\Question','question: was created  scores: ',1,'2018-05-03 21:17:27','2018-05-03 21:17:27'),(1196,308,'App\\Question','question: was created  scores: ',1,'2018-05-03 21:17:27','2018-05-03 21:17:27'),(1197,309,'App\\Question','question: was created  scores: ',1,'2018-05-03 21:17:27','2018-05-03 21:17:27'),(1198,310,'App\\Question','question: was created  scores: ',1,'2018-05-03 21:17:27','2018-05-03 21:17:27'),(1199,311,'App\\Question','question: was created  scores: ',1,'2018-05-03 21:17:27','2018-05-03 21:17:27'),(1200,312,'App\\Question','question: was created  scores: ',1,'2018-05-03 21:17:27','2018-05-03 21:17:27'),(1201,313,'App\\Question','question: was created  scores: ',1,'2018-05-03 21:17:27','2018-05-03 21:17:27'),(1202,314,'App\\Question','question: was created  scores: ',1,'2018-05-03 21:17:27','2018-05-03 21:17:27'),(1203,315,'App\\Question','question: was created  scores: ',1,'2018-05-03 21:17:27','2018-05-03 21:17:27'),(1204,316,'App\\Question','question: was created  scores: ',1,'2018-05-03 21:17:27','2018-05-03 21:17:27'),(1205,317,'App\\Question','question: was created  scores: ',1,'2018-05-03 21:17:27','2018-05-03 21:17:27'),(1206,318,'App\\Question','question: was created  scores: ',1,'2018-05-03 21:17:27','2018-05-03 21:17:27'),(1207,319,'App\\Question','question: was created  scores: ',1,'2018-05-03 21:17:27','2018-05-03 21:17:27'),(1208,320,'App\\Question','question: was created  scores: ',1,'2018-05-03 21:17:27','2018-05-03 21:17:27'),(1209,321,'App\\Question','question: was created  scores: ',1,'2018-05-03 21:17:27','2018-05-03 21:17:27'),(1210,322,'App\\Question','question: was created  scores: ',1,'2018-05-03 21:17:28','2018-05-03 21:17:28'),(1211,323,'App\\Question','question: was created  scores: ',1,'2018-05-03 21:17:28','2018-05-03 21:17:28'),(1212,324,'App\\Question','question: was created  scores: ',1,'2018-05-03 21:17:28','2018-05-03 21:17:28'),(1213,325,'App\\Question','question: was created  scores: ',1,'2018-05-03 21:17:28','2018-05-03 21:17:28'),(1214,326,'App\\Question','question: was created  scores: ',1,'2018-05-03 21:17:28','2018-05-03 21:17:28'),(1215,327,'App\\Question','question: was created  scores: ',1,'2018-05-03 21:17:28','2018-05-03 21:17:28'),(1216,328,'App\\Question','question: was created  scores: ',1,'2018-05-03 21:17:28','2018-05-03 21:17:28'),(1217,329,'App\\Question','question: was created  scores: ',1,'2018-05-03 21:17:28','2018-05-03 21:17:28'),(1218,330,'App\\Question','question: was created  scores: ',1,'2018-05-03 21:17:28','2018-05-03 21:17:28'),(1219,331,'App\\Question','question: was created  scores: ',1,'2018-05-03 21:17:28','2018-05-03 21:17:28'),(1220,332,'App\\Question','question: was created  scores: ',1,'2018-05-03 21:17:28','2018-05-03 21:17:28'),(1221,333,'App\\Question','question: was created  scores: ',1,'2018-05-03 21:17:28','2018-05-03 21:17:28'),(1222,334,'App\\Question','question: was created  scores: ',1,'2018-05-03 21:17:28','2018-05-03 21:17:28'),(1223,335,'App\\Question','question: was created  scores: ',1,'2018-05-03 21:17:28','2018-05-03 21:17:28'),(1224,336,'App\\Question','question: was created  scores: ',1,'2018-05-03 21:17:28','2018-05-03 21:17:28'),(1225,337,'App\\Question','question: was created  scores: ',1,'2018-05-03 21:17:28','2018-05-03 21:17:28'),(1226,338,'App\\Question','question: was created  scores: ',1,'2018-05-03 21:17:28','2018-05-03 21:17:28'),(1227,339,'App\\Question','question: was created  scores: ',1,'2018-05-03 21:17:28','2018-05-03 21:17:28'),(1228,340,'App\\Question','question: was created  scores: ',1,'2018-05-03 21:17:28','2018-05-03 21:17:28'),(1229,341,'App\\Question','question: was created  scores: ',1,'2018-05-03 21:17:28','2018-05-03 21:17:28'),(1230,342,'App\\Question','question: was created  scores: ',1,'2018-05-03 21:17:28','2018-05-03 21:17:28'),(1231,343,'App\\Question','question: was created  scores: ',1,'2018-05-03 21:17:28','2018-05-03 21:17:28'),(1232,344,'App\\Question','question: was created  scores: ',1,'2018-05-03 21:17:28','2018-05-03 21:17:28'),(1233,345,'App\\Question','question: was created  scores: ',1,'2018-05-03 21:17:28','2018-05-03 21:17:28'),(1234,346,'App\\Question','question: was created  scores: ',1,'2018-05-03 21:17:28','2018-05-03 21:17:28'),(1235,347,'App\\Question','question: was created  scores: ',1,'2018-05-03 21:17:28','2018-05-03 21:17:28'),(1236,348,'App\\Question','question: was created  scores: ',1,'2018-05-03 21:17:28','2018-05-03 21:17:28'),(1237,349,'App\\Question','question: was created  scores: ',1,'2018-05-03 21:17:28','2018-05-03 21:17:28'),(1238,350,'App\\Question','question: was created  scores: ',1,'2018-05-03 21:17:28','2018-05-03 21:17:28'),(1239,351,'App\\Question','question: was created  scores: ',1,'2018-05-03 21:17:28','2018-05-03 21:17:28'),(1240,352,'App\\Question','question: was created  scores: ',1,'2018-05-03 21:17:28','2018-05-03 21:17:28'),(1241,353,'App\\Question','question: was created  scores: ',1,'2018-05-03 21:17:28','2018-05-03 21:17:28'),(1242,354,'App\\Question','question: was created  scores: ',1,'2018-05-03 21:17:28','2018-05-03 21:17:28'),(1243,355,'App\\Question','question: was created  scores: ',1,'2018-05-03 21:17:28','2018-05-03 21:17:28'),(1244,356,'App\\Question','question: was created  scores: ',1,'2018-05-03 21:17:28','2018-05-03 21:17:28'),(1245,357,'App\\Question','question: was created  scores: ',1,'2018-05-03 21:17:28','2018-05-03 21:17:28'),(1246,358,'App\\Question','question: was created  scores: ',1,'2018-05-03 21:17:28','2018-05-03 21:17:28'),(1247,359,'App\\Question','question: was created  scores: ',1,'2018-05-03 21:17:28','2018-05-03 21:17:28'),(1248,360,'App\\Question','question: was created  scores: ',1,'2018-05-03 21:17:28','2018-05-03 21:17:28'),(1249,361,'App\\Question','question: was created  scores: ',1,'2018-05-03 21:17:28','2018-05-03 21:17:28'),(1250,362,'App\\Question','question: was created  scores: ',1,'2018-05-03 21:17:28','2018-05-03 21:17:28'),(1251,363,'App\\Question','question: was created  scores: ',1,'2018-05-03 21:17:28','2018-05-03 21:17:28'),(1252,364,'App\\Question','question: was created  scores: ',1,'2018-05-03 21:17:28','2018-05-03 21:17:28'),(1253,365,'App\\Question','question: was created  scores: ',1,'2018-05-03 21:17:28','2018-05-03 21:17:28'),(1254,366,'App\\Question','question: was created  scores: ',1,'2018-05-03 21:17:28','2018-05-03 21:17:28'),(1255,367,'App\\Question','question: was created  scores: ',1,'2018-05-03 21:17:28','2018-05-03 21:17:28'),(1256,368,'App\\Question','question: was created  scores: ',1,'2018-05-03 21:17:28','2018-05-03 21:17:28'),(1257,369,'App\\Question','question: was created  scores: ',1,'2018-05-03 21:17:28','2018-05-03 21:17:28'),(1258,370,'App\\Question','question: was created  scores: ',1,'2018-05-03 21:17:28','2018-05-03 21:17:28'),(1259,371,'App\\Question','question: was created  scores: ',1,'2018-05-03 21:17:28','2018-05-03 21:17:28'),(1260,372,'App\\Question','question: was created  scores: ',1,'2018-05-03 21:17:28','2018-05-03 21:17:28'),(1261,373,'App\\Question','question: was created  scores: ',1,'2018-05-03 21:17:28','2018-05-03 21:17:28'),(1262,374,'App\\Question','question: was created  scores: ',1,'2018-05-03 21:17:28','2018-05-03 21:17:28'),(1263,375,'App\\Question','question: was created  scores: ',1,'2018-05-03 21:17:28','2018-05-03 21:17:28'),(1264,376,'App\\Question','question: was created  scores: ',1,'2018-05-03 21:17:28','2018-05-03 21:17:28'),(1265,377,'App\\Question','question: was created  scores: ',1,'2018-05-03 21:17:28','2018-05-03 21:17:28'),(1266,378,'App\\Question','question: was created  scores: ',1,'2018-05-03 21:17:28','2018-05-03 21:17:28'),(1267,379,'App\\Question','question: was created  scores: ',1,'2018-05-03 21:17:28','2018-05-03 21:17:28'),(1268,380,'App\\Question','question: was created  scores: ',1,'2018-05-03 21:17:28','2018-05-03 21:17:28'),(1269,381,'App\\Question','question: was created  scores: ',1,'2018-05-03 21:17:28','2018-05-03 21:17:28'),(1270,382,'App\\Question','question: was created  scores: ',1,'2018-05-03 21:17:28','2018-05-03 21:17:28'),(1271,383,'App\\Question','question: was created  scores: ',1,'2018-05-03 21:17:28','2018-05-03 21:17:28'),(1272,384,'App\\Question','question: was created  scores: ',1,'2018-05-03 21:17:28','2018-05-03 21:17:28'),(1273,385,'App\\Question','question: was created  scores: ',1,'2018-05-03 21:17:28','2018-05-03 21:17:28'),(1274,386,'App\\Question','question: was created  scores: ',1,'2018-05-03 21:17:28','2018-05-03 21:17:28'),(1275,387,'App\\Question','question: was created  scores: ',1,'2018-05-03 21:17:28','2018-05-03 21:17:28'),(1276,388,'App\\Question','question: was created  scores: ',1,'2018-05-03 21:17:28','2018-05-03 21:17:28'),(1277,389,'App\\Question','question: was created  scores: ',1,'2018-05-03 21:17:28','2018-05-03 21:17:28'),(1278,390,'App\\Question','question: was created  scores: ',1,'2018-05-03 21:17:28','2018-05-03 21:17:28'),(1279,391,'App\\Question','question: was created  scores: ',1,'2018-05-03 21:17:28','2018-05-03 21:17:28'),(1280,392,'App\\Question','question: was created  scores: ',1,'2018-05-03 21:17:28','2018-05-03 21:17:28'),(1281,393,'App\\Question','question: was created  scores: ',1,'2018-05-03 21:17:28','2018-05-03 21:17:28'),(1282,394,'App\\Question','question: was created  scores: ',1,'2018-05-03 21:17:28','2018-05-03 21:17:28'),(1283,395,'App\\Question','question: was created  scores: ',1,'2018-05-03 21:17:28','2018-05-03 21:17:28'),(1284,396,'App\\Question','question: was created  scores: ',1,'2018-05-03 21:17:28','2018-05-03 21:17:28'),(1285,397,'App\\Question','question: was created  scores: ',1,'2018-05-03 21:17:28','2018-05-03 21:17:28'),(1286,398,'App\\Question','question: was created  scores: ',1,'2018-05-03 21:17:28','2018-05-03 21:17:28'),(1287,399,'App\\Question','question: was created  scores: ',1,'2018-05-03 21:17:28','2018-05-03 21:17:28'),(1288,400,'App\\Question','question: was created  scores: ',1,'2018-05-03 21:17:28','2018-05-03 21:17:28'),(1289,401,'App\\Question','question: was created  scores: ',1,'2018-05-03 21:17:28','2018-05-03 21:17:28'),(1290,402,'App\\Question','question: was created  scores: ',1,'2018-05-03 21:17:28','2018-05-03 21:17:28'),(1291,403,'App\\Question','question: was created  scores: ',1,'2018-05-03 21:17:28','2018-05-03 21:17:28'),(1292,404,'App\\Question','question: was created  scores: ',1,'2018-05-03 21:17:28','2018-05-03 21:17:28'),(1293,405,'App\\Question','question: was created  scores: ',1,'2018-05-03 21:17:28','2018-05-03 21:17:28'),(1294,406,'App\\Question','question: was created  scores: ',1,'2018-05-03 21:17:28','2018-05-03 21:17:28'),(1295,407,'App\\Question','question: was created  scores: ',1,'2018-05-03 21:17:28','2018-05-03 21:17:28'),(1296,408,'App\\Question','question: was created  scores: ',1,'2018-05-03 21:17:28','2018-05-03 21:17:28'),(1297,409,'App\\Question','question: was created  scores: ',1,'2018-05-03 21:17:28','2018-05-03 21:17:28'),(1298,410,'App\\Question','question: was created  scores: ',1,'2018-05-03 21:17:28','2018-05-03 21:17:28'),(1299,411,'App\\Question','question: was created  scores: ',1,'2018-05-03 21:17:28','2018-05-03 21:17:28'),(1300,412,'App\\Question','question: was created  scores: ',1,'2018-05-03 21:17:28','2018-05-03 21:17:28'),(1301,413,'App\\Question','question: was created  scores: ',1,'2018-05-03 21:17:28','2018-05-03 21:17:28'),(1302,414,'App\\Question','question: was created  scores: ',1,'2018-05-03 21:17:28','2018-05-03 21:17:28'),(1303,415,'App\\Question','question: was created  scores: ',1,'2018-05-03 21:17:28','2018-05-03 21:17:28'),(1304,416,'App\\Question','question: was created  scores: ',1,'2018-05-03 21:17:28','2018-05-03 21:17:28'),(1305,417,'App\\Question','question: was created  scores: ',1,'2018-05-03 21:17:28','2018-05-03 21:17:28'),(1306,418,'App\\Question','question: was created  scores: ',1,'2018-05-03 21:17:28','2018-05-03 21:17:28'),(1307,419,'App\\Question','question: was created  scores: ',1,'2018-05-03 21:17:28','2018-05-03 21:17:28'),(1308,420,'App\\Question','question: was created  scores: ',1,'2018-05-03 21:17:29','2018-05-03 21:17:29'),(1309,421,'App\\Question','question: was created  scores: ',1,'2018-05-03 21:17:29','2018-05-03 21:17:29'),(1310,422,'App\\Question','question: was created  scores: ',1,'2018-05-03 21:17:29','2018-05-03 21:17:29'),(1311,423,'App\\Question','question: was created  scores: ',1,'2018-05-03 21:17:29','2018-05-03 21:17:29'),(1312,424,'App\\Question','question: was created  scores: ',1,'2018-05-03 21:17:29','2018-05-03 21:17:29'),(1313,425,'App\\Question','question: was created  scores: ',1,'2018-05-03 21:17:29','2018-05-03 21:17:29'),(1314,426,'App\\Question','question: was created  scores: ',1,'2018-05-03 21:17:29','2018-05-03 21:17:29'),(1315,427,'App\\Question','question: was created  scores: ',1,'2018-05-03 21:17:29','2018-05-03 21:17:29'),(1316,428,'App\\Question','question: was created  scores: ',1,'2018-05-03 21:17:29','2018-05-03 21:17:29'),(1317,429,'App\\Question','question: was created  scores: ',1,'2018-05-03 21:17:29','2018-05-03 21:17:29'),(1318,430,'App\\Question','question: was created  scores: ',1,'2018-05-03 21:17:29','2018-05-03 21:17:29'),(1319,431,'App\\Question','question: was created  scores: ',1,'2018-05-03 21:17:29','2018-05-03 21:17:29'),(1320,432,'App\\Question','question: was created  scores: ',1,'2018-05-03 21:17:29','2018-05-03 21:17:29'),(1321,433,'App\\Question','question: was created  scores: ',1,'2018-05-03 21:17:29','2018-05-03 21:17:29'),(1322,434,'App\\Question','question: was created  scores: ',1,'2018-05-03 21:17:29','2018-05-03 21:17:29'),(1323,435,'App\\Question','question: was created  scores: ',1,'2018-05-03 21:17:29','2018-05-03 21:17:29'),(1324,436,'App\\Question','question: was created  scores: ',1,'2018-05-03 21:17:29','2018-05-03 21:17:29'),(1325,437,'App\\Question','question: was created  scores: ',1,'2018-05-03 21:17:29','2018-05-03 21:17:29'),(1326,438,'App\\Question','question: was created  scores: ',1,'2018-05-03 21:17:29','2018-05-03 21:17:29'),(1327,439,'App\\Question','question: was created  scores: ',1,'2018-05-03 21:17:29','2018-05-03 21:17:29'),(1328,440,'App\\Question','question: was created  scores: ',1,'2018-05-03 21:17:29','2018-05-03 21:17:29'),(1329,441,'App\\Question','question: was created  scores: ',1,'2018-05-03 21:17:29','2018-05-03 21:17:29'),(1330,442,'App\\Question','question: was created  scores: ',1,'2018-05-03 21:17:29','2018-05-03 21:17:29'),(1331,443,'App\\Question','question: was created  scores: ',1,'2018-05-03 21:17:29','2018-05-03 21:17:29'),(1332,444,'App\\Question','question: was created  scores: ',1,'2018-05-03 21:17:29','2018-05-03 21:17:29'),(1333,445,'App\\Question','question: was created  scores: ',1,'2018-05-03 21:17:29','2018-05-03 21:17:29'),(1334,446,'App\\Question','question: was created  scores: ',1,'2018-05-03 21:17:29','2018-05-03 21:17:29'),(1335,447,'App\\Question','question: was created  scores: ',1,'2018-05-03 21:17:29','2018-05-03 21:17:29'),(1336,448,'App\\Question','question: was created  scores: ',1,'2018-05-03 21:17:29','2018-05-03 21:17:29'),(1337,449,'App\\Question','question: was created  scores: ',1,'2018-05-03 21:17:29','2018-05-03 21:17:29'),(1338,450,'App\\Question','question: was created  scores: ',1,'2018-05-03 21:17:29','2018-05-03 21:17:29'),(1339,451,'App\\Question','question: was created  scores: ',1,'2018-05-03 21:17:29','2018-05-03 21:17:29'),(1340,452,'App\\Question','question: was created  scores: ',1,'2018-05-03 21:17:29','2018-05-03 21:17:29'),(1341,453,'App\\Question','question: was created  scores: ',1,'2018-05-03 21:17:29','2018-05-03 21:17:29'),(1342,454,'App\\Question','question: was created  scores: ',1,'2018-05-03 21:17:29','2018-05-03 21:17:29'),(1343,455,'App\\Question','question: was created  scores: ',1,'2018-05-03 21:17:29','2018-05-03 21:17:29'),(1344,456,'App\\Question','question: was created  scores: ',1,'2018-05-03 21:17:29','2018-05-03 21:17:29'),(1345,457,'App\\Question','question: was created  scores: ',1,'2018-05-03 21:17:29','2018-05-03 21:17:29'),(1346,458,'App\\Question','question: was created  scores: ',1,'2018-05-03 21:17:29','2018-05-03 21:17:29'),(1347,459,'App\\Question','question: was created  scores: ',1,'2018-05-03 21:17:29','2018-05-03 21:17:29'),(1348,460,'App\\Question','question: was created  scores: ',1,'2018-05-03 21:17:29','2018-05-03 21:17:29'),(1349,461,'App\\Question','question: was created  scores: ',1,'2018-05-03 21:17:29','2018-05-03 21:17:29'),(1350,462,'App\\Question','question: was created  scores: ',1,'2018-05-03 21:17:29','2018-05-03 21:17:29'),(1351,463,'App\\Question','question: was created  scores: ',1,'2018-05-03 21:17:29','2018-05-03 21:17:29'),(1352,464,'App\\Question','question: was created  scores: ',1,'2018-05-03 21:17:29','2018-05-03 21:17:29'),(1353,465,'App\\Question','question: was created  scores: ',1,'2018-05-03 21:17:29','2018-05-03 21:17:29'),(1354,466,'App\\Question','question: was created  scores: ',1,'2018-05-03 21:17:29','2018-05-03 21:17:29'),(1355,467,'App\\Question','question: was created  scores: ',1,'2018-05-03 21:17:29','2018-05-03 21:17:29'),(1356,468,'App\\Question','question: was created  scores: ',1,'2018-05-03 21:17:29','2018-05-03 21:17:29'),(1357,469,'App\\Question','question: was created  scores: ',1,'2018-05-03 21:17:29','2018-05-03 21:17:29'),(1358,470,'App\\Question','question: was created  scores: ',1,'2018-05-03 21:17:29','2018-05-03 21:17:29'),(1359,471,'App\\Question','question: was created  scores: ',1,'2018-05-03 21:17:29','2018-05-03 21:17:29'),(1360,472,'App\\Question','question: was created  scores: ',1,'2018-05-03 21:17:29','2018-05-03 21:17:29'),(1361,473,'App\\Question','question: was created  scores: ',1,'2018-05-03 21:17:29','2018-05-03 21:17:29'),(1362,474,'App\\Question','question: was created  scores: ',1,'2018-05-03 21:17:29','2018-05-03 21:17:29'),(1363,475,'App\\Question','question: was created  scores: ',1,'2018-05-03 21:17:29','2018-05-03 21:17:29'),(1364,476,'App\\Question','question: was created  scores: ',1,'2018-05-03 21:17:29','2018-05-03 21:17:29'),(1365,477,'App\\Question','question: was created  scores: ',1,'2018-05-03 21:17:29','2018-05-03 21:17:29'),(1366,478,'App\\Question','question: was created  scores: ',1,'2018-05-03 21:17:29','2018-05-03 21:17:29'),(1367,479,'App\\Question','question: was created  scores: ',1,'2018-05-03 21:17:29','2018-05-03 21:17:29'),(1368,480,'App\\Question','question: was created  scores: ',1,'2018-05-03 21:17:29','2018-05-03 21:17:29'),(1369,481,'App\\Question','question: was created  scores: ',1,'2018-05-03 21:17:29','2018-05-03 21:17:29'),(1370,482,'App\\Question','question: was created  scores: ',1,'2018-05-03 21:17:29','2018-05-03 21:17:29'),(1371,483,'App\\Question','question: was created  scores: ',1,'2018-05-03 21:17:29','2018-05-03 21:17:29'),(1372,484,'App\\Question','question: was created  scores: ',1,'2018-05-03 21:17:29','2018-05-03 21:17:29'),(1373,485,'App\\Question','question: was created  scores: ',1,'2018-05-03 21:17:29','2018-05-03 21:17:29'),(1374,486,'App\\Question','question: was created  scores: ',1,'2018-05-03 21:17:29','2018-05-03 21:17:29'),(1375,487,'App\\Question','question: was created  scores: ',1,'2018-05-03 21:17:29','2018-05-03 21:17:29'),(1376,488,'App\\Question','question: was created  scores: ',1,'2018-05-03 21:17:29','2018-05-03 21:17:29'),(1377,489,'App\\Question','question: was created  scores: ',1,'2018-05-03 21:17:29','2018-05-03 21:17:29'),(1378,490,'App\\Question','question: was created  scores: ',1,'2018-05-03 21:17:29','2018-05-03 21:17:29'),(1379,491,'App\\Question','question: was created  scores: ',1,'2018-05-03 21:17:29','2018-05-03 21:17:29'),(1380,492,'App\\Question','question: was created  scores: ',1,'2018-05-03 21:17:29','2018-05-03 21:17:29'),(1381,493,'App\\Question','question: was created  scores: ',1,'2018-05-03 21:17:29','2018-05-03 21:17:29'),(1382,494,'App\\Question','question: was created  scores: ',1,'2018-05-03 21:17:29','2018-05-03 21:17:29'),(1383,495,'App\\Question','question: was created  scores: ',1,'2018-05-03 21:17:29','2018-05-03 21:17:29'),(1384,496,'App\\Question','question: was created  scores: ',1,'2018-05-03 21:17:29','2018-05-03 21:17:29'),(1385,497,'App\\Question','question: was created  scores: ',1,'2018-05-03 21:17:29','2018-05-03 21:17:29'),(1386,498,'App\\Question','question: was created  scores: ',1,'2018-05-03 21:17:29','2018-05-03 21:17:29'),(1387,499,'App\\Question','question: was created  scores: ',1,'2018-05-03 21:17:29','2018-05-03 21:17:29'),(1388,500,'App\\Question','question: was created  scores: ',1,'2018-05-03 21:17:29','2018-05-03 21:17:29'),(1389,501,'App\\Question','question: was created  scores: ',1,'2018-05-03 21:17:29','2018-05-03 21:17:29'),(1390,502,'App\\Question','question: was created  scores: ',1,'2018-05-03 21:17:29','2018-05-03 21:17:29'),(1391,503,'App\\Question','question: was created  scores: ',1,'2018-05-03 21:17:29','2018-05-03 21:17:29'),(1392,504,'App\\Question','question: was created  scores: ',1,'2018-05-03 21:17:29','2018-05-03 21:17:29'),(1393,505,'App\\Question','question: was created  scores: ',1,'2018-05-03 21:17:29','2018-05-03 21:17:29'),(1394,506,'App\\Question','question: was created  scores: ',1,'2018-05-03 21:17:29','2018-05-03 21:17:29'),(1395,507,'App\\Question','question: was created  scores: ',1,'2018-05-03 21:17:29','2018-05-03 21:17:29'),(1396,508,'App\\Question','question: was created  scores: ',1,'2018-05-03 21:17:29','2018-05-03 21:17:29'),(1397,509,'App\\Question','question: was created  scores: ',1,'2018-05-03 21:17:29','2018-05-03 21:17:29'),(1398,510,'App\\Question','question: was created  scores: ',1,'2018-05-03 21:17:29','2018-05-03 21:17:29'),(1399,511,'App\\Question','question: was created  scores: ',1,'2018-05-03 21:17:29','2018-05-03 21:17:29'),(1400,512,'App\\Question','question: was created  scores: ',1,'2018-05-03 21:17:29','2018-05-03 21:17:29'),(1401,513,'App\\Question','question: was created  scores: ',1,'2018-05-03 21:17:29','2018-05-03 21:17:29'),(1402,514,'App\\Question','question: was created  scores: ',1,'2018-05-03 21:17:29','2018-05-03 21:17:29'),(1403,515,'App\\Question','question: was created  scores: ',1,'2018-05-03 21:17:29','2018-05-03 21:17:29'),(1404,516,'App\\Question','question: was created  scores: ',1,'2018-05-03 21:17:29','2018-05-03 21:17:29'),(1405,517,'App\\Question','question: was created  scores: ',1,'2018-05-03 21:17:29','2018-05-03 21:17:29'),(1406,518,'App\\Question','question: was created  scores: ',1,'2018-05-03 21:17:29','2018-05-03 21:17:29'),(1407,519,'App\\Question','question: was created  scores: ',1,'2018-05-03 21:17:30','2018-05-03 21:17:30'),(1408,520,'App\\Question','question: was created  scores: ',1,'2018-05-03 21:17:30','2018-05-03 21:17:30'),(1409,521,'App\\Question','question: was created  scores: ',1,'2018-05-03 21:17:30','2018-05-03 21:17:30'),(1410,522,'App\\Question','question: was created  scores: ',1,'2018-05-03 21:17:30','2018-05-03 21:17:30'),(1411,523,'App\\Question','question: was created  scores: ',1,'2018-05-03 21:17:30','2018-05-03 21:17:30'),(1412,524,'App\\Question','question: was created  scores: ',1,'2018-05-03 21:17:30','2018-05-03 21:17:30'),(1413,525,'App\\Question','question: was created  scores: ',1,'2018-05-03 21:17:30','2018-05-03 21:17:30'),(1414,526,'App\\Question','question: was created  scores: ',1,'2018-05-03 21:17:30','2018-05-03 21:17:30'),(1415,527,'App\\Question','question: was created  scores: ',1,'2018-05-03 21:17:30','2018-05-03 21:17:30'),(1416,528,'App\\Question','question: was created  scores: ',1,'2018-05-03 21:17:30','2018-05-03 21:17:30'),(1417,529,'App\\Question','question: was created  scores: ',1,'2018-05-03 21:17:30','2018-05-03 21:17:30'),(1418,530,'App\\Question','question: was created  scores: ',1,'2018-05-03 21:17:30','2018-05-03 21:17:30'),(1419,531,'App\\Question','question: was created  scores: ',1,'2018-05-03 21:17:30','2018-05-03 21:17:30'),(1420,532,'App\\Question','question: was created  scores: ',1,'2018-05-03 21:17:30','2018-05-03 21:17:30'),(1421,533,'App\\Question','question: was created  scores: ',1,'2018-05-03 21:17:30','2018-05-03 21:17:30'),(1422,534,'App\\Question','question: was created  scores: ',1,'2018-05-03 21:17:30','2018-05-03 21:17:30'),(1423,535,'App\\Question','question: was created  scores: ',1,'2018-05-03 21:17:30','2018-05-03 21:17:30'),(1424,536,'App\\Question','question: was created  scores: ',1,'2018-05-03 21:17:30','2018-05-03 21:17:30'),(1425,537,'App\\Question','question: was created  scores: ',1,'2018-05-03 21:17:30','2018-05-03 21:17:30'),(1426,538,'App\\Question','question: was created  scores: ',1,'2018-05-03 21:17:30','2018-05-03 21:17:30'),(1427,539,'App\\Question','question: was created  scores: ',1,'2018-05-03 21:17:30','2018-05-03 21:17:30'),(1428,540,'App\\Question','question: was created  scores: ',1,'2018-05-03 21:17:30','2018-05-03 21:17:30'),(1429,541,'App\\Question','question: was created  scores: ',1,'2018-05-03 21:17:30','2018-05-03 21:17:30'),(1430,542,'App\\Question','question: was created  scores: ',1,'2018-05-03 21:17:30','2018-05-03 21:17:30'),(1431,543,'App\\Question','question: was created  scores: ',1,'2018-05-03 21:17:30','2018-05-03 21:17:30'),(1432,544,'App\\Question','question: was created  scores: ',1,'2018-05-03 21:17:30','2018-05-03 21:17:30'),(1433,545,'App\\Question','question: was created  scores: ',1,'2018-05-03 21:17:30','2018-05-03 21:17:30'),(1434,546,'App\\Question','question: was created  scores: ',1,'2018-05-03 21:17:30','2018-05-03 21:17:30'),(1435,547,'App\\Question','question: was created  scores: ',1,'2018-05-03 21:17:30','2018-05-03 21:17:30'),(1436,548,'App\\Question','question: was created  scores: ',1,'2018-05-03 21:17:30','2018-05-03 21:17:30'),(1437,549,'App\\Question','question: was created  scores: ',1,'2018-05-03 21:17:30','2018-05-03 21:17:30'),(1438,550,'App\\Question','question: was created  scores: ',1,'2018-05-03 21:17:30','2018-05-03 21:17:30'),(1439,551,'App\\Question','question: was created  scores: ',1,'2018-05-03 21:17:30','2018-05-03 21:17:30'),(1440,552,'App\\Question','question: was created  scores: ',1,'2018-05-03 21:17:30','2018-05-03 21:17:30'),(1441,553,'App\\Question','question: was created  scores: ',1,'2018-05-03 21:17:30','2018-05-03 21:17:30'),(1442,554,'App\\Question','question: was created  scores: ',1,'2018-05-03 21:17:30','2018-05-03 21:17:30'),(1443,555,'App\\Question','question: was created  scores: ',1,'2018-05-03 21:17:30','2018-05-03 21:17:30'),(1444,556,'App\\Question','question: was created  scores: ',1,'2018-05-03 21:17:30','2018-05-03 21:17:30'),(1445,557,'App\\Question','question: was created  scores: ',1,'2018-05-03 21:17:30','2018-05-03 21:17:30'),(1446,558,'App\\Question','question: was created  scores: ',1,'2018-05-03 21:17:30','2018-05-03 21:17:30'),(1447,559,'App\\Question','question: was created  scores: ',1,'2018-05-03 21:17:30','2018-05-03 21:17:30'),(1448,560,'App\\Question','question: was created  scores: ',1,'2018-05-03 21:17:30','2018-05-03 21:17:30'),(1449,561,'App\\Question','question: was created  scores: ',1,'2018-05-03 21:17:30','2018-05-03 21:17:30'),(1450,562,'App\\Question','question: was created  scores: ',1,'2018-05-03 21:17:30','2018-05-03 21:17:30'),(1451,563,'App\\Question','question: was created  scores: ',1,'2018-05-03 21:17:30','2018-05-03 21:17:30'),(1452,564,'App\\Question','question: was created  scores: ',1,'2018-05-03 21:17:30','2018-05-03 21:17:30'),(1453,565,'App\\Question','question: was created  scores: ',1,'2018-05-03 21:17:30','2018-05-03 21:17:30'),(1454,566,'App\\Question','question: was created  scores: ',1,'2018-05-03 21:17:30','2018-05-03 21:17:30'),(1455,567,'App\\Question','question: was created  scores: ',1,'2018-05-03 21:17:30','2018-05-03 21:17:30'),(1456,568,'App\\Question','question: was created  scores: ',1,'2018-05-03 21:17:30','2018-05-03 21:17:30'),(1457,569,'App\\Question','question: was created  scores: ',1,'2018-05-03 21:17:30','2018-05-03 21:17:30'),(1458,570,'App\\Question','question: was created  scores: ',1,'2018-05-03 21:17:30','2018-05-03 21:17:30'),(1459,571,'App\\Question','question: was created  scores: ',1,'2018-05-03 21:17:30','2018-05-03 21:17:30'),(1460,572,'App\\Question','question: was created  scores: ',1,'2018-05-03 21:17:30','2018-05-03 21:17:30'),(1461,573,'App\\Question','question: was created  scores: ',1,'2018-05-03 21:17:30','2018-05-03 21:17:30'),(1462,574,'App\\Question','question: was created  scores: ',1,'2018-05-03 21:17:30','2018-05-03 21:17:30'),(1463,575,'App\\Question','question: was created  scores: ',1,'2018-05-03 21:17:30','2018-05-03 21:17:30'),(1464,576,'App\\Question','question: was created  scores: ',1,'2018-05-03 21:17:30','2018-05-03 21:17:30'),(1465,577,'App\\Question','question: was created  scores: ',1,'2018-05-03 21:17:30','2018-05-03 21:17:30'),(1466,578,'App\\Question','question: was created  scores: ',1,'2018-05-03 21:17:30','2018-05-03 21:17:30'),(1467,579,'App\\Question','question: was created  scores: ',1,'2018-05-03 21:17:30','2018-05-03 21:17:30'),(1468,580,'App\\Question','question: was created  scores: ',1,'2018-05-03 21:17:30','2018-05-03 21:17:30'),(1469,581,'App\\Question','question: was created  scores: ',1,'2018-05-03 21:17:30','2018-05-03 21:17:30'),(1470,582,'App\\Question','question: was created  scores: ',1,'2018-05-03 21:17:30','2018-05-03 21:17:30'),(1471,583,'App\\Question','question: was created  scores: ',1,'2018-05-03 21:17:30','2018-05-03 21:17:30'),(1472,584,'App\\Question','question: was created  scores: ',1,'2018-05-03 21:17:30','2018-05-03 21:17:30'),(1473,585,'App\\Question','question: was created  scores: ',1,'2018-05-03 21:17:30','2018-05-03 21:17:30'),(1474,586,'App\\Question','question: was created  scores: ',1,'2018-05-03 21:17:30','2018-05-03 21:17:30'),(1475,587,'App\\Question','question: was created  scores: ',1,'2018-05-03 21:17:30','2018-05-03 21:17:30'),(1476,588,'App\\Question','question: was created  scores: ',1,'2018-05-03 21:17:30','2018-05-03 21:17:30'),(1477,589,'App\\Question','question: was created  scores: ',1,'2018-05-03 21:17:30','2018-05-03 21:17:30'),(1478,590,'App\\Question','question: was created  scores: ',1,'2018-05-03 21:17:30','2018-05-03 21:17:30'),(1479,591,'App\\Question','question: was created  scores: ',1,'2018-05-03 21:17:30','2018-05-03 21:17:30'),(1480,592,'App\\Question','question: was created  scores: ',1,'2018-05-03 21:17:30','2018-05-03 21:17:30'),(1481,593,'App\\Question','question: was created  scores: ',1,'2018-05-03 21:17:30','2018-05-03 21:17:30'),(1482,594,'App\\Question','question: was created  scores: ',1,'2018-05-03 21:17:30','2018-05-03 21:17:30'),(1483,595,'App\\Question','question: was created  scores: ',1,'2018-05-03 21:17:30','2018-05-03 21:17:30'),(1484,596,'App\\Question','question: was created  scores: ',1,'2018-05-03 21:17:30','2018-05-03 21:17:30'),(1485,597,'App\\Question','question: was created  scores: ',1,'2018-05-03 21:17:30','2018-05-03 21:17:30'),(1486,598,'App\\Question','question: was created  scores: ',1,'2018-05-03 21:17:30','2018-05-03 21:17:30'),(1487,599,'App\\Question','question: was created  scores: ',1,'2018-05-03 21:17:30','2018-05-03 21:17:30'),(1488,600,'App\\Question','question: was created  scores: ',1,'2018-05-03 21:17:30','2018-05-03 21:17:30'),(1489,601,'App\\Question','question: was created  scores: ',1,'2018-05-03 21:17:30','2018-05-03 21:17:30'),(1490,602,'App\\Question','question: was created  scores: ',1,'2018-05-03 21:17:30','2018-05-03 21:17:30'),(1491,603,'App\\Question','question: was created  scores: ',1,'2018-05-03 21:17:30','2018-05-03 21:17:30'),(1492,604,'App\\Question','question: was created  scores: ',1,'2018-05-03 21:17:30','2018-05-03 21:17:30'),(1493,605,'App\\Question','question: was created  scores: ',1,'2018-05-03 21:17:30','2018-05-03 21:17:30'),(1494,606,'App\\Question','question: was created  scores: ',1,'2018-05-03 21:17:30','2018-05-03 21:17:30'),(1495,607,'App\\Question','question: was created  scores: ',1,'2018-05-03 21:17:30','2018-05-03 21:17:30'),(1496,608,'App\\Question','question: was created  scores: ',1,'2018-05-03 21:17:30','2018-05-03 21:17:30'),(1497,609,'App\\Question','question: was created  scores: ',1,'2018-05-03 21:17:30','2018-05-03 21:17:30'),(1498,610,'App\\Question','question: was created  scores: ',1,'2018-05-03 21:17:30','2018-05-03 21:17:30'),(1499,611,'App\\Question','question: was created  scores: ',1,'2018-05-03 21:17:30','2018-05-03 21:17:30'),(1500,612,'App\\Question','question: was created  scores: ',1,'2018-05-03 21:17:30','2018-05-03 21:17:30'),(1501,613,'App\\Question','question: was created  scores: ',1,'2018-05-03 21:17:30','2018-05-03 21:17:30'),(1502,614,'App\\Question','question: was created  scores: ',1,'2018-05-03 21:17:31','2018-05-03 21:17:31'),(1503,615,'App\\Question','question: was created  scores: ',1,'2018-05-03 21:17:31','2018-05-03 21:17:31'),(1504,616,'App\\Question','question: was created  scores: ',1,'2018-05-03 21:17:31','2018-05-03 21:17:31'),(1505,617,'App\\Question','question: was created  scores: ',1,'2018-05-03 21:17:31','2018-05-03 21:17:31'),(1506,618,'App\\Question','question: was created  scores: ',1,'2018-05-03 21:17:31','2018-05-03 21:17:31'),(1507,619,'App\\Question','question: was created  scores: ',1,'2018-05-03 21:17:31','2018-05-03 21:17:31'),(1508,620,'App\\Question','question: was created  scores: ',1,'2018-05-03 21:17:31','2018-05-03 21:17:31'),(1509,621,'App\\Question','question: was created  scores: ',1,'2018-05-03 21:17:31','2018-05-03 21:17:31'),(1510,622,'App\\Question','question: was created  scores: ',1,'2018-05-03 21:17:31','2018-05-03 21:17:31'),(1511,623,'App\\Question','question: was created  scores: ',1,'2018-05-03 21:17:31','2018-05-03 21:17:31'),(1512,624,'App\\Question','question: was created  scores: ',1,'2018-05-03 21:17:31','2018-05-03 21:17:31'),(1513,625,'App\\Question','question: was created  scores: ',1,'2018-05-03 21:17:31','2018-05-03 21:17:31'),(1514,626,'App\\Question','question: was created  scores: ',1,'2018-05-03 21:17:31','2018-05-03 21:17:31'),(1515,627,'App\\Question','question: was created  scores: ',1,'2018-05-03 21:17:31','2018-05-03 21:17:31'),(1516,628,'App\\Question','question: was created  scores: ',1,'2018-05-03 21:17:31','2018-05-03 21:17:31'),(1517,629,'App\\Question','question: was created  scores: ',1,'2018-05-03 21:17:31','2018-05-03 21:17:31'),(1518,630,'App\\Question','question: was created  scores: ',1,'2018-05-03 21:17:31','2018-05-03 21:17:31'),(1519,631,'App\\Question','question: was created  scores: ',1,'2018-05-03 21:17:31','2018-05-03 21:17:31'),(1520,632,'App\\Question','question: was created  scores: ',1,'2018-05-03 21:17:31','2018-05-03 21:17:31'),(1521,633,'App\\Question','question: was created  scores: ',1,'2018-05-03 21:17:31','2018-05-03 21:17:31'),(1522,634,'App\\Question','question: was created  scores: ',1,'2018-05-03 21:17:31','2018-05-03 21:17:31'),(1523,635,'App\\Question','question: was created  scores: ',1,'2018-05-03 21:17:31','2018-05-03 21:17:31'),(1524,636,'App\\Question','question: was created  scores: ',1,'2018-05-03 21:17:31','2018-05-03 21:17:31'),(1525,637,'App\\Question','question: was created  scores: ',1,'2018-05-03 21:17:31','2018-05-03 21:17:31'),(1526,638,'App\\Question','question: was created  scores: ',1,'2018-05-03 21:17:31','2018-05-03 21:17:31'),(1527,639,'App\\Question','question: was created  scores: ',1,'2018-05-03 21:17:31','2018-05-03 21:17:31'),(1528,640,'App\\Question','question: was created  scores: ',1,'2018-05-03 21:17:31','2018-05-03 21:17:31'),(1529,641,'App\\Question','question: was created  scores: ',1,'2018-05-03 21:17:31','2018-05-03 21:17:31'),(1530,642,'App\\Question','question: was created  scores: ',1,'2018-05-03 21:17:31','2018-05-03 21:17:31'),(1531,643,'App\\Question','question: was created  scores: ',1,'2018-05-03 21:17:31','2018-05-03 21:17:31'),(1532,644,'App\\Question','question: was created  scores: ',1,'2018-05-03 21:17:31','2018-05-03 21:17:31'),(1533,645,'App\\Question','question: was created  scores: ',1,'2018-05-03 21:17:31','2018-05-03 21:17:31'),(1534,646,'App\\Question','question: was created  scores: ',1,'2018-05-03 21:17:31','2018-05-03 21:17:31'),(1535,647,'App\\Question','question: was created  scores: ',1,'2018-05-03 21:17:31','2018-05-03 21:17:31'),(1536,648,'App\\Question','question: was created  scores: ',1,'2018-05-03 21:17:31','2018-05-03 21:17:31'),(1537,649,'App\\Question','question: was created  scores: ',1,'2018-05-03 21:17:31','2018-05-03 21:17:31'),(1538,650,'App\\Question','question: was created  scores: ',1,'2018-05-03 21:17:31','2018-05-03 21:17:31'),(1539,651,'App\\Question','question: was created  scores: ',1,'2018-05-03 21:17:31','2018-05-03 21:17:31'),(1540,652,'App\\Question','question: was created  scores: ',1,'2018-05-03 21:17:31','2018-05-03 21:17:31'),(1541,653,'App\\Question','question: was created  scores: ',1,'2018-05-03 21:17:31','2018-05-03 21:17:31'),(1542,654,'App\\Question','question: was created  scores: ',1,'2018-05-03 21:17:31','2018-05-03 21:17:31'),(1543,655,'App\\Question','question: was created  scores: ',1,'2018-05-03 21:17:31','2018-05-03 21:17:31'),(1544,656,'App\\Question','question: was created  scores: ',1,'2018-05-03 21:17:31','2018-05-03 21:17:31'),(1545,657,'App\\Question','question: was created  scores: ',1,'2018-05-03 21:17:31','2018-05-03 21:17:31'),(1546,658,'App\\Question','question: was created  scores: ',1,'2018-05-03 21:17:31','2018-05-03 21:17:31'),(1547,659,'App\\Question','question: was created  scores: ',1,'2018-05-03 21:17:31','2018-05-03 21:17:31'),(1548,660,'App\\Question','question: was created  scores: ',1,'2018-05-03 21:17:31','2018-05-03 21:17:31'),(1549,661,'App\\Question','question: was created  scores: ',1,'2018-05-03 21:17:31','2018-05-03 21:17:31'),(1550,662,'App\\Question','question: was created  scores: ',1,'2018-05-03 21:17:31','2018-05-03 21:17:31'),(1551,663,'App\\Question','question: was created  scores: ',1,'2018-05-03 21:17:31','2018-05-03 21:17:31'),(1552,664,'App\\Question','question: was created  scores: ',1,'2018-05-03 21:17:31','2018-05-03 21:17:31'),(1553,665,'App\\Question','question: was created  scores: ',1,'2018-05-03 21:17:31','2018-05-03 21:17:31'),(1554,666,'App\\Question','question: was created  scores: ',1,'2018-05-03 21:17:31','2018-05-03 21:17:31'),(1555,667,'App\\Question','question: was created  scores: ',1,'2018-05-03 21:17:31','2018-05-03 21:17:31'),(1556,668,'App\\Question','question: was created  scores: ',1,'2018-05-03 21:17:31','2018-05-03 21:17:31'),(1557,669,'App\\Question','question: was created  scores: ',1,'2018-05-03 21:17:31','2018-05-03 21:17:31'),(1558,670,'App\\Question','question: was created  scores: ',1,'2018-05-03 21:17:31','2018-05-03 21:17:31'),(1559,671,'App\\Question','question: was created  scores: ',1,'2018-05-03 21:17:31','2018-05-03 21:17:31'),(1560,672,'App\\Question','question: was created  scores: ',1,'2018-05-03 21:17:31','2018-05-03 21:17:31'),(1561,673,'App\\Question','question: was created  scores: ',1,'2018-05-03 21:17:31','2018-05-03 21:17:31'),(1562,674,'App\\Question','question: was created  scores: ',1,'2018-05-03 21:17:31','2018-05-03 21:17:31'),(1563,675,'App\\Question','question: was created  scores: ',1,'2018-05-03 21:17:31','2018-05-03 21:17:31'),(1564,676,'App\\Question','question: was created  scores: ',1,'2018-05-03 21:17:31','2018-05-03 21:17:31'),(1565,677,'App\\Question','question: was created  scores: ',1,'2018-05-03 21:17:31','2018-05-03 21:17:31'),(1566,678,'App\\Question','question: was created  scores: ',1,'2018-05-03 21:17:31','2018-05-03 21:17:31'),(1567,679,'App\\Question','question: was created  scores: ',1,'2018-05-03 21:17:31','2018-05-03 21:17:31'),(1568,680,'App\\Question','question: was created  scores: ',1,'2018-05-03 21:17:31','2018-05-03 21:17:31'),(1569,681,'App\\Question','question: was created  scores: ',1,'2018-05-03 21:17:31','2018-05-03 21:17:31'),(1570,682,'App\\Question','question: was created  scores: ',1,'2018-05-03 21:17:31','2018-05-03 21:17:31'),(1571,683,'App\\Question','question: was created  scores: ',1,'2018-05-03 21:17:31','2018-05-03 21:17:31'),(1572,684,'App\\Question','question: was created  scores: ',1,'2018-05-03 21:17:31','2018-05-03 21:17:31'),(1573,685,'App\\Question','question: was created  scores: ',1,'2018-05-03 21:17:31','2018-05-03 21:17:31'),(1574,686,'App\\Question','question: was created  scores: ',1,'2018-05-03 21:17:31','2018-05-03 21:17:31'),(1575,687,'App\\Question','question: was created  scores: ',1,'2018-05-03 21:17:31','2018-05-03 21:17:31'),(1576,688,'App\\Question','question: was created  scores: ',1,'2018-05-03 21:17:31','2018-05-03 21:17:31'),(1577,689,'App\\Question','question: was created  scores: ',1,'2018-05-03 21:17:31','2018-05-03 21:17:31'),(1578,690,'App\\Question','question: was created  scores: ',1,'2018-05-03 21:17:31','2018-05-03 21:17:31'),(1579,691,'App\\Question','question: was created  scores: ',1,'2018-05-03 21:17:31','2018-05-03 21:17:31'),(1580,692,'App\\Question','question: was created  scores: ',1,'2018-05-03 21:17:31','2018-05-03 21:17:31'),(1581,693,'App\\Question','question: was created  scores: ',1,'2018-05-03 21:17:31','2018-05-03 21:17:31'),(1582,694,'App\\Question','question: was created  scores: ',1,'2018-05-03 21:17:31','2018-05-03 21:17:31'),(1583,695,'App\\Question','question: was created  scores: ',1,'2018-05-03 21:17:31','2018-05-03 21:17:31'),(1584,696,'App\\Question','question: was created  scores: ',1,'2018-05-03 21:17:31','2018-05-03 21:17:31'),(1585,697,'App\\Question','question: was created  scores: ',1,'2018-05-03 21:17:31','2018-05-03 21:17:31'),(1586,698,'App\\Question','question: was created  scores: ',1,'2018-05-03 21:17:31','2018-05-03 21:17:31'),(1587,699,'App\\Question','question: was created  scores: ',1,'2018-05-03 21:17:31','2018-05-03 21:17:31'),(1588,700,'App\\Question','question: was created  scores: ',1,'2018-05-03 21:17:31','2018-05-03 21:17:31'),(1589,701,'App\\Question','question: was created  scores: ',1,'2018-05-03 21:17:31','2018-05-03 21:17:31'),(1590,702,'App\\Question','question: was created  scores: ',1,'2018-05-03 21:17:31','2018-05-03 21:17:31'),(1591,703,'App\\Question','question: was created  scores: ',1,'2018-05-03 21:17:31','2018-05-03 21:17:31'),(1592,704,'App\\Question','question: was created  scores: ',1,'2018-05-03 21:17:31','2018-05-03 21:17:31'),(1593,705,'App\\Question','question: was created  scores: ',1,'2018-05-03 21:17:31','2018-05-03 21:17:31'),(1594,706,'App\\Question','question: was created  scores: ',1,'2018-05-03 21:17:31','2018-05-03 21:17:31'),(1595,707,'App\\Question','question: was created  scores: ',1,'2018-05-03 21:17:31','2018-05-03 21:17:31'),(1596,708,'App\\Question','question: was created  scores: ',1,'2018-05-03 21:17:31','2018-05-03 21:17:31'),(1597,709,'App\\Question','question: was created  scores: ',1,'2018-05-03 21:17:31','2018-05-03 21:17:31'),(1598,710,'App\\Question','question: was created  scores: ',1,'2018-05-03 21:17:31','2018-05-03 21:17:31'),(1599,711,'App\\Question','question: was created  scores: ',1,'2018-05-03 21:17:31','2018-05-03 21:17:31'),(1600,712,'App\\Question','question: was created  scores: ',1,'2018-05-03 21:17:31','2018-05-03 21:17:31'),(1601,713,'App\\Question','question: was created  scores: ',1,'2018-05-03 21:17:32','2018-05-03 21:17:32'),(1602,714,'App\\Question','question: was created  scores: ',1,'2018-05-03 21:17:32','2018-05-03 21:17:32'),(1603,715,'App\\Question','question: was created  scores: ',1,'2018-05-03 21:17:32','2018-05-03 21:17:32'),(1604,716,'App\\Question','question: was created  scores: ',1,'2018-05-03 21:17:32','2018-05-03 21:17:32'),(1605,717,'App\\Question','question: was created  scores: ',1,'2018-05-03 21:17:32','2018-05-03 21:17:32'),(1606,718,'App\\Question','question: was created  scores: ',1,'2018-05-03 21:17:32','2018-05-03 21:17:32'),(1607,719,'App\\Question','question: was created  scores: ',1,'2018-05-03 21:17:32','2018-05-03 21:17:32'),(1608,720,'App\\Question','question: was created  scores: ',1,'2018-05-03 21:17:32','2018-05-03 21:17:32'),(1609,721,'App\\Question','question: was created  scores: ',1,'2018-05-03 21:17:32','2018-05-03 21:17:32'),(1610,722,'App\\Question','question: was created  scores: ',1,'2018-05-03 21:17:32','2018-05-03 21:17:32'),(1611,723,'App\\Question','question: was created  scores: ',1,'2018-05-03 21:17:32','2018-05-03 21:17:32'),(1612,724,'App\\Question','question: was created  scores: ',1,'2018-05-03 21:17:32','2018-05-03 21:17:32'),(1613,725,'App\\Question','question: was created  scores: ',1,'2018-05-03 21:17:32','2018-05-03 21:17:32'),(1614,726,'App\\Question','question: was created  scores: ',1,'2018-05-03 21:17:32','2018-05-03 21:17:32'),(1615,727,'App\\Question','question: was created  scores: ',1,'2018-05-03 21:17:32','2018-05-03 21:17:32'),(1616,728,'App\\Question','question: was created  scores: ',1,'2018-05-03 21:17:32','2018-05-03 21:17:32'),(1617,729,'App\\Question','question: was created  scores: ',1,'2018-05-03 21:17:32','2018-05-03 21:17:32'),(1618,730,'App\\Question','question: was created  scores: ',1,'2018-05-03 21:17:32','2018-05-03 21:17:32'),(1619,731,'App\\Question','question: was created  scores: ',1,'2018-05-03 21:17:32','2018-05-03 21:17:32'),(1620,732,'App\\Question','question: was created  scores: ',1,'2018-05-03 21:17:32','2018-05-03 21:17:32'),(1621,733,'App\\Question','question: was created  scores: ',1,'2018-05-03 21:17:32','2018-05-03 21:17:32'),(1622,734,'App\\Question','question: was created  scores: ',1,'2018-05-03 21:17:32','2018-05-03 21:17:32'),(1623,735,'App\\Question','question: was created  scores: ',1,'2018-05-03 21:17:32','2018-05-03 21:17:32'),(1624,736,'App\\Question','question: was created  scores: ',1,'2018-05-03 21:17:32','2018-05-03 21:17:32'),(1625,737,'App\\Question','question: was created  scores: ',1,'2018-05-03 21:17:32','2018-05-03 21:17:32'),(1626,738,'App\\Question','question: was created  scores: ',1,'2018-05-03 21:17:32','2018-05-03 21:17:32'),(1627,739,'App\\Question','question: was created  scores: ',1,'2018-05-03 21:17:32','2018-05-03 21:17:32'),(1628,740,'App\\Question','question: was created  scores: ',1,'2018-05-03 21:17:32','2018-05-03 21:17:32'),(1629,741,'App\\Question','question: was created  scores: ',1,'2018-05-03 21:17:32','2018-05-03 21:17:32'),(1630,742,'App\\Question','question: was created  scores: ',1,'2018-05-03 21:17:32','2018-05-03 21:17:32'),(1631,743,'App\\Question','question: was created  scores: ',1,'2018-05-03 21:17:32','2018-05-03 21:17:32'),(1632,744,'App\\Question','question: was created  scores: ',1,'2018-05-03 21:17:32','2018-05-03 21:17:32'),(1633,745,'App\\Question','question: was created  scores: ',1,'2018-05-03 21:17:32','2018-05-03 21:17:32'),(1634,746,'App\\Question','question: was created  scores: ',1,'2018-05-03 21:17:32','2018-05-03 21:17:32'),(1635,747,'App\\Question','question: was created  scores: ',1,'2018-05-03 21:17:32','2018-05-03 21:17:32'),(1636,748,'App\\Question','question: was created  scores: ',1,'2018-05-03 21:17:32','2018-05-03 21:17:32'),(1637,749,'App\\Question','question: was created  scores: ',1,'2018-05-03 21:17:32','2018-05-03 21:17:32'),(1638,750,'App\\Question','question: was created  scores: ',1,'2018-05-03 21:17:32','2018-05-03 21:17:32'),(1639,751,'App\\Question','question: was created  scores: ',1,'2018-05-03 21:17:32','2018-05-03 21:17:32'),(1640,752,'App\\Question','question: was created  scores: ',1,'2018-05-03 21:17:32','2018-05-03 21:17:32'),(1641,753,'App\\Question','question: was created  scores: ',1,'2018-05-03 21:17:32','2018-05-03 21:17:32'),(1642,754,'App\\Question','question: was created  scores: ',1,'2018-05-03 21:17:32','2018-05-03 21:17:32'),(1643,755,'App\\Question','question: was created  scores: ',1,'2018-05-03 21:17:32','2018-05-03 21:17:32'),(1644,756,'App\\Question','question: was created  scores: ',1,'2018-05-03 21:17:32','2018-05-03 21:17:32'),(1645,757,'App\\Question','question: was created  scores: ',1,'2018-05-03 21:17:32','2018-05-03 21:17:32'),(1646,758,'App\\Question','question: was created  scores: ',1,'2018-05-03 21:17:32','2018-05-03 21:17:32'),(1647,759,'App\\Question','question: was created  scores: ',1,'2018-05-03 21:17:32','2018-05-03 21:17:32'),(1648,760,'App\\Question','question: was created  scores: ',1,'2018-05-03 21:17:32','2018-05-03 21:17:32'),(1649,761,'App\\Question','question: was created  scores: ',1,'2018-05-03 21:17:32','2018-05-03 21:17:32'),(1650,762,'App\\Question','question: was created  scores: ',1,'2018-05-03 21:17:32','2018-05-03 21:17:32'),(1651,763,'App\\Question','question: was created  scores: ',1,'2018-05-03 21:17:32','2018-05-03 21:17:32'),(1652,764,'App\\Question','question: was created  scores: ',1,'2018-05-03 21:17:32','2018-05-03 21:17:32'),(1653,765,'App\\Question','question: was created  scores: ',1,'2018-05-03 21:17:32','2018-05-03 21:17:32'),(1654,766,'App\\Question','question: was created  scores: ',1,'2018-05-03 21:17:32','2018-05-03 21:17:32'),(1655,767,'App\\Question','question: was created  scores: ',1,'2018-05-03 21:17:32','2018-05-03 21:17:32'),(1656,768,'App\\Question','question: was created  scores: ',1,'2018-05-03 21:17:32','2018-05-03 21:17:32'),(1657,769,'App\\Question','question: was created  scores: ',1,'2018-05-03 21:17:32','2018-05-03 21:17:32'),(1658,770,'App\\Question','question: was created  scores: ',1,'2018-05-03 21:17:32','2018-05-03 21:17:32'),(1659,771,'App\\Question','question: was created  scores: ',1,'2018-05-03 21:17:32','2018-05-03 21:17:32'),(1660,772,'App\\Question','question: was created  scores: ',1,'2018-05-03 21:17:32','2018-05-03 21:17:32'),(1661,773,'App\\Question','question: was created  scores: ',1,'2018-05-03 21:17:32','2018-05-03 21:17:32'),(1662,774,'App\\Question','question: was created  scores: ',1,'2018-05-03 21:17:32','2018-05-03 21:17:32'),(1663,775,'App\\Question','question: was created  scores: ',1,'2018-05-03 21:17:32','2018-05-03 21:17:32'),(1664,776,'App\\Question','question: was created  scores: ',1,'2018-05-03 21:17:32','2018-05-03 21:17:32'),(1665,777,'App\\Question','question: was created  scores: ',1,'2018-05-03 21:17:32','2018-05-03 21:17:32'),(1666,778,'App\\Question','question: was created  scores: ',1,'2018-05-03 21:17:32','2018-05-03 21:17:32'),(1667,779,'App\\Question','question: was created  scores: ',1,'2018-05-03 21:17:32','2018-05-03 21:17:32'),(1668,780,'App\\Question','question: was created  scores: ',1,'2018-05-03 21:17:32','2018-05-03 21:17:32'),(1669,781,'App\\Question','question: was created  scores: ',1,'2018-05-03 21:17:32','2018-05-03 21:17:32'),(1670,782,'App\\Question','question: was created  scores: ',1,'2018-05-03 21:17:32','2018-05-03 21:17:32'),(1671,783,'App\\Question','question: was created  scores: ',1,'2018-05-03 21:17:32','2018-05-03 21:17:32'),(1672,784,'App\\Question','question: was created  scores: ',1,'2018-05-03 21:17:32','2018-05-03 21:17:32'),(1673,785,'App\\Question','question: was created  scores: ',1,'2018-05-03 21:17:32','2018-05-03 21:17:32'),(1674,786,'App\\Question','question: was created  scores: ',1,'2018-05-03 21:17:32','2018-05-03 21:17:32'),(1675,787,'App\\Question','question: was created  scores: ',1,'2018-05-03 21:17:32','2018-05-03 21:17:32'),(1676,788,'App\\Question','question: was created  scores: ',1,'2018-05-03 21:17:32','2018-05-03 21:17:32'),(1677,789,'App\\Question','question: was created  scores: ',1,'2018-05-03 21:17:32','2018-05-03 21:17:32'),(1678,790,'App\\Question','question: was created  scores: ',1,'2018-05-03 21:17:32','2018-05-03 21:17:32'),(1679,791,'App\\Question','question: was created  scores: ',1,'2018-05-03 21:17:32','2018-05-03 21:17:32'),(1680,792,'App\\Question','question: was created  scores: ',1,'2018-05-03 21:17:32','2018-05-03 21:17:32'),(1681,793,'App\\Question','question: was created  scores: ',1,'2018-05-03 21:17:32','2018-05-03 21:17:32'),(1682,794,'App\\Question','question: was created  scores: ',1,'2018-05-03 21:17:32','2018-05-03 21:17:32'),(1683,795,'App\\Question','question: was created  scores: ',1,'2018-05-03 21:17:32','2018-05-03 21:17:32'),(1684,796,'App\\Question','question: was created  scores: ',1,'2018-05-03 21:17:32','2018-05-03 21:17:32'),(1685,797,'App\\Question','question: was created  scores: ',1,'2018-05-03 21:17:32','2018-05-03 21:17:32'),(1686,798,'App\\Question','question: was created  scores: ',1,'2018-05-03 21:17:32','2018-05-03 21:17:32'),(1687,799,'App\\Question','question: was created  scores: ',1,'2018-05-03 21:17:32','2018-05-03 21:17:32'),(1688,800,'App\\Question','question: was created  scores: ',1,'2018-05-03 21:17:32','2018-05-03 21:17:32'),(1689,801,'App\\Question','question: was created  scores: ',1,'2018-05-03 21:17:32','2018-05-03 21:17:32'),(1690,802,'App\\Question','question: was created  scores: ',1,'2018-05-03 21:17:32','2018-05-03 21:17:32'),(1691,803,'App\\Question','question: was created  scores: ',1,'2018-05-03 21:17:32','2018-05-03 21:17:32'),(1692,804,'App\\Question','question: was created  scores: ',1,'2018-05-03 21:17:32','2018-05-03 21:17:32'),(1693,805,'App\\Question','question: was created  scores: ',1,'2018-05-03 21:17:32','2018-05-03 21:17:32'),(1694,806,'App\\Question','question: was created  scores: ',1,'2018-05-03 21:17:32','2018-05-03 21:17:32'),(1695,807,'App\\Question','question: was created  scores: ',1,'2018-05-03 21:17:32','2018-05-03 21:17:32'),(1696,808,'App\\Question','question: was created  scores: ',1,'2018-05-03 21:17:32','2018-05-03 21:17:32'),(1697,809,'App\\Question','question: was created  scores: ',1,'2018-05-03 21:17:32','2018-05-03 21:17:32'),(1698,810,'App\\Question','question: was created  scores: ',1,'2018-05-03 21:17:32','2018-05-03 21:17:32'),(1699,811,'App\\Question','question: was created  scores: ',1,'2018-05-03 21:17:32','2018-05-03 21:17:32'),(1700,812,'App\\Question','question: was created  scores: ',1,'2018-05-03 21:17:32','2018-05-03 21:17:32'),(1701,813,'App\\Question','question: was created  scores: ',1,'2018-05-03 21:17:33','2018-05-03 21:17:33'),(1702,814,'App\\Question','question: was created  scores: ',1,'2018-05-03 21:17:33','2018-05-03 21:17:33'),(1703,815,'App\\Question','question: was created  scores: ',1,'2018-05-03 21:17:33','2018-05-03 21:17:33'),(1704,816,'App\\Question','question: was created  scores: ',1,'2018-05-03 21:17:33','2018-05-03 21:17:33'),(1705,817,'App\\Question','question: was created  scores: ',1,'2018-05-03 21:17:33','2018-05-03 21:17:33'),(1706,818,'App\\Question','question: was created  scores: ',1,'2018-05-03 21:17:33','2018-05-03 21:17:33'),(1707,819,'App\\Question','question: was created  scores: ',1,'2018-05-03 21:17:33','2018-05-03 21:17:33'),(1708,820,'App\\Question','question: was created  scores: ',1,'2018-05-03 21:17:33','2018-05-03 21:17:33'),(1709,821,'App\\Question','question: was created  scores: ',1,'2018-05-03 21:17:33','2018-05-03 21:17:33'),(1710,822,'App\\Question','question: was created  scores: ',1,'2018-05-03 21:17:33','2018-05-03 21:17:33'),(1711,823,'App\\Question','question: was created  scores: ',1,'2018-05-03 21:17:33','2018-05-03 21:17:33'),(1712,824,'App\\Question','question: was created  scores: ',1,'2018-05-03 21:17:33','2018-05-03 21:17:33'),(1713,825,'App\\Question','question: was created  scores: ',1,'2018-05-03 21:17:33','2018-05-03 21:17:33'),(1714,826,'App\\Question','question: was created  scores: ',1,'2018-05-03 21:17:33','2018-05-03 21:17:33'),(1715,827,'App\\Question','question: was created  scores: ',1,'2018-05-03 21:17:33','2018-05-03 21:17:33'),(1716,828,'App\\Question','question: was created  scores: ',1,'2018-05-03 21:17:33','2018-05-03 21:17:33'),(1717,829,'App\\Question','question: was created  scores: ',1,'2018-05-03 21:17:33','2018-05-03 21:17:33'),(1718,830,'App\\Question','question: was created  scores: ',1,'2018-05-03 21:17:33','2018-05-03 21:17:33'),(1719,831,'App\\Question','question: was created  scores: ',1,'2018-05-03 21:17:33','2018-05-03 21:17:33'),(1720,832,'App\\Question','question: was created  scores: ',1,'2018-05-03 21:17:33','2018-05-03 21:17:33'),(1721,833,'App\\Question','question: was created  scores: ',1,'2018-05-03 21:17:33','2018-05-03 21:17:33'),(1722,834,'App\\Question','question: was created  scores: ',1,'2018-05-03 21:17:33','2018-05-03 21:17:33'),(1723,835,'App\\Question','question: was created  scores: ',1,'2018-05-03 21:17:33','2018-05-03 21:17:33'),(1724,836,'App\\Question','question: was created  scores: ',1,'2018-05-03 21:17:33','2018-05-03 21:17:33'),(1725,837,'App\\Question','question: was created  scores: ',1,'2018-05-03 21:17:33','2018-05-03 21:17:33'),(1726,838,'App\\Question','question: was created  scores: ',1,'2018-05-03 21:17:33','2018-05-03 21:17:33'),(1727,839,'App\\Question','question: was created  scores: ',1,'2018-05-03 21:17:33','2018-05-03 21:17:33'),(1728,840,'App\\Question','question: was created  scores: ',1,'2018-05-03 21:17:33','2018-05-03 21:17:33'),(1729,841,'App\\Question','question: was created  scores: ',1,'2018-05-03 21:17:33','2018-05-03 21:17:33'),(1730,842,'App\\Question','question: was created  scores: ',1,'2018-05-03 21:17:33','2018-05-03 21:17:33'),(1731,843,'App\\Question','question: was created  scores: ',1,'2018-05-03 21:17:33','2018-05-03 21:17:33'),(1732,844,'App\\Question','question: was created  scores: ',1,'2018-05-03 21:17:33','2018-05-03 21:17:33'),(1733,845,'App\\Question','question: was created  scores: ',1,'2018-05-03 21:17:33','2018-05-03 21:17:33'),(1734,846,'App\\Question','question: was created  scores: ',1,'2018-05-03 21:17:33','2018-05-03 21:17:33'),(1735,847,'App\\Question','question: was created  scores: ',1,'2018-05-03 21:17:33','2018-05-03 21:17:33'),(1736,848,'App\\Question','question: was created  scores: ',1,'2018-05-03 21:17:33','2018-05-03 21:17:33'),(1737,849,'App\\Question','question: was created  scores: ',1,'2018-05-03 21:17:33','2018-05-03 21:17:33'),(1738,850,'App\\Question','question: was created  scores: ',1,'2018-05-03 21:17:33','2018-05-03 21:17:33'),(1739,851,'App\\Question','question: was created  scores: ',1,'2018-05-03 21:17:33','2018-05-03 21:17:33'),(1740,852,'App\\Question','question: was created  scores: ',1,'2018-05-03 21:17:33','2018-05-03 21:17:33'),(1741,853,'App\\Question','question: was created  scores: ',1,'2018-05-03 21:17:33','2018-05-03 21:17:33'),(1742,854,'App\\Question','question: was created  scores: ',1,'2018-05-03 21:17:33','2018-05-03 21:17:33'),(1743,855,'App\\Question','question: was created  scores: ',1,'2018-05-03 21:17:33','2018-05-03 21:17:33'),(1744,856,'App\\Question','question: was created  scores: ',1,'2018-05-03 21:17:33','2018-05-03 21:17:33'),(1745,857,'App\\Question','question: was created  scores: ',1,'2018-05-03 21:17:33','2018-05-03 21:17:33'),(1746,858,'App\\Question','question: was created  scores: ',1,'2018-05-03 21:17:33','2018-05-03 21:17:33'),(1747,859,'App\\Question','question: was created  scores: ',1,'2018-05-03 21:17:33','2018-05-03 21:17:33'),(1748,860,'App\\Question','question: was created  scores: ',1,'2018-05-03 21:17:33','2018-05-03 21:17:33'),(1749,861,'App\\Question','question: was created  scores: ',1,'2018-05-03 21:17:33','2018-05-03 21:17:33'),(1750,862,'App\\Question','question: was created  scores: ',1,'2018-05-03 21:17:33','2018-05-03 21:17:33'),(1751,863,'App\\Question','question: was created  scores: ',1,'2018-05-03 21:17:33','2018-05-03 21:17:33'),(1752,864,'App\\Question','question: was created  scores: ',1,'2018-05-03 21:17:33','2018-05-03 21:17:33'),(1753,865,'App\\Question','question: was created  scores: ',1,'2018-05-03 21:17:33','2018-05-03 21:17:33'),(1754,866,'App\\Question','question: was created  scores: ',1,'2018-05-03 21:17:33','2018-05-03 21:17:33'),(1755,867,'App\\Question','question: was created  scores: ',1,'2018-05-03 21:17:33','2018-05-03 21:17:33'),(1756,868,'App\\Question','question: was created  scores: ',1,'2018-05-03 21:17:33','2018-05-03 21:17:33'),(1757,869,'App\\Question','question: was created  scores: ',1,'2018-05-03 21:17:33','2018-05-03 21:17:33'),(1758,870,'App\\Question','question: was created  scores: ',1,'2018-05-03 21:17:33','2018-05-03 21:17:33'),(1759,871,'App\\Question','question: was created  scores: ',1,'2018-05-03 21:17:33','2018-05-03 21:17:33'),(1760,872,'App\\Question','question: was created  scores: ',1,'2018-05-03 21:17:33','2018-05-03 21:17:33'),(1761,873,'App\\Question','question: was created  scores: ',1,'2018-05-03 21:17:33','2018-05-03 21:17:33'),(1762,874,'App\\Question','question: was created  scores: ',1,'2018-05-03 21:17:33','2018-05-03 21:17:33'),(1763,875,'App\\Question','question: was created  scores: ',1,'2018-05-03 21:17:33','2018-05-03 21:17:33'),(1764,876,'App\\Question','question: was created  scores: ',1,'2018-05-03 21:17:33','2018-05-03 21:17:33'),(1765,877,'App\\Question','question: was created  scores: ',1,'2018-05-03 21:17:33','2018-05-03 21:17:33'),(1766,878,'App\\Question','question: was created  scores: ',1,'2018-05-03 21:17:33','2018-05-03 21:17:33'),(1767,879,'App\\Question','question: was created  scores: ',1,'2018-05-03 21:17:33','2018-05-03 21:17:33'),(1768,880,'App\\Question','question: was created  scores: ',1,'2018-05-03 21:17:33','2018-05-03 21:17:33'),(1769,881,'App\\Question','question: was created  scores: ',1,'2018-05-03 21:17:33','2018-05-03 21:17:33'),(1770,882,'App\\Question','question: was created  scores: ',1,'2018-05-03 21:17:33','2018-05-03 21:17:33'),(1771,883,'App\\Question','question: was created  scores: ',1,'2018-05-03 21:17:33','2018-05-03 21:17:33'),(1772,884,'App\\Question','question: was created  scores: ',1,'2018-05-03 21:17:33','2018-05-03 21:17:33'),(1773,885,'App\\Question','question: was created  scores: ',1,'2018-05-03 21:17:33','2018-05-03 21:17:33'),(1774,886,'App\\Question','question: was created  scores: ',1,'2018-05-03 21:17:33','2018-05-03 21:17:33'),(1775,887,'App\\Question','question: was created  scores: ',1,'2018-05-03 21:17:34','2018-05-03 21:17:34'),(1776,888,'App\\Question','question: was created  scores: ',1,'2018-05-03 21:17:34','2018-05-03 21:17:34'),(1777,889,'App\\Question','question: was created  scores: ',1,'2018-05-03 21:17:34','2018-05-03 21:17:34'),(1778,890,'App\\Question','question: was created  scores: ',1,'2018-05-03 21:17:34','2018-05-03 21:17:34'),(1779,891,'App\\Question','question: was created  scores: ',1,'2018-05-03 21:17:34','2018-05-03 21:17:34'),(1780,892,'App\\Question','question: was created  scores: ',1,'2018-05-03 21:17:34','2018-05-03 21:17:34'),(1781,893,'App\\Question','question: was created  scores: ',1,'2018-05-03 21:17:34','2018-05-03 21:17:34'),(1782,894,'App\\Question','question: was created  scores: ',1,'2018-05-03 21:17:34','2018-05-03 21:17:34'),(1783,895,'App\\Question','question: was created  scores: ',1,'2018-05-03 21:17:34','2018-05-03 21:17:34'),(1784,896,'App\\Question','question: was created  scores: ',1,'2018-05-03 21:17:34','2018-05-03 21:17:34'),(1785,897,'App\\Question','question: was created  scores: ',1,'2018-05-03 21:17:34','2018-05-03 21:17:34'),(1786,898,'App\\Question','question: was created  scores: ',1,'2018-05-03 21:17:34','2018-05-03 21:17:34'),(1787,899,'App\\Question','question: was created  scores: ',1,'2018-05-03 21:17:34','2018-05-03 21:17:34'),(1788,900,'App\\Question','question: was created  scores: ',1,'2018-05-03 21:17:34','2018-05-03 21:17:34'),(1789,901,'App\\Question','question: was created  scores: ',1,'2018-05-03 21:17:34','2018-05-03 21:17:34'),(1790,902,'App\\Question','question: was created  scores: ',1,'2018-05-03 21:17:34','2018-05-03 21:17:34'),(1791,903,'App\\Question','question: was created  scores: ',1,'2018-05-03 21:17:34','2018-05-03 21:17:34'),(1792,904,'App\\Question','question: was created  scores: ',1,'2018-05-03 21:17:34','2018-05-03 21:17:34'),(1793,905,'App\\Question','question: was created  scores: ',1,'2018-05-03 21:17:34','2018-05-03 21:17:34'),(1794,906,'App\\Question','question: was created  scores: ',1,'2018-05-03 21:17:34','2018-05-03 21:17:34'),(1795,907,'App\\Question','question: was created  scores: ',1,'2018-05-03 21:17:34','2018-05-03 21:17:34'),(1796,908,'App\\Question','question: was created  scores: ',1,'2018-05-03 21:17:34','2018-05-03 21:17:34'),(1797,909,'App\\Question','question: was created  scores: ',1,'2018-05-03 21:17:34','2018-05-03 21:17:34'),(1798,910,'App\\Question','question: was created  scores: ',1,'2018-05-03 21:17:34','2018-05-03 21:17:34'),(1799,911,'App\\Question','question: was created  scores: ',1,'2018-05-03 21:17:34','2018-05-03 21:17:34'),(1800,912,'App\\Question','question: was created  scores: ',1,'2018-05-03 21:17:34','2018-05-03 21:17:34'),(1801,913,'App\\Question','question: was created  scores: ',1,'2018-05-03 21:17:34','2018-05-03 21:17:34'),(1802,914,'App\\Question','question: was created  scores: ',1,'2018-05-03 21:17:34','2018-05-03 21:17:34'),(1803,915,'App\\Question','question: was created  scores: ',1,'2018-05-03 21:17:34','2018-05-03 21:17:34'),(1804,916,'App\\Question','question: was created  scores: ',1,'2018-05-03 21:17:34','2018-05-03 21:17:34'),(1805,917,'App\\Question','question: was created  scores: ',1,'2018-05-03 21:17:34','2018-05-03 21:17:34'),(1806,918,'App\\Question','question: was created  scores: ',1,'2018-05-03 21:17:34','2018-05-03 21:17:34'),(1807,919,'App\\Question','question: was created  scores: ',1,'2018-05-03 21:17:34','2018-05-03 21:17:34'),(1808,920,'App\\Question','question: was created  scores: ',1,'2018-05-03 21:17:34','2018-05-03 21:17:34'),(1809,921,'App\\Question','question: was created  scores: ',1,'2018-05-03 21:17:34','2018-05-03 21:17:34'),(1810,922,'App\\Question','question: was created  scores: ',1,'2018-05-03 21:17:34','2018-05-03 21:17:34'),(1811,923,'App\\Question','question: was created  scores: ',1,'2018-05-03 21:17:34','2018-05-03 21:17:34'),(1812,924,'App\\Question','question: was created  scores: ',1,'2018-05-03 21:17:34','2018-05-03 21:17:34'),(1813,925,'App\\Question','question: was created  scores: ',1,'2018-05-03 21:17:34','2018-05-03 21:17:34'),(1814,926,'App\\Question','question: was created  scores: ',1,'2018-05-03 21:17:34','2018-05-03 21:17:34'),(1815,927,'App\\Question','question: was created  scores: ',1,'2018-05-03 21:17:34','2018-05-03 21:17:34'),(1816,928,'App\\Question','question: was created  scores: ',1,'2018-05-03 21:17:34','2018-05-03 21:17:34'),(1817,929,'App\\Question','question: was created  scores: ',1,'2018-05-03 21:17:34','2018-05-03 21:17:34'),(1818,930,'App\\Question','question: was created  scores: ',1,'2018-05-03 21:17:34','2018-05-03 21:17:34'),(1819,931,'App\\Question','question: was created  scores: ',1,'2018-05-03 21:17:34','2018-05-03 21:17:34'),(1820,932,'App\\Question','question: was created  scores: ',1,'2018-05-03 21:17:34','2018-05-03 21:17:34'),(1821,933,'App\\Question','question: was created  scores: ',1,'2018-05-03 21:17:34','2018-05-03 21:17:34'),(1822,934,'App\\Question','question: was created  scores: ',1,'2018-05-03 21:17:34','2018-05-03 21:17:34'),(1823,935,'App\\Question','question: was created  scores: ',1,'2018-05-03 21:17:34','2018-05-03 21:17:34'),(1824,936,'App\\Question','question: was created  scores: ',1,'2018-05-03 21:17:34','2018-05-03 21:17:34'),(1825,937,'App\\Question','question: was created  scores: ',1,'2018-05-03 21:17:34','2018-05-03 21:17:34'),(1826,938,'App\\Question','question: was created  scores: ',1,'2018-05-03 21:17:34','2018-05-03 21:17:34'),(1827,939,'App\\Question','question: was created  scores: ',1,'2018-05-03 21:17:34','2018-05-03 21:17:34'),(1828,940,'App\\Question','question: was created  scores: ',1,'2018-05-03 21:17:34','2018-05-03 21:17:34'),(1829,941,'App\\Question','question: was created  scores: ',1,'2018-05-03 21:17:34','2018-05-03 21:17:34'),(1830,942,'App\\Question','question: was created  scores: ',1,'2018-05-03 21:17:34','2018-05-03 21:17:34'),(1831,943,'App\\Question','question: was created  scores: ',1,'2018-05-03 21:17:34','2018-05-03 21:17:34'),(1832,944,'App\\Question','question: was created  scores: ',1,'2018-05-03 21:17:34','2018-05-03 21:17:34'),(1833,945,'App\\Question','question: was created  scores: ',1,'2018-05-03 21:17:34','2018-05-03 21:17:34'),(1834,946,'App\\Question','question: was created  scores: ',1,'2018-05-03 21:17:34','2018-05-03 21:17:34'),(1835,947,'App\\Question','question: was created  scores: ',1,'2018-05-03 21:17:34','2018-05-03 21:17:34'),(1836,948,'App\\Question','question: was created  scores: ',1,'2018-05-03 21:17:34','2018-05-03 21:17:34'),(1837,949,'App\\Question','question: was created  scores: ',1,'2018-05-03 21:17:34','2018-05-03 21:17:34'),(1838,950,'App\\Question','question: was created  scores: ',1,'2018-05-03 21:17:34','2018-05-03 21:17:34'),(1839,951,'App\\Question','question: was created  scores: ',1,'2018-05-03 21:17:34','2018-05-03 21:17:34'),(1840,952,'App\\Question','question: was created  scores: ',1,'2018-05-03 21:17:34','2018-05-03 21:17:34'),(1841,953,'App\\Question','question: was created  scores: ',1,'2018-05-03 21:17:34','2018-05-03 21:17:34'),(1842,954,'App\\Question','question: was created  scores: ',1,'2018-05-03 21:17:34','2018-05-03 21:17:34'),(1843,955,'App\\Question','question: was created  scores: ',1,'2018-05-03 21:17:34','2018-05-03 21:17:34'),(1844,956,'App\\Question','question: was created  scores: ',1,'2018-05-03 21:17:34','2018-05-03 21:17:34'),(1845,957,'App\\Question','question: was created  scores: ',1,'2018-05-03 21:17:34','2018-05-03 21:17:34'),(1846,958,'App\\Question','question: was created  scores: ',1,'2018-05-03 21:17:34','2018-05-03 21:17:34'),(1847,959,'App\\Question','question: was created  scores: ',1,'2018-05-03 21:17:34','2018-05-03 21:17:34'),(1848,960,'App\\Question','question: was created  scores: ',1,'2018-05-03 21:17:34','2018-05-03 21:17:34'),(1849,961,'App\\Question','question: was created  scores: ',1,'2018-05-03 21:17:34','2018-05-03 21:17:34'),(1850,962,'App\\Question','question: was created  scores: ',1,'2018-05-03 21:17:34','2018-05-03 21:17:34'),(1851,963,'App\\Question','question: was created  scores: ',1,'2018-05-03 21:17:34','2018-05-03 21:17:34'),(1852,964,'App\\Question','question: was created  scores: ',1,'2018-05-03 21:17:34','2018-05-03 21:17:34'),(1853,965,'App\\Question','question: was created  scores: ',1,'2018-05-03 21:17:34','2018-05-03 21:17:34'),(1854,966,'App\\Question','question: was created  scores: ',1,'2018-05-03 21:17:34','2018-05-03 21:17:34'),(1855,967,'App\\Question','question: was created  scores: ',1,'2018-05-03 21:17:34','2018-05-03 21:17:34'),(1856,968,'App\\Question','question: was created  scores: ',1,'2018-05-03 21:17:34','2018-05-03 21:17:34'),(1857,969,'App\\Question','question: was created  scores: ',1,'2018-05-03 21:17:34','2018-05-03 21:17:34'),(1858,970,'App\\Question','question: was created  scores: ',1,'2018-05-03 21:17:34','2018-05-03 21:17:34'),(1859,971,'App\\Question','question: was created  scores: ',1,'2018-05-03 21:17:34','2018-05-03 21:17:34'),(1860,972,'App\\Question','question: was created  scores: ',1,'2018-05-03 21:17:35','2018-05-03 21:17:35'),(1861,973,'App\\Question','question: was created  scores: ',1,'2018-05-03 21:17:35','2018-05-03 21:17:35'),(1862,974,'App\\Question','question: was created  scores: ',1,'2018-05-03 21:17:35','2018-05-03 21:17:35'),(1863,975,'App\\Question','question: was created  scores: ',1,'2018-05-03 21:17:35','2018-05-03 21:17:35'),(1864,976,'App\\Question','question: was created  scores: ',1,'2018-05-03 21:17:35','2018-05-03 21:17:35'),(1865,977,'App\\Question','question: was created  scores: ',1,'2018-05-03 21:17:35','2018-05-03 21:17:35'),(1866,978,'App\\Question','question: was created  scores: ',1,'2018-05-03 21:17:35','2018-05-03 21:17:35'),(1867,979,'App\\Question','question: was created  scores: ',1,'2018-05-03 21:17:35','2018-05-03 21:17:35'),(1868,980,'App\\Question','question: was created  scores: ',1,'2018-05-03 21:17:35','2018-05-03 21:17:35'),(1869,981,'App\\Question','question: was created  scores: ',1,'2018-05-03 21:17:35','2018-05-03 21:17:35'),(1870,982,'App\\Question','question: was created  scores: ',1,'2018-05-03 21:17:35','2018-05-03 21:17:35'),(1871,983,'App\\Question','question: was created  scores: ',1,'2018-05-03 21:17:35','2018-05-03 21:17:35'),(1872,984,'App\\Question','question: was created  scores: ',1,'2018-05-03 21:17:35','2018-05-03 21:17:35'),(1873,985,'App\\Question','question: was created  scores: ',1,'2018-05-03 21:17:35','2018-05-03 21:17:35'),(1874,986,'App\\Question','question: was created  scores: ',1,'2018-05-03 21:17:35','2018-05-03 21:17:35'),(1875,987,'App\\Question','question: was created  scores: ',1,'2018-05-03 21:17:35','2018-05-03 21:17:35'),(1876,988,'App\\Question','question: was created  scores: ',1,'2018-05-03 21:17:35','2018-05-03 21:17:35'),(1877,989,'App\\Question','question: was created  scores: ',1,'2018-05-03 21:17:35','2018-05-03 21:17:35'),(1878,990,'App\\Question','question: was created  scores: ',1,'2018-05-03 21:17:35','2018-05-03 21:17:35'),(1879,991,'App\\Question','question: was created  scores: ',1,'2018-05-03 21:17:35','2018-05-03 21:17:35'),(1880,992,'App\\Question','question: was created  scores: ',1,'2018-05-03 21:17:35','2018-05-03 21:17:35'),(1881,993,'App\\Question','question: was created  scores: ',1,'2018-05-03 21:17:35','2018-05-03 21:17:35'),(1882,994,'App\\Question','question: was created  scores: ',1,'2018-05-03 21:17:35','2018-05-03 21:17:35'),(1883,995,'App\\Question','question: was created  scores: ',1,'2018-05-03 21:17:35','2018-05-03 21:17:35'),(1884,996,'App\\Question','question: was created  scores: ',1,'2018-05-03 21:17:35','2018-05-03 21:17:35'),(1885,997,'App\\Question','question: was created  scores: ',1,'2018-05-03 21:17:35','2018-05-03 21:17:35'),(1886,998,'App\\Question','question: was created  scores: ',1,'2018-05-03 21:17:35','2018-05-03 21:17:35'),(1887,999,'App\\Question','question: was created  scores: ',1,'2018-05-03 21:17:35','2018-05-03 21:17:35'),(1888,1000,'App\\Question','question: was created  scores: ',1,'2018-05-03 21:17:35','2018-05-03 21:17:35'),(1889,1001,'App\\Question','question: was created  scores: ',1,'2018-05-03 21:17:35','2018-05-03 21:17:35'),(1890,1002,'App\\Question','question: was created  scores: ',1,'2018-05-03 21:17:35','2018-05-03 21:17:35'),(1891,1003,'App\\Question','question: was created  scores: ',1,'2018-05-03 21:17:35','2018-05-03 21:17:35'),(1892,1004,'App\\Question','question: was created  scores: ',1,'2018-05-03 21:17:35','2018-05-03 21:17:35'),(1893,1005,'App\\Question','question: was created  scores: ',1,'2018-05-03 21:17:35','2018-05-03 21:17:35'),(1894,1006,'App\\Question','question: was created  scores: ',1,'2018-05-03 21:17:35','2018-05-03 21:17:35'),(1895,1007,'App\\Question','question: was created  scores: ',1,'2018-05-03 21:17:35','2018-05-03 21:17:35'),(1896,1008,'App\\Question','question: was created  scores: ',1,'2018-05-03 21:17:35','2018-05-03 21:17:35'),(1897,1009,'App\\Question','question: was created  scores: ',1,'2018-05-03 21:17:35','2018-05-03 21:17:35'),(1898,1010,'App\\Question','question: was created  scores: ',1,'2018-05-03 21:17:35','2018-05-03 21:17:35'),(1899,1011,'App\\Question','question: was created  scores: ',1,'2018-05-03 21:17:35','2018-05-03 21:17:35'),(1900,1012,'App\\Question','question: was created  scores: ',1,'2018-05-03 21:17:35','2018-05-03 21:17:35'),(1901,1013,'App\\Question','question: was created  scores: ',1,'2018-05-03 21:17:35','2018-05-03 21:17:35'),(1902,1014,'App\\Question','question: was created  scores: ',1,'2018-05-03 21:17:35','2018-05-03 21:17:35'),(1903,1015,'App\\Question','question: was created  scores: ',1,'2018-05-03 21:17:35','2018-05-03 21:17:35'),(1904,1016,'App\\Question','question: was created  scores: ',1,'2018-05-03 21:17:35','2018-05-03 21:17:35'),(1905,1017,'App\\Question','question: was created  scores: ',1,'2018-05-03 21:17:35','2018-05-03 21:17:35'),(1906,1018,'App\\Question','question: was created  scores: ',1,'2018-05-03 21:17:36','2018-05-03 21:17:36'),(1907,1019,'App\\Question','question: was created  scores: ',1,'2018-05-03 21:17:36','2018-05-03 21:17:36'),(1908,1020,'App\\Question','question: was created  scores: ',1,'2018-05-03 21:17:36','2018-05-03 21:17:36'),(1909,1021,'App\\Question','question: was created  scores: ',1,'2018-05-03 21:17:36','2018-05-03 21:17:36'),(1910,1022,'App\\Question','question: was created  scores: ',1,'2018-05-03 21:17:36','2018-05-03 21:17:36'),(1911,1023,'App\\Question','question: was created  scores: ',1,'2018-05-03 21:17:36','2018-05-03 21:17:36'),(1912,1024,'App\\Question','question: was created  scores: ',1,'2018-05-03 21:17:36','2018-05-03 21:17:36'),(1913,1025,'App\\Question','question: was created  scores: ',1,'2018-05-03 21:17:36','2018-05-03 21:17:36'),(1914,1026,'App\\Question','question: was created  scores: ',1,'2018-05-03 21:17:36','2018-05-03 21:17:36'),(1915,1027,'App\\Question','question: was created  scores: ',1,'2018-05-03 21:17:36','2018-05-03 21:17:36'),(1916,1028,'App\\Question','question: was created  scores: ',1,'2018-05-03 21:17:36','2018-05-03 21:17:36'),(1917,1029,'App\\Question','question: was created  scores: ',1,'2018-05-03 21:17:36','2018-05-03 21:17:36'),(1918,1030,'App\\Question','question: was created  scores: ',1,'2018-05-03 21:17:36','2018-05-03 21:17:36'),(1919,1031,'App\\Question','question: was created  scores: ',1,'2018-05-03 21:17:36','2018-05-03 21:17:36'),(1920,1032,'App\\Question','question: was created  scores: ',1,'2018-05-03 21:17:36','2018-05-03 21:17:36'),(1921,1033,'App\\Question','question: was created  scores: ',1,'2018-05-03 21:17:36','2018-05-03 21:17:36'),(1922,1034,'App\\Question','question: was created  scores: ',1,'2018-05-03 21:17:36','2018-05-03 21:17:36'),(1923,1035,'App\\Question','question: was created  scores: ',1,'2018-05-03 21:17:36','2018-05-03 21:17:36'),(1924,1036,'App\\Question','question: was created  scores: ',1,'2018-05-03 21:17:36','2018-05-03 21:17:36'),(1925,1037,'App\\Question','question: was created  scores: ',1,'2018-05-03 21:17:36','2018-05-03 21:17:36'),(1926,1038,'App\\Question','question: was created  scores: ',1,'2018-05-03 21:17:36','2018-05-03 21:17:36'),(1927,1039,'App\\Question','question: was created  scores: ',1,'2018-05-03 21:17:36','2018-05-03 21:17:36'),(1928,1040,'App\\Question','question: was created  scores: ',1,'2018-05-03 21:17:36','2018-05-03 21:17:36'),(1929,1041,'App\\Question','question: was created  scores: ',1,'2018-05-03 21:17:36','2018-05-03 21:17:36'),(1930,1042,'App\\Question','question: was created  scores: ',1,'2018-05-03 21:17:36','2018-05-03 21:17:36'),(1931,1043,'App\\Question','question: was created  scores: ',1,'2018-05-03 21:17:36','2018-05-03 21:17:36'),(1932,1044,'App\\Question','question: was created  scores: ',1,'2018-05-03 21:17:36','2018-05-03 21:17:36'),(1933,1045,'App\\Question','question: was created  scores: ',1,'2018-05-03 21:17:36','2018-05-03 21:17:36'),(1934,1046,'App\\Question','question: was created  scores: ',1,'2018-05-03 21:17:36','2018-05-03 21:17:36'),(1935,1047,'App\\Question','question: was created  scores: ',1,'2018-05-03 21:17:36','2018-05-03 21:17:36'),(1936,1048,'App\\Question','question: was created  scores: ',1,'2018-05-03 21:17:36','2018-05-03 21:17:36'),(1937,1049,'App\\Question','question: was created  scores: ',1,'2018-05-03 21:17:36','2018-05-03 21:17:36'),(1938,1050,'App\\Question','question: was created  scores: ',1,'2018-05-03 21:17:36','2018-05-03 21:17:36'),(1939,1051,'App\\Question','question: was created  scores: ',1,'2018-05-03 21:17:36','2018-05-03 21:17:36'),(1940,1052,'App\\Question','question: was created  scores: ',1,'2018-05-03 21:17:36','2018-05-03 21:17:36'),(1941,1053,'App\\Question','question: was created  scores: ',1,'2018-05-03 21:17:36','2018-05-03 21:17:36'),(1942,1054,'App\\Question','question: was created  scores: ',1,'2018-05-03 21:17:36','2018-05-03 21:17:36'),(1943,1055,'App\\Question','question: was created  scores: ',1,'2018-05-03 21:17:36','2018-05-03 21:17:36'),(1944,1056,'App\\Question','question: was created  scores: ',1,'2018-05-03 21:17:36','2018-05-03 21:17:36'),(1945,1057,'App\\Question','question: was created  scores: ',1,'2018-05-03 21:17:36','2018-05-03 21:17:36'),(1946,1058,'App\\Question','question: was created  scores: ',1,'2018-05-03 21:17:36','2018-05-03 21:17:36'),(1947,1059,'App\\Question','question: was created  scores: ',1,'2018-05-03 21:17:36','2018-05-03 21:17:36'),(1948,1060,'App\\Question','question: was created  scores: ',1,'2018-05-03 21:17:36','2018-05-03 21:17:36'),(1949,1061,'App\\Question','question: was created  scores: ',1,'2018-05-03 21:17:36','2018-05-03 21:17:36'),(1950,1062,'App\\Question','question: was created  scores: ',1,'2018-05-03 21:17:36','2018-05-03 21:17:36'),(1951,1063,'App\\Question','question: was created  scores: ',1,'2018-05-03 21:17:36','2018-05-03 21:17:36'),(1952,1064,'App\\Question','question: was created  scores: ',1,'2018-05-03 21:17:36','2018-05-03 21:17:36'),(1953,1065,'App\\Question','question: was created  scores: ',1,'2018-05-03 21:17:36','2018-05-03 21:17:36'),(1954,1066,'App\\Question','question: was created  scores: ',1,'2018-05-03 21:17:36','2018-05-03 21:17:36'),(1955,1067,'App\\Question','question: was created  scores: ',1,'2018-05-03 21:17:36','2018-05-03 21:17:36'),(1956,1068,'App\\Question','question: was created  scores: ',1,'2018-05-03 21:17:36','2018-05-03 21:17:36'),(1957,1069,'App\\Question','question: was created  scores: ',1,'2018-05-03 21:17:36','2018-05-03 21:17:36'),(1958,1070,'App\\Question','question: was created  scores: ',1,'2018-05-03 21:17:36','2018-05-03 21:17:36'),(1959,1071,'App\\Question','question: was created  scores: ',1,'2018-05-03 21:17:36','2018-05-03 21:17:36'),(1960,1072,'App\\Question','question: was created  scores: ',1,'2018-05-03 21:17:37','2018-05-03 21:17:37'),(1961,1073,'App\\Question','question: was created  scores: ',1,'2018-05-03 21:17:37','2018-05-03 21:17:37'),(1962,1074,'App\\Question','question: was created  scores: ',1,'2018-05-03 21:17:37','2018-05-03 21:17:37'),(1963,1075,'App\\Question','question: was created  scores: ',1,'2018-05-03 21:17:37','2018-05-03 21:17:37'),(1964,1076,'App\\Question','question: was created  scores: ',1,'2018-05-03 21:17:37','2018-05-03 21:17:37'),(1965,1077,'App\\Question','question: was created  scores: ',1,'2018-05-03 21:17:37','2018-05-03 21:17:37'),(1966,1078,'App\\Question','question: was created  scores: ',1,'2018-05-03 21:17:37','2018-05-03 21:17:37'),(1967,1079,'App\\Question','question: was created  scores: ',1,'2018-05-03 21:17:37','2018-05-03 21:17:37'),(1968,1080,'App\\Question','question: was created  scores: ',1,'2018-05-03 21:17:37','2018-05-03 21:17:37'),(1969,1081,'App\\Question','question: was created  scores: ',1,'2018-05-03 21:17:37','2018-05-03 21:17:37'),(1970,1082,'App\\Question','question: was created  scores: ',1,'2018-05-03 21:17:37','2018-05-03 21:17:37'),(1971,1083,'App\\Question','question: was created  scores: ',1,'2018-05-03 21:17:37','2018-05-03 21:17:37'),(1972,1084,'App\\Question','question: was created  scores: ',1,'2018-05-03 21:17:37','2018-05-03 21:17:37'),(1973,1085,'App\\Question','question: was created  scores: ',1,'2018-05-03 21:17:37','2018-05-03 21:17:37'),(1974,1086,'App\\Question','question: was created  scores: ',1,'2018-05-03 21:17:37','2018-05-03 21:17:37'),(1975,1087,'App\\Question','question: was created  scores: ',1,'2018-05-03 21:17:37','2018-05-03 21:17:37'),(1976,1088,'App\\Question','question: was created  scores: ',1,'2018-05-03 21:17:37','2018-05-03 21:17:37'),(1977,1089,'App\\Question','question: was created  scores: ',1,'2018-05-03 21:17:37','2018-05-03 21:17:37'),(1978,1090,'App\\Question','question: was created  scores: ',1,'2018-05-03 21:17:37','2018-05-03 21:17:37'),(1979,1091,'App\\Question','question: was created  scores: ',1,'2018-05-03 21:17:37','2018-05-03 21:17:37'),(1980,1092,'App\\Question','question: was created  scores: ',1,'2018-05-03 21:17:37','2018-05-03 21:17:37'),(1981,1093,'App\\Question','question: was created  scores: ',1,'2018-05-03 21:17:37','2018-05-03 21:17:37'),(1982,1094,'App\\Question','question: was created  scores: ',1,'2018-05-03 21:17:37','2018-05-03 21:17:37'),(1983,1095,'App\\Question','question: was created  scores: ',1,'2018-05-03 21:17:37','2018-05-03 21:17:37'),(1984,1096,'App\\Question','question: was created  scores: ',1,'2018-05-03 21:17:37','2018-05-03 21:17:37'),(1985,1097,'App\\Question','question: was created  scores: ',1,'2018-05-03 21:17:37','2018-05-03 21:17:37'),(1986,1098,'App\\Question','question: was created  scores: ',1,'2018-05-03 21:17:37','2018-05-03 21:17:37'),(1987,1099,'App\\Question','question: was created  scores: ',1,'2018-05-03 21:17:37','2018-05-03 21:17:37'),(1988,1100,'App\\Question','question: was created  scores: ',1,'2018-05-03 21:17:37','2018-05-03 21:17:37'),(1989,1101,'App\\Question','question: was created  scores: ',1,'2018-05-03 21:17:37','2018-05-03 21:17:37'),(1990,1102,'App\\Question','question: was created  scores: ',1,'2018-05-03 21:17:37','2018-05-03 21:17:37'),(1991,1103,'App\\Question','question: was created  scores: ',1,'2018-05-03 21:17:37','2018-05-03 21:17:37'),(1992,1104,'App\\Question','question: was created  scores: ',1,'2018-05-03 21:17:37','2018-05-03 21:17:37'),(1993,1105,'App\\Question','question: was created  scores: ',1,'2018-05-03 21:17:37','2018-05-03 21:17:37'),(1994,1106,'App\\Question','question: was created  scores: ',1,'2018-05-03 21:17:37','2018-05-03 21:17:37'),(1995,1107,'App\\Question','question: was created  scores: ',1,'2018-05-03 21:17:37','2018-05-03 21:17:37'),(1996,1108,'App\\Question','question: was created  scores: ',1,'2018-05-03 21:17:37','2018-05-03 21:17:37'),(1997,1109,'App\\Question','question: was created  scores: ',1,'2018-05-03 21:17:37','2018-05-03 21:17:37'),(1998,1110,'App\\Question','question: was created  scores: ',1,'2018-05-03 21:17:37','2018-05-03 21:17:37'),(1999,1111,'App\\Question','question: was created  scores: ',1,'2018-05-03 21:17:37','2018-05-03 21:17:37'),(2000,1112,'App\\Question','question: was created  scores: ',1,'2018-05-03 21:17:37','2018-05-03 21:17:37'),(2001,1113,'App\\Question','question: was created  scores: ',1,'2018-05-03 21:17:37','2018-05-03 21:17:37'),(2002,1114,'App\\Question','question: was created  scores: ',1,'2018-05-03 21:17:37','2018-05-03 21:17:37'),(2003,1115,'App\\Question','question: was created  scores: ',1,'2018-05-03 21:17:37','2018-05-03 21:17:37'),(2004,1116,'App\\Question','question: was created  scores: ',1,'2018-05-03 21:17:37','2018-05-03 21:17:37'),(2005,1117,'App\\Question','question: was created  scores: ',1,'2018-05-03 21:17:37','2018-05-03 21:17:37'),(2006,1118,'App\\Question','question: was created  scores: ',1,'2018-05-03 21:17:37','2018-05-03 21:17:37'),(2007,1119,'App\\Question','question: was created  scores: ',1,'2018-05-03 21:17:37','2018-05-03 21:17:37'),(2008,1120,'App\\Question','question: was created  scores: ',1,'2018-05-03 21:17:37','2018-05-03 21:17:37'),(2009,1121,'App\\Question','question: was created  scores: ',1,'2018-05-03 21:17:37','2018-05-03 21:17:37'),(2010,1122,'App\\Question','question: was created  scores: ',1,'2018-05-03 21:17:37','2018-05-03 21:17:37'),(2011,1123,'App\\Question','question: was created  scores: ',1,'2018-05-03 21:17:37','2018-05-03 21:17:37'),(2012,1124,'App\\Question','question: was created  scores: ',1,'2018-05-03 21:17:37','2018-05-03 21:17:37'),(2013,1125,'App\\Question','question: was created  scores: ',1,'2018-05-03 21:17:37','2018-05-03 21:17:37'),(2014,1126,'App\\Question','question: was created  scores: ',1,'2018-05-03 21:17:37','2018-05-03 21:17:37'),(2015,1127,'App\\Question','question: was created  scores: ',1,'2018-05-03 21:17:37','2018-05-03 21:17:37'),(2016,1128,'App\\Question','question: was created  scores: ',1,'2018-05-03 21:17:37','2018-05-03 21:17:37'),(2017,1129,'App\\Question','question: was created  scores: ',1,'2018-05-03 21:17:37','2018-05-03 21:17:37'),(2018,1130,'App\\Question','question: was created  scores: ',1,'2018-05-03 21:17:37','2018-05-03 21:17:37'),(2019,1131,'App\\Question','question: was created  scores: ',1,'2018-05-03 21:17:37','2018-05-03 21:17:37'),(2020,1132,'App\\Question','question: was created  scores: ',1,'2018-05-03 21:17:37','2018-05-03 21:17:37'),(2021,1133,'App\\Question','question: was created  scores: ',1,'2018-05-03 21:17:37','2018-05-03 21:17:37'),(2022,1134,'App\\Question','question: was created  scores: ',1,'2018-05-03 21:17:37','2018-05-03 21:17:37'),(2023,1135,'App\\Question','question: was created  scores: ',1,'2018-05-03 21:17:37','2018-05-03 21:17:37'),(2024,1136,'App\\Question','question: was created  scores: ',1,'2018-05-03 21:17:37','2018-05-03 21:17:37'),(2025,1137,'App\\Question','question: was created  scores: ',1,'2018-05-03 21:17:37','2018-05-03 21:17:37'),(2026,1138,'App\\Question','question: was created  scores: ',1,'2018-05-03 21:17:37','2018-05-03 21:17:37'),(2027,1139,'App\\Question','question: was created  scores: ',1,'2018-05-03 21:17:37','2018-05-03 21:17:37'),(2028,1140,'App\\Question','question: was created  scores: ',1,'2018-05-03 21:17:37','2018-05-03 21:17:37'),(2029,1141,'App\\Question','question: was created  scores: ',1,'2018-05-03 21:17:37','2018-05-03 21:17:37'),(2030,1142,'App\\Question','question: was created  scores: ',1,'2018-05-03 21:17:37','2018-05-03 21:17:37'),(2031,1143,'App\\Question','question: was created  scores: ',1,'2018-05-03 21:17:37','2018-05-03 21:17:37'),(2032,1144,'App\\Question','question: was created  scores: ',1,'2018-05-03 21:17:37','2018-05-03 21:17:37'),(2033,1145,'App\\Question','question: was created  scores: ',1,'2018-05-03 21:17:37','2018-05-03 21:17:37'),(2034,1146,'App\\Question','question: was created  scores: ',1,'2018-05-03 21:17:37','2018-05-03 21:17:37'),(2035,1147,'App\\Question','question: was created  scores: ',1,'2018-05-03 21:17:37','2018-05-03 21:17:37'),(2036,1148,'App\\Question','question: was created  scores: ',1,'2018-05-03 21:17:37','2018-05-03 21:17:37'),(2037,1149,'App\\Question','question: was created  scores: ',1,'2018-05-03 21:17:37','2018-05-03 21:17:37'),(2038,1150,'App\\Question','question: was created  scores: ',1,'2018-05-03 21:17:37','2018-05-03 21:17:37'),(2039,1151,'App\\Question','question: was created  scores: ',1,'2018-05-03 21:17:37','2018-05-03 21:17:37'),(2040,1152,'App\\Question','question: was created  scores: ',1,'2018-05-03 21:17:37','2018-05-03 21:17:37'),(2041,1153,'App\\Question','question: was created  scores: ',1,'2018-05-03 21:17:37','2018-05-03 21:17:37'),(2042,1154,'App\\Question','question: was created  scores: ',1,'2018-05-03 21:17:37','2018-05-03 21:17:37'),(2043,1155,'App\\Question','question: was created  scores: ',1,'2018-05-03 21:17:37','2018-05-03 21:17:37'),(2044,1156,'App\\Question','question: was created  scores: ',1,'2018-05-03 21:17:37','2018-05-03 21:17:37'),(2045,1157,'App\\Question','question: was created  scores: ',1,'2018-05-03 21:17:37','2018-05-03 21:17:37'),(2046,1158,'App\\Question','question: was created  scores: ',1,'2018-05-03 21:17:37','2018-05-03 21:17:37'),(2047,1159,'App\\Question','question: was created  scores: ',1,'2018-05-03 21:17:37','2018-05-03 21:17:37'),(2048,1160,'App\\Question','question: was created  scores: ',1,'2018-05-03 21:17:37','2018-05-03 21:17:37'),(2049,1161,'App\\Question','question: was created  scores: ',1,'2018-05-03 21:17:37','2018-05-03 21:17:37'),(2050,1162,'App\\Question','question: was created  scores: ',1,'2018-05-03 21:17:37','2018-05-03 21:17:37'),(2051,1163,'App\\Question','question: was created  scores: ',1,'2018-05-03 21:17:37','2018-05-03 21:17:37'),(2052,1164,'App\\Question','question: was created  scores: ',1,'2018-05-03 21:17:37','2018-05-03 21:17:37'),(2053,1165,'App\\Question','question: was created  scores: ',1,'2018-05-03 21:17:37','2018-05-03 21:17:37'),(2054,1166,'App\\Question','question: was created  scores: ',1,'2018-05-03 21:17:37','2018-05-03 21:17:37'),(2055,1167,'App\\Question','question: was created  scores: ',1,'2018-05-03 21:17:37','2018-05-03 21:17:37'),(2056,1168,'App\\Question','question: was created  scores: ',1,'2018-05-03 21:17:37','2018-05-03 21:17:37'),(2057,1169,'App\\Question','question: was created  scores: ',1,'2018-05-03 21:17:38','2018-05-03 21:17:38'),(2058,1170,'App\\Question','question: was created  scores: ',1,'2018-05-03 21:17:38','2018-05-03 21:17:38'),(2059,1171,'App\\Question','question: was created  scores: ',1,'2018-05-03 21:17:38','2018-05-03 21:17:38'),(2060,1172,'App\\Question','question: was created  scores: ',1,'2018-05-03 21:17:38','2018-05-03 21:17:38'),(2061,1173,'App\\Question','question: was created  scores: ',1,'2018-05-03 21:17:38','2018-05-03 21:17:38'),(2062,1174,'App\\Question','question: was created  scores: ',1,'2018-05-03 21:17:38','2018-05-03 21:17:38'),(2063,1175,'App\\Question','question: was created  scores: ',1,'2018-05-03 21:17:38','2018-05-03 21:17:38'),(2064,1176,'App\\Question','question: was created  scores: ',1,'2018-05-03 21:17:38','2018-05-03 21:17:38'),(2065,1177,'App\\Question','question: was created  scores: ',1,'2018-05-03 21:17:38','2018-05-03 21:17:38'),(2066,1178,'App\\Question','question: was created  scores: ',1,'2018-05-03 21:17:38','2018-05-03 21:17:38'),(2067,1179,'App\\Question','question: was created  scores: ',1,'2018-05-03 21:17:38','2018-05-03 21:17:38'),(2068,1180,'App\\Question','question: was created  scores: ',1,'2018-05-03 21:17:38','2018-05-03 21:17:38'),(2069,1181,'App\\Question','question: was created  scores: ',1,'2018-05-03 21:17:38','2018-05-03 21:17:38'),(2070,1182,'App\\Question','question: was created  scores: ',1,'2018-05-03 21:17:38','2018-05-03 21:17:38'),(2071,1183,'App\\Question','question: was created  scores: ',1,'2018-05-03 21:17:38','2018-05-03 21:17:38'),(2072,1184,'App\\Question','question: was created  scores: ',1,'2018-05-03 21:17:38','2018-05-03 21:17:38'),(2073,1185,'App\\Question','question: was created  scores: ',1,'2018-05-03 21:17:38','2018-05-03 21:17:38'),(2074,1186,'App\\Question','question: was created  scores: ',1,'2018-05-03 21:17:38','2018-05-03 21:17:38'),(2075,1187,'App\\Question','question: was created  scores: ',1,'2018-05-03 21:17:38','2018-05-03 21:17:38'),(2076,1188,'App\\Question','question: was created  scores: ',1,'2018-05-03 21:17:38','2018-05-03 21:17:38'),(2077,1189,'App\\Question','question: was created  scores: ',1,'2018-05-03 21:17:38','2018-05-03 21:17:38'),(2078,1190,'App\\Question','question: was created  scores: ',1,'2018-05-03 21:17:38','2018-05-03 21:17:38'),(2079,1191,'App\\Question','question: was created  scores: ',1,'2018-05-03 21:17:38','2018-05-03 21:17:38'),(2080,1192,'App\\Question','question: was created  scores: ',1,'2018-05-03 21:17:38','2018-05-03 21:17:38'),(2081,1193,'App\\Question','question: was created  scores: ',1,'2018-05-03 21:17:38','2018-05-03 21:17:38'),(2082,1194,'App\\Question','question: was created  scores: ',1,'2018-05-03 21:17:38','2018-05-03 21:17:38'),(2083,1195,'App\\Question','question: was created  scores: ',1,'2018-05-03 21:17:38','2018-05-03 21:17:38'),(2084,1196,'App\\Question','question: was created  scores: ',1,'2018-05-03 21:17:38','2018-05-03 21:17:38'),(2085,1197,'App\\Question','question: was created  scores: ',1,'2018-05-03 21:17:38','2018-05-03 21:17:38'),(2086,1198,'App\\Question','question: was created  scores: ',1,'2018-05-03 21:17:38','2018-05-03 21:17:38'),(2087,1199,'App\\Question','question: was created  scores: ',1,'2018-05-03 21:17:38','2018-05-03 21:17:38'),(2088,1200,'App\\Question','question: was created  scores: ',1,'2018-05-03 21:17:38','2018-05-03 21:17:38'),(2089,1201,'App\\Question','question: was created  scores: ',1,'2018-05-03 21:17:38','2018-05-03 21:17:38'),(2090,1202,'App\\Question','question: was created  scores: ',1,'2018-05-03 21:17:38','2018-05-03 21:17:38'),(2091,1203,'App\\Question','question: was created  scores: ',1,'2018-05-03 21:17:38','2018-05-03 21:17:38'),(2092,1204,'App\\Question','question: was created  scores: ',1,'2018-05-03 21:17:38','2018-05-03 21:17:38'),(2093,1205,'App\\Question','question: was created  scores: ',1,'2018-05-03 21:17:38','2018-05-03 21:17:38'),(2094,1206,'App\\Question','question: was created  scores: ',1,'2018-05-03 21:17:38','2018-05-03 21:17:38'),(2095,1207,'App\\Question','question: was created  scores: ',1,'2018-05-03 21:17:38','2018-05-03 21:17:38'),(2096,1208,'App\\Question','question: was created  scores: ',1,'2018-05-03 21:17:38','2018-05-03 21:17:38'),(2097,1209,'App\\Question','question: was created  scores: ',1,'2018-05-03 21:17:38','2018-05-03 21:17:38'),(2098,1210,'App\\Question','question: was created  scores: ',1,'2018-05-03 21:17:38','2018-05-03 21:17:38'),(2099,1211,'App\\Question','question: was created  scores: ',1,'2018-05-03 21:17:38','2018-05-03 21:17:38'),(2100,1212,'App\\Question','question: was created  scores: ',1,'2018-05-03 21:17:38','2018-05-03 21:17:38'),(2101,1213,'App\\Question','question: was created  scores: ',1,'2018-05-03 21:17:38','2018-05-03 21:17:38'),(2102,1214,'App\\Question','question: was created  scores: ',1,'2018-05-03 21:17:38','2018-05-03 21:17:38'),(2103,1215,'App\\Question','question: was created  scores: ',1,'2018-05-03 21:17:38','2018-05-03 21:17:38'),(2104,1216,'App\\Question','question: was created  scores: ',1,'2018-05-03 21:17:38','2018-05-03 21:17:38'),(2105,1217,'App\\Question','question: was created  scores: ',1,'2018-05-03 21:17:38','2018-05-03 21:17:38'),(2106,1218,'App\\Question','question: was created  scores: ',1,'2018-05-03 21:17:38','2018-05-03 21:17:38'),(2107,1219,'App\\Question','question: was created  scores: ',1,'2018-05-03 21:17:38','2018-05-03 21:17:38'),(2108,1220,'App\\Question','question: was created  scores: ',1,'2018-05-03 21:17:38','2018-05-03 21:17:38'),(2109,1221,'App\\Question','question: was created  scores: ',1,'2018-05-03 21:17:38','2018-05-03 21:17:38'),(2110,1222,'App\\Question','question: was created  scores: ',1,'2018-05-03 21:17:38','2018-05-03 21:17:38'),(2111,1223,'App\\Question','question: was created  scores: ',1,'2018-05-03 21:17:38','2018-05-03 21:17:38'),(2112,1224,'App\\Question','question: was created  scores: ',1,'2018-05-03 21:17:38','2018-05-03 21:17:38'),(2113,1225,'App\\Question','question: was created  scores: ',1,'2018-05-03 21:17:38','2018-05-03 21:17:38'),(2114,1226,'App\\Question','question: was created  scores: ',1,'2018-05-03 21:17:38','2018-05-03 21:17:38'),(2115,1227,'App\\Question','question: was created  scores: ',1,'2018-05-03 21:17:38','2018-05-03 21:17:38'),(2116,1228,'App\\Question','question: was created  scores: ',1,'2018-05-03 21:17:38','2018-05-03 21:17:38'),(2117,1229,'App\\Question','question: was created  scores: ',1,'2018-05-03 21:17:38','2018-05-03 21:17:38'),(2118,1230,'App\\Question','question: was created  scores: ',1,'2018-05-03 21:17:38','2018-05-03 21:17:38'),(2119,1231,'App\\Question','question: was created  scores: ',1,'2018-05-03 21:17:38','2018-05-03 21:17:38'),(2120,1232,'App\\Question','question: was created  scores: ',1,'2018-05-03 21:17:38','2018-05-03 21:17:38'),(2121,1233,'App\\Question','question: was created  scores: ',1,'2018-05-03 21:17:38','2018-05-03 21:17:38'),(2122,1234,'App\\Question','question: was created  scores: ',1,'2018-05-03 21:17:38','2018-05-03 21:17:38'),(2123,1235,'App\\Question','question: was created  scores: ',1,'2018-05-03 21:17:38','2018-05-03 21:17:38'),(2124,1236,'App\\Question','question: was created  scores: ',1,'2018-05-03 21:17:38','2018-05-03 21:17:38'),(2125,1237,'App\\Question','question: was created  scores: ',1,'2018-05-03 21:17:38','2018-05-03 21:17:38'),(2126,1238,'App\\Question','question: was created  scores: ',1,'2018-05-03 21:17:38','2018-05-03 21:17:38'),(2127,1239,'App\\Question','question: was created  scores: ',1,'2018-05-03 21:17:38','2018-05-03 21:17:38'),(2128,1240,'App\\Question','question: was created  scores: ',1,'2018-05-03 21:17:38','2018-05-03 21:17:38'),(2129,1241,'App\\Question','question: was created  scores: ',1,'2018-05-03 21:17:38','2018-05-03 21:17:38'),(2130,1242,'App\\Question','question: was created  scores: ',1,'2018-05-03 21:17:38','2018-05-03 21:17:38'),(2131,1243,'App\\Question','question: was created  scores: ',1,'2018-05-03 21:17:38','2018-05-03 21:17:38'),(2132,1244,'App\\Question','question: was created  scores: ',1,'2018-05-03 21:17:38','2018-05-03 21:17:38'),(2133,1245,'App\\Question','question: was created  scores: ',1,'2018-05-03 21:17:38','2018-05-03 21:17:38'),(2134,1246,'App\\Question','question: was created  scores: ',1,'2018-05-03 21:17:38','2018-05-03 21:17:38'),(2135,1247,'App\\Question','question: was created  scores: ',1,'2018-05-03 21:17:38','2018-05-03 21:17:38'),(2136,1248,'App\\Question','question: was created  scores: ',1,'2018-05-03 21:17:38','2018-05-03 21:17:38'),(2137,1249,'App\\Question','question: was created  scores: ',1,'2018-05-03 21:17:38','2018-05-03 21:17:38'),(2138,1250,'App\\Question','question: was created  scores: ',1,'2018-05-03 21:17:38','2018-05-03 21:17:38'),(2139,1251,'App\\Question','question: was created  scores: ',1,'2018-05-03 21:17:38','2018-05-03 21:17:38'),(2140,1252,'App\\Question','question: was created  scores: ',1,'2018-05-03 21:17:38','2018-05-03 21:17:38'),(2141,1253,'App\\Question','question: was created  scores: ',1,'2018-05-03 21:17:38','2018-05-03 21:17:38'),(2142,1254,'App\\Question','question: was created  scores: ',1,'2018-05-03 21:17:38','2018-05-03 21:17:38'),(2143,1255,'App\\Question','question: was created  scores: ',1,'2018-05-03 21:17:38','2018-05-03 21:17:38'),(2144,1256,'App\\Question','question: was created  scores: ',1,'2018-05-03 21:17:38','2018-05-03 21:17:38'),(2145,1257,'App\\Question','question: was created  scores: ',1,'2018-05-03 21:17:38','2018-05-03 21:17:38'),(2146,1258,'App\\Question','question: was created  scores: ',1,'2018-05-03 21:17:38','2018-05-03 21:17:38'),(2147,1259,'App\\Question','question: was created  scores: ',1,'2018-05-03 21:17:38','2018-05-03 21:17:38'),(2148,1260,'App\\Question','question: was created  scores: ',1,'2018-05-03 21:17:38','2018-05-03 21:17:38'),(2149,1261,'App\\Question','question: was created  scores: ',1,'2018-05-03 21:17:38','2018-05-03 21:17:38'),(2150,1262,'App\\Question','question: was created  scores: ',1,'2018-05-03 21:17:38','2018-05-03 21:17:38'),(2151,1263,'App\\Question','question: was created  scores: ',1,'2018-05-03 21:17:38','2018-05-03 21:17:38'),(2152,1264,'App\\Question','question: was created  scores: ',1,'2018-05-03 21:17:38','2018-05-03 21:17:38'),(2153,1265,'App\\Question','question: was created  scores: ',1,'2018-05-03 21:17:38','2018-05-03 21:17:38'),(2154,1266,'App\\Question','question: was created  scores: ',1,'2018-05-03 21:17:38','2018-05-03 21:17:38'),(2155,1267,'App\\Question','question: was created  scores: ',1,'2018-05-03 21:17:38','2018-05-03 21:17:38'),(2156,1268,'App\\Question','question: was created  scores: ',1,'2018-05-03 21:17:39','2018-05-03 21:17:39'),(2157,1269,'App\\Question','question: was created  scores: ',1,'2018-05-03 21:17:39','2018-05-03 21:17:39'),(2158,1270,'App\\Question','question: was created  scores: ',1,'2018-05-03 21:17:39','2018-05-03 21:17:39'),(2159,1271,'App\\Question','question: was created  scores: ',1,'2018-05-03 21:17:39','2018-05-03 21:17:39'),(2160,1272,'App\\Question','question: was created  scores: ',1,'2018-05-03 21:17:39','2018-05-03 21:17:39'),(2161,1273,'App\\Question','question: was created  scores: ',1,'2018-05-03 21:17:39','2018-05-03 21:17:39'),(2162,1274,'App\\Question','question: was created  scores: ',1,'2018-05-03 21:17:39','2018-05-03 21:17:39'),(2163,1275,'App\\Question','question: was created  scores: ',1,'2018-05-03 21:17:39','2018-05-03 21:17:39'),(2164,1276,'App\\Question','question: was created  scores: ',1,'2018-05-03 21:17:39','2018-05-03 21:17:39'),(2165,1277,'App\\Question','question: was created  scores: ',1,'2018-05-03 21:17:39','2018-05-03 21:17:39'),(2166,1278,'App\\Question','question: was created  scores: ',1,'2018-05-03 21:17:39','2018-05-03 21:17:39'),(2167,1279,'App\\Question','question: was created  scores: ',1,'2018-05-03 21:17:39','2018-05-03 21:17:39'),(2168,1280,'App\\Question','question: was created  scores: ',1,'2018-05-03 21:17:39','2018-05-03 21:17:39'),(2169,1281,'App\\Question','question: was created  scores: ',1,'2018-05-03 21:17:39','2018-05-03 21:17:39'),(2170,1282,'App\\Question','question: was created  scores: ',1,'2018-05-03 21:17:39','2018-05-03 21:17:39'),(2171,1283,'App\\Question','question: was created  scores: ',1,'2018-05-03 21:17:39','2018-05-03 21:17:39'),(2172,1284,'App\\Question','question: was created  scores: ',1,'2018-05-03 21:17:39','2018-05-03 21:17:39'),(2173,1285,'App\\Question','question: was created  scores: ',1,'2018-05-03 21:17:39','2018-05-03 21:17:39'),(2174,1286,'App\\Question','question: was created  scores: ',1,'2018-05-03 21:17:39','2018-05-03 21:17:39'),(2175,1287,'App\\Question','question: was created  scores: ',1,'2018-05-03 21:17:39','2018-05-03 21:17:39'),(2176,1288,'App\\Question','question: was created  scores: ',1,'2018-05-03 21:17:39','2018-05-03 21:17:39'),(2177,1289,'App\\Question','question: was created  scores: ',1,'2018-05-03 21:17:39','2018-05-03 21:17:39'),(2178,1290,'App\\Question','question: was created  scores: ',1,'2018-05-03 21:17:39','2018-05-03 21:17:39'),(2179,1291,'App\\Question','question: was created  scores: ',1,'2018-05-03 21:17:39','2018-05-03 21:17:39'),(2180,1292,'App\\Question','question: was created  scores: ',1,'2018-05-03 21:17:39','2018-05-03 21:17:39'),(2181,1293,'App\\Question','question: was created  scores: ',1,'2018-05-03 21:17:39','2018-05-03 21:17:39'),(2182,1294,'App\\Question','question: was created  scores: ',1,'2018-05-03 21:17:39','2018-05-03 21:17:39'),(2183,1295,'App\\Question','question: was created  scores: ',1,'2018-05-03 21:17:39','2018-05-03 21:17:39'),(2184,1296,'App\\Question','question: was created  scores: ',1,'2018-05-03 21:17:39','2018-05-03 21:17:39'),(2185,1297,'App\\Question','question: was created  scores: ',1,'2018-05-03 21:17:39','2018-05-03 21:17:39'),(2186,1298,'App\\Question','question: was created  scores: ',1,'2018-05-03 21:17:39','2018-05-03 21:17:39'),(2187,1299,'App\\Question','question: was created  scores: ',1,'2018-05-03 21:17:39','2018-05-03 21:17:39'),(2188,1300,'App\\Question','question: was created  scores: ',1,'2018-05-03 21:17:39','2018-05-03 21:17:39'),(2189,1301,'App\\Question','question: was created  scores: ',1,'2018-05-03 21:17:39','2018-05-03 21:17:39'),(2190,1302,'App\\Question','question: was created  scores: ',1,'2018-05-03 21:17:39','2018-05-03 21:17:39'),(2191,1303,'App\\Question','question: was created  scores: ',1,'2018-05-03 21:17:39','2018-05-03 21:17:39'),(2192,1304,'App\\Question','question: was created  scores: ',1,'2018-05-03 21:17:39','2018-05-03 21:17:39'),(2193,1305,'App\\Question','question: was created  scores: ',1,'2018-05-03 21:17:39','2018-05-03 21:17:39'),(2194,1306,'App\\Question','question: was created  scores: ',1,'2018-05-03 21:17:39','2018-05-03 21:17:39'),(2195,1307,'App\\Question','question: was created  scores: ',1,'2018-05-03 21:17:39','2018-05-03 21:17:39'),(2196,1308,'App\\Question','question: was created  scores: ',1,'2018-05-03 21:17:39','2018-05-03 21:17:39'),(2197,1309,'App\\Question','question: was created  scores: ',1,'2018-05-03 21:17:39','2018-05-03 21:17:39'),(2198,1310,'App\\Question','question: was created  scores: ',1,'2018-05-03 21:17:39','2018-05-03 21:17:39'),(2199,1311,'App\\Question','question: was created  scores: ',1,'2018-05-03 21:17:39','2018-05-03 21:17:39'),(2200,1312,'App\\Question','question: was created  scores: ',1,'2018-05-03 21:17:39','2018-05-03 21:17:39'),(2201,1313,'App\\Question','question: was created  scores: ',1,'2018-05-03 21:17:39','2018-05-03 21:17:39'),(2202,1314,'App\\Question','question: was created  scores: ',1,'2018-05-03 21:17:39','2018-05-03 21:17:39'),(2203,1315,'App\\Question','question: was created  scores: ',1,'2018-05-03 21:17:39','2018-05-03 21:17:39'),(2204,1316,'App\\Question','question: was created  scores: ',1,'2018-05-03 21:17:39','2018-05-03 21:17:39'),(2205,1317,'App\\Question','question: was created  scores: ',1,'2018-05-03 21:17:39','2018-05-03 21:17:39'),(2206,1318,'App\\Question','question: was created  scores: ',1,'2018-05-03 21:17:39','2018-05-03 21:17:39'),(2207,1319,'App\\Question','question: was created  scores: ',1,'2018-05-03 21:17:39','2018-05-03 21:17:39'),(2208,1320,'App\\Question','question: was created  scores: ',1,'2018-05-03 21:17:39','2018-05-03 21:17:39'),(2209,1321,'App\\Question','question: was created  scores: ',1,'2018-05-03 21:17:39','2018-05-03 21:17:39'),(2210,1322,'App\\Question','question: was created  scores: ',1,'2018-05-03 21:17:39','2018-05-03 21:17:39'),(2211,1323,'App\\Question','question: was created  scores: ',1,'2018-05-03 21:17:39','2018-05-03 21:17:39'),(2212,1324,'App\\Question','question: was created  scores: ',1,'2018-05-03 21:17:39','2018-05-03 21:17:39'),(2213,1325,'App\\Question','question: was created  scores: ',1,'2018-05-03 21:17:39','2018-05-03 21:17:39'),(2214,1326,'App\\Question','question: was created  scores: ',1,'2018-05-03 21:17:39','2018-05-03 21:17:39'),(2215,1327,'App\\Question','question: was created  scores: ',1,'2018-05-03 21:17:39','2018-05-03 21:17:39'),(2216,1328,'App\\Question','question: was created  scores: ',1,'2018-05-03 21:17:39','2018-05-03 21:17:39'),(2217,1329,'App\\Question','question: was created  scores: ',1,'2018-05-03 21:17:39','2018-05-03 21:17:39'),(2218,1330,'App\\Question','question: was created  scores: ',1,'2018-05-03 21:17:39','2018-05-03 21:17:39'),(2219,1331,'App\\Question','question: was created  scores: ',1,'2018-05-03 21:17:39','2018-05-03 21:17:39'),(2220,1332,'App\\Question','question: was created  scores: ',1,'2018-05-03 21:17:39','2018-05-03 21:17:39'),(2221,1333,'App\\Question','question: was created  scores: ',1,'2018-05-03 21:17:39','2018-05-03 21:17:39'),(2222,1334,'App\\Question','question: was created  scores: ',1,'2018-05-03 21:17:39','2018-05-03 21:17:39'),(2223,1335,'App\\Question','question: was created  scores: ',1,'2018-05-03 21:17:39','2018-05-03 21:17:39'),(2224,1336,'App\\Question','question: was created  scores: ',1,'2018-05-03 21:17:39','2018-05-03 21:17:39'),(2225,1337,'App\\Question','question: was created  scores: ',1,'2018-05-03 21:17:39','2018-05-03 21:17:39'),(2226,1338,'App\\Question','question: was created  scores: ',1,'2018-05-03 21:17:39','2018-05-03 21:17:39'),(2227,1339,'App\\Question','question: was created  scores: ',1,'2018-05-03 21:17:39','2018-05-03 21:17:39'),(2228,1340,'App\\Question','question: was created  scores: ',1,'2018-05-03 21:17:39','2018-05-03 21:17:39'),(2229,1341,'App\\Question','question: was created  scores: ',1,'2018-05-03 21:17:39','2018-05-03 21:17:39'),(2230,1342,'App\\Question','question: was created  scores: ',1,'2018-05-03 21:17:39','2018-05-03 21:17:39'),(2231,1343,'App\\Question','question: was created  scores: ',1,'2018-05-03 21:17:39','2018-05-03 21:17:39'),(2232,1344,'App\\Question','question: was created  scores: ',1,'2018-05-03 21:17:39','2018-05-03 21:17:39'),(2233,1345,'App\\Question','question: was created  scores: ',1,'2018-05-03 21:17:39','2018-05-03 21:17:39'),(2234,1346,'App\\Question','question: was created  scores: ',1,'2018-05-03 21:17:39','2018-05-03 21:17:39'),(2235,1347,'App\\Question','question: was created  scores: ',1,'2018-05-03 21:17:39','2018-05-03 21:17:39'),(2236,1348,'App\\Question','question: was created  scores: ',1,'2018-05-03 21:17:39','2018-05-03 21:17:39'),(2237,1349,'App\\Question','question: was created  scores: ',1,'2018-05-03 21:17:39','2018-05-03 21:17:39'),(2238,1350,'App\\Question','question: was created  scores: ',1,'2018-05-03 21:17:39','2018-05-03 21:17:39'),(2239,1351,'App\\Question','question: was created  scores: ',1,'2018-05-03 21:17:39','2018-05-03 21:17:39'),(2240,1352,'App\\Question','question: was created  scores: ',1,'2018-05-03 21:17:39','2018-05-03 21:17:39'),(2241,1353,'App\\Question','question: was created  scores: ',1,'2018-05-03 21:17:39','2018-05-03 21:17:39'),(2242,1354,'App\\Question','question: was created  scores: ',1,'2018-05-03 21:17:39','2018-05-03 21:17:39'),(2243,1355,'App\\Question','question: was created  scores: ',1,'2018-05-03 21:17:39','2018-05-03 21:17:39'),(2244,1356,'App\\Question','question: was created  scores: ',1,'2018-05-03 21:17:39','2018-05-03 21:17:39'),(2245,1357,'App\\Question','question: was created  scores: ',1,'2018-05-03 21:17:39','2018-05-03 21:17:39'),(2246,1358,'App\\Question','question: was created  scores: ',1,'2018-05-03 21:17:39','2018-05-03 21:17:39'),(2247,1359,'App\\Question','question: was created  scores: ',1,'2018-05-03 21:17:39','2018-05-03 21:17:39'),(2248,1360,'App\\Question','question: was created  scores: ',1,'2018-05-03 21:17:39','2018-05-03 21:17:39'),(2249,1361,'App\\Question','question: was created  scores: ',1,'2018-05-03 21:17:39','2018-05-03 21:17:39'),(2250,1362,'App\\Question','question: was created  scores: ',1,'2018-05-03 21:17:39','2018-05-03 21:17:39'),(2251,1363,'App\\Question','question: was created  scores: ',1,'2018-05-03 21:17:39','2018-05-03 21:17:39'),(2252,1364,'App\\Question','question: was created  scores: ',1,'2018-05-03 21:17:39','2018-05-03 21:17:39'),(2253,1365,'App\\Question','question: was created  scores: ',1,'2018-05-03 21:17:40','2018-05-03 21:17:40'),(2254,1366,'App\\Question','question: was created  scores: ',1,'2018-05-03 21:17:40','2018-05-03 21:17:40'),(2255,1367,'App\\Question','question: was created  scores: ',1,'2018-05-03 21:17:40','2018-05-03 21:17:40'),(2256,1368,'App\\Question','question: was created  scores: ',1,'2018-05-03 21:17:40','2018-05-03 21:17:40'),(2257,1369,'App\\Question','question: was created  scores: ',1,'2018-05-03 21:17:40','2018-05-03 21:17:40'),(2258,1370,'App\\Question','question: was created  scores: ',1,'2018-05-03 21:17:40','2018-05-03 21:17:40'),(2259,1371,'App\\Question','question: was created  scores: ',1,'2018-05-03 21:17:40','2018-05-03 21:17:40'),(2260,1372,'App\\Question','question: was created  scores: ',1,'2018-05-03 21:17:40','2018-05-03 21:17:40'),(2261,1373,'App\\Question','question: was created  scores: ',1,'2018-05-03 21:17:40','2018-05-03 21:17:40'),(2262,1374,'App\\Question','question: was created  scores: ',1,'2018-05-03 21:17:40','2018-05-03 21:17:40'),(2263,1375,'App\\Question','question: was created  scores: ',1,'2018-05-03 21:17:40','2018-05-03 21:17:40'),(2264,1376,'App\\Question','question: was created  scores: ',1,'2018-05-03 21:17:40','2018-05-03 21:17:40'),(2265,1377,'App\\Question','question: was created  scores: ',1,'2018-05-03 21:17:40','2018-05-03 21:17:40'),(2266,1378,'App\\Question','question: was created  scores: ',1,'2018-05-03 21:17:40','2018-05-03 21:17:40'),(2267,1379,'App\\Question','question: was created  scores: ',1,'2018-05-03 21:17:40','2018-05-03 21:17:40'),(2268,1380,'App\\Question','question: was created  scores: ',1,'2018-05-03 21:17:40','2018-05-03 21:17:40'),(2269,1381,'App\\Question','question: was created  scores: ',1,'2018-05-03 21:17:40','2018-05-03 21:17:40'),(2270,1382,'App\\Question','question: was created  scores: ',1,'2018-05-03 21:17:40','2018-05-03 21:17:40'),(2271,1383,'App\\Question','question: was created  scores: ',1,'2018-05-03 21:17:40','2018-05-03 21:17:40'),(2272,1384,'App\\Question','question: was created  scores: ',1,'2018-05-03 21:17:40','2018-05-03 21:17:40'),(2273,1385,'App\\Question','question: was created  scores: ',1,'2018-05-03 21:17:40','2018-05-03 21:17:40'),(2274,1386,'App\\Question','question: was created  scores: ',1,'2018-05-03 21:17:40','2018-05-03 21:17:40'),(2275,1387,'App\\Question','question: was created  scores: ',1,'2018-05-03 21:17:40','2018-05-03 21:17:40'),(2276,1388,'App\\Question','question: was created  scores: ',1,'2018-05-03 21:17:40','2018-05-03 21:17:40'),(2277,1389,'App\\Question','question: was created  scores: ',1,'2018-05-03 21:17:40','2018-05-03 21:17:40'),(2278,1390,'App\\Question','question: was created  scores: ',1,'2018-05-03 21:17:40','2018-05-03 21:17:40'),(2279,1391,'App\\Question','question: was created  scores: ',1,'2018-05-03 21:17:40','2018-05-03 21:17:40'),(2280,1392,'App\\Question','question: was created  scores: ',1,'2018-05-03 21:17:40','2018-05-03 21:17:40'),(2281,1393,'App\\Question','question: was created  scores: ',1,'2018-05-03 21:17:40','2018-05-03 21:17:40'),(2282,1394,'App\\Question','question: was created  scores: ',1,'2018-05-03 21:17:40','2018-05-03 21:17:40'),(2283,1395,'App\\Question','question: was created  scores: ',1,'2018-05-03 21:17:40','2018-05-03 21:17:40'),(2284,1396,'App\\Question','question: was created  scores: ',1,'2018-05-03 21:17:40','2018-05-03 21:17:40'),(2285,1397,'App\\Question','question: was created  scores: ',1,'2018-05-03 21:17:40','2018-05-03 21:17:40'),(2286,1398,'App\\Question','question: was created  scores: ',1,'2018-05-03 21:17:40','2018-05-03 21:17:40'),(2287,1399,'App\\Question','question: was created  scores: ',1,'2018-05-03 21:17:40','2018-05-03 21:17:40'),(2288,1400,'App\\Question','question: was created  scores: ',1,'2018-05-03 21:17:40','2018-05-03 21:17:40'),(2289,1401,'App\\Question','question: was created  scores: ',1,'2018-05-03 21:17:40','2018-05-03 21:17:40'),(2290,1402,'App\\Question','question: was created  scores: ',1,'2018-05-03 21:17:40','2018-05-03 21:17:40'),(2291,1403,'App\\Question','question: was created  scores: ',1,'2018-05-03 21:17:40','2018-05-03 21:17:40'),(2292,1404,'App\\Question','question: was created  scores: ',1,'2018-05-03 21:17:40','2018-05-03 21:17:40'),(2293,1405,'App\\Question','question: was created  scores: ',1,'2018-05-03 21:17:40','2018-05-03 21:17:40'),(2294,1406,'App\\Question','question: was created  scores: ',1,'2018-05-03 21:17:40','2018-05-03 21:17:40'),(2295,1407,'App\\Question','question: was created  scores: ',1,'2018-05-03 21:17:40','2018-05-03 21:17:40'),(2296,1408,'App\\Question','question: was created  scores: ',1,'2018-05-03 21:17:40','2018-05-03 21:17:40'),(2297,1409,'App\\Question','question: was created  scores: ',1,'2018-05-03 21:17:40','2018-05-03 21:17:40'),(2298,1410,'App\\Question','question: was created  scores: ',1,'2018-05-03 21:17:40','2018-05-03 21:17:40'),(2299,1411,'App\\Question','question: was created  scores: ',1,'2018-05-03 21:17:40','2018-05-03 21:17:40'),(2300,1412,'App\\Question','question: was created  scores: ',1,'2018-05-03 21:17:40','2018-05-03 21:17:40'),(2301,1413,'App\\Question','question: was created  scores: ',1,'2018-05-03 21:17:40','2018-05-03 21:17:40'),(2302,1414,'App\\Question','question: was created  scores: ',1,'2018-05-03 21:17:40','2018-05-03 21:17:40'),(2303,1415,'App\\Question','question: was created  scores: ',1,'2018-05-03 21:17:40','2018-05-03 21:17:40'),(2304,1416,'App\\Question','question: was created  scores: ',1,'2018-05-03 21:17:40','2018-05-03 21:17:40'),(2305,1417,'App\\Question','question: was created  scores: ',1,'2018-05-03 21:17:40','2018-05-03 21:17:40'),(2306,1418,'App\\Question','question: was created  scores: ',1,'2018-05-03 21:17:40','2018-05-03 21:17:40'),(2307,1419,'App\\Question','question: was created  scores: ',1,'2018-05-03 21:17:40','2018-05-03 21:17:40'),(2308,1420,'App\\Question','question: was created  scores: ',1,'2018-05-03 21:17:40','2018-05-03 21:17:40'),(2309,1421,'App\\Question','question: was created  scores: ',1,'2018-05-03 21:17:40','2018-05-03 21:17:40'),(2310,1422,'App\\Question','question: was created  scores: ',1,'2018-05-03 21:17:40','2018-05-03 21:17:40'),(2311,1423,'App\\Question','question: was created  scores: ',1,'2018-05-03 21:17:40','2018-05-03 21:17:40'),(2312,1424,'App\\Question','question: was created  scores: ',1,'2018-05-03 21:17:40','2018-05-03 21:17:40'),(2313,1425,'App\\Question','question: was created  scores: ',1,'2018-05-03 21:17:40','2018-05-03 21:17:40'),(2314,1426,'App\\Question','question: was created  scores: ',1,'2018-05-03 21:17:40','2018-05-03 21:17:40'),(2315,1427,'App\\Question','question: was created  scores: ',1,'2018-05-03 21:17:40','2018-05-03 21:17:40'),(2316,1428,'App\\Question','question: was created  scores: ',1,'2018-05-03 21:17:40','2018-05-03 21:17:40'),(2317,1429,'App\\Question','question: was created  scores: ',1,'2018-05-03 21:17:40','2018-05-03 21:17:40'),(2318,1430,'App\\Question','question: was created  scores: ',1,'2018-05-03 21:17:40','2018-05-03 21:17:40'),(2319,1431,'App\\Question','question: was created  scores: ',1,'2018-05-03 21:17:40','2018-05-03 21:17:40'),(2320,1432,'App\\Question','question: was created  scores: ',1,'2018-05-03 21:17:40','2018-05-03 21:17:40'),(2321,1433,'App\\Question','question: was created  scores: ',1,'2018-05-03 21:17:40','2018-05-03 21:17:40'),(2322,1434,'App\\Question','question: was created  scores: ',1,'2018-05-03 21:17:40','2018-05-03 21:17:40'),(2323,1435,'App\\Question','question: was created  scores: ',1,'2018-05-03 21:17:40','2018-05-03 21:17:40'),(2324,1436,'App\\Question','question: was created  scores: ',1,'2018-05-03 21:17:40','2018-05-03 21:17:40'),(2325,1437,'App\\Question','question: was created  scores: ',1,'2018-05-03 21:17:40','2018-05-03 21:17:40'),(2326,1438,'App\\Question','question: was created  scores: ',1,'2018-05-03 21:17:40','2018-05-03 21:17:40'),(2327,1439,'App\\Question','question: was created  scores: ',1,'2018-05-03 21:17:40','2018-05-03 21:17:40'),(2328,1440,'App\\Question','question: was created  scores: ',1,'2018-05-03 21:17:40','2018-05-03 21:17:40'),(2329,1441,'App\\Question','question: was created  scores: ',1,'2018-05-03 21:17:40','2018-05-03 21:17:40'),(2330,1442,'App\\Question','question: was created  scores: ',1,'2018-05-03 21:17:40','2018-05-03 21:17:40'),(2331,1443,'App\\Question','question: was created  scores: ',1,'2018-05-03 21:17:40','2018-05-03 21:17:40'),(2332,1444,'App\\Question','question: was created  scores: ',1,'2018-05-03 21:17:40','2018-05-03 21:17:40'),(2333,1445,'App\\Question','question: was created  scores: ',1,'2018-05-03 21:17:40','2018-05-03 21:17:40'),(2334,1446,'App\\Question','question: was created  scores: ',1,'2018-05-03 21:17:40','2018-05-03 21:17:40'),(2335,1447,'App\\Question','question: was created  scores: ',1,'2018-05-03 21:17:40','2018-05-03 21:17:40'),(2336,1448,'App\\Question','question: was created  scores: ',1,'2018-05-03 21:17:40','2018-05-03 21:17:40'),(2337,1449,'App\\Question','question: was created  scores: ',1,'2018-05-03 21:17:40','2018-05-03 21:17:40'),(2338,1450,'App\\Question','question: was created  scores: ',1,'2018-05-03 21:17:40','2018-05-03 21:17:40'),(2339,1451,'App\\Question','question: was created  scores: ',1,'2018-05-03 21:17:40','2018-05-03 21:17:40'),(2340,1452,'App\\Question','question: was created  scores: ',1,'2018-05-03 21:17:40','2018-05-03 21:17:40'),(2341,1453,'App\\Question','question: was created  scores: ',1,'2018-05-03 21:17:40','2018-05-03 21:17:40'),(2342,1454,'App\\Question','question: was created  scores: ',1,'2018-05-03 21:17:40','2018-05-03 21:17:40'),(2343,1455,'App\\Question','question: was created  scores: ',1,'2018-05-03 21:17:40','2018-05-03 21:17:40'),(2344,1456,'App\\Question','question: was created  scores: ',1,'2018-05-03 21:17:40','2018-05-03 21:17:40'),(2345,1457,'App\\Question','question: was created  scores: ',1,'2018-05-03 21:17:40','2018-05-03 21:17:40'),(2346,1458,'App\\Question','question: was created  scores: ',1,'2018-05-03 21:17:40','2018-05-03 21:17:40'),(2347,1459,'App\\Question','question: was created  scores: ',1,'2018-05-03 21:17:40','2018-05-03 21:17:40'),(2348,1460,'App\\Question','question: was created  scores: ',1,'2018-05-03 21:17:40','2018-05-03 21:17:40'),(2349,1461,'App\\Question','question: was created  scores: ',1,'2018-05-03 21:17:40','2018-05-03 21:17:40'),(2350,1462,'App\\Question','question: was created  scores: ',1,'2018-05-03 21:17:41','2018-05-03 21:17:41'),(2351,1463,'App\\Question','question: was created  scores: ',1,'2018-05-03 21:17:41','2018-05-03 21:17:41'),(2352,1464,'App\\Question','question: was created  scores: ',1,'2018-05-03 21:17:41','2018-05-03 21:17:41'),(2353,1465,'App\\Question','question: was created  scores: ',1,'2018-05-03 21:17:41','2018-05-03 21:17:41'),(2354,1466,'App\\Question','question: was created  scores: ',1,'2018-05-03 21:17:41','2018-05-03 21:17:41'),(2355,1467,'App\\Question','question: was created  scores: ',1,'2018-05-03 21:17:41','2018-05-03 21:17:41'),(2356,1468,'App\\Question','question: was created  scores: ',1,'2018-05-03 21:17:41','2018-05-03 21:17:41'),(2357,1469,'App\\Question','question: was created  scores: ',1,'2018-05-03 21:17:41','2018-05-03 21:17:41'),(2358,1470,'App\\Question','question: was created  scores: ',1,'2018-05-03 21:17:41','2018-05-03 21:17:41'),(2359,1471,'App\\Question','question: was created  scores: ',1,'2018-05-03 21:17:41','2018-05-03 21:17:41'),(2360,1472,'App\\Question','question: was created  scores: ',1,'2018-05-03 21:17:41','2018-05-03 21:17:41'),(2361,1473,'App\\Question','question: was created  scores: ',1,'2018-05-03 21:17:41','2018-05-03 21:17:41'),(2362,1474,'App\\Question','question: was created  scores: ',1,'2018-05-03 21:17:41','2018-05-03 21:17:41'),(2363,1475,'App\\Question','question: was created  scores: ',1,'2018-05-03 21:17:41','2018-05-03 21:17:41'),(2364,1476,'App\\Question','question: was created  scores: ',1,'2018-05-03 21:17:41','2018-05-03 21:17:41'),(2365,1477,'App\\Question','question: was created  scores: ',1,'2018-05-03 21:17:41','2018-05-03 21:17:41'),(2366,1478,'App\\Question','question: was created  scores: ',1,'2018-05-03 21:17:41','2018-05-03 21:17:41'),(2367,1479,'App\\Question','question: was created  scores: ',1,'2018-05-03 21:17:41','2018-05-03 21:17:41'),(2368,1480,'App\\Question','question: was created  scores: ',1,'2018-05-03 21:17:41','2018-05-03 21:17:41'),(2369,1481,'App\\Question','question: was created  scores: ',1,'2018-05-03 21:17:41','2018-05-03 21:17:41'),(2370,1482,'App\\Question','question: was created  scores: ',1,'2018-05-03 21:17:41','2018-05-03 21:17:41'),(2371,1483,'App\\Question','question: was created  scores: ',1,'2018-05-03 21:17:41','2018-05-03 21:17:41'),(2372,1484,'App\\Question','question: was created  scores: ',1,'2018-05-03 21:17:41','2018-05-03 21:17:41'),(2373,1485,'App\\Question','question: was created  scores: ',1,'2018-05-03 21:17:41','2018-05-03 21:17:41'),(2374,1486,'App\\Question','question: was created  scores: ',1,'2018-05-03 21:17:41','2018-05-03 21:17:41'),(2375,1487,'App\\Question','question: was created  scores: ',1,'2018-05-03 21:17:41','2018-05-03 21:17:41'),(2376,1488,'App\\Question','question: was created  scores: ',1,'2018-05-03 21:17:41','2018-05-03 21:17:41'),(2377,1489,'App\\Question','question: was created  scores: ',1,'2018-05-03 21:17:41','2018-05-03 21:17:41'),(2378,1490,'App\\Question','question: was created  scores: ',1,'2018-05-03 21:17:41','2018-05-03 21:17:41'),(2379,1491,'App\\Question','question: was created  scores: ',1,'2018-05-03 21:17:41','2018-05-03 21:17:41'),(2380,1492,'App\\Question','question: was created  scores: ',1,'2018-05-03 21:17:41','2018-05-03 21:17:41'),(2381,1493,'App\\Question','question: was created  scores: ',1,'2018-05-03 21:17:41','2018-05-03 21:17:41'),(2382,1494,'App\\Question','question: was created  scores: ',1,'2018-05-03 21:17:41','2018-05-03 21:17:41'),(2383,1495,'App\\Question','question: was created  scores: ',1,'2018-05-03 21:17:41','2018-05-03 21:17:41'),(2384,1496,'App\\Question','question: was created  scores: ',1,'2018-05-03 21:17:41','2018-05-03 21:17:41'),(2385,1497,'App\\Question','question: was created  scores: ',1,'2018-05-03 21:17:41','2018-05-03 21:17:41'),(2386,1498,'App\\Question','question: was created  scores: ',1,'2018-05-03 21:17:41','2018-05-03 21:17:41'),(2387,1499,'App\\Question','question: was created  scores: ',1,'2018-05-03 21:17:41','2018-05-03 21:17:41'),(2388,1500,'App\\Question','question: was created  scores: ',1,'2018-05-03 21:17:41','2018-05-03 21:17:41'),(2389,1501,'App\\Question','question: was created  scores: ',1,'2018-05-03 21:17:41','2018-05-03 21:17:41'),(2390,1502,'App\\Question','question: was created  scores: ',1,'2018-05-03 21:17:41','2018-05-03 21:17:41'),(2391,1503,'App\\Question','question: was created  scores: ',1,'2018-05-03 21:17:41','2018-05-03 21:17:41'),(2392,1504,'App\\Question','question: was created  scores: ',1,'2018-05-03 21:17:41','2018-05-03 21:17:41'),(2393,1505,'App\\Question','question: was created  scores: ',1,'2018-05-03 21:17:41','2018-05-03 21:17:41'),(2394,1506,'App\\Question','question: was created  scores: ',1,'2018-05-03 21:17:41','2018-05-03 21:17:41'),(2395,1507,'App\\Question','question: was created  scores: ',1,'2018-05-03 21:17:41','2018-05-03 21:17:41'),(2396,1508,'App\\Question','question: was created  scores: ',1,'2018-05-03 21:17:41','2018-05-03 21:17:41'),(2397,1509,'App\\Question','question: was created  scores: ',1,'2018-05-03 21:17:41','2018-05-03 21:17:41'),(2398,1510,'App\\Question','question: was created  scores: ',1,'2018-05-03 21:17:41','2018-05-03 21:17:41'),(2399,1511,'App\\Question','question: was created  scores: ',1,'2018-05-03 21:17:41','2018-05-03 21:17:41'),(2400,1512,'App\\Question','question: was created  scores: ',1,'2018-05-03 21:17:41','2018-05-03 21:17:41'),(2401,1513,'App\\Question','question: was created  scores: ',1,'2018-05-03 21:17:41','2018-05-03 21:17:41'),(2402,1514,'App\\Question','question: was created  scores: ',1,'2018-05-03 21:17:41','2018-05-03 21:17:41'),(2403,1515,'App\\Question','question: was created  scores: ',1,'2018-05-03 21:17:41','2018-05-03 21:17:41'),(2404,1516,'App\\Question','question: was created  scores: ',1,'2018-05-03 21:17:41','2018-05-03 21:17:41'),(2405,1517,'App\\Question','question: was created  scores: ',1,'2018-05-03 21:17:41','2018-05-03 21:17:41'),(2406,1518,'App\\Question','question: was created  scores: ',1,'2018-05-03 21:17:41','2018-05-03 21:17:41'),(2407,1519,'App\\Question','question: was created  scores: ',1,'2018-05-03 21:17:41','2018-05-03 21:17:41'),(2408,1520,'App\\Question','question: was created  scores: ',1,'2018-05-03 21:17:41','2018-05-03 21:17:41'),(2409,1521,'App\\Question','question: was created  scores: ',1,'2018-05-03 21:17:41','2018-05-03 21:17:41'),(2410,1522,'App\\Question','question: was created  scores: ',1,'2018-05-03 21:17:41','2018-05-03 21:17:41'),(2411,1523,'App\\Question','question: was created  scores: ',1,'2018-05-03 21:17:41','2018-05-03 21:17:41'),(2412,1524,'App\\Question','question: was created  scores: ',1,'2018-05-03 21:17:41','2018-05-03 21:17:41'),(2413,1525,'App\\Question','question: was created  scores: ',1,'2018-05-03 21:17:41','2018-05-03 21:17:41'),(2414,1526,'App\\Question','question: was created  scores: ',1,'2018-05-03 21:17:41','2018-05-03 21:17:41'),(2415,1527,'App\\Question','question: was created  scores: ',1,'2018-05-03 21:17:41','2018-05-03 21:17:41'),(2416,1528,'App\\Question','question: was created  scores: ',1,'2018-05-03 21:17:41','2018-05-03 21:17:41'),(2417,1529,'App\\Question','question: was created  scores: ',1,'2018-05-03 21:17:41','2018-05-03 21:17:41'),(2418,1530,'App\\Question','question: was created  scores: ',1,'2018-05-03 21:17:41','2018-05-03 21:17:41'),(2419,1531,'App\\Question','question: was created  scores: ',1,'2018-05-03 21:17:41','2018-05-03 21:17:41'),(2420,1532,'App\\Question','question: was created  scores: ',1,'2018-05-03 21:17:41','2018-05-03 21:17:41'),(2421,1533,'App\\Question','question: was created  scores: ',1,'2018-05-03 21:17:41','2018-05-03 21:17:41'),(2422,1534,'App\\Question','question: was created  scores: ',1,'2018-05-03 21:17:41','2018-05-03 21:17:41'),(2423,1535,'App\\Question','question: was created  scores: ',1,'2018-05-03 21:17:41','2018-05-03 21:17:41'),(2424,1536,'App\\Question','question: was created  scores: ',1,'2018-05-03 21:17:41','2018-05-03 21:17:41'),(2425,1537,'App\\Question','question: was created  scores: ',1,'2018-05-03 21:17:41','2018-05-03 21:17:41'),(2426,1538,'App\\Question','question: was created  scores: ',1,'2018-05-03 21:17:41','2018-05-03 21:17:41'),(2427,1539,'App\\Question','question: was created  scores: ',1,'2018-05-03 21:17:41','2018-05-03 21:17:41'),(2428,1540,'App\\Question','question: was created  scores: ',1,'2018-05-03 21:17:41','2018-05-03 21:17:41'),(2429,1541,'App\\Question','question: was created  scores: ',1,'2018-05-03 21:17:41','2018-05-03 21:17:41'),(2430,1542,'App\\Question','question: was created  scores: ',1,'2018-05-03 21:17:41','2018-05-03 21:17:41'),(2431,1543,'App\\Question','question: was created  scores: ',1,'2018-05-03 21:17:41','2018-05-03 21:17:41'),(2432,1544,'App\\Question','question: was created  scores: ',1,'2018-05-03 21:17:41','2018-05-03 21:17:41'),(2433,1545,'App\\Question','question: was created  scores: ',1,'2018-05-03 21:17:41','2018-05-03 21:17:41'),(2434,1546,'App\\Question','question: was created  scores: ',1,'2018-05-03 21:17:41','2018-05-03 21:17:41'),(2435,1547,'App\\Question','question: was created  scores: ',1,'2018-05-03 21:17:41','2018-05-03 21:17:41'),(2436,1548,'App\\Question','question: was created  scores: ',1,'2018-05-03 21:17:41','2018-05-03 21:17:41'),(2437,1549,'App\\Question','question: was created  scores: ',1,'2018-05-03 21:17:41','2018-05-03 21:17:41'),(2438,1550,'App\\Question','question: was created  scores: ',1,'2018-05-03 21:17:41','2018-05-03 21:17:41'),(2439,1551,'App\\Question','question: was created  scores: ',1,'2018-05-03 21:17:41','2018-05-03 21:17:41'),(2440,1552,'App\\Question','question: was created  scores: ',1,'2018-05-03 21:17:41','2018-05-03 21:17:41'),(2441,1553,'App\\Question','question: was created  scores: ',1,'2018-05-03 21:17:41','2018-05-03 21:17:41'),(2442,1554,'App\\Question','question: was created  scores: ',1,'2018-05-03 21:17:41','2018-05-03 21:17:41'),(2443,1555,'App\\Question','question: was created  scores: ',1,'2018-05-03 21:17:41','2018-05-03 21:17:41'),(2444,1556,'App\\Question','question: was created  scores: ',1,'2018-05-03 21:17:41','2018-05-03 21:17:41'),(2445,1557,'App\\Question','question: was created  scores: ',1,'2018-05-03 21:17:41','2018-05-03 21:17:41'),(2446,1558,'App\\Question','question: was created  scores: ',1,'2018-05-03 21:17:41','2018-05-03 21:17:41'),(2447,1559,'App\\Question','question: was created  scores: ',1,'2018-05-03 21:17:42','2018-05-03 21:17:42'),(2448,1560,'App\\Question','question: was created  scores: ',1,'2018-05-03 21:17:42','2018-05-03 21:17:42'),(2449,1561,'App\\Question','question: was created  scores: ',1,'2018-05-03 21:17:42','2018-05-03 21:17:42'),(2450,1562,'App\\Question','question: was created  scores: ',1,'2018-05-03 21:17:42','2018-05-03 21:17:42'),(2451,1563,'App\\Question','question: was created  scores: ',1,'2018-05-03 21:17:42','2018-05-03 21:17:42'),(2452,1564,'App\\Question','question: was created  scores: ',1,'2018-05-03 21:17:42','2018-05-03 21:17:42'),(2453,1565,'App\\Question','question: was created  scores: ',1,'2018-05-03 21:17:42','2018-05-03 21:17:42'),(2454,1566,'App\\Question','question: was created  scores: ',1,'2018-05-03 21:17:42','2018-05-03 21:17:42'),(2455,1567,'App\\Question','question: was created  scores: ',1,'2018-05-03 21:17:42','2018-05-03 21:17:42'),(2456,1568,'App\\Question','question: was created  scores: ',1,'2018-05-03 21:17:42','2018-05-03 21:17:42'),(2457,1569,'App\\Question','question: was created  scores: ',1,'2018-05-03 21:17:42','2018-05-03 21:17:42'),(2458,1570,'App\\Question','question: was created  scores: ',1,'2018-05-03 21:17:42','2018-05-03 21:17:42'),(2459,1571,'App\\Question','question: was created  scores: ',1,'2018-05-03 21:17:42','2018-05-03 21:17:42'),(2460,1572,'App\\Question','question: was created  scores: ',1,'2018-05-03 21:17:42','2018-05-03 21:17:42'),(2461,1573,'App\\Question','question: was created  scores: ',1,'2018-05-03 21:17:42','2018-05-03 21:17:42'),(2462,1574,'App\\Question','question: was created  scores: ',1,'2018-05-03 21:17:42','2018-05-03 21:17:42'),(2463,1575,'App\\Question','question: was created  scores: ',1,'2018-05-03 21:17:42','2018-05-03 21:17:42'),(2464,1576,'App\\Question','question: was created  scores: ',1,'2018-05-03 21:17:42','2018-05-03 21:17:42'),(2465,1577,'App\\Question','question: was created  scores: ',1,'2018-05-03 21:17:42','2018-05-03 21:17:42'),(2466,1578,'App\\Question','question: was created  scores: ',1,'2018-05-03 21:17:42','2018-05-03 21:17:42'),(2467,1579,'App\\Question','question: was created  scores: ',1,'2018-05-03 21:17:42','2018-05-03 21:17:42'),(2468,1580,'App\\Question','question: was created  scores: ',1,'2018-05-03 21:17:42','2018-05-03 21:17:42'),(2469,1581,'App\\Question','question: was created  scores: ',1,'2018-05-03 21:17:42','2018-05-03 21:17:42'),(2470,1582,'App\\Question','question: was created  scores: ',1,'2018-05-03 21:17:42','2018-05-03 21:17:42'),(2471,1583,'App\\Question','question: was created  scores: ',1,'2018-05-03 21:17:42','2018-05-03 21:17:42'),(2472,1584,'App\\Question','question: was created  scores: ',1,'2018-05-03 21:17:42','2018-05-03 21:17:42'),(2473,1585,'App\\Question','question: was created  scores: ',1,'2018-05-03 21:17:42','2018-05-03 21:17:42'),(2474,1586,'App\\Question','question: was created  scores: ',1,'2018-05-03 21:17:42','2018-05-03 21:17:42'),(2475,1587,'App\\Question','question: was created  scores: ',1,'2018-05-03 21:17:42','2018-05-03 21:17:42'),(2476,1588,'App\\Question','question: was created  scores: ',1,'2018-05-03 21:17:42','2018-05-03 21:17:42'),(2477,1589,'App\\Question','question: was created  scores: ',1,'2018-05-03 21:17:42','2018-05-03 21:17:42'),(2478,1590,'App\\Question','question: was created  scores: ',1,'2018-05-03 21:17:42','2018-05-03 21:17:42'),(2479,1591,'App\\Question','question: was created  scores: ',1,'2018-05-03 21:17:42','2018-05-03 21:17:42'),(2480,1592,'App\\Question','question: was created  scores: ',1,'2018-05-03 21:17:42','2018-05-03 21:17:42'),(2481,1593,'App\\Question','question: was created  scores: ',1,'2018-05-03 21:17:42','2018-05-03 21:17:42'),(2482,1594,'App\\Question','question: was created  scores: ',1,'2018-05-03 21:17:42','2018-05-03 21:17:42'),(2483,1595,'App\\Question','question: was created  scores: ',1,'2018-05-03 21:17:42','2018-05-03 21:17:42'),(2484,1596,'App\\Question','question: was created  scores: ',1,'2018-05-03 21:17:42','2018-05-03 21:17:42'),(2485,1597,'App\\Question','question: was created  scores: ',1,'2018-05-03 21:17:42','2018-05-03 21:17:42'),(2486,1598,'App\\Question','question: was created  scores: ',1,'2018-05-03 21:17:42','2018-05-03 21:17:42'),(2487,1599,'App\\Question','question: was created  scores: ',1,'2018-05-03 21:17:42','2018-05-03 21:17:42'),(2488,1600,'App\\Question','question: was created  scores: ',1,'2018-05-03 21:17:42','2018-05-03 21:17:42'),(2489,1601,'App\\Question','question: was created  scores: ',1,'2018-05-03 21:17:42','2018-05-03 21:17:42'),(2490,1602,'App\\Question','question: was created  scores: ',1,'2018-05-03 21:17:42','2018-05-03 21:17:42'),(2491,1603,'App\\Question','question: was created  scores: ',1,'2018-05-03 21:17:42','2018-05-03 21:17:42'),(2492,1604,'App\\Question','question: was created  scores: ',1,'2018-05-03 21:17:42','2018-05-03 21:17:42'),(2493,1605,'App\\Question','question: was created  scores: ',1,'2018-05-03 21:17:42','2018-05-03 21:17:42'),(2494,1606,'App\\Question','question: was created  scores: ',1,'2018-05-03 21:17:42','2018-05-03 21:17:42'),(2495,1607,'App\\Question','question: was created  scores: ',1,'2018-05-03 21:17:42','2018-05-03 21:17:42'),(2496,1608,'App\\Question','question: was created  scores: ',1,'2018-05-03 21:17:42','2018-05-03 21:17:42'),(2497,1609,'App\\Question','question: was created  scores: ',1,'2018-05-03 21:17:42','2018-05-03 21:17:42'),(2498,1610,'App\\Question','question: was created  scores: ',1,'2018-05-03 21:17:42','2018-05-03 21:17:42'),(2499,1611,'App\\Question','question: was created  scores: ',1,'2018-05-03 21:17:42','2018-05-03 21:17:42'),(2500,1612,'App\\Question','question: was created  scores: ',1,'2018-05-03 21:17:42','2018-05-03 21:17:42'),(2501,1613,'App\\Question','question: was created  scores: ',1,'2018-05-03 21:17:42','2018-05-03 21:17:42'),(2502,1614,'App\\Question','question: was created  scores: ',1,'2018-05-03 21:17:42','2018-05-03 21:17:42'),(2503,1615,'App\\Question','question: was created  scores: ',1,'2018-05-03 21:17:42','2018-05-03 21:17:42'),(2504,1616,'App\\Question','question: was created  scores: ',1,'2018-05-03 21:17:42','2018-05-03 21:17:42'),(2505,1617,'App\\Question','question: was created  scores: ',1,'2018-05-03 21:17:42','2018-05-03 21:17:42'),(2506,1618,'App\\Question','question: was created  scores: ',1,'2018-05-03 21:17:42','2018-05-03 21:17:42'),(2507,1619,'App\\Question','question: was created  scores: ',1,'2018-05-03 21:17:42','2018-05-03 21:17:42'),(2508,1620,'App\\Question','question: was created  scores: ',1,'2018-05-03 21:17:42','2018-05-03 21:17:42'),(2509,1621,'App\\Question','question: was created  scores: ',1,'2018-05-03 21:17:42','2018-05-03 21:17:42'),(2510,1622,'App\\Question','question: was created  scores: ',1,'2018-05-03 21:17:42','2018-05-03 21:17:42'),(2511,1623,'App\\Question','question: was created  scores: ',1,'2018-05-03 21:17:42','2018-05-03 21:17:42'),(2512,1624,'App\\Question','question: was created  scores: ',1,'2018-05-03 21:17:42','2018-05-03 21:17:42'),(2513,1625,'App\\Question','question: was created  scores: ',1,'2018-05-03 21:17:42','2018-05-03 21:17:42'),(2514,1626,'App\\Question','question: was created  scores: ',1,'2018-05-03 21:17:42','2018-05-03 21:17:42'),(2515,1627,'App\\Question','question: was created  scores: ',1,'2018-05-03 21:17:42','2018-05-03 21:17:42'),(2516,1628,'App\\Question','question: was created  scores: ',1,'2018-05-03 21:17:42','2018-05-03 21:17:42'),(2517,1629,'App\\Question','question: was created  scores: ',1,'2018-05-03 21:17:42','2018-05-03 21:17:42'),(2518,1630,'App\\Question','question: was created  scores: ',1,'2018-05-03 21:17:42','2018-05-03 21:17:42'),(2519,1631,'App\\Question','question: was created  scores: ',1,'2018-05-03 21:17:42','2018-05-03 21:17:42'),(2520,1632,'App\\Question','question: was created  scores: ',1,'2018-05-03 21:17:42','2018-05-03 21:17:42'),(2521,1633,'App\\Question','question: was created  scores: ',1,'2018-05-03 21:17:42','2018-05-03 21:17:42'),(2522,1634,'App\\Question','question: was created  scores: ',1,'2018-05-03 21:17:42','2018-05-03 21:17:42'),(2523,1635,'App\\Question','question: was created  scores: ',1,'2018-05-03 21:17:42','2018-05-03 21:17:42'),(2524,1636,'App\\Question','question: was created  scores: ',1,'2018-05-03 21:17:42','2018-05-03 21:17:42'),(2525,1637,'App\\Question','question: was created  scores: ',1,'2018-05-03 21:17:42','2018-05-03 21:17:42'),(2526,1638,'App\\Question','question: was created  scores: ',1,'2018-05-03 21:17:42','2018-05-03 21:17:42'),(2527,1639,'App\\Question','question: was created  scores: ',1,'2018-05-03 21:17:42','2018-05-03 21:17:42'),(2528,1640,'App\\Question','question: was created  scores: ',1,'2018-05-03 21:17:42','2018-05-03 21:17:42'),(2529,1641,'App\\Question','question: was created  scores: ',1,'2018-05-03 21:17:42','2018-05-03 21:17:42'),(2530,1642,'App\\Question','question: was created  scores: ',1,'2018-05-03 21:17:42','2018-05-03 21:17:42'),(2531,1643,'App\\Question','question: was created  scores: ',1,'2018-05-03 21:17:42','2018-05-03 21:17:42'),(2532,1644,'App\\Question','question: was created  scores: ',1,'2018-05-03 21:17:42','2018-05-03 21:17:42'),(2533,1645,'App\\Question','question: was created  scores: ',1,'2018-05-03 21:17:42','2018-05-03 21:17:42'),(2534,1646,'App\\Question','question: was created  scores: ',1,'2018-05-03 21:17:42','2018-05-03 21:17:42'),(2535,1647,'App\\Question','question: was created  scores: ',1,'2018-05-03 21:17:42','2018-05-03 21:17:42'),(2536,1648,'App\\Question','question: was created  scores: ',1,'2018-05-03 21:17:42','2018-05-03 21:17:42'),(2537,1649,'App\\Question','question: was created  scores: ',1,'2018-05-03 21:17:42','2018-05-03 21:17:42'),(2538,1650,'App\\Question','question: was created  scores: ',1,'2018-05-03 21:17:42','2018-05-03 21:17:42'),(2539,1651,'App\\Question','question: was created  scores: ',1,'2018-05-03 21:17:42','2018-05-03 21:17:42'),(2540,1652,'App\\Question','question: was created  scores: ',1,'2018-05-03 21:17:42','2018-05-03 21:17:42'),(2541,1653,'App\\Question','question: was created  scores: ',1,'2018-05-03 21:17:42','2018-05-03 21:17:42'),(2542,1654,'App\\Question','question: was created  scores: ',1,'2018-05-03 21:17:42','2018-05-03 21:17:42'),(2543,1655,'App\\Question','question: was created  scores: ',1,'2018-05-03 21:17:42','2018-05-03 21:17:42'),(2544,1656,'App\\Question','question: was created  scores: ',1,'2018-05-03 21:17:42','2018-05-03 21:17:42'),(2545,1657,'App\\Question','question: was created  scores: ',1,'2018-05-03 21:17:42','2018-05-03 21:17:42'),(2546,1658,'App\\Question','question: was created  scores: ',1,'2018-05-03 21:17:43','2018-05-03 21:17:43'),(2547,1659,'App\\Question','question: was created  scores: ',1,'2018-05-03 21:17:43','2018-05-03 21:17:43'),(2548,1660,'App\\Question','question: was created  scores: ',1,'2018-05-03 21:17:43','2018-05-03 21:17:43'),(2549,1661,'App\\Question','question: was created  scores: ',1,'2018-05-03 21:17:43','2018-05-03 21:17:43'),(2550,1662,'App\\Question','question: was created  scores: ',1,'2018-05-03 21:17:43','2018-05-03 21:17:43'),(2551,1663,'App\\Question','question: was created  scores: ',1,'2018-05-03 21:17:43','2018-05-03 21:17:43'),(2552,1664,'App\\Question','question: was created  scores: ',1,'2018-05-03 21:17:43','2018-05-03 21:17:43'),(2553,1665,'App\\Question','question: was created  scores: ',1,'2018-05-03 21:17:43','2018-05-03 21:17:43'),(2554,1666,'App\\Question','question: was created  scores: ',1,'2018-05-03 21:17:43','2018-05-03 21:17:43'),(2555,1667,'App\\Question','question: was created  scores: ',1,'2018-05-03 21:17:43','2018-05-03 21:17:43'),(2556,1668,'App\\Question','question: was created  scores: ',1,'2018-05-03 21:17:43','2018-05-03 21:17:43'),(2557,1669,'App\\Question','question: was created  scores: ',1,'2018-05-03 21:17:43','2018-05-03 21:17:43'),(2558,1670,'App\\Question','question: was created  scores: ',1,'2018-05-03 21:17:43','2018-05-03 21:17:43'),(2559,1671,'App\\Question','question: was created  scores: ',1,'2018-05-03 21:17:43','2018-05-03 21:17:43'),(2560,1672,'App\\Question','question: was created  scores: ',1,'2018-05-03 21:17:43','2018-05-03 21:17:43'),(2561,1673,'App\\Question','question: was created  scores: ',1,'2018-05-03 21:17:43','2018-05-03 21:17:43'),(2562,1674,'App\\Question','question: was created  scores: ',1,'2018-05-03 21:17:43','2018-05-03 21:17:43'),(2563,1675,'App\\Question','question: was created  scores: ',1,'2018-05-03 21:17:43','2018-05-03 21:17:43'),(2564,1676,'App\\Question','question: was created  scores: ',1,'2018-05-03 21:17:43','2018-05-03 21:17:43'),(2565,1677,'App\\Question','question: was created  scores: ',1,'2018-05-03 21:17:43','2018-05-03 21:17:43'),(2566,1678,'App\\Question','question: was created  scores: ',1,'2018-05-03 21:17:43','2018-05-03 21:17:43'),(2567,1679,'App\\Question','question: was created  scores: ',1,'2018-05-03 21:17:43','2018-05-03 21:17:43'),(2568,1680,'App\\Question','question: was created  scores: ',1,'2018-05-03 21:17:43','2018-05-03 21:17:43'),(2569,1681,'App\\Question','question: was created  scores: ',1,'2018-05-03 21:17:43','2018-05-03 21:17:43'),(2570,1682,'App\\Question','question: was created  scores: ',1,'2018-05-03 21:17:43','2018-05-03 21:17:43'),(2571,1683,'App\\Question','question: was created  scores: ',1,'2018-05-03 21:17:43','2018-05-03 21:17:43'),(2572,1684,'App\\Question','question: was created  scores: ',1,'2018-05-03 21:17:43','2018-05-03 21:17:43'),(2573,1685,'App\\Question','question: was created  scores: ',1,'2018-05-03 21:17:43','2018-05-03 21:17:43'),(2574,1686,'App\\Question','question: was created  scores: ',1,'2018-05-03 21:17:43','2018-05-03 21:17:43'),(2575,1687,'App\\Question','question: was created  scores: ',1,'2018-05-03 21:17:43','2018-05-03 21:17:43'),(2576,1688,'App\\Question','question: was created  scores: ',1,'2018-05-03 21:17:43','2018-05-03 21:17:43'),(2577,1689,'App\\Question','question: was created  scores: ',1,'2018-05-03 21:17:43','2018-05-03 21:17:43'),(2578,1690,'App\\Question','question: was created  scores: ',1,'2018-05-03 21:17:43','2018-05-03 21:17:43'),(2579,1691,'App\\Question','question: was created  scores: ',1,'2018-05-03 21:17:43','2018-05-03 21:17:43'),(2580,1692,'App\\Question','question: was created  scores: ',1,'2018-05-03 21:17:43','2018-05-03 21:17:43'),(2581,1693,'App\\Question','question: was created  scores: ',1,'2018-05-03 21:17:43','2018-05-03 21:17:43'),(2582,1694,'App\\Question','question: was created  scores: ',1,'2018-05-03 21:17:43','2018-05-03 21:17:43'),(2583,1695,'App\\Question','question: was created  scores: ',1,'2018-05-03 21:17:43','2018-05-03 21:17:43'),(2584,1696,'App\\Question','question: was created  scores: ',1,'2018-05-03 21:17:43','2018-05-03 21:17:43'),(2585,1697,'App\\Question','question: was created  scores: ',1,'2018-05-03 21:17:43','2018-05-03 21:17:43'),(2586,1698,'App\\Question','question: was created  scores: ',1,'2018-05-03 21:17:43','2018-05-03 21:17:43'),(2587,1699,'App\\Question','question: was created  scores: ',1,'2018-05-03 21:17:43','2018-05-03 21:17:43'),(2588,1700,'App\\Question','question: was created  scores: ',1,'2018-05-03 21:17:43','2018-05-03 21:17:43'),(2589,1701,'App\\Question','question: was created  scores: ',1,'2018-05-03 21:17:43','2018-05-03 21:17:43'),(2590,1702,'App\\Question','question: was created  scores: ',1,'2018-05-03 21:17:43','2018-05-03 21:17:43'),(2591,1703,'App\\Question','question: was created  scores: ',1,'2018-05-03 21:17:43','2018-05-03 21:17:43'),(2592,1704,'App\\Question','question: was created  scores: ',1,'2018-05-03 21:17:43','2018-05-03 21:17:43'),(2593,1705,'App\\Question','question: was created  scores: ',1,'2018-05-03 21:17:43','2018-05-03 21:17:43'),(2594,1706,'App\\Question','question: was created  scores: ',1,'2018-05-03 21:17:43','2018-05-03 21:17:43'),(2595,1707,'App\\Question','question: was created  scores: ',1,'2018-05-03 21:17:43','2018-05-03 21:17:43'),(2596,1708,'App\\Question','question: was created  scores: ',1,'2018-05-03 21:17:43','2018-05-03 21:17:43'),(2597,1709,'App\\Question','question: was created  scores: ',1,'2018-05-03 21:17:43','2018-05-03 21:17:43'),(2598,1710,'App\\Question','question: was created  scores: ',1,'2018-05-03 21:17:43','2018-05-03 21:17:43'),(2599,1711,'App\\Question','question: was created  scores: ',1,'2018-05-03 21:17:43','2018-05-03 21:17:43'),(2600,1712,'App\\Question','question: was created  scores: ',1,'2018-05-03 21:17:43','2018-05-03 21:17:43'),(2601,1713,'App\\Question','question: was created  scores: ',1,'2018-05-03 21:17:43','2018-05-03 21:17:43'),(2602,1714,'App\\Question','question: was created  scores: ',1,'2018-05-03 21:17:43','2018-05-03 21:17:43'),(2603,1715,'App\\Question','question: was created  scores: ',1,'2018-05-03 21:17:43','2018-05-03 21:17:43'),(2604,1716,'App\\Question','question: was created  scores: ',1,'2018-05-03 21:17:43','2018-05-03 21:17:43'),(2605,1717,'App\\Question','question: was created  scores: ',1,'2018-05-03 21:17:43','2018-05-03 21:17:43'),(2606,1718,'App\\Question','question: was created  scores: ',1,'2018-05-03 21:17:43','2018-05-03 21:17:43'),(2607,1719,'App\\Question','question: was created  scores: ',1,'2018-05-03 21:17:43','2018-05-03 21:17:43'),(2608,1720,'App\\Question','question: was created  scores: ',1,'2018-05-03 21:17:43','2018-05-03 21:17:43'),(2609,1721,'App\\Question','question: was created  scores: ',1,'2018-05-03 21:17:43','2018-05-03 21:17:43'),(2610,1722,'App\\Question','question: was created  scores: ',1,'2018-05-03 21:17:43','2018-05-03 21:17:43'),(2611,1723,'App\\Question','question: was created  scores: ',1,'2018-05-03 21:17:43','2018-05-03 21:17:43'),(2612,1724,'App\\Question','question: was created  scores: ',1,'2018-05-03 21:17:43','2018-05-03 21:17:43'),(2613,1725,'App\\Question','question: was created  scores: ',1,'2018-05-03 21:17:43','2018-05-03 21:17:43'),(2614,1726,'App\\Question','question: was created  scores: ',1,'2018-05-03 21:17:43','2018-05-03 21:17:43'),(2615,1727,'App\\Question','question: was created  scores: ',1,'2018-05-03 21:17:43','2018-05-03 21:17:43'),(2616,1728,'App\\Question','question: was created  scores: ',1,'2018-05-03 21:17:43','2018-05-03 21:17:43'),(2617,1729,'App\\Question','question: was created  scores: ',1,'2018-05-03 21:17:43','2018-05-03 21:17:43'),(2618,1730,'App\\Question','question: was created  scores: ',1,'2018-05-03 21:17:43','2018-05-03 21:17:43'),(2619,1731,'App\\Question','question: was created  scores: ',1,'2018-05-03 21:17:43','2018-05-03 21:17:43'),(2620,1732,'App\\Question','question: was created  scores: ',1,'2018-05-03 21:17:43','2018-05-03 21:17:43'),(2621,1733,'App\\Question','question: was created  scores: ',1,'2018-05-03 21:17:43','2018-05-03 21:17:43'),(2622,1734,'App\\Question','question: was created  scores: ',1,'2018-05-03 21:17:43','2018-05-03 21:17:43'),(2623,1735,'App\\Question','question: was created  scores: ',1,'2018-05-03 21:17:43','2018-05-03 21:17:43'),(2624,1736,'App\\Question','question: was created  scores: ',1,'2018-05-03 21:17:43','2018-05-03 21:17:43'),(2625,1737,'App\\Question','question: was created  scores: ',1,'2018-05-03 21:17:43','2018-05-03 21:17:43'),(2626,1738,'App\\Question','question: was created  scores: ',1,'2018-05-03 21:17:43','2018-05-03 21:17:43'),(2627,1739,'App\\Question','question: was created  scores: ',1,'2018-05-03 21:17:43','2018-05-03 21:17:43'),(2628,1740,'App\\Question','question: was created  scores: ',1,'2018-05-03 21:17:43','2018-05-03 21:17:43'),(2629,1741,'App\\Question','question: was created  scores: ',1,'2018-05-03 21:17:43','2018-05-03 21:17:43'),(2630,1742,'App\\Question','question: was created  scores: ',1,'2018-05-03 21:17:43','2018-05-03 21:17:43'),(2631,1743,'App\\Question','question: was created  scores: ',1,'2018-05-03 21:17:43','2018-05-03 21:17:43'),(2632,1744,'App\\Question','question: was created  scores: ',1,'2018-05-03 21:17:43','2018-05-03 21:17:43'),(2633,1745,'App\\Question','question: was created  scores: ',1,'2018-05-03 21:17:43','2018-05-03 21:17:43'),(2634,1746,'App\\Question','question: was created  scores: ',1,'2018-05-03 21:17:43','2018-05-03 21:17:43'),(2635,1747,'App\\Question','question: was created  scores: ',1,'2018-05-03 21:17:43','2018-05-03 21:17:43'),(2636,1748,'App\\Question','question: was created  scores: ',1,'2018-05-03 21:17:43','2018-05-03 21:17:43'),(2637,1749,'App\\Question','question: was created  scores: ',1,'2018-05-03 21:17:43','2018-05-03 21:17:43'),(2638,1750,'App\\Question','question: was created  scores: ',1,'2018-05-03 21:17:43','2018-05-03 21:17:43'),(2639,1751,'App\\Question','question: was created  scores: ',1,'2018-05-03 21:17:43','2018-05-03 21:17:43'),(2640,1752,'App\\Question','question: was created  scores: ',1,'2018-05-03 21:17:43','2018-05-03 21:17:43'),(2641,1753,'App\\Question','question: was created  scores: ',1,'2018-05-03 21:17:43','2018-05-03 21:17:43'),(2642,1754,'App\\Question','question: was created  scores: ',1,'2018-05-03 21:17:43','2018-05-03 21:17:43'),(2643,1755,'App\\Question','question: was created  scores: ',1,'2018-05-03 21:17:43','2018-05-03 21:17:43'),(2644,1756,'App\\Question','question: was created  scores: ',1,'2018-05-03 21:17:43','2018-05-03 21:17:43'),(2645,1757,'App\\Question','question: was created  scores: ',1,'2018-05-03 21:17:44','2018-05-03 21:17:44'),(2646,1758,'App\\Question','question: was created  scores: ',1,'2018-05-03 21:17:44','2018-05-03 21:17:44'),(2647,1759,'App\\Question','question: was created  scores: ',1,'2018-05-03 21:17:44','2018-05-03 21:17:44'),(2648,1760,'App\\Question','question: was created  scores: ',1,'2018-05-03 21:17:44','2018-05-03 21:17:44'),(2649,1761,'App\\Question','question: was created  scores: ',1,'2018-05-03 21:17:44','2018-05-03 21:17:44'),(2650,1762,'App\\Question','question: was created  scores: ',1,'2018-05-03 21:17:44','2018-05-03 21:17:44'),(2651,1763,'App\\Question','question: was created  scores: ',1,'2018-05-03 21:17:44','2018-05-03 21:17:44'),(2652,1764,'App\\Question','question: was created  scores: ',1,'2018-05-03 21:17:44','2018-05-03 21:17:44'),(2653,1765,'App\\Question','question: was created  scores: ',1,'2018-05-03 21:17:44','2018-05-03 21:17:44'),(2654,1766,'App\\Question','question: was created  scores: ',1,'2018-05-03 21:17:44','2018-05-03 21:17:44'),(2655,1767,'App\\Question','question: was created  scores: ',1,'2018-05-03 21:17:44','2018-05-03 21:17:44'),(2656,1768,'App\\Question','question: was created  scores: ',1,'2018-05-03 21:17:44','2018-05-03 21:17:44'),(2657,1769,'App\\Question','question: was created  scores: ',1,'2018-05-03 21:17:44','2018-05-03 21:17:44'),(2658,1770,'App\\Question','question: was created  scores: ',1,'2018-05-03 21:17:44','2018-05-03 21:17:44'),(2659,1771,'App\\Question','question: was created  scores: ',1,'2018-05-03 21:17:44','2018-05-03 21:17:44'),(2660,1772,'App\\Question','question: was created  scores: ',1,'2018-05-03 21:17:44','2018-05-03 21:17:44'),(2661,1773,'App\\Question','question: was created  scores: ',1,'2018-05-03 21:17:44','2018-05-03 21:17:44'),(2662,1774,'App\\Question','question: was created  scores: ',1,'2018-05-03 21:17:44','2018-05-03 21:17:44'),(2663,1775,'App\\Question','question: was created  scores: ',1,'2018-05-03 21:17:44','2018-05-03 21:17:44'),(2664,1776,'App\\Question','question: was created  scores: ',1,'2018-05-03 21:17:44','2018-05-03 21:17:44'),(2665,1777,'App\\Question','question: was created  scores: ',1,'2018-05-03 21:17:44','2018-05-03 21:17:44'),(2666,1778,'App\\Question','question: was created  scores: ',1,'2018-05-03 21:17:44','2018-05-03 21:17:44'),(2667,1779,'App\\Question','question: was created  scores: ',1,'2018-05-03 21:17:44','2018-05-03 21:17:44'),(2668,1780,'App\\Question','question: was created  scores: ',1,'2018-05-03 21:17:44','2018-05-03 21:17:44'),(2669,1781,'App\\Question','question: was created  scores: ',1,'2018-05-03 21:17:44','2018-05-03 21:17:44'),(2670,1782,'App\\Question','question: was created  scores: ',1,'2018-05-03 21:17:44','2018-05-03 21:17:44'),(2671,1783,'App\\Question','question: was created  scores: ',1,'2018-05-03 21:17:44','2018-05-03 21:17:44'),(2672,1784,'App\\Question','question: was created  scores: ',1,'2018-05-03 21:17:44','2018-05-03 21:17:44'),(2673,1785,'App\\Question','question: was created  scores: ',1,'2018-05-03 21:17:44','2018-05-03 21:17:44'),(2674,1786,'App\\Question','question: was created  scores: ',1,'2018-05-03 21:17:44','2018-05-03 21:17:44'),(2675,1787,'App\\Question','question: was created  scores: ',1,'2018-05-03 21:17:44','2018-05-03 21:17:44'),(2676,1788,'App\\Question','question: was created  scores: ',1,'2018-05-03 21:17:44','2018-05-03 21:17:44'),(2677,1789,'App\\Question','question: was created  scores: ',1,'2018-05-03 21:17:44','2018-05-03 21:17:44'),(2678,1790,'App\\Question','question: was created  scores: ',1,'2018-05-03 21:17:44','2018-05-03 21:17:44'),(2679,1791,'App\\Question','question: was created  scores: ',1,'2018-05-03 21:17:44','2018-05-03 21:17:44'),(2680,1792,'App\\Question','question: was created  scores: ',1,'2018-05-03 21:17:44','2018-05-03 21:17:44'),(2681,1793,'App\\Question','question: was created  scores: ',1,'2018-05-03 21:17:44','2018-05-03 21:17:44'),(2682,1794,'App\\Question','question: was created  scores: ',1,'2018-05-03 21:17:44','2018-05-03 21:17:44'),(2683,1795,'App\\Question','question: was created  scores: ',1,'2018-05-03 21:17:44','2018-05-03 21:17:44'),(2684,1796,'App\\Question','question: was created  scores: ',1,'2018-05-03 21:17:44','2018-05-03 21:17:44'),(2685,1797,'App\\Question','question: was created  scores: ',1,'2018-05-03 21:17:44','2018-05-03 21:17:44'),(2686,1798,'App\\Question','question: was created  scores: ',1,'2018-05-03 21:17:44','2018-05-03 21:17:44'),(2687,1799,'App\\Question','question: was created  scores: ',1,'2018-05-03 21:17:44','2018-05-03 21:17:44'),(2688,1800,'App\\Question','question: was created  scores: ',1,'2018-05-03 21:17:44','2018-05-03 21:17:44'),(2689,1801,'App\\Question','question: was created  scores: ',1,'2018-05-03 21:17:44','2018-05-03 21:17:44'),(2690,1802,'App\\Question','question: was created  scores: ',1,'2018-05-03 21:17:44','2018-05-03 21:17:44'),(2691,1803,'App\\Question','question: was created  scores: ',1,'2018-05-03 21:17:44','2018-05-03 21:17:44'),(2692,1804,'App\\Question','question: was created  scores: ',1,'2018-05-03 21:17:44','2018-05-03 21:17:44'),(2693,1805,'App\\Question','question: was created  scores: ',1,'2018-05-03 21:17:44','2018-05-03 21:17:44'),(2694,1806,'App\\Question','question: was created  scores: ',1,'2018-05-03 21:17:44','2018-05-03 21:17:44'),(2695,1807,'App\\Question','question: was created  scores: ',1,'2018-05-03 21:17:44','2018-05-03 21:17:44'),(2696,1808,'App\\Question','question: was created  scores: ',1,'2018-05-03 21:17:44','2018-05-03 21:17:44'),(2697,1809,'App\\Question','question: was created  scores: ',1,'2018-05-03 21:17:44','2018-05-03 21:17:44'),(2698,1810,'App\\Question','question: was created  scores: ',1,'2018-05-03 21:17:44','2018-05-03 21:17:44'),(2699,1811,'App\\Question','question: was created  scores: ',1,'2018-05-03 21:17:44','2018-05-03 21:17:44'),(2700,1812,'App\\Question','question: was created  scores: ',1,'2018-05-03 21:17:44','2018-05-03 21:17:44'),(2701,1813,'App\\Question','question: was created  scores: ',1,'2018-05-03 21:17:44','2018-05-03 21:17:44'),(2702,1814,'App\\Question','question: was created  scores: ',1,'2018-05-03 21:17:44','2018-05-03 21:17:44'),(2703,1815,'App\\Question','question: was created  scores: ',1,'2018-05-03 21:17:44','2018-05-03 21:17:44'),(2704,1816,'App\\Question','question: was created  scores: ',1,'2018-05-03 21:17:44','2018-05-03 21:17:44'),(2705,1817,'App\\Question','question: was created  scores: ',1,'2018-05-03 21:17:44','2018-05-03 21:17:44'),(2706,1818,'App\\Question','question: was created  scores: ',1,'2018-05-03 21:17:44','2018-05-03 21:17:44'),(2707,1819,'App\\Question','question: was created  scores: ',1,'2018-05-03 21:17:44','2018-05-03 21:17:44'),(2708,1820,'App\\Question','question: was created  scores: ',1,'2018-05-03 21:17:44','2018-05-03 21:17:44'),(2709,1821,'App\\Question','question: was created  scores: ',1,'2018-05-03 21:17:44','2018-05-03 21:17:44'),(2710,1822,'App\\Question','question: was created  scores: ',1,'2018-05-03 21:17:44','2018-05-03 21:17:44'),(2711,1823,'App\\Question','question: was created  scores: ',1,'2018-05-03 21:17:44','2018-05-03 21:17:44'),(2712,1824,'App\\Question','question: was created  scores: ',1,'2018-05-03 21:17:44','2018-05-03 21:17:44'),(2713,1825,'App\\Question','question: was created  scores: ',1,'2018-05-03 21:17:44','2018-05-03 21:17:44'),(2714,1826,'App\\Question','question: was created  scores: ',1,'2018-05-03 21:17:44','2018-05-03 21:17:44'),(2715,1827,'App\\Question','question: was created  scores: ',1,'2018-05-03 21:17:44','2018-05-03 21:17:44'),(2716,1828,'App\\Question','question: was created  scores: ',1,'2018-05-03 21:17:44','2018-05-03 21:17:44'),(2717,1829,'App\\Question','question: was created  scores: ',1,'2018-05-03 21:17:44','2018-05-03 21:17:44'),(2718,1830,'App\\Question','question: was created  scores: ',1,'2018-05-03 21:17:44','2018-05-03 21:17:44'),(2719,1831,'App\\Question','question: was created  scores: ',1,'2018-05-03 21:17:44','2018-05-03 21:17:44'),(2720,1832,'App\\Question','question: was created  scores: ',1,'2018-05-03 21:17:44','2018-05-03 21:17:44'),(2721,1833,'App\\Question','question: was created  scores: ',1,'2018-05-03 21:17:44','2018-05-03 21:17:44'),(2722,1834,'App\\Question','question: was created  scores: ',1,'2018-05-03 21:17:44','2018-05-03 21:17:44'),(2723,1835,'App\\Question','question: was created  scores: ',1,'2018-05-03 21:17:44','2018-05-03 21:17:44'),(2724,1836,'App\\Question','question: was created  scores: ',1,'2018-05-03 21:17:44','2018-05-03 21:17:44'),(2725,1837,'App\\Question','question: was created  scores: ',1,'2018-05-03 21:17:44','2018-05-03 21:17:44'),(2726,1838,'App\\Question','question: was created  scores: ',1,'2018-05-03 21:17:44','2018-05-03 21:17:44'),(2727,1839,'App\\Question','question: was created  scores: ',1,'2018-05-03 21:17:44','2018-05-03 21:17:44'),(2728,1840,'App\\Question','question: was created  scores: ',1,'2018-05-03 21:17:44','2018-05-03 21:17:44'),(2729,1841,'App\\Question','question: was created  scores: ',1,'2018-05-03 21:17:44','2018-05-03 21:17:44'),(2730,1842,'App\\Question','question: was created  scores: ',1,'2018-05-03 21:17:44','2018-05-03 21:17:44'),(2731,1843,'App\\Question','question: was created  scores: ',1,'2018-05-03 21:17:44','2018-05-03 21:17:44'),(2732,1844,'App\\Question','question: was created  scores: ',1,'2018-05-03 21:17:44','2018-05-03 21:17:44'),(2733,1845,'App\\Question','question: was created  scores: ',1,'2018-05-03 21:17:44','2018-05-03 21:17:44'),(2734,1846,'App\\Question','question: was created  scores: ',1,'2018-05-03 21:17:44','2018-05-03 21:17:44'),(2735,1847,'App\\Question','question: was created  scores: ',1,'2018-05-03 21:17:44','2018-05-03 21:17:44'),(2736,1848,'App\\Question','question: was created  scores: ',1,'2018-05-03 21:17:44','2018-05-03 21:17:44'),(2737,1849,'App\\Question','question: was created  scores: ',1,'2018-05-03 21:17:44','2018-05-03 21:17:44'),(2738,1850,'App\\Question','question: was created  scores: ',1,'2018-05-03 21:17:44','2018-05-03 21:17:44'),(2739,1851,'App\\Question','question: was created  scores: ',1,'2018-05-03 21:17:44','2018-05-03 21:17:44'),(2740,1852,'App\\Question','question: was created  scores: ',1,'2018-05-03 21:17:44','2018-05-03 21:17:44'),(2741,1853,'App\\Question','question: was created  scores: ',1,'2018-05-03 21:17:44','2018-05-03 21:17:44'),(2742,1854,'App\\Question','question: was created  scores: ',1,'2018-05-03 21:17:45','2018-05-03 21:17:45'),(2743,1855,'App\\Question','question: was created  scores: ',1,'2018-05-03 21:17:45','2018-05-03 21:17:45'),(2744,1856,'App\\Question','question: was created  scores: ',1,'2018-05-03 21:17:45','2018-05-03 21:17:45'),(2745,1857,'App\\Question','question: was created  scores: ',1,'2018-05-03 21:17:45','2018-05-03 21:17:45'),(2746,102,'App\\Track','track: was created  scores: ',4,'2018-05-05 03:03:55','2018-05-05 03:03:55'),(2747,102,'App\\Track','track:A new descriptioin was updated  scores: ',4,'2018-05-05 03:04:14','2018-05-05 03:04:14'),(2748,4,'App\\User','user: was updated  scores:0.00 0',1,'2018-05-05 03:07:00','2018-05-05 03:07:00'),(2749,13,'App\\Enrolment','enrolment: was updated  scores: ',4,'2018-05-05 03:13:56','2018-05-05 03:13:56'),(2750,25,'App\\Enrolment','enrolment: was created  scores: ',4,'2018-05-05 03:13:56','2018-05-05 03:13:56'),(2751,4,'App\\User','user: was updated  scores:0.00 0',4,'2018-05-05 03:13:56','2018-05-05 03:13:56'),(2752,4,'App\\User','user: was updated  scores:0.00 0',1,'2018-05-05 03:15:46','2018-05-05 03:15:46'),(2753,1,'App\\Test','test:Pamela Liu\'s diagnostic test was created  scores: ',4,'2018-05-05 03:17:07','2018-05-05 03:17:07'),(2754,4,'App\\User','user: was updated  scores:0.00 0',1,'2018-05-05 03:17:59','2018-05-05 03:17:59'),(2755,4,'App\\User','user: was updated  scores:0.00 0',1,'2018-05-05 10:31:00','2018-05-05 10:31:00'),(2756,4,'App\\User','user: was updated  scores:0.00 0',1,'2018-05-05 10:41:33','2018-05-05 10:41:33'),(2757,4,'App\\User','user: was updated  scores:0.00 0',1,'2018-05-05 10:41:33','2018-05-05 10:41:33'),(2758,4,'App\\User','user: was updated  scores:0.00 0',1,'2018-05-05 11:18:24','2018-05-05 11:18:24'),(2759,4,'App\\User','user: was updated  scores:0.00 0',1,'2018-05-06 09:23:08','2018-05-06 09:23:08'),(2760,17,'App\\User','user: was created  scores: ',1,'2018-05-06 13:35:41','2018-05-06 13:35:41'),(2761,13,'App\\Enrolment','enrolment: was updated  scores: ',17,'2018-05-06 13:36:48','2018-05-06 13:36:48'),(2762,26,'App\\Enrolment','enrolment: was created  scores: ',17,'2018-05-06 13:36:48','2018-05-06 13:36:48'),(2763,17,'App\\User','user: was updated  scores:0.00 0',17,'2018-05-06 13:36:48','2018-05-06 13:36:48'),(2764,17,'App\\User','user: was updated  scores:0.00 0',1,'2018-05-06 13:37:00','2018-05-06 13:37:00'),(2765,2,'App\\Test','test:Nick Manley\'s diagnostic test was created  scores: ',17,'2018-05-06 13:37:48','2018-05-06 13:37:48'),(2766,17,'App\\User','user: was updated  scores:200.00 0',17,'2018-05-06 13:42:51','2018-05-06 13:42:51'),(2767,17,'App\\User','user: was updated  scores:300.00 0',17,'2018-05-06 13:45:59','2018-05-06 13:45:59'),(2768,17,'App\\User','user: was updated  scores:300.00 19',17,'2018-05-06 13:45:59','2018-05-06 13:45:59'),(2769,3,'App\\Test','test:Nick Manley\'s Daily Test was created  scores: ',17,'2018-05-06 13:46:15','2018-05-06 13:46:15'),(2770,26,'App\\Enrolment','enrolment: was updated  scores: ',17,'2018-05-06 13:47:47','2018-05-06 13:47:47'),(2771,26,'App\\Enrolment','enrolment: was updated  scores: ',17,'2018-05-06 13:53:01','2018-05-06 13:53:01'),(2772,26,'App\\Enrolment','enrolment: was updated  scores: ',17,'2018-05-06 13:54:39','2018-05-06 13:54:39'),(2773,17,'App\\User','user: was updated  scores:278.79 19',17,'2018-05-06 13:54:39','2018-05-06 13:54:39'),(2774,17,'App\\User','user: was updated  scores:278.79 37',17,'2018-05-06 13:54:39','2018-05-06 13:54:39'),(2775,17,'App\\User','user: was updated  scores:278.79 37',1,'2018-05-06 13:56:21','2018-05-06 13:56:21'),(2776,4,'App\\User','user: was updated  scores:0.00 0',1,'2018-05-06 23:03:42','2018-05-06 23:03:42'),(2777,4,'App\\User','user: was updated  scores:300.00 0',4,'2018-05-06 23:05:09','2018-05-06 23:05:09'),(2778,4,'App\\User','user: was updated  scores:300.00 8',4,'2018-05-06 23:05:09','2018-05-06 23:05:09'),(2779,4,'App\\Test','test:Pamela Liu\'s Daily Test was created  scores: ',4,'2018-05-06 23:05:37','2018-05-06 23:05:37'),(2780,4,'App\\User','user: was updated  scores:300.00 8',1,'2018-05-07 01:13:56','2018-05-07 01:13:56'),(2781,18,'App\\User','user: was created  scores: ',1,'2018-05-07 01:17:51','2018-05-07 01:17:51'),(2782,13,'App\\Enrolment','enrolment: was updated  scores: ',18,'2018-05-07 01:19:20','2018-05-07 01:19:20'),(2783,35,'App\\Enrolment','enrolment: was created  scores: ',18,'2018-05-07 01:19:20','2018-05-07 01:19:20'),(2784,18,'App\\User','user: was updated  scores:0.00 0',18,'2018-05-07 01:19:20','2018-05-07 01:19:20'),(2785,18,'App\\User','user: was updated  scores:0.00 0',1,'2018-05-07 01:19:31','2018-05-07 01:19:31'),(2786,5,'App\\Test','test:allyson_sherlock@emerson.edu\'s diagnostic test was created  scores: ',18,'2018-05-07 01:19:45','2018-05-07 01:19:45'),(2787,103,'App\\Track','track: was created  scores: ',4,'2018-05-07 01:30:16','2018-05-07 01:30:16'),(2788,104,'App\\Track','track: was created  scores: ',4,'2018-05-07 01:32:34','2018-05-07 01:32:34'),(2789,18,'App\\User','user: was updated  scores:187.50 0',18,'2018-05-07 01:55:51','2018-05-07 01:55:51'),(2790,18,'App\\User','user: was updated  scores:300.00 0',18,'2018-05-07 01:58:44','2018-05-07 01:58:44'),(2791,18,'App\\User','user: was updated  scores:300.00 18',18,'2018-05-07 01:58:44','2018-05-07 01:58:44'),(2792,6,'App\\Test','test:allyson_sherlock@emerson.edu\'s Daily Test was created  scores: ',18,'2018-05-07 01:58:55','2018-05-07 01:58:55'),(2793,35,'App\\Enrolment','enrolment: was updated  scores: ',18,'2018-05-07 02:00:24','2018-05-07 02:00:24'),(2794,18,'App\\User','user: was updated  scores:300.00 18',18,'2018-05-07 02:00:24','2018-05-07 02:00:24'),(2795,18,'App\\User','user: was updated  scores:300.00 23',18,'2018-05-07 02:00:24','2018-05-07 02:00:24'),(2796,7,'App\\Test','test:allyson_sherlock@emerson.edu\'s Daily Test was created  scores: ',18,'2018-05-07 02:00:32','2018-05-07 02:00:32'),(2797,35,'App\\Enrolment','enrolment: was updated  scores: ',18,'2018-05-07 02:03:20','2018-05-07 02:03:20'),(2798,35,'App\\Enrolment','enrolment: was updated  scores: ',18,'2018-05-07 02:04:35','2018-05-07 02:04:35'),(2799,35,'App\\Enrolment','enrolment: was updated  scores: ',18,'2018-05-07 02:05:31','2018-05-07 02:05:31'),(2800,18,'App\\User','user: was updated  scores:286.87 23',18,'2018-05-07 02:05:31','2018-05-07 02:05:31'),(2801,18,'App\\User','user: was updated  scores:286.87 41',18,'2018-05-07 02:05:31','2018-05-07 02:05:31'),(2802,8,'App\\Test','test:allyson_sherlock@emerson.edu\'s Daily Test was created  scores: ',18,'2018-05-07 02:08:11','2018-05-07 02:08:11'),(2803,4,'App\\User','user: was updated  scores:300.00 8',1,'2018-05-07 06:52:20','2018-05-07 06:52:20'),(2804,4,'App\\User','user: was updated  scores:300.00 8',1,'2018-05-07 06:52:44','2018-05-07 06:52:44'),(2805,4,'App\\User','user: was updated  scores:300.00 8',1,'2018-05-08 01:21:27','2018-05-08 01:21:27'),(2806,4,'App\\User','user: was updated  scores:300.00 8',1,'2018-05-08 01:21:27','2018-05-08 01:21:27'),(2807,4,'App\\User','user: was updated  scores:300.00 8',1,'2018-05-08 11:49:41','2018-05-08 11:49:41'),(2808,4,'App\\User','user: was updated  scores:300.00 8',1,'2018-05-08 11:49:41','2018-05-08 11:49:41'),(2809,4,'App\\User','user: was updated  scores:300.00 8',1,'2018-05-08 14:09:13','2018-05-08 14:09:13'),(2810,19,'App\\User','user: was created  scores: ',1,'2018-05-09 02:07:22','2018-05-09 02:07:22'),(2811,4,'App\\User','user: was updated  scores:300.00 8',1,'2018-05-09 05:57:18','2018-05-09 05:57:18'),(2812,4,'App\\User','user: was updated  scores:300.00 8',4,'2018-05-09 06:42:42','2018-05-09 06:42:42'),(2813,4,'App\\User','user: was updated  scores:300.00 8',1,'2018-05-09 06:42:53','2018-05-09 06:42:53'),(2814,4,'App\\User','user: was updated  scores:300.00 8',4,'2018-05-09 06:43:02','2018-05-09 06:43:02'),(2815,4,'App\\User','user: was updated  scores:300.00 8',1,'2018-05-09 06:43:12','2018-05-09 06:43:12'),(2816,4,'App\\User','user: was updated  scores:300.00 8',4,'2018-05-09 06:43:31','2018-05-09 06:43:31'),(2817,4,'App\\User','user: was updated  scores:300.00 8',1,'2018-05-09 06:45:45','2018-05-09 06:45:45'),(2818,4,'App\\User','user: was updated  scores:300.00 8',4,'2018-05-09 06:45:45','2018-05-09 06:45:45'),(2819,4,'App\\User','user: was updated  scores:300.00 8',1,'2018-05-09 06:47:15','2018-05-09 06:47:15'),(2820,4,'App\\User','user: was updated  scores:300.00 8',1,'2018-05-09 23:00:33','2018-05-09 23:00:33'),(2821,4,'App\\User','user: was updated  scores:300.00 8',1,'2018-05-10 03:37:32','2018-05-10 03:37:32'),(2822,20,'App\\User','user: was created  scores: ',1,'2018-05-11 11:44:24','2018-05-11 11:44:24'),(2823,4,'App\\User','user: was updated  scores:300.00 8',1,'2018-05-12 03:41:24','2018-05-12 03:41:24'),(2824,384,'App\\Skill','skill:new skill was created  scores: ',4,'2018-05-12 03:54:10','2018-05-12 03:54:10'),(2825,384,'App\\Skill','skill:new skills was updated  scores: ',4,'2018-05-12 03:54:19','2018-05-12 03:54:19'),(2826,4,'App\\User','user: was updated  scores:300.00 8',1,'2018-05-12 11:40:04','2018-05-12 11:40:04'),(2827,25,'App\\Enrolment','enrolment: was updated  scores: ',4,'2018-05-12 11:43:02','2018-05-12 11:43:02'),(2828,4,'App\\User','user: was updated  scores:300.00 8',1,'2018-05-12 14:49:23','2018-05-12 14:49:23'),(2829,4,'App\\User','user: was updated  scores:300.00 8',1,'2018-05-16 13:45:51','2018-05-16 13:45:51'),(2830,4,'App\\User','user: was updated  scores:300.00 8',1,'2018-05-16 13:46:24','2018-05-16 13:46:24'),(2831,4,'App\\User','user: was updated  scores:300.00 8',1,'2018-05-16 14:03:32','2018-05-16 14:03:32'),(2832,4,'App\\User','user: was updated  scores:300.00 8',1,'2018-05-16 14:03:32','2018-05-16 14:03:32'),(2833,4,'App\\User','user: was updated  scores:300.00 8',1,'2018-05-16 14:03:52','2018-05-16 14:03:52'),(2834,17,'App\\User','user: was updated  scores:278.79 37',1,'2018-05-18 15:24:40','2018-05-18 15:24:40'),(2835,9,'App\\Test','test:Nick Manley\'s Daily Test was created  scores: ',17,'2018-05-18 15:24:40','2018-05-18 15:24:40'),(2836,4,'App\\User','user: was updated  scores:300.00 8',1,'2018-05-19 11:37:16','2018-05-19 11:37:16'),(2837,21,'App\\User','user: was created  scores: ',1,'2018-05-19 11:39:14','2018-05-19 11:39:14'),(2838,4,'App\\User','user: was updated  scores:300.00 8',4,'2018-05-19 12:33:29','2018-05-19 12:33:29'),(2839,4,'App\\User','user: was updated  scores:300.00 19',4,'2018-05-19 12:33:29','2018-05-19 12:33:29'),(2840,10,'App\\Test','test:Pamela Liu\'s Daily Test was created  scores: ',4,'2018-05-19 12:42:41','2018-05-19 12:42:41'),(2841,4,'App\\User','user: was updated  scores:300.00 19',4,'2018-05-19 12:43:33','2018-05-19 12:43:33'),(2842,4,'App\\User','user: was updated  scores:300.00 23',4,'2018-05-19 12:43:33','2018-05-19 12:43:33'),(2843,4,'App\\User','user: was updated  scores:300.00 23',1,'2018-05-19 12:46:28','2018-05-19 12:46:28'),(2844,4,'App\\User','user: was updated  scores:300.00 23',1,'2018-05-19 15:58:09','2018-05-19 15:58:09'),(2845,11,'App\\Test','test:Pamela Liu\'s Daily Test was created  scores: ',4,'2018-05-19 15:58:09','2018-05-19 15:58:09'),(2846,22,'App\\User','user: was created  scores: ',1,'2018-05-19 16:21:37','2018-05-19 16:21:37'),(2847,13,'App\\Enrolment','enrolment: was updated  scores: ',22,'2018-05-19 16:22:34','2018-05-19 16:22:34'),(2848,40,'App\\Enrolment','enrolment: was created  scores: ',22,'2018-05-19 16:22:34','2018-05-19 16:22:34'),(2849,22,'App\\User','user: was updated  scores:0.00 0',22,'2018-05-19 16:22:34','2018-05-19 16:22:34'),(2850,22,'App\\User','user: was updated  scores:0.00 0',1,'2018-05-19 16:22:41','2018-05-19 16:22:41'),(2851,12,'App\\Test','test:robbyf23@verizon.net\'s diagnostic test was created  scores: ',22,'2018-05-19 16:23:22','2018-05-19 16:23:22'),(2852,22,'App\\User','user: was updated  scores:175.00 0',22,'2018-05-19 16:27:55','2018-05-19 16:27:55'),(2853,22,'App\\User','user: was updated  scores:200.00 0',22,'2018-05-19 16:29:20','2018-05-19 16:29:20'),(2854,22,'App\\User','user: was updated  scores:175.00 0',22,'2018-05-19 16:29:48','2018-05-19 16:29:48'),(2855,22,'App\\User','user: was updated  scores:175.00 0',22,'2018-05-19 16:30:03','2018-05-19 16:30:03'),(2856,23,'App\\User','user: was created  scores: ',1,'2018-05-19 16:30:25','2018-05-19 16:30:25'),(2857,22,'App\\User','user: was updated  scores:200.00 0',22,'2018-05-19 16:30:31','2018-05-19 16:30:31'),(2858,22,'App\\User','user: was updated  scores:200.00 0',22,'2018-05-19 16:30:51','2018-05-19 16:30:51'),(2859,13,'App\\Enrolment','enrolment: was updated  scores: ',23,'2018-05-19 16:30:52','2018-05-19 16:30:52'),(2860,41,'App\\Enrolment','enrolment: was created  scores: ',23,'2018-05-19 16:30:52','2018-05-19 16:30:52'),(2861,23,'App\\User','user: was updated  scores:0.00 0',23,'2018-05-19 16:30:52','2018-05-19 16:30:52'),(2862,23,'App\\User','user: was updated  scores:0.00 0',1,'2018-05-19 16:30:57','2018-05-19 16:30:57'),(2863,22,'App\\User','user: was updated  scores:200.00 0',22,'2018-05-19 16:31:04','2018-05-19 16:31:04'),(2864,13,'App\\Test','test:frnk.bnhm@gmail.com\'s diagnostic test was created  scores: ',23,'2018-05-19 16:31:17','2018-05-19 16:31:17'),(2865,22,'App\\User','user: was updated  scores:200.00 0',22,'2018-05-19 16:31:20','2018-05-19 16:31:20'),(2866,22,'App\\User','user: was updated  scores:200.00 0',22,'2018-05-19 16:31:36','2018-05-19 16:31:36'),(2867,22,'App\\User','user: was updated  scores:200.00 0',22,'2018-05-19 16:31:48','2018-05-19 16:31:48'),(2868,22,'App\\User','user: was updated  scores:200.00 0',22,'2018-05-19 16:32:02','2018-05-19 16:32:02'),(2869,22,'App\\User','user: was updated  scores:200.00 0',22,'2018-05-19 16:32:21','2018-05-19 16:32:21'),(2870,22,'App\\User','user: was updated  scores:200.00 0',22,'2018-05-19 16:32:34','2018-05-19 16:32:34'),(2871,22,'App\\User','user: was updated  scores:200.00 0',22,'2018-05-19 16:32:43','2018-05-19 16:32:43'),(2872,22,'App\\User','user: was updated  scores:200.00 0',22,'2018-05-19 16:32:56','2018-05-19 16:32:56'),(2873,22,'App\\User','user: was updated  scores:200.00 0',22,'2018-05-19 16:33:18','2018-05-19 16:33:18'),(2874,24,'App\\User','user: was created  scores: ',1,'2018-05-19 16:33:19','2018-05-19 16:33:19'),(2875,23,'App\\User','user: was updated  scores:150.00 0',23,'2018-05-19 16:33:21','2018-05-19 16:33:21'),(2876,22,'App\\User','user: was updated  scores:200.00 0',22,'2018-05-19 16:33:54','2018-05-19 16:33:54'),(2877,22,'App\\User','user: was updated  scores:200.00 0',22,'2018-05-19 16:33:59','2018-05-19 16:33:59'),(2878,22,'App\\User','user: was updated  scores:200.00 0',22,'2018-05-19 16:34:11','2018-05-19 16:34:11'),(2879,22,'App\\User','user: was updated  scores:200.00 0',22,'2018-05-19 16:34:15','2018-05-19 16:34:15'),(2880,22,'App\\User','user: was updated  scores:200.00 0',22,'2018-05-19 16:34:21','2018-05-19 16:34:21'),(2881,23,'App\\User','user: was updated  scores:245.45 0',23,'2018-05-19 16:38:12','2018-05-19 16:38:12'),(2882,23,'App\\User','user: was updated  scores:245.45 15',23,'2018-05-19 16:38:12','2018-05-19 16:38:12'),(2883,26,'App\\User','user: was created  scores: ',1,'2018-05-19 16:49:50','2018-05-19 16:49:50'),(2884,13,'App\\Enrolment','enrolment: was updated  scores: ',26,'2018-05-19 16:50:13','2018-05-19 16:50:13'),(2885,45,'App\\Enrolment','enrolment: was created  scores: ',26,'2018-05-19 16:50:13','2018-05-19 16:50:13'),(2886,26,'App\\User','user: was updated  scores:0.00 0',26,'2018-05-19 16:50:13','2018-05-19 16:50:13'),(2887,26,'App\\User','user: was updated  scores:0.00 0',1,'2018-05-19 16:50:21','2018-05-19 16:50:21'),(2888,14,'App\\Test','test:jkramer@fas.harvard.edu\'s diagnostic test was created  scores: ',26,'2018-05-19 16:50:21','2018-05-19 16:50:21'),(2889,26,'App\\User','user: was updated  scores:100.00 0',26,'2018-05-19 16:52:10','2018-05-19 16:52:10'),(2890,26,'App\\User','user: was updated  scores:100.00 0',26,'2018-05-19 16:54:17','2018-05-19 16:54:17'),(2891,26,'App\\User','user: was updated  scores:100.00 0',26,'2018-05-19 16:55:33','2018-05-19 16:55:33'),(2892,26,'App\\User','user: was updated  scores:100.00 0',26,'2018-05-19 16:58:15','2018-05-19 16:58:15'),(2893,26,'App\\User','user: was updated  scores:100.00 0',26,'2018-05-19 16:58:41','2018-05-19 16:58:41'),(2894,26,'App\\User','user: was updated  scores:100.00 0',26,'2018-05-19 16:59:13','2018-05-19 16:59:13'),(2895,26,'App\\User','user: was updated  scores:100.00 0',26,'2018-05-19 17:00:13','2018-05-19 17:00:13'),(2896,26,'App\\User','user: was updated  scores:100.00 0',26,'2018-05-19 17:00:19','2018-05-19 17:00:19'),(2897,26,'App\\User','user: was updated  scores:100.00 0',26,'2018-05-19 17:00:27','2018-05-19 17:00:27'),(2898,27,'App\\User','user: was created  scores: ',1,'2018-05-19 17:13:16','2018-05-19 17:13:16'),(2899,13,'App\\Enrolment','enrolment: was updated  scores: ',27,'2018-05-19 17:13:36','2018-05-19 17:13:36'),(2900,46,'App\\Enrolment','enrolment: was created  scores: ',27,'2018-05-19 17:13:36','2018-05-19 17:13:36'),(2901,27,'App\\User','user: was updated  scores:0.00 0',27,'2018-05-19 17:13:36','2018-05-19 17:13:36'),(2902,27,'App\\User','user: was updated  scores:0.00 0',1,'2018-05-19 17:13:42','2018-05-19 17:13:42'),(2903,15,'App\\Test','test:pjkelnhofer@gmail.com\'s diagnostic test was created  scores: ',27,'2018-05-19 17:13:50','2018-05-19 17:13:50'),(2904,27,'App\\User','user: was updated  scores:200.00 0',27,'2018-05-19 17:16:14','2018-05-19 17:16:14'),(2905,27,'App\\User','user: was updated  scores:300.00 0',27,'2018-05-19 17:19:30','2018-05-19 17:19:30'),(2906,27,'App\\User','user: was updated  scores:300.00 19',27,'2018-05-19 17:19:30','2018-05-19 17:19:30'),(2907,16,'App\\Test','test:pjkelnhofer@gmail.com\'s Daily Test was created  scores: ',27,'2018-05-19 17:19:46','2018-05-19 17:19:46'),(2908,28,'App\\User','user: was created  scores: ',1,'2018-05-19 17:26:40','2018-05-19 17:26:40'),(2909,13,'App\\Enrolment','enrolment: was updated  scores: ',24,'2018-05-19 17:26:57','2018-05-19 17:26:57'),(2910,51,'App\\Enrolment','enrolment: was created  scores: ',24,'2018-05-19 17:26:57','2018-05-19 17:26:57'),(2911,24,'App\\User','user: was updated  scores:0.00 0',24,'2018-05-19 17:26:57','2018-05-19 17:26:57'),(2912,24,'App\\User','user: was updated  scores:0.00 0',1,'2018-05-19 17:27:06','2018-05-19 17:27:06'),(2913,13,'App\\Enrolment','enrolment: was updated  scores: ',28,'2018-05-19 17:27:42','2018-05-19 17:27:42'),(2914,52,'App\\Enrolment','enrolment: was created  scores: ',28,'2018-05-19 17:27:42','2018-05-19 17:27:42'),(2915,28,'App\\User','user: was updated  scores:0.00 0',28,'2018-05-19 17:27:42','2018-05-19 17:27:42'),(2916,17,'App\\Test','test:hdr@alumni.harvard.edu\'s diagnostic test was created  scores: ',24,'2018-05-19 17:27:44','2018-05-19 17:27:44'),(2917,28,'App\\User','user: was updated  scores:0.00 0',1,'2018-05-19 17:27:55','2018-05-19 17:27:55'),(2918,18,'App\\Test','test:jajeanchen@g.harvard.edu\'s diagnostic test was created  scores: ',28,'2018-05-19 17:28:06','2018-05-19 17:28:06'),(2919,24,'App\\User','user: was updated  scores:200.00 0',24,'2018-05-19 17:33:52','2018-05-19 17:33:52'),(2920,22,'App\\User','user: was updated  scores:200.00 0',22,'2018-05-19 17:34:22','2018-05-19 17:34:22'),(2921,22,'App\\User','user: was updated  scores:200.00 0',22,'2018-05-19 17:34:47','2018-05-19 17:34:47'),(2922,28,'App\\User','user: was updated  scores:200.00 0',28,'2018-05-19 17:35:48','2018-05-19 17:35:48'),(2923,28,'App\\User','user: was updated  scores:300.00 0',28,'2018-05-19 17:40:58','2018-05-19 17:40:58'),(2924,28,'App\\User','user: was updated  scores:300.00 19',28,'2018-05-19 17:40:58','2018-05-19 17:40:58'),(2925,29,'App\\User','user: was created  scores: ',1,'2018-05-19 17:40:58','2018-05-19 17:40:58'),(2926,19,'App\\Test','test:jajeanchen@g.harvard.edu\'s Daily Test was created  scores: ',28,'2018-05-19 17:41:08','2018-05-19 17:41:08'),(2927,13,'App\\Enrolment','enrolment: was updated  scores: ',29,'2018-05-19 17:41:33','2018-05-19 17:41:33'),(2928,57,'App\\Enrolment','enrolment: was created  scores: ',29,'2018-05-19 17:41:33','2018-05-19 17:41:33'),(2929,29,'App\\User','user: was updated  scores:0.00 0',29,'2018-05-19 17:41:33','2018-05-19 17:41:33'),(2930,29,'App\\User','user: was updated  scores:0.00 0',1,'2018-05-19 17:41:51','2018-05-19 17:41:51'),(2931,20,'App\\Test','test:cpdesign@snet.net\'s diagnostic test was created  scores: ',29,'2018-05-19 17:41:51','2018-05-19 17:41:51'),(2932,52,'App\\Enrolment','enrolment: was updated  scores: ',28,'2018-05-19 17:42:06','2018-05-19 17:42:06'),(2933,52,'App\\Enrolment','enrolment: was updated  scores: ',28,'2018-05-19 17:45:38','2018-05-19 17:45:38'),(2934,52,'App\\Enrolment','enrolment: was updated  scores: ',28,'2018-05-19 17:49:00','2018-05-19 17:49:00'),(2935,28,'App\\User','user: was updated  scores:222.73 19',28,'2018-05-19 17:49:00','2018-05-19 17:49:00'),(2936,28,'App\\User','user: was updated  scores:222.73 38',28,'2018-05-19 17:49:00','2018-05-19 17:49:00'),(2937,24,'App\\User','user: was updated  scores:200.00 0',24,'2018-05-19 17:50:09','2018-05-19 17:50:09'),(2938,30,'App\\User','user: was created  scores: ',1,'2018-05-19 18:01:50','2018-05-19 18:01:50'),(2939,32,'App\\User','user: was created  scores: ',1,'2018-05-19 18:03:44','2018-05-19 18:03:44'),(2940,13,'App\\Enrolment','enrolment: was updated  scores: ',30,'2018-05-19 18:06:22','2018-05-19 18:06:22'),(2941,58,'App\\Enrolment','enrolment: was created  scores: ',30,'2018-05-19 18:06:22','2018-05-19 18:06:22'),(2942,30,'App\\User','user: was updated  scores:0.00 0',30,'2018-05-19 18:06:22','2018-05-19 18:06:22'),(2943,30,'App\\User','user: was updated  scores:0.00 0',1,'2018-05-19 18:06:32','2018-05-19 18:06:32'),(2944,21,'App\\Test','test:sarah.ledoux@gmail.com\'s diagnostic test was created  scores: ',30,'2018-05-19 18:06:43','2018-05-19 18:06:43'),(2945,13,'App\\Enrolment','enrolment: was updated  scores: ',32,'2018-05-19 18:08:06','2018-05-19 18:08:06'),(2946,59,'App\\Enrolment','enrolment: was created  scores: ',32,'2018-05-19 18:08:06','2018-05-19 18:08:06'),(2947,32,'App\\User','user: was updated  scores:0.00 0',32,'2018-05-19 18:08:06','2018-05-19 18:08:06'),(2948,32,'App\\User','user: was updated  scores:0.00 0',1,'2018-05-19 18:08:20','2018-05-19 18:08:20'),(2949,22,'App\\Test','test:bhavna_mangal@yahoo.com\'s diagnostic test was created  scores: ',32,'2018-05-19 18:08:20','2018-05-19 18:08:20'),(2950,30,'App\\User','user: was updated  scores:200.00 0',30,'2018-05-19 18:10:36','2018-05-19 18:10:36'),(2951,32,'App\\User','user: was updated  scores:175.00 0',32,'2018-05-19 18:15:21','2018-05-19 18:15:21'),(2952,30,'App\\User','user: was updated  scores:300.00 0',30,'2018-05-19 18:17:18','2018-05-19 18:17:18'),(2953,30,'App\\User','user: was updated  scores:300.00 19',30,'2018-05-19 18:17:18','2018-05-19 18:17:18'),(2954,33,'App\\User','user: was created  scores: ',1,'2018-05-19 18:32:27','2018-05-19 18:32:27'),(2955,13,'App\\Enrolment','enrolment: was updated  scores: ',33,'2018-05-19 18:32:39','2018-05-19 18:32:39'),(2956,64,'App\\Enrolment','enrolment: was created  scores: ',33,'2018-05-19 18:32:39','2018-05-19 18:32:39'),(2957,33,'App\\User','user: was updated  scores:0.00 0',33,'2018-05-19 18:32:39','2018-05-19 18:32:39'),(2958,33,'App\\User','user: was updated  scores:0.00 0',1,'2018-05-19 18:32:51','2018-05-19 18:32:51'),(2959,23,'App\\Test','test:Lauren Moore Nignon\'s diagnostic test was created  scores: ',33,'2018-05-19 18:33:39','2018-05-19 18:33:39'),(2960,33,'App\\User','user: was updated  scores:150.00 0',33,'2018-05-19 18:37:14','2018-05-19 18:37:14'),(2961,33,'App\\User','user: was updated  scores:272.73 0',33,'2018-05-19 18:41:30','2018-05-19 18:41:30'),(2962,33,'App\\User','user: was updated  scores:272.73 16',33,'2018-05-19 18:41:30','2018-05-19 18:41:30'),(2963,34,'App\\User','user: was created  scores: ',1,'2018-05-19 18:46:24','2018-05-19 18:46:24'),(2964,13,'App\\Enrolment','enrolment: was updated  scores: ',34,'2018-05-19 18:47:32','2018-05-19 18:47:32'),(2965,69,'App\\Enrolment','enrolment: was created  scores: ',34,'2018-05-19 18:47:32','2018-05-19 18:47:32'),(2966,34,'App\\User','user: was updated  scores:0.00 0',34,'2018-05-19 18:47:32','2018-05-19 18:47:32'),(2967,34,'App\\User','user: was updated  scores:0.00 0',1,'2018-05-19 18:47:40','2018-05-19 18:47:40'),(2968,24,'App\\Test','test:davezerega@gmail.com\'s diagnostic test was created  scores: ',34,'2018-05-19 18:47:40','2018-05-19 18:47:40'),(2969,34,'App\\User','user: was updated  scores:150.00 0',34,'2018-05-19 18:50:03','2018-05-19 18:50:03'),(2970,35,'App\\User','user: was created  scores: ',1,'2018-05-19 18:54:07','2018-05-19 18:54:07'),(2971,13,'App\\Enrolment','enrolment: was updated  scores: ',35,'2018-05-19 18:56:00','2018-05-19 18:56:00'),(2972,70,'App\\Enrolment','enrolment: was created  scores: ',35,'2018-05-19 18:56:00','2018-05-19 18:56:00'),(2973,35,'App\\User','user: was updated  scores:0.00 0',35,'2018-05-19 18:56:00','2018-05-19 18:56:00'),(2974,35,'App\\User','user: was updated  scores:0.00 0',1,'2018-05-19 18:56:10','2018-05-19 18:56:10'),(2975,25,'App\\Test','test:zeinab.press@gmail.com\'s diagnostic test was created  scores: ',35,'2018-05-19 18:57:12','2018-05-19 18:57:12'),(2976,35,'App\\User','user: was updated  scores:100.00 0',35,'2018-05-19 19:03:19','2018-05-19 19:03:19'),(2977,34,'App\\User','user: was updated  scores:245.45 0',34,'2018-05-19 19:06:05','2018-05-19 19:06:05'),(2978,34,'App\\User','user: was updated  scores:245.45 15',34,'2018-05-19 19:06:05','2018-05-19 19:06:05'),(2979,36,'App\\User','user: was created  scores: ',1,'2018-05-19 19:12:31','2018-05-19 19:12:31'),(2980,13,'App\\Enrolment','enrolment: was updated  scores: ',36,'2018-05-19 19:13:43','2018-05-19 19:13:43'),(2981,74,'App\\Enrolment','enrolment: was created  scores: ',36,'2018-05-19 19:13:43','2018-05-19 19:13:43'),(2982,36,'App\\User','user: was updated  scores:0.00 0',36,'2018-05-19 19:13:43','2018-05-19 19:13:43'),(2983,36,'App\\User','user: was updated  scores:0.00 0',1,'2018-05-19 19:13:52','2018-05-19 19:13:52'),(2984,26,'App\\Test','test:ejtino@gmail.com\'s diagnostic test was created  scores: ',36,'2018-05-19 19:13:52','2018-05-19 19:13:52'),(2985,37,'App\\User','user: was created  scores: ',1,'2018-05-19 19:16:48','2018-05-19 19:16:48'),(2986,13,'App\\Enrolment','enrolment: was updated  scores: ',37,'2018-05-19 19:17:21','2018-05-19 19:17:21'),(2987,75,'App\\Enrolment','enrolment: was created  scores: ',37,'2018-05-19 19:17:21','2018-05-19 19:17:21'),(2988,37,'App\\User','user: was updated  scores:0.00 0',37,'2018-05-19 19:17:21','2018-05-19 19:17:21'),(2989,37,'App\\User','user: was updated  scores:0.00 0',1,'2018-05-19 19:17:29','2018-05-19 19:17:29'),(2990,27,'App\\Test','test:Liz Bright\'s diagnostic test was created  scores: ',37,'2018-05-19 19:17:44','2018-05-19 19:17:44'),(2991,36,'App\\User','user: was updated  scores:175.00 0',36,'2018-05-19 19:17:46','2018-05-19 19:17:46'),(2992,37,'App\\User','user: was updated  scores:175.00 0',37,'2018-05-19 19:21:47','2018-05-19 19:21:47'),(2993,37,'App\\User','user: was updated  scores:175.00 0',1,'2018-05-19 19:24:18','2018-05-19 19:24:18'),(2994,37,'App\\User','user: was updated  scores:175.00 0',1,'2018-05-19 19:24:18','2018-05-19 19:24:18'),(2995,2,'App\\User','user: was updated  scores:200.00 0',1,'2018-05-19 19:24:46','2018-05-19 19:24:46'),(2996,38,'App\\User','user: was created  scores: ',1,'2018-05-19 19:51:38','2018-05-19 19:51:38'),(2997,13,'App\\Enrolment','enrolment: was updated  scores: ',38,'2018-05-19 19:52:31','2018-05-19 19:52:31'),(2998,76,'App\\Enrolment','enrolment: was created  scores: ',38,'2018-05-19 19:52:31','2018-05-19 19:52:31'),(2999,38,'App\\User','user: was updated  scores:0.00 0',38,'2018-05-19 19:52:31','2018-05-19 19:52:31'),(3000,38,'App\\User','user: was updated  scores:0.00 0',1,'2018-05-19 19:52:43','2018-05-19 19:52:43'),(3001,28,'App\\Test','test:markmarino@g.harvard.edu\'s diagnostic test was created  scores: ',38,'2018-05-19 19:52:56','2018-05-19 19:52:56'),(3002,4,'App\\User','user: was updated  scores:300.00 23',1,'2018-05-19 19:55:59','2018-05-19 19:55:59'),(3003,38,'App\\User','user: was updated  scores:125.00 0',38,'2018-05-19 19:57:02','2018-05-19 19:57:02'),(3004,38,'App\\User','user: was updated  scores:125.00 5',38,'2018-05-19 19:57:02','2018-05-19 19:57:02'),(3005,39,'App\\User','user: was created  scores: ',1,'2018-05-19 20:10:01','2018-05-19 20:10:01'),(3006,40,'App\\User','user: was created  scores: ',1,'2018-05-19 20:11:03','2018-05-19 20:11:03'),(3007,13,'App\\Enrolment','enrolment: was updated  scores: ',39,'2018-05-19 20:11:09','2018-05-19 20:11:09'),(3008,79,'App\\Enrolment','enrolment: was created  scores: ',39,'2018-05-19 20:11:09','2018-05-19 20:11:09'),(3009,39,'App\\User','user: was updated  scores:0.00 0',39,'2018-05-19 20:11:09','2018-05-19 20:11:09'),(3010,39,'App\\User','user: was updated  scores:0.00 0',1,'2018-05-19 20:11:15','2018-05-19 20:11:15'),(3011,29,'App\\Test','test:tsnarro@yahoo.com\'s diagnostic test was created  scores: ',39,'2018-05-19 20:11:15','2018-05-19 20:11:15'),(3012,13,'App\\Enrolment','enrolment: was updated  scores: ',40,'2018-05-19 20:11:24','2018-05-19 20:11:24'),(3013,80,'App\\Enrolment','enrolment: was created  scores: ',40,'2018-05-19 20:11:24','2018-05-19 20:11:24'),(3014,40,'App\\User','user: was updated  scores:0.00 0',40,'2018-05-19 20:11:24','2018-05-19 20:11:24'),(3015,40,'App\\User','user: was updated  scores:0.00 0',1,'2018-05-19 20:11:29','2018-05-19 20:11:29'),(3016,30,'App\\Test','test:aditya@eddywebs.com\'s diagnostic test was created  scores: ',40,'2018-05-19 20:11:34','2018-05-19 20:11:34'),(3017,40,'App\\User','user: was updated  scores:100.00 0',40,'2018-05-19 20:13:45','2018-05-19 20:13:45'),(3018,39,'App\\User','user: was updated  scores:175.00 0',39,'2018-05-19 20:15:25','2018-05-19 20:15:25'),(3019,41,'App\\User','user: was created  scores: ',1,'2018-06-09 06:11:31','2018-06-09 06:11:31'),(3020,13,'App\\Enrolment','enrolment: was updated  scores: ',41,'2018-06-09 06:12:28','2018-06-09 06:12:28'),(3021,81,'App\\Enrolment','enrolment: was created  scores: ',41,'2018-06-09 06:12:28','2018-06-09 06:12:28'),(3022,41,'App\\User','user: was updated  scores:0.00 0',41,'2018-06-09 06:12:28','2018-06-09 06:12:28'),(3023,41,'App\\User','user: was updated  scores:0.00 0',1,'2018-06-09 06:12:42','2018-06-09 06:12:42'),(3024,31,'App\\Test','test:limkangsong94@gmail.com\'s diagnostic test was created  scores: ',41,'2018-06-09 06:12:55','2018-06-09 06:12:55'),(3025,41,'App\\User','user: was updated  scores:175.00 0',41,'2018-06-09 06:16:47','2018-06-09 06:16:47'),(3026,41,'App\\User','user: was updated  scores:218.18 0',41,'2018-06-09 06:28:33','2018-06-09 06:28:33'),(3027,41,'App\\User','user: was updated  scores:218.18 15',41,'2018-06-09 06:28:33','2018-06-09 06:28:33'),(3028,42,'App\\User','user: was created  scores: ',1,'2018-06-09 07:29:07','2018-06-09 07:29:07'),(3029,43,'App\\User','user: was created  scores: ',1,'2018-06-09 07:29:26','2018-06-09 07:29:26'),(3030,32,'App\\Test','test:limkangsong94@gmail.com\'s Daily Test was created  scores: ',41,'2018-06-09 07:29:32','2018-06-09 07:29:32'),(3031,44,'App\\User','user: was created  scores: ',1,'2018-06-09 07:31:24','2018-06-09 07:31:24'),(3032,13,'App\\Enrolment','enrolment: was updated  scores: ',42,'2018-06-09 07:32:01','2018-06-09 07:32:01'),(3033,85,'App\\Enrolment','enrolment: was created  scores: ',42,'2018-06-09 07:32:01','2018-06-09 07:32:01'),(3034,42,'App\\User','user: was updated  scores:0.00 0',42,'2018-06-09 07:32:01','2018-06-09 07:32:01'),(3035,42,'App\\User','user: was updated  scores:0.00 0',1,'2018-06-09 07:32:13','2018-06-09 07:32:13'),(3036,33,'App\\Test','test:sasirekha.mh@gmail.com\'s diagnostic test was created  scores: ',42,'2018-06-09 07:32:22','2018-06-09 07:32:22'),(3037,45,'App\\User','user: was created  scores: ',1,'2018-06-09 07:32:29','2018-06-09 07:32:29'),(3038,46,'App\\User','user: was created  scores: ',1,'2018-06-09 07:33:04','2018-06-09 07:33:04'),(3039,13,'App\\Enrolment','enrolment: was updated  scores: ',43,'2018-06-09 07:33:47','2018-06-09 07:33:47'),(3040,86,'App\\Enrolment','enrolment: was created  scores: ',43,'2018-06-09 07:33:47','2018-06-09 07:33:47'),(3041,43,'App\\User','user: was updated  scores:0.00 0',43,'2018-06-09 07:33:47','2018-06-09 07:33:47'),(3042,43,'App\\User','user: was updated  scores:0.00 0',1,'2018-06-09 07:33:54','2018-06-09 07:33:54'),(3043,13,'App\\Enrolment','enrolment: was updated  scores: ',44,'2018-06-09 07:34:01','2018-06-09 07:34:01'),(3044,87,'App\\Enrolment','enrolment: was created  scores: ',44,'2018-06-09 07:34:01','2018-06-09 07:34:01'),(3045,34,'App\\Test','test:Jim Khor\'s diagnostic test was created  scores: ',44,'2018-06-09 07:34:20','2018-06-09 07:34:20'),(3046,13,'App\\Enrolment','enrolment: was updated  scores: ',45,'2018-06-09 07:35:29','2018-06-09 07:35:29'),(3047,88,'App\\Enrolment','enrolment: was created  scores: ',45,'2018-06-09 07:35:29','2018-06-09 07:35:29'),(3048,45,'App\\User','user: was updated  scores:0.00 0',45,'2018-06-09 07:35:29','2018-06-09 07:35:29'),(3049,35,'App\\Test','test:Saravanan Sg\'s diagnostic test was created  scores: ',43,'2018-06-09 07:35:34','2018-06-09 07:35:34'),(3050,45,'App\\User','user: was updated  scores:0.00 0',1,'2018-06-09 07:35:39','2018-06-09 07:35:39'),(3051,13,'App\\Enrolment','enrolment: was updated  scores: ',46,'2018-06-09 07:35:47','2018-06-09 07:35:47'),(3052,89,'App\\Enrolment','enrolment: was created  scores: ',46,'2018-06-09 07:35:47','2018-06-09 07:35:47'),(3053,46,'App\\User','user: was updated  scores:0.00 0',46,'2018-06-09 07:35:47','2018-06-09 07:35:47'),(3054,46,'App\\User','user: was updated  scores:0.00 0',1,'2018-06-09 07:35:48','2018-06-09 07:35:48'),(3055,36,'App\\Test','test:bmwkan18@gmail.com\'s diagnostic test was created  scores: ',46,'2018-06-09 07:36:08','2018-06-09 07:36:08'),(3056,37,'App\\Test','test:weiqian he\'s diagnostic test was created  scores: ',45,'2018-06-09 07:36:37','2018-06-09 07:36:37'),(3057,43,'App\\User','user: was updated  scores:175.00 0',43,'2018-06-09 07:38:47','2018-06-09 07:38:47'),(3058,42,'App\\User','user: was updated  scores:175.00 0',42,'2018-06-09 07:40:31','2018-06-09 07:40:31'),(3059,45,'App\\User','user: was updated  scores:200.00 0',45,'2018-06-09 07:42:04','2018-06-09 07:42:04'),(3060,4,'App\\User','user: was updated  scores:300.00 23',1,'2018-06-09 07:42:50','2018-06-09 07:42:50'),(3061,43,'App\\User','user: was updated  scores:272.73 0',43,'2018-06-09 07:43:31','2018-06-09 07:43:31'),(3062,43,'App\\User','user: was updated  scores:272.73 17',43,'2018-06-09 07:43:31','2018-06-09 07:43:31'),(3063,46,'App\\User','user: was updated  scores:175.00 0',46,'2018-06-09 07:43:53','2018-06-09 07:43:53'),(3064,42,'App\\User','user: was updated  scores:272.73 0',42,'2018-06-09 07:45:20','2018-06-09 07:45:20'),(3065,42,'App\\User','user: was updated  scores:272.73 17',42,'2018-06-09 07:45:20','2018-06-09 07:45:20'),(3066,43,'App\\User','user: was updated  scores:272.73 17',1,'2018-06-09 07:47:06','2018-06-09 07:47:06'),(3067,46,'App\\User','user: was updated  scores:300.00 0',46,'2018-06-09 07:48:13','2018-06-09 07:48:13'),(3068,46,'App\\User','user: was updated  scores:300.00 18',46,'2018-06-09 07:48:13','2018-06-09 07:48:13'),(3069,44,'App\\User','user: was updated  scores:175.00 0',44,'2018-06-09 07:48:32','2018-06-09 07:48:32'),(3070,45,'App\\User','user: was updated  scores:245.45 0',45,'2018-06-09 07:51:43','2018-06-09 07:51:43'),(3071,45,'App\\User','user: was updated  scores:245.45 17',45,'2018-06-09 07:51:43','2018-06-09 07:51:43'),(3072,4,'App\\User','user: was updated  scores:300.00 23',1,'2018-06-09 08:03:51','2018-06-09 08:03:51'),(3073,4,'App\\User','user: was updated  scores:300.00 23',1,'2018-06-09 08:03:51','2018-06-09 08:03:51'),(3074,4,'App\\User','user: was updated  scores:300.00 23',1,'2018-06-09 08:03:51','2018-06-09 08:03:51'),(3075,38,'App\\Test','test:weiqian he\'s Daily Test was created  scores: ',45,'2018-06-09 08:05:50','2018-06-09 08:05:50'),(3076,88,'App\\Enrolment','enrolment: was updated  scores: ',45,'2018-06-09 08:10:53','2018-06-09 08:10:53'),(3077,45,'App\\User','user: was updated  scores:258.79 17',45,'2018-06-09 08:36:53','2018-06-09 08:36:53'),(3078,45,'App\\User','user: was updated  scores:258.79 35',45,'2018-06-09 08:36:53','2018-06-09 08:36:53'),(3079,39,'App\\Test','test:weiqian he\'s Daily Test was created  scores: ',45,'2018-06-09 08:37:07','2018-06-09 08:37:07'),(3080,4,'App\\User','user: was updated  scores:300.00 23',1,'2018-06-15 00:42:33','2018-06-15 00:42:33'),(3081,4,'App\\User','user: was updated  scores:300.00 23',1,'2018-06-15 00:44:25','2018-06-15 00:44:25'),(3082,4,'App\\User','user: was updated  scores:300.00 23',1,'2018-06-15 00:44:25','2018-06-15 00:44:25'),(3083,47,'App\\User','user: was created  scores: ',1,'2018-06-15 01:10:30','2018-06-15 01:10:30'),(3084,13,'App\\Enrolment','enrolment: was updated  scores: ',47,'2018-06-15 01:11:22','2018-06-15 01:11:22'),(3085,106,'App\\Enrolment','enrolment: was created  scores: ',47,'2018-06-15 01:11:22','2018-06-15 01:11:22'),(3086,47,'App\\User','user: was updated  scores:0.00 0',47,'2018-06-15 01:11:22','2018-06-15 01:11:22'),(3087,47,'App\\User','user: was updated  scores:0.00 0',1,'2018-06-15 01:11:31','2018-06-15 01:11:31'),(3088,40,'App\\Test','test:Candy Phyu Phyu Khin\'s diagnostic test was created  scores: ',47,'2018-06-15 01:11:50','2018-06-15 01:11:50'),(3089,4,'App\\User','user: was updated  scores:300.00 23',1,'2018-06-17 05:32:01','2018-06-17 05:32:01'),(3090,4,'App\\User','user: was updated  scores:300.00 23',1,'2018-06-17 05:33:17','2018-06-17 05:33:17'),(3091,81,'App\\Enrolment','enrolment: was updated  scores: ',41,'2018-06-18 02:52:41','2018-06-18 02:52:41'),(3092,81,'App\\Enrolment','enrolment: was updated  scores: ',41,'2018-06-18 02:53:44','2018-06-18 02:53:44'),(3093,4,'App\\User','user: was updated  scores:300.00 23',1,'2018-06-18 08:55:29','2018-06-18 08:55:29'),(3094,4,'App\\User','user: was updated  scores:300.00 23',4,'2018-06-18 08:56:08','2018-06-18 08:56:08'),(3095,4,'App\\User','user: was updated  scores:300.00 34',4,'2018-06-18 08:56:08','2018-06-18 08:56:08'),(3096,4,'App\\User','user: was updated  scores:300.00 34',1,'2018-06-18 08:56:40','2018-06-18 08:56:40'),(3097,47,'App\\User','user: was updated  scores:0.00 0',1,'2018-06-19 06:16:31','2018-06-19 06:16:31'),(3098,4,'App\\User','user: was updated  scores:300.00 34',1,'2018-06-24 01:28:09','2018-06-24 01:28:09'),(3099,41,'App\\Test','test:Pamela Liu\'s Daily Test was created  scores: ',4,'2018-06-24 01:28:09','2018-06-24 01:28:09'),(3100,4,'App\\User','user: was updated  scores:300.00 34',1,'2018-06-24 01:28:27','2018-06-24 01:28:27'),(3101,48,'App\\User','user: was created  scores: ',1,'2018-07-19 09:38:09','2018-07-19 09:38:09'),(3102,47,'App\\User','user: was updated  scores:0.00 0',1,'2018-07-19 09:38:58','2018-07-19 09:38:58'),(3103,47,'App\\User','user: was updated  scores:175.00 0',47,'2018-07-19 09:41:48','2018-07-19 09:41:48'),(3104,47,'App\\User','user: was updated  scores:300.00 0',47,'2018-07-19 09:45:08','2018-07-19 09:45:08'),(3105,47,'App\\User','user: was updated  scores:300.00 18',47,'2018-07-19 09:45:09','2018-07-19 09:45:09'),(3106,42,'App\\Test','test:Candy Phyu Phyu Khin\'s Daily Test was created  scores: ',47,'2018-07-19 09:45:28','2018-07-19 09:45:28'),(3107,47,'App\\User','user: was updated  scores:300.00 18',47,'2018-07-19 09:48:31','2018-07-19 09:48:31'),(3108,47,'App\\User','user: was updated  scores:300.00 38',47,'2018-07-19 09:48:31','2018-07-19 09:48:31'),(3109,43,'App\\Test','test:Candy Phyu Phyu Khin\'s Daily Test was created  scores: ',47,'2018-07-19 09:48:35','2018-07-19 09:48:35'),(3110,47,'App\\User','user: was updated  scores:300.00 38',47,'2018-07-19 09:51:48','2018-07-19 09:51:48'),(3111,47,'App\\User','user: was updated  scores:300.00 53',47,'2018-07-19 09:51:48','2018-07-19 09:51:48'),(3112,44,'App\\Test','test:Candy Phyu Phyu Khin\'s Daily Test was created  scores: ',47,'2018-07-19 09:52:06','2018-07-19 09:52:06'),(3113,47,'App\\User','user: was updated  scores:300.00 53',47,'2018-07-19 09:52:48','2018-07-19 09:52:48'),(3114,47,'App\\User','user: was updated  scores:300.00 56',47,'2018-07-19 09:52:48','2018-07-19 09:52:48'),(3115,45,'App\\Test','test:Candy Phyu Phyu Khin\'s Daily Test was created  scores: ',47,'2018-07-19 13:46:44','2018-07-19 13:46:44'),(3116,106,'App\\Enrolment','enrolment: was updated  scores: ',47,'2018-07-19 13:48:18','2018-07-19 13:48:18'),(3117,47,'App\\User','user: was updated  scores:300.00 56',1,'2018-07-20 12:02:07','2018-07-20 12:02:07'),(3118,4,'App\\User','user: was updated  scores:300.00 34',1,'2018-08-27 05:00:09','2018-08-27 05:00:09'),(3119,4,'App\\User','user: was updated  scores:300.00 34',1,'2018-08-27 05:01:05','2018-08-27 05:01:05'),(3120,49,'App\\User','user: was created  scores: ',1,'2018-08-30 02:07:59','2018-08-30 02:07:59'),(3121,51,'App\\User','user: was created  scores: ',1,'2018-08-31 12:20:55','2018-08-31 12:20:55'),(3122,20,'App\\User','user: was updated  scores:0.00 0',1,'2018-09-22 05:02:37','2018-09-22 05:02:37'),(3123,53,'App\\User','user: was created  scores: ',1,'2018-10-04 08:09:21','2018-10-04 08:09:21'),(3124,54,'App\\User','user: was created  scores: ',1,'2018-10-07 10:35:31','2018-10-07 10:35:31'),(3125,55,'App\\User','user: was created  scores: ',1,'2018-10-07 17:09:25','2018-10-07 17:09:25'),(3126,56,'App\\User','user: was created  scores: ',1,'2018-10-07 18:37:13','2018-10-07 18:37:13'),(3127,57,'App\\User','user: was created  scores: ',1,'2018-10-07 19:52:34','2018-10-07 19:52:34'),(3128,58,'App\\User','user: was created  scores: ',1,'2018-10-07 21:00:31','2018-10-07 21:00:31'),(3129,105,'App\\Track','track: was created  scores: ',58,'2018-10-07 21:04:24','2018-10-07 21:04:24'),(3130,59,'App\\User','user: was created  scores: ',1,'2018-10-08 12:51:44','2018-10-08 12:51:44'),(3131,60,'App\\User','user: was created  scores: ',1,'2018-10-08 13:46:04','2018-10-08 13:46:04'),(3132,1,'App\\User','user: was updated  scores:0.00 100',55,'2018-10-08 15:57:06','2018-10-08 15:57:06'),(3133,53,'App\\User','user: was updated  scores:0.00 0',1,'2018-10-10 10:12:10','2018-10-10 10:12:10'),(3134,106,'App\\Track','track: was created  scores: ',53,'2018-10-11 05:34:43','2018-10-11 05:34:43'),(3135,61,'App\\User','user: was created  scores: ',1,'2018-10-12 22:10:15','2018-10-12 22:10:15'),(3136,62,'App\\User','user: was created  scores: ',1,'2018-10-13 00:04:22','2018-10-13 00:04:22'),(3137,63,'App\\User','user: was created  scores: ',1,'2018-10-13 02:53:39','2018-10-13 02:53:39'),(3138,64,'App\\User','user: was created  scores: ',1,'2018-10-13 05:02:04','2018-10-13 05:02:04'),(3139,65,'App\\User','user: was created  scores: ',1,'2018-10-15 08:41:34','2018-10-15 08:41:34'),(3140,67,'App\\User','user: was created  scores: ',1,'2018-10-15 10:01:25','2018-10-15 10:01:25'),(3141,1,'App\\Question','question: was deleted  scores: ',62,'2018-10-17 20:25:58','2018-10-17 20:25:58'),(3142,3,'App\\Question','question: was deleted  scores: ',62,'2018-10-17 20:26:11','2018-10-17 20:26:11'),(3143,4,'App\\Question','question: was deleted  scores: ',62,'2018-10-17 20:26:22','2018-10-17 20:26:22'),(3144,2,'App\\Question','question: was deleted  scores: ',62,'2018-10-17 20:26:41','2018-10-17 20:26:41'),(3145,5,'App\\Question','question: was deleted  scores: ',62,'2018-10-17 20:26:50','2018-10-17 20:26:50'),(3146,6,'App\\Question','question: was deleted  scores: ',62,'2018-10-17 20:27:19','2018-10-17 20:27:19'),(3147,7,'App\\Question','question: was deleted  scores: ',4,'2018-10-18 00:12:44','2018-10-18 00:12:44'),(3148,15,'App\\Question','question: was deleted  scores: ',62,'2018-10-18 00:57:13','2018-10-18 00:57:13'),(3149,21,'App\\Question','question: was deleted  scores: ',62,'2018-10-18 01:01:32','2018-10-18 01:01:32'),(3150,4,'App\\User','user: was updated  scores:300.00 34',1,'2018-10-18 06:22:45','2018-10-18 06:22:45'),(3151,4,'App\\User','user: was updated  scores:300.00 34',1,'2018-10-18 06:36:22','2018-10-18 06:36:22'),(3152,59,'App\\Question','question: was deleted  scores: ',4,'2018-10-18 11:50:43','2018-10-18 11:50:43'),(3153,1858,'App\\Question','question: was created  scores: ',62,'2018-10-18 16:02:24','2018-10-18 16:02:24'),(3154,1859,'App\\Question','question: was created  scores: ',62,'2018-10-18 16:02:35','2018-10-18 16:02:35'),(3155,1860,'App\\Question','question: was created  scores: ',62,'2018-10-18 16:03:41','2018-10-18 16:03:41'),(3156,1861,'App\\Question','question: was created  scores: ',62,'2018-10-18 16:05:05','2018-10-18 16:05:05'),(3157,1862,'App\\Question','question: was created  scores: ',62,'2018-10-18 16:05:32','2018-10-18 16:05:32'),(3158,1863,'App\\Question','question: was created  scores: ',62,'2018-10-18 16:11:14','2018-10-18 16:11:14'),(3159,1864,'App\\Question','question: was created  scores: ',62,'2018-10-18 21:02:18','2018-10-18 21:02:18'),(3160,1865,'App\\Question','question: was created  scores: ',62,'2018-10-18 21:04:58','2018-10-18 21:04:58'),(3161,1866,'App\\Question','question: was created  scores: ',62,'2018-10-18 21:16:38','2018-10-18 21:16:38'),(3162,1867,'App\\Question','question: was created  scores: ',62,'2018-10-18 21:18:21','2018-10-18 21:18:21'),(3163,1868,'App\\Question','question: was created  scores: ',62,'2018-10-18 23:55:24','2018-10-18 23:55:24'),(3164,1869,'App\\Question','question: was created  scores: ',62,'2018-10-19 02:10:28','2018-10-19 02:10:28'),(3165,1870,'App\\Question','question: was created  scores: ',62,'2018-10-19 02:12:01','2018-10-19 02:12:01'),(3166,1871,'App\\Question','question: was created  scores: ',62,'2018-10-19 02:12:58','2018-10-19 02:12:58'),(3167,1867,'App\\Question','question: was updated  scores: ',62,'2018-10-19 02:13:42','2018-10-19 02:13:42'),(3168,1867,'App\\Question','question: was updated  scores: ',62,'2018-10-19 02:14:32','2018-10-19 02:14:32'),(3169,1872,'App\\Question','question: was created  scores: ',62,'2018-10-19 02:25:09','2018-10-19 02:25:09'),(3170,1873,'App\\Question','question: was created  scores: ',62,'2018-10-19 02:28:31','2018-10-19 02:28:31'),(3171,1874,'App\\Question','question: was created  scores: ',62,'2018-10-19 02:29:57','2018-10-19 02:29:57'),(3172,1875,'App\\Question','question: was created  scores: ',62,'2018-10-19 02:31:40','2018-10-19 02:31:40'),(3173,1876,'App\\Question','question: was created  scores: ',62,'2018-10-19 02:54:52','2018-10-19 02:54:52'),(3174,1877,'App\\Question','question: was created  scores: ',62,'2018-10-19 03:03:14','2018-10-19 03:03:14'),(3175,1878,'App\\Question','question: was created  scores: ',62,'2018-10-19 03:06:54','2018-10-19 03:06:54'),(3176,1879,'App\\Question','question: was created  scores: ',62,'2018-10-19 03:09:58','2018-10-19 03:09:58'),(3177,1880,'App\\Question','question: was created  scores: ',62,'2018-10-19 03:13:54','2018-10-19 03:13:54'),(3178,1881,'App\\Question','question: was created  scores: ',62,'2018-10-19 03:18:51','2018-10-19 03:18:51'),(3179,1882,'App\\Question','question: was created  scores: ',62,'2018-10-19 03:21:28','2018-10-19 03:21:28'),(3180,1883,'App\\Question','question: was created  scores: ',62,'2018-10-19 03:24:06','2018-10-19 03:24:06'),(3181,1884,'App\\Question','question: was created  scores: ',62,'2018-10-19 03:30:11','2018-10-19 03:30:11'),(3182,1885,'App\\Question','question: was created  scores: ',62,'2018-10-19 03:31:28','2018-10-19 03:31:28'),(3183,1886,'App\\Question','question: was created  scores: ',62,'2018-10-19 03:34:24','2018-10-19 03:34:24'),(3184,1887,'App\\Question','question: was created  scores: ',62,'2018-10-19 03:36:36','2018-10-19 03:36:36'),(3185,1889,'App\\Question','question: was created  scores: ',62,'2018-10-19 03:49:06','2018-10-19 03:49:06'),(3186,1890,'App\\Question','question: was created  scores: ',62,'2018-10-19 12:01:40','2018-10-19 12:01:40'),(3187,1890,'App\\Question','question: was updated  scores: ',62,'2018-10-19 12:04:50','2018-10-19 12:04:50'),(3188,1890,'App\\Question','question: was updated  scores: ',62,'2018-10-19 12:06:49','2018-10-19 12:06:49'),(3189,1890,'App\\Question','question: was updated  scores: ',62,'2018-10-19 12:08:31','2018-10-19 12:08:31'),(3190,1890,'App\\Question','question: was updated  scores: ',62,'2018-10-19 12:13:01','2018-10-19 12:13:01'),(3191,1891,'App\\Question','question: was created  scores: ',62,'2018-10-19 12:19:34','2018-10-19 12:19:34'),(3192,1892,'App\\Question','question: was created  scores: ',62,'2018-10-19 12:21:58','2018-10-19 12:21:58'),(3193,1893,'App\\Question','question: was created  scores: ',62,'2018-10-19 12:24:41','2018-10-19 12:24:41'),(3194,1894,'App\\Question','question: was created  scores: ',62,'2018-10-19 12:36:52','2018-10-19 12:36:52'),(3195,1894,'App\\Question','question: was updated  scores: ',62,'2018-10-19 12:40:03','2018-10-19 12:40:03'),(3196,1894,'App\\Question','question: was updated  scores: ',62,'2018-10-19 12:41:20','2018-10-19 12:41:20'),(3197,1894,'App\\Question','question: was updated  scores: ',62,'2018-10-19 12:42:36','2018-10-19 12:42:36'),(3198,21,'App\\User','user: was updated  scores:0.00 0',1,'2018-10-21 11:08:21','2018-10-21 11:08:21'),(3199,1895,'App\\Question','question: was created  scores: ',4,'2018-10-22 14:27:32','2018-10-22 14:27:32'),(3200,68,'App\\User','user: was created  scores: ',1,'2018-10-24 10:52:33','2018-10-24 10:52:33'),(3201,69,'App\\User','user: was created  scores: ',1,'2018-10-24 12:40:56','2018-10-24 12:40:56'),(3202,1896,'App\\Question','question: was created  scores: ',4,'2018-10-28 10:42:03','2018-10-28 10:42:03'),(3203,8,'App\\Question','question: was updated  scores: ',4,'2018-10-28 10:55:30','2018-10-28 10:55:30'),(3204,4,'App\\User','user: was updated  scores:300.00 34',4,'2018-10-30 06:35:58','2018-10-30 06:35:58'),(3205,4,'App\\User','user: was updated  scores:300.00 34',4,'2018-10-30 06:36:38','2018-10-30 06:36:38'),(3206,70,'App\\User','user: was created  scores: ',1,'2018-10-30 08:12:45','2018-10-30 08:12:45'),(3207,71,'App\\User','user: was created  scores: ',1,'2018-10-30 08:35:45','2018-10-30 08:35:45'),(3208,107,'App\\Track','track: was created  scores: ',71,'2018-10-30 08:38:54','2018-10-30 08:38:54'),(3209,107,'App\\Track','track:111111 was updated  scores: ',71,'2018-10-30 08:39:17','2018-10-30 08:39:17'),(3210,72,'App\\User','user: was created  scores: ',1,'2018-10-30 09:00:54','2018-10-30 09:00:54'),(3211,73,'App\\User','user: was created  scores: ',1,'2018-10-30 09:28:16','2018-10-30 09:28:16'),(3212,76,'App\\User','user: was created  scores: ',1,'2018-10-30 09:35:10','2018-10-30 09:35:10'),(3213,8,'App\\Question','question: was deleted  scores: ',76,'2018-10-30 09:51:12','2018-10-30 09:51:12'),(3214,77,'App\\User','user: was created  scores: ',1,'2018-10-30 10:23:51','2018-10-30 10:23:51'),(3215,78,'App\\User','user: was created  scores: ',1,'2018-10-30 10:32:28','2018-10-30 10:32:28'),(3216,79,'App\\User','user: was created  scores: ',1,'2018-10-30 10:56:29','2018-10-30 10:56:29'),(3217,80,'App\\User','user: was created  scores: ',1,'2018-10-30 10:57:40','2018-10-30 10:57:40'),(3218,81,'App\\User','user: was created  scores: ',1,'2018-10-30 13:35:53','2018-10-30 13:35:53'),(3219,1897,'App\\Question','question: was created  scores: ',62,'2018-10-30 17:58:50','2018-10-30 17:58:50'),(3220,11,'App\\Question','question: was updated  scores: ',62,'2018-10-30 19:12:14','2018-10-30 19:12:14'),(3221,9,'App\\Question','question: was updated  scores: ',4,'2018-10-31 07:19:55','2018-10-31 07:19:55'),(3222,9,'App\\Question','question: was updated  scores: ',4,'2018-10-31 07:19:59','2018-10-31 07:19:59'),(3223,1898,'App\\Question','question: was created  scores: ',4,'2018-10-31 07:24:27','2018-10-31 07:24:27'),(3224,82,'App\\User','user: was created  scores: ',1,'2018-10-31 08:59:22','2018-10-31 08:59:22'),(3225,83,'App\\User','user: was created  scores: ',1,'2018-10-31 09:22:44','2018-10-31 09:22:44'),(3226,84,'App\\User','user: was created  scores: ',1,'2018-11-02 03:22:57','2018-11-02 03:22:57'),(3227,111,'App\\Enrolment','enrolment: was created  scores: ',4,'2018-11-02 15:47:38','2018-11-02 15:47:38'),(3228,1899,'App\\Question','question: was created  scores: ',4,'2018-11-07 12:45:27','2018-11-07 12:45:27'),(3229,85,'App\\User','user: was created  scores: ',1,'2018-11-08 03:42:12','2018-11-08 03:42:12'),(3230,86,'App\\User','user: was created  scores: ',1,'2018-11-09 23:42:38','2018-11-09 23:42:38'),(3231,108,'App\\Track','track: was created  scores: ',69,'2018-11-15 08:17:56','2018-11-15 08:17:56'),(3232,108,'App\\Track','track:test track description  was updated  scores: ',69,'2018-11-15 08:21:53','2018-11-15 08:21:53'),(3233,108,'App\\Track','track:test track description new was updated  scores: ',69,'2018-11-15 08:36:01','2018-11-15 08:36:01'),(3234,108,'App\\Track','track:test track description new was updated  scores: ',69,'2018-11-15 09:39:36','2018-11-15 09:39:36'),(3235,108,'App\\Track','track:test track description new was updated  scores: ',69,'2018-11-15 10:21:09','2018-11-15 10:21:09'),(3236,108,'App\\Track','track:test track description new1 was updated  scores: ',69,'2018-11-15 10:25:24','2018-11-15 10:25:24'),(3237,384,'App\\Skill','skill:test de3sc was created  scores: ',69,'2018-11-15 10:43:56','2018-11-15 10:43:56'),(3238,384,'App\\Skill','skill:couting desc.. was updated  scores: ',69,'2018-11-15 10:58:37','2018-11-15 10:58:37'),(3239,385,'App\\Skill','skill:Numbers reading was created  scores: ',69,'2018-11-15 10:59:25','2018-11-15 10:59:25'),(3240,1900,'App\\Question','question: was created  scores: ',62,'2018-11-16 02:55:01','2018-11-16 02:55:01'),(3241,11,'App\\Question','question: was updated  scores: ',62,'2018-11-16 03:00:20','2018-11-16 03:00:20'),(3242,108,'App\\Track','track:test track description new1 was updated  scores: ',69,'2018-11-16 06:57:43','2018-11-16 06:57:43'),(3243,108,'App\\Track','track:test track description new1 was updated  scores: ',69,'2018-11-16 07:01:10','2018-11-16 07:01:10'),(3244,69,'App\\User','user: was updated  scores:0.00 0',69,'2018-11-16 11:09:08','2018-11-16 11:09:08'),(3245,9,'App\\Question','question: was updated  scores: ',4,'2018-11-16 19:43:58','2018-11-16 19:43:58'),(3246,9,'App\\Question','question: was updated  scores: ',4,'2018-11-16 19:44:54','2018-11-16 19:44:54'),(3247,9,'App\\Question','question: was updated  scores: ',4,'2018-11-16 21:26:37','2018-11-16 21:26:37'),(3248,1901,'App\\Question','question: was created  scores: ',4,'2018-11-16 21:29:11','2018-11-16 21:29:11'),(3249,69,'App\\User','user: was updated  scores:0.00 0',69,'2018-11-19 12:10:17','2018-11-19 12:10:17'),(3250,69,'App\\User','user: was updated  scores:0.00 0',69,'2018-11-19 12:43:05','2018-11-19 12:43:05'),(3251,69,'App\\User','user: was updated  scores:0.00 0',69,'2018-11-19 12:54:27','2018-11-19 12:54:27'),(3252,69,'App\\User','user: was updated  scores:0.00 0',69,'2018-11-19 17:12:41','2018-11-19 17:12:41'),(3253,69,'App\\User','user: was updated  scores:0.00 0',69,'2018-11-19 17:14:06','2018-11-19 17:14:06'),(3254,108,'App\\Track','track:test track description new1 was updated  scores: ',69,'2018-11-20 05:45:47','2018-11-20 05:45:47'),(3255,69,'App\\User','user: was updated  scores:0.00 0',69,'2018-11-21 12:17:56','2018-11-21 12:17:56'),(3256,87,'App\\User','user: was created  scores: ',1,'2018-11-21 12:30:25','2018-11-21 12:30:25'),(3257,112,'App\\Enrolment','enrolment: was created  scores: ',4,'2018-11-22 06:10:43','2018-11-22 06:10:43'),(3258,111,'App\\Enrolment','enrolment: was updated  scores: ',69,'2018-11-22 09:32:35','2018-11-22 09:32:35'),(3259,111,'App\\Enrolment','enrolment: was updated  scores: ',69,'2018-11-22 09:58:05','2018-11-22 09:58:05'),(3260,111,'App\\Enrolment','enrolment: was updated  scores: ',69,'2018-11-22 10:32:13','2018-11-22 10:32:13'),(3261,113,'App\\Enrolment','enrolment: was created  scores: ',69,'2018-11-22 11:04:36','2018-11-22 11:04:36'),(3262,69,'App\\User','user: was updated  scores:0.00 0',69,'2018-11-22 11:07:30','2018-11-22 11:07:30'),(3263,114,'App\\Enrolment','enrolment: was created  scores: ',69,'2018-11-22 11:29:07','2018-11-22 11:29:07'),(3264,69,'App\\User','user: was updated  scores:0.00 0',69,'2018-11-23 13:58:21','2018-11-23 13:58:21'),(3265,16,'App\\User','user: was updated  scores:0.00 0',4,'2018-11-23 14:50:28','2018-11-23 14:50:28'),(3266,16,'App\\User','user: was updated  scores:0.00 0',4,'2018-11-23 14:50:47','2018-11-23 14:50:47'),(3267,16,'App\\User','user: was updated  scores:0.00 0',4,'2018-11-23 14:52:47','2018-11-23 14:52:47'),(3268,16,'App\\User','user: was updated  scores:0.00 0',4,'2018-11-23 14:57:33','2018-11-23 14:57:33'),(3269,16,'App\\User','user: was updated  scores:0.00 0',4,'2018-11-23 15:05:07','2018-11-23 15:05:07'),(3270,16,'App\\User','user: was updated  scores:0.00 0',4,'2018-11-23 15:06:51','2018-11-23 15:06:51'),(3271,16,'App\\User','user: was updated  scores:0.00 0',4,'2018-11-23 15:12:26','2018-11-23 15:12:26'),(3272,69,'App\\User','user: was updated  scores:0.00 0',69,'2018-11-24 07:34:49','2018-11-24 07:34:49'),(3273,69,'App\\User','user: was updated  scores:0.00 0',69,'2018-11-24 08:02:29','2018-11-24 08:02:29'),(3274,115,'App\\Enrolment','enrolment: was created  scores: ',4,'2018-11-24 15:08:58','2018-11-24 15:08:58'),(3275,16,'App\\User','user: was updated  scores:0.00 0',4,'2018-11-24 15:11:38','2018-11-24 15:11:38'),(3276,16,'App\\User','user: was updated  scores:0.00 0',4,'2018-11-24 15:12:22','2018-11-24 15:12:22'),(3277,69,'App\\User','user: was updated  scores:0.00 0',69,'2018-11-25 08:06:50','2018-11-25 08:06:50'),(3278,69,'App\\User','user: was updated  scores:0.00 0',1,'2018-11-25 08:07:00','2018-11-25 08:07:00'),(3279,69,'App\\User','user: was updated  scores:0.00 0',69,'2018-11-25 08:07:12','2018-11-25 08:07:12'),(3280,69,'App\\User','user: was updated  scores:0.00 0',1,'2018-11-25 08:07:50','2018-11-25 08:07:50'),(3281,69,'App\\User','user: was updated  scores:0.00 0',69,'2018-11-25 08:07:50','2018-11-25 08:07:50'),(3282,69,'App\\User','user: was updated  scores:0.00 0',69,'2018-11-25 08:17:30','2018-11-25 08:17:30'),(3283,69,'App\\User','user: was updated  scores:0.00 0',1,'2018-11-25 08:19:08','2018-11-25 08:19:08'),(3284,69,'App\\User','user: was updated  scores:0.00 0',69,'2018-11-25 08:28:32','2018-11-25 08:28:32'),(3285,69,'App\\User','user: was updated  scores:0.00 0',1,'2018-11-25 08:32:49','2018-11-25 08:32:49'),(3286,69,'App\\User','user: was updated  scores:0.00 0',69,'2018-11-25 08:32:49','2018-11-25 08:32:49'),(3287,69,'App\\User','user: was updated  scores:0.00 0',69,'2018-11-25 08:34:46','2018-11-25 08:34:46'),(3288,69,'App\\User','user: was updated  scores:0.00 0',1,'2018-11-25 08:36:55','2018-11-25 08:36:55'),(3289,4,'App\\User','user: was updated  scores:300.00 34',4,'2018-11-25 08:46:16','2018-11-25 08:46:16'),(3290,4,'App\\User','user: was updated  scores:300.00 34',1,'2018-11-25 08:46:33','2018-11-25 08:46:33'),(3291,4,'App\\User','user: was updated  scores:300.00 34',4,'2018-11-25 08:47:07','2018-11-25 08:47:07'),(3292,4,'App\\User','user: was updated  scores:300.00 34',1,'2018-11-25 08:47:10','2018-11-25 08:47:10'),(3293,4,'App\\User','user: was updated  scores:300.00 34',4,'2018-11-25 08:47:10','2018-11-25 08:47:10'),(3294,4,'App\\User','user: was updated  scores:300.00 34',1,'2018-11-25 08:47:17','2018-11-25 08:47:17'),(3295,69,'App\\User','user: was updated  scores:0.00 0',69,'2018-11-25 08:51:35','2018-11-25 08:51:35'),(3296,69,'App\\User','user: was updated  scores:0.00 0',1,'2018-11-25 08:51:57','2018-11-25 08:51:57'),(3297,69,'App\\User','user: was updated  scores:0.00 0',69,'2018-11-25 08:52:27','2018-11-25 08:52:27'),(3298,69,'App\\User','user: was updated  scores:0.00 0',1,'2018-11-25 08:52:39','2018-11-25 08:52:39'),(3299,69,'App\\User','user: was updated  scores:0.00 0',69,'2018-11-25 08:53:50','2018-11-25 08:53:50'),(3300,69,'App\\User','user: was updated  scores:0.00 0',1,'2018-11-25 08:54:31','2018-11-25 08:54:31'),(3301,16,'App\\User','user: was updated  scores:0.00 0',4,'2018-11-25 09:13:41','2018-11-25 09:13:41'),(3302,4,'App\\User','user: was updated  scores:300.00 34',4,'2018-11-25 09:14:32','2018-11-25 09:14:32'),(3303,4,'App\\User','user: was updated  scores:300.00 34',1,'2018-11-25 09:14:39','2018-11-25 09:14:39'),(3304,4,'App\\User','user: was updated  scores:300.00 34',4,'2018-11-25 09:19:14','2018-11-25 09:19:14'),(3305,4,'App\\User','user: was updated  scores:300.00 34',1,'2018-11-25 09:19:22','2018-11-25 09:19:22'),(3306,116,'App\\Enrolment','enrolment: was created  scores: ',69,'2018-11-25 09:34:58','2018-11-25 09:34:58'),(3307,117,'App\\Enrolment','enrolment: was created  scores: ',69,'2018-11-25 09:52:13','2018-11-25 09:52:13'),(3308,118,'App\\Enrolment','enrolment: was created  scores: ',69,'2018-11-25 09:54:23','2018-11-25 09:54:23'),(3309,119,'App\\Enrolment','enrolment: was created  scores: ',4,'2018-11-25 14:12:31','2018-11-25 14:12:31'),(3310,120,'App\\Enrolment','enrolment: was created  scores: ',4,'2018-11-25 14:22:56','2018-11-25 14:22:56'),(3311,386,'App\\Skill','skill:count was created  scores: ',4,'2018-11-25 14:30:32','2018-11-25 14:30:32'),(3312,9,'App\\Question','question: was updated  scores: ',62,'2018-11-25 15:23:37','2018-11-25 15:23:37'),(3313,9,'App\\Question','question: was updated  scores: ',62,'2018-11-25 15:34:32','2018-11-25 15:34:32'),(3314,10,'App\\Question','question: was updated  scores: ',62,'2018-11-25 15:37:28','2018-11-25 15:37:28'),(3315,1867,'App\\Question','question: was updated  scores: ',62,'2018-11-25 16:17:55','2018-11-25 16:17:55'),(3316,10,'App\\Question','question: was updated  scores: ',62,'2018-11-25 16:44:53','2018-11-25 16:44:53'),(3317,9,'App\\Question','question: was updated  scores: ',62,'2018-11-25 16:48:00','2018-11-25 16:48:00'),(3318,10,'App\\Question','question: was updated  scores: ',62,'2018-11-25 16:49:27','2018-11-25 16:49:27'),(3319,9,'App\\Question','question: was updated  scores: ',4,'2018-11-26 02:34:40','2018-11-26 02:34:40'),(3320,1902,'App\\Question','question: was created  scores: ',62,'2018-11-26 02:54:57','2018-11-26 02:54:57'),(3321,88,'App\\User','user: was created  scores: ',1,'2018-11-26 06:20:37','2018-11-26 06:20:37'),(3322,4,'App\\User','user: was updated  scores:300.00 34',4,'2018-11-26 08:37:30','2018-11-26 08:37:30'),(3323,4,'App\\User','user: was updated  scores:300.00 34',1,'2018-11-26 08:37:39','2018-11-26 08:37:39'),(3324,16,'App\\User','user: was updated  scores:0.00 0',4,'2018-11-26 11:02:21','2018-11-26 11:02:21'),(3325,4,'App\\User','user: was updated  scores:300.00 34',4,'2018-11-26 11:03:36','2018-11-26 11:03:36'),(3326,4,'App\\User','user: was updated  scores:300.00 34',1,'2018-11-26 11:04:36','2018-11-26 11:04:36'),(3327,4,'App\\User','user: was updated  scores:300.00 34',4,'2018-11-26 11:05:23','2018-11-26 11:05:23'),(3328,4,'App\\User','user: was updated  scores:300.00 34',1,'2018-11-26 11:05:35','2018-11-26 11:05:35'),(3329,4,'App\\User','user: was updated  scores:300.00 34',4,'2018-11-26 11:06:38','2018-11-26 11:06:38'),(3330,4,'App\\User','user: was updated  scores:300.00 34',1,'2018-11-26 11:07:35','2018-11-26 11:07:35'),(3331,4,'App\\User','user: was updated  scores:300.00 34',1,'2018-11-26 11:07:35','2018-11-26 11:07:35'),(3332,4,'App\\User','user: was updated  scores:300.00 34',4,'2018-11-26 11:07:43','2018-11-26 11:07:43'),(3333,4,'App\\User','user: was updated  scores:300.00 34',1,'2018-11-26 11:07:49','2018-11-26 11:07:49'),(3334,4,'App\\User','user: was updated  scores:300.00 34',4,'2018-11-26 11:07:56','2018-11-26 11:07:56'),(3335,4,'App\\User','user: was updated  scores:300.00 34',1,'2018-11-26 11:08:02','2018-11-26 11:08:02'),(3336,4,'App\\User','user: was updated  scores:300.00 34',4,'2018-11-26 11:08:24','2018-11-26 11:08:24'),(3337,4,'App\\User','user: was updated  scores:300.00 34',1,'2018-11-26 11:08:31','2018-11-26 11:08:31'),(3338,16,'App\\User','user: was updated  scores:0.00 0',4,'2018-11-26 11:09:28','2018-11-26 11:09:28'),(3339,16,'App\\User','user: was updated  scores:0.00 0',4,'2018-11-26 11:09:37','2018-11-26 11:09:37'),(3340,4,'App\\User','user: was updated  scores:300.00 34',4,'2018-11-26 11:11:02','2018-11-26 11:11:02'),(3341,4,'App\\User','user: was updated  scores:300.00 34',1,'2018-11-26 11:11:20','2018-11-26 11:11:20'),(3342,4,'App\\User','user: was updated  scores:300.00 34',4,'2018-11-26 11:11:28','2018-11-26 11:11:28'),(3343,4,'App\\User','user: was updated  scores:300.00 34',1,'2018-11-26 11:11:34','2018-11-26 11:11:34'),(3344,89,'App\\User','user: was created  scores: ',1,'2018-11-26 11:14:15','2018-11-26 11:14:15'),(3345,121,'App\\Enrolment','enrolment: was created  scores: ',69,'2018-11-26 16:40:34','2018-11-26 16:40:34'),(3346,122,'App\\Enrolment','enrolment: was created  scores: ',4,'2018-11-27 09:38:17','2018-11-27 09:38:17'),(3347,9,'App\\Question','question: was updated  scores: ',62,'2018-11-28 15:21:44','2018-11-28 15:21:44'),(3348,9,'App\\Question','question: was updated  scores: ',62,'2018-11-28 15:22:03','2018-11-28 15:22:03'),(3349,9,'App\\Question','question: was updated  scores: ',62,'2018-11-28 15:28:42','2018-11-28 15:28:42'),(3350,9,'App\\Question','question: was updated  scores: ',62,'2018-11-28 15:42:31','2018-11-28 15:42:31'),(3351,9,'App\\Question','question: was updated  scores: ',62,'2018-11-28 15:49:14','2018-11-28 15:49:14'),(3352,9,'App\\Question','question: was updated  scores: ',62,'2018-11-28 15:57:58','2018-11-28 15:57:58'),(3353,9,'App\\Question','question: was updated  scores: ',4,'2018-11-29 01:12:41','2018-11-29 01:12:41'),(3354,9,'App\\Question','question: was updated  scores: ',4,'2018-11-29 01:13:41','2018-11-29 01:13:41'),(3355,58,'App\\User','user: was updated  scores:0.00 0',1,'2018-11-29 02:31:23','2018-11-29 02:31:23'),(3356,9,'App\\Question','question: was updated  scores: ',62,'2018-11-29 03:39:44','2018-11-29 03:39:44'),(3357,9,'App\\Question','question: was updated  scores: ',62,'2018-11-29 03:41:50','2018-11-29 03:41:50'),(3358,9,'App\\Question','question: was updated  scores: ',62,'2018-11-29 20:03:52','2018-11-29 20:03:52'),(3359,9,'App\\Question','question: was updated  scores: ',62,'2018-11-29 20:29:45','2018-11-29 20:29:45'),(3360,9,'App\\Question','question: was updated  scores: ',62,'2018-11-29 20:30:06','2018-11-29 20:30:06'),(3361,9,'App\\Question','question: was updated  scores: ',4,'2018-12-06 09:05:21','2018-12-06 09:05:21'),(3362,90,'App\\User','user: was created  scores: ',1,'2018-12-08 04:27:49','2018-12-08 04:27:49'),(3363,91,'App\\User','user: was created  scores: ',1,'2018-12-08 08:12:23','2018-12-08 08:12:23'),(3364,92,'App\\User','user: was created  scores: ',1,'2018-12-09 03:10:22','2018-12-09 03:10:22'),(3365,92,'App\\User','user: was updated  scores:0.00 0',1,'2018-12-09 03:17:43','2018-12-09 03:17:43'),(3366,117,'App\\Enrolment','enrolment: was updated  scores: ',69,'2018-12-22 10:57:11','2018-12-22 10:57:11'),(3367,94,'App\\User','user: was created  scores: ',1,'2018-12-24 03:24:15','2018-12-24 03:24:15'),(3368,69,'App\\User','user: was updated  scores:0.00 20',69,'2018-12-24 07:02:55','2018-12-24 07:02:55'),(3369,121,'App\\Enrolment','enrolment: was updated  scores: ',69,'2018-12-24 07:13:54','2018-12-24 07:13:54'),(3370,117,'App\\Enrolment','enrolment: was updated  scores: ',69,'2018-12-24 07:15:07','2018-12-24 07:15:07'),(3371,69,'App\\User','user: was updated  scores:0.00 20',69,'2018-12-25 07:00:46','2018-12-25 07:00:46'),(3372,69,'App\\User','user: was updated  scores:0.00 20',1,'2018-12-25 07:07:02','2018-12-25 07:07:02'),(3373,69,'App\\User','user: was updated  scores:0.00 20',1,'2018-12-25 07:07:02','2018-12-25 07:07:02'),(3374,69,'App\\User','user: was updated  scores:0.00 20',69,'2018-12-25 07:12:36','2018-12-25 07:12:36'),(3375,69,'App\\User','user: was updated  scores:0.00 20',1,'2018-12-25 07:43:01','2018-12-25 07:43:01'),(3376,69,'App\\User','user: was updated  scores:0.00 20',1,'2018-12-25 07:43:01','2018-12-25 07:43:01'),(3377,69,'App\\User','user: was updated  scores:0.00 20',69,'2018-12-25 07:54:44','2018-12-25 07:54:44'),(3378,69,'App\\User','user: was updated  scores:0.00 20',1,'2018-12-25 07:56:33','2018-12-25 07:56:33'),(3379,69,'App\\User','user: was updated  scores:0.00 20',69,'2018-12-25 07:57:13','2018-12-25 07:57:13'),(3380,69,'App\\User','user: was updated  scores:0.00 20',1,'2018-12-25 07:58:47','2018-12-25 07:58:47'),(3381,69,'App\\User','user: was updated  scores:0.00 20',69,'2018-12-25 07:59:26','2018-12-25 07:59:26'),(3382,69,'App\\User','user: was updated  scores:0.00 20',1,'2018-12-25 08:02:16','2018-12-25 08:02:16'),(3383,69,'App\\User','user: was updated  scores:0.00 20',1,'2018-12-25 08:02:16','2018-12-25 08:02:16'),(3384,69,'App\\User','user: was updated  scores:0.00 20',69,'2018-12-25 08:02:38','2018-12-25 08:02:38'),(3385,69,'App\\User','user: was updated  scores:0.00 20',1,'2018-12-25 08:05:26','2018-12-25 08:05:26'),(3386,69,'App\\User','user: was updated  scores:0.00 20',69,'2018-12-25 08:06:43','2018-12-25 08:06:43'),(3387,69,'App\\User','user: was updated  scores:0.00 20',1,'2018-12-25 08:07:51','2018-12-25 08:07:51'),(3388,69,'App\\User','user: was updated  scores:0.00 20',69,'2018-12-25 08:08:16','2018-12-25 08:08:16'),(3389,69,'App\\User','user: was updated  scores:0.00 20',1,'2018-12-25 08:09:26','2018-12-25 08:09:26'),(3390,69,'App\\User','user: was updated  scores:0.00 20',69,'2018-12-25 08:09:26','2018-12-25 08:09:26'),(3391,69,'App\\User','user: was updated  scores:0.00 20',1,'2018-12-25 08:52:39','2018-12-25 08:52:39'),(3392,69,'App\\User','user: was updated  scores:0.00 20',69,'2018-12-25 08:59:35','2018-12-25 08:59:35'),(3393,69,'App\\User','user: was updated  scores:0.00 20',1,'2018-12-25 09:00:30','2018-12-25 09:00:30'),(3394,69,'App\\User','user: was updated  scores:0.00 20',69,'2018-12-25 09:04:30','2018-12-25 09:04:30'),(3395,69,'App\\User','user: was updated  scores:0.00 20',1,'2018-12-25 09:04:30','2018-12-25 09:04:30'),(3396,69,'App\\User','user: was updated  scores:0.00 20',69,'2018-12-25 09:04:30','2018-12-25 09:04:30'),(3397,69,'App\\User','user: was updated  scores:0.00 20',1,'2018-12-25 09:08:42','2018-12-25 09:08:42'),(3398,69,'App\\User','user: was updated  scores:0.00 20',69,'2018-12-25 09:09:07','2018-12-25 09:09:07'),(3399,69,'App\\User','user: was updated  scores:0.00 20',1,'2018-12-25 09:10:12','2018-12-25 09:10:12'),(3400,1890,'App\\Question','question: was updated  scores: ',62,'2018-12-30 03:18:01','2018-12-30 03:18:01'),(3401,4,'App\\House','house:All Gifted Singapore P4 Math was updated  scores: ',4,'2019-01-01 07:52:54','2019-01-01 07:52:54'),(3402,4,'App\\House','house:All Gifted Singapore P4 Math was updated  scores: ',4,'2019-01-01 07:53:08','2019-01-01 07:53:08'),(3403,4,'App\\House','house:All Gifted Singapore P4 Math was updated  scores: ',4,'2019-01-01 07:53:42','2019-01-01 07:53:42'),(3404,8,'App\\House','house:All Gifted Algebra 1, A study of basic operations with signed numbers, monomials, and polynomials. Also includes formulas, equations, inequalities, graphing, exponents, roots, quadratic equations, and algebraic fractions. was updated  scores: ',69,'2019-01-01 07:54:01','2019-01-01 07:54:01'),(3405,8,'App\\House','house:All Gifted Algebra 1, A study of basic operations with signed numbers, monomials, and polynomials. Also includes formulas, equations, inequalities, graphing, exponents, roots, quadratic equations, and algebraic fractions. was updated  scores: ',69,'2019-01-01 08:01:31','2019-01-01 08:01:31'),(3406,8,'App\\House','house:All Gifted Algebra 1, A study of basic operations with signed numbers, monomials, and polynomials. Also includes formulas, equations, inequalities, graphing, exponents, roots, quadratic equations, and algebraic fractions. was updated  scores: ',69,'2019-01-01 08:03:09','2019-01-01 08:03:09'),(3407,1,'App\\House','house:K-6 Maths was updated  scores: ',4,'2019-01-01 08:32:48','2019-01-01 08:32:48'),(3408,1,'App\\House','house:K-6 Maths was updated  scores: ',4,'2019-01-01 08:33:21','2019-01-01 08:33:21'),(3409,4,'App\\User','user: was updated  scores:300.00 34',1,'2019-01-23 17:37:35','2019-01-23 17:37:35'),(3410,4,'App\\User','user: was updated  scores:300.00 34',1,'2019-01-25 15:34:25','2019-01-25 15:34:25'),(3411,4,'App\\User','user: was updated  scores:300.00 34',1,'2019-01-26 04:11:45','2019-01-26 04:11:45'),(3412,4,'App\\User','user: was updated  scores:300.00 34',1,'2019-01-26 04:43:05','2019-01-26 04:43:05'),(3413,95,'App\\User','user: was created  scores: ',1,'2019-01-26 10:21:42','2019-01-26 10:21:42'),(3414,2,'App\\User','user: was updated  scores:200.00 0',1,'2019-01-26 10:35:19','2019-01-26 10:35:19'),(3415,2,'App\\User','user: was updated  scores:200.00 0',1,'2019-01-27 08:06:39','2019-01-27 08:06:39'),(3416,69,'App\\User','user: was updated  scores:0.00 20',1,'2019-01-27 08:11:20','2019-01-27 08:11:20'),(3417,2,'App\\User','user: was updated  scores:200.00 0',1,'2019-01-27 08:14:22','2019-01-27 08:14:22'),(3418,69,'App\\User','user: was updated  scores:0.00 20',1,'2019-01-27 08:25:56','2019-01-27 08:25:56'),(3419,4,'App\\User','user: was updated  scores:300.00 34',1,'2019-01-27 08:27:51','2019-01-27 08:27:51'),(3420,2,'App\\User','user: was updated  scores:200.00 0',1,'2019-01-27 08:28:03','2019-01-27 08:28:03'),(3421,2,'App\\User','user: was updated  scores:200.00 0',1,'2019-01-27 08:28:42','2019-01-27 08:28:42'),(3422,96,'App\\User','user: was created  scores: ',1,'2019-01-27 08:33:11','2019-01-27 08:33:11'),(3423,4,'App\\User','user: was updated  scores:300.00 34',1,'2019-01-27 09:20:18','2019-01-27 09:20:18'),(3424,1,'App\\User','user: was updated  scores:0.00 100',4,'2019-01-27 09:22:35','2019-01-27 09:22:35'),(3425,84,'App\\User','user: was updated  scores:0.00 0',1,'2019-01-27 09:29:03','2019-01-27 09:29:03'),(3426,4,'App\\User','user: was updated  scores:300.00 34',1,'2019-01-27 09:35:44','2019-01-27 09:35:44'),(3427,4,'App\\User','user: was updated  scores:300.00 34',1,'2019-01-27 09:37:26','2019-01-27 09:37:26'),(3428,4,'App\\User','user: was updated  scores:300.00 34',1,'2019-01-27 09:40:26','2019-01-27 09:40:26'),(3429,4,'App\\User','user: was updated  scores:300.00 34',1,'2019-01-27 15:47:06','2019-01-27 15:47:06'),(3430,4,'App\\User','user: was updated  scores:300.00 34',1,'2019-01-28 12:12:49','2019-01-28 12:12:49'),(3431,4,'App\\User','user: was updated  scores:300.00 34',1,'2019-01-28 12:12:49','2019-01-28 12:12:49'),(3432,11,'App\\Question','question: was updated  scores: ',4,'2019-01-28 12:24:34','2019-01-28 12:24:34'),(3433,2,'App\\User','user: was updated  scores:200.00 0',1,'2019-01-28 14:00:50','2019-01-28 14:00:50'),(3434,4,'App\\User','user: was updated  scores:300.00 34',1,'2019-01-28 14:03:22','2019-01-28 14:03:22'),(3435,4,'App\\User','user: was updated  scores:300.00 34',1,'2019-01-28 14:05:51','2019-01-28 14:05:51'),(3436,4,'App\\User','user: was updated  scores:300.00 34',1,'2019-01-28 14:05:51','2019-01-28 14:05:51'),(3437,11,'App\\Question','question: was updated  scores: ',4,'2019-01-28 14:06:39','2019-01-28 14:06:39'),(3438,2,'App\\User','user: was updated  scores:200.00 0',1,'2019-01-28 14:16:48','2019-01-28 14:16:48'),(3439,4,'App\\User','user: was updated  scores:300.00 34',1,'2019-01-28 14:23:01','2019-01-28 14:23:01'),(3440,4,'App\\User','user: was updated  scores:300.00 34',1,'2019-01-28 14:23:01','2019-01-28 14:23:01'),(3441,1,'App\\House','house:K-6 Maths was updated  scores: ',4,'2019-01-28 14:23:21','2019-01-28 14:23:21'),(3442,3,'App\\House','house:All Gifted Singapore P5 Math was updated  scores: ',4,'2019-01-28 14:23:57','2019-01-28 14:23:57'),(3443,1,'App\\House','house:K-6 Maths was updated  scores: ',4,'2019-01-28 14:24:06','2019-01-28 14:24:06'),(3444,2,'App\\House','house:All Gifted Singapore P6 Math was updated  scores: ',4,'2019-01-28 14:24:16','2019-01-28 14:24:16'),(3445,2,'App\\House','house:All Gifted Singapore P6 Math was updated  scores: ',4,'2019-01-28 14:24:25','2019-01-28 14:24:25'),(3446,1,'App\\House','house:K-6 Maths was updated  scores: ',4,'2019-01-28 14:24:38','2019-01-28 14:24:38'),(3447,1,'App\\House','house:K-6 Maths was updated  scores: ',4,'2019-01-28 14:24:46','2019-01-28 14:24:46'),(3448,4,'App\\House','house:All Gifted Singapore P4 Math was updated  scores: ',4,'2019-01-28 14:25:01','2019-01-28 14:25:01'),(3449,4,'App\\House','house:All Gifted Singapore P4 Math was updated  scores: ',4,'2019-01-28 14:25:02','2019-01-28 14:25:02'),(3450,5,'App\\House','house:All Gifted Singapore P3 Math was updated  scores: ',4,'2019-01-28 14:25:17','2019-01-28 14:25:17'),(3451,6,'App\\House','house:All Gifted Singapore P2 Math was updated  scores: ',4,'2019-01-28 14:25:39','2019-01-28 14:25:39'),(3452,7,'App\\House','house:All Gifted Singapore P1 Math was updated  scores: ',4,'2019-01-28 14:25:55','2019-01-28 14:25:55'),(3453,8,'App\\House','house:All Gifted Algebra 1, A study of basic operations with signed numbers, monomials, and polynomials. Also includes formulas, equations, inequalities, graphing, exponents, roots, quadratic equations, and algebraic fractions. was updated  scores: ',4,'2019-01-28 14:26:08','2019-01-28 14:26:08'),(3454,8,'App\\House','house:All Gifted Algebra 1, A study of basic operations with signed numbers, monomials, and polynomials. Also includes formulas, equations, inequalities, graphing, exponents, roots, quadratic equations, and algebraic fractions. was updated  scores: ',4,'2019-01-28 14:27:55','2019-01-28 14:27:55'),(3455,2,'App\\User','user: was updated  scores:200.00 0',1,'2019-01-28 14:28:52','2019-01-28 14:28:52'),(3456,11,'App\\Question','question: was updated  scores: ',4,'2019-01-28 14:29:04','2019-01-28 14:29:04'),(3457,1,'App\\User','user: was updated  scores:0.00 100',4,'2019-01-28 15:36:45','2019-01-28 15:36:45'),(3458,4,'App\\User','user: was updated  scores:300.00 34',1,'2019-01-28 15:55:02','2019-01-28 15:55:02'),(3459,84,'App\\User','user: was updated  scores:0.00 0',1,'2019-01-29 01:43:33','2019-01-29 01:43:33'),(3460,2,'App\\User','user: was updated  scores:200.00 0',1,'2019-01-29 03:17:52','2019-01-29 03:17:52'),(3461,4,'App\\User','user: was updated  scores:300.00 34',1,'2019-01-29 06:42:25','2019-01-29 06:42:25'),(3462,4,'App\\User','user: was updated  scores:300.00 34',1,'2019-01-29 06:42:25','2019-01-29 06:42:25'),(3463,4,'App\\User','user: was updated  scores:300.00 34',1,'2019-01-29 09:56:33','2019-01-29 09:56:33'),(3464,20,'App\\User','user: was updated  scores:0.00 0',1,'2019-01-29 11:22:21','2019-01-29 11:22:21'),(3465,20,'App\\User','user: was updated  scores:0.00 0',1,'2019-01-29 11:22:21','2019-01-29 11:22:21'),(3466,4,'App\\User','user: was updated  scores:300.00 34',1,'2019-01-29 11:32:05','2019-01-29 11:32:05'),(3467,97,'App\\User','user: was created  scores: ',1,'2019-01-29 11:44:34','2019-01-29 11:44:34'),(3468,98,'App\\User','user: was created  scores: ',1,'2019-01-29 11:47:43','2019-01-29 11:47:43'),(3469,99,'App\\User','user: was created  scores: ',1,'2019-01-29 14:14:43','2019-01-29 14:14:43'),(3470,69,'App\\User','user: was updated  scores:0.00 20',1,'2019-01-29 15:21:03','2019-01-29 15:21:03'),(3471,9,'App\\House','house:Test House was created  scores: ',69,'2019-01-29 15:26:51','2019-01-29 15:26:51'),(3472,9,'App\\House','house:Test House was updated  scores: ',69,'2019-01-29 15:27:49','2019-01-29 15:27:49'),(3473,10,'App\\House','house:Test House2 was created  scores: ',69,'2019-01-29 15:30:19','2019-01-29 15:30:19'),(3474,10,'App\\House','house:Test House2 was updated  scores: ',69,'2019-01-29 15:31:45','2019-01-29 15:31:45'),(3475,385,'App\\Skill','skill:Numbers reading1 was updated  scores: ',69,'2019-01-29 15:36:29','2019-01-29 15:36:29'),(3476,387,'App\\Skill','skill:Test Skill was created  scores: ',69,'2019-01-29 15:37:53','2019-01-29 15:37:53'),(3477,4,'App\\Difficulty','difficulty:Test was created  scores: ',69,'2019-01-29 15:38:46','2019-01-29 15:38:46'),(3478,4,'App\\Difficulty','difficulty:Test2 was updated  scores: ',69,'2019-01-29 15:38:55','2019-01-29 15:38:55'),(3479,4,'App\\Difficulty','difficulty:Test2 was deleted  scores: ',69,'2019-01-29 15:39:03','2019-01-29 15:39:03'),(3480,12,'App\\Field','field:test was created  scores: ',69,'2019-01-29 15:39:56','2019-01-29 15:39:56'),(3481,12,'App\\Field','field:test was deleted  scores: ',69,'2019-01-29 15:40:28','2019-01-29 15:40:28'),(3482,7,'App\\Type','type:test was created  scores: ',69,'2019-01-29 15:41:08','2019-01-29 15:41:08'),(3483,7,'App\\Type','type:test1 was updated  scores: ',69,'2019-01-29 15:41:33','2019-01-29 15:41:33'),(3484,7,'App\\Type','type:test1 was deleted  scores: ',69,'2019-01-29 15:41:39','2019-01-29 15:41:39'),(3485,15,'App\\Level','level:test was created  scores: ',69,'2019-01-29 15:44:32','2019-01-29 15:44:32'),(3486,15,'App\\Level','level:test was updated  scores: ',69,'2019-01-29 15:44:43','2019-01-29 15:44:43'),(3487,15,'App\\Level','level:test was deleted  scores: ',69,'2019-01-29 15:44:50','2019-01-29 15:44:50'),(3488,5,'App\\Unit','unit:test was created  scores: ',69,'2019-01-29 15:45:08','2019-01-29 15:45:08'),(3489,5,'App\\Unit','unit:test1 was updated  scores: ',69,'2019-01-29 15:45:15','2019-01-29 15:45:15'),(3490,5,'App\\Unit','unit:test1 was deleted  scores: ',69,'2019-01-29 15:45:20','2019-01-29 15:45:20'),(3491,84,'App\\User','user: was updated  scores:0.00 0',1,'2019-01-30 04:10:15','2019-01-30 04:10:15'),(3492,4,'App\\User','user: was updated  scores:300.00 34',1,'2019-01-30 06:00:18','2019-01-30 06:00:18'),(3493,84,'App\\User','user: was updated  scores:0.00 0',1,'2019-01-30 06:02:58','2019-01-30 06:02:58'),(3494,81,'App\\Question','question: was updated  scores: ',84,'2019-01-30 06:53:18','2019-01-30 06:53:18'),(3495,38,'App\\Question','question: was updated  scores: ',84,'2019-01-30 06:55:57','2019-01-30 06:55:57'),(3496,25,'App\\Question','question: was updated  scores: ',84,'2019-01-30 07:11:32','2019-01-30 07:11:32'),(3497,41,'App\\Question','question: was updated  scores: ',84,'2019-01-30 07:12:42','2019-01-30 07:12:42'),(3498,84,'App\\User','user: was updated  scores:0.00 0',1,'2019-01-30 09:31:25','2019-01-30 09:31:25'),(3499,13,'App\\Enrolment','enrolment: was updated  scores: ',84,'2019-01-30 09:32:35','2019-01-30 09:32:35'),(3500,125,'App\\Enrolment','enrolment: was created  scores: ',84,'2019-01-30 09:32:35','2019-01-30 09:32:35'),(3501,84,'App\\User','user: was updated  scores:0.00 0',84,'2019-01-30 09:32:35','2019-01-30 09:32:35'),(3502,84,'App\\User','user: was updated  scores:0.00 0',1,'2019-01-30 09:33:01','2019-01-30 09:33:01'),(3503,46,'App\\Test','test:Kang Song Lim\'s diagnostic test was created  scores: ',84,'2019-01-30 09:33:52','2019-01-30 09:33:52'),(3504,84,'App\\User','user: was updated  scores:120.00 0',84,'2019-01-30 09:37:59','2019-01-30 09:37:59'),(3505,84,'App\\User','user: was updated  scores:120.00 0',84,'2019-01-30 09:44:49','2019-01-30 09:44:49'),(3506,84,'App\\User','user: was updated  scores:120.00 0',84,'2019-01-30 09:44:56','2019-01-30 09:44:56'),(3507,84,'App\\User','user: was updated  scores:120.00 0',84,'2019-01-30 09:44:58','2019-01-30 09:44:58'),(3508,84,'App\\User','user: was updated  scores:120.00 0',84,'2019-01-30 09:45:05','2019-01-30 09:45:05'),(3509,84,'App\\User','user: was updated  scores:120.00 0',84,'2019-01-30 09:45:28','2019-01-30 09:45:28'),(3510,84,'App\\User','user: was updated  scores:120.00 0',84,'2019-01-30 09:45:32','2019-01-30 09:45:32'),(3511,84,'App\\User','user: was updated  scores:120.00 0',1,'2019-01-30 14:24:59','2019-01-30 14:24:59'),(3512,84,'App\\User','user: was updated  scores:120.00 0',1,'2019-01-30 15:27:55','2019-01-30 15:27:55'),(3513,84,'App\\User','user: was updated  scores:120.00 0',84,'2019-01-30 15:27:55','2019-01-30 15:27:55'),(3514,84,'App\\User','user: was updated  scores:120.00 0',84,'2019-01-30 15:28:09','2019-01-30 15:28:09'),(3515,84,'App\\User','user: was updated  scores:120.00 0',84,'2019-01-30 15:28:54','2019-01-30 15:28:54'),(3516,84,'App\\User','user: was updated  scores:120.00 0',84,'2019-01-30 15:30:06','2019-01-30 15:30:06'),(3517,84,'App\\User','user: was updated  scores:120.00 0',84,'2019-01-30 15:30:31','2019-01-30 15:30:31'),(3518,84,'App\\User','user: was updated  scores:120.00 0',84,'2019-01-30 15:30:32','2019-01-30 15:30:32'),(3519,2,'App\\User','user: was updated  scores:200.00 0',1,'2019-01-31 14:51:50','2019-01-31 14:51:50'),(3520,84,'App\\User','user: was updated  scores:120.00 0',1,'2019-01-31 14:59:58','2019-01-31 14:59:58'),(3521,153,'App\\Question','question: was updated  scores: ',84,'2019-01-31 15:14:51','2019-01-31 15:14:51'),(3522,123,'App\\Question','question: was updated  scores: ',84,'2019-01-31 15:17:41','2019-01-31 15:17:41'),(3523,100,'App\\User','user: was created  scores: ',1,'2019-01-31 15:27:28','2019-01-31 15:27:28'),(3524,101,'App\\User','user: was created  scores: ',1,'2019-01-31 15:34:24','2019-01-31 15:34:24'),(3525,102,'App\\User','user: was created  scores: ',1,'2019-01-31 23:56:23','2019-01-31 23:56:23'),(3526,103,'App\\User','user: was created  scores: ',1,'2019-02-01 01:05:38','2019-02-01 01:05:38'),(3527,13,'App\\Enrolment','enrolment: was updated  scores: ',103,'2019-02-01 01:06:15','2019-02-01 01:06:15'),(3528,139,'App\\Enrolment','enrolment: was created  scores: ',103,'2019-02-01 01:06:15','2019-02-01 01:06:15'),(3529,103,'App\\User','user: was updated  scores:0.00 0',103,'2019-02-01 01:06:15','2019-02-01 01:06:15'),(3530,103,'App\\User','user: was updated  scores:0.00 0',1,'2019-02-01 01:08:18','2019-02-01 01:08:18'),(3531,47,'App\\Test','test:finalgu1@gmail.com\'s diagnostic test was created  scores: ',103,'2019-02-01 01:08:18','2019-02-01 01:08:18'),(3532,84,'App\\User','user: was updated  scores:120.00 0',1,'2019-02-01 01:57:29','2019-02-01 01:57:29'),(3533,84,'App\\User','user: was updated  scores:120.00 0',1,'2019-02-01 01:59:40','2019-02-01 01:59:40'),(3534,84,'App\\User','user: was updated  scores:120.00 0',84,'2019-02-01 01:59:40','2019-02-01 01:59:40'),(3535,84,'App\\User','user: was updated  scores:120.00 0',84,'2019-02-01 01:59:57','2019-02-01 01:59:57'),(3536,84,'App\\User','user: was updated  scores:120.00 0',1,'2019-02-01 02:03:32','2019-02-01 02:03:32'),(3537,84,'App\\User','user: was updated  scores:120.00 0',1,'2019-02-01 02:05:28','2019-02-01 02:05:28'),(3538,84,'App\\User','user: was updated  scores:120.00 0',1,'2019-02-01 02:05:38','2019-02-01 02:05:38'),(3539,84,'App\\User','user: was updated  scores:120.00 0',1,'2019-02-01 02:07:18','2019-02-01 02:07:18'),(3540,13,'App\\Enrolment','enrolment: was updated  scores: ',84,'2019-02-01 02:08:19','2019-02-01 02:08:19'),(3541,142,'App\\Enrolment','enrolment: was created  scores: ',84,'2019-02-01 02:08:19','2019-02-01 02:08:19'),