-- Table structure for table `skill_track`
--

CREATE TABLE `skill_track` (
  `track_id` int(10) unsigned NOT NULL,
  `skill_order` int(11) NOT NULL,
  `skill_id` int(10) unsigned NOT NULL DEFAULT '1',
  `start_date` date DEFAULT NULL,
  `end_date` date DEFAULT NULL,
  `created_at` timestamp NULL DEFAULT NULL,
  `updated_at` timestamp NULL DEFAULT NULL,
  PRIMARY KEY (`track_id`,`skill_id`),
  KEY `skill_track_skill_id_foreign` (`skill_id`),
  CONSTRAINT `skill_track_skill_id_foreign` FOREIGN KEY (`skill_id`) REFERENCES `skills` (`id`),
  CONSTRAINT `skill_track_track_id_foreign` FOREIGN KEY (`track_id`) REFERENCES `tracks` (`id`)
) ENGINE=InnoDB DEFAULT CHARSET=utf8 COLLATE=utf8_unicode_ci;

--
-- Dumping data for table `skill_track`
--

INSERT INTO `skill_track` VALUES (1,0,1,NULL,NULL,'2020-10-02 10:14:30','2020-10-02 10:14:30'),(1,0,2,NULL,NULL,'2020-10-02 10:14:30','2020-10-02 10:14:30'),(2,1,9,NULL,NULL,'2018-05-03 21:17:18','2018-05-03 21:17:18'),(2,2,10,NULL,NULL,'2018-05-03 21:17:18','2018-05-03 21:17:18'),(2,3,11,NULL,NULL,'2018-05-03 21:17:18','2018-05-03 21:17:18'),(2,4,12,NULL,NULL,'2018-05-03 21:17:18','2018-05-03 21:17:18'),(2,5,13,NULL,NULL,'2018-05-03 21:17:18','2018-05-03 21:17:18'),(2,6,14,NULL,NULL,'2018-05-03 21:17:18','2018-05-03 21:17:18'),(2,7,15,NULL,NULL,'2018-05-03 21:17:18','2018-05-03 21:17:18'),(3,1,16,NULL,NULL,'2018-05-03 21:17:18','2018-05-03 21:17:18'),(3,2,17,NULL,NULL,'2018-05-03 21:17:18','2018-05-03 21:17:18'),(3,3,18,NULL,NULL,'2018-05-03 21:17:18','2018-05-03 21:17:18'),(3,4,19,NULL,NULL,'2018-05-03 21:17:18','2018-05-03 21:17:18'),(3,5,20,NULL,NULL,'2018-05-03 21:17:18','2018-05-03 21:17:18'),(4,1,21,NULL,NULL,'2018-05-03 21:17:18','2018-05-03 21:17:18'),(4,2,22,NULL,NULL,'2018-05-03 21:17:18','2018-05-03 21:17:18'),(5,1,23,NULL,NULL,'2018-05-03 21:17:18','2018-05-03 21:17:18'),(6,1,24,NULL,NULL,'2018-05-03 21:17:18','2018-05-03 21:17:18'),(7,1,25,NULL,NULL,'2018-05-03 21:17:18','2018-05-03 21:17:18'),(7,2,26,NULL,NULL,'2018-05-03 21:17:18','2018-05-03 21:17:18'),(8,1,27,NULL,NULL,'2018-05-03 21:17:18','2018-05-03 21:17:18'),(8,0,386,NULL,NULL,'2018-11-25 14:30:32','2018-11-25 14:30:32'),(9,1,28,NULL,NULL,'2018-05-03 21:17:18','2018-05-03 21:17:18'),(9,2,29,NULL,NULL,'2018-05-03 21:17:18','2018-05-03 21:17:18'),(9,3,30,NULL,NULL,'2018-05-03 21:17:18','2018-05-03 21:17:18'),(9,4,31,NULL,NULL,'2018-05-03 21:17:18','2018-05-03 21:17:18'),(9,5,32,NULL,NULL,'2018-05-03 21:17:18','2018-05-03 21:17:18'),(9,6,33,NULL,NULL,'2018-05-03 21:17:18','2018-05-03 21:17:18'),(10,1,34,NULL,NULL,'2018-05-03 21:17:18','2018-05-03 21:17:18'),(10,2,35,NULL,NULL,'2018-05-03 21:17:18','2018-05-03 21:17:18'),(11,1,36,NULL,NULL,'2018-05-03 21:17:18','2018-05-03 21:17:18'),(11,2,37,NULL,NULL,'2018-05-03 21:17:18','2018-05-03 21:17:18'),(11,3,38,NULL,NULL,'2018-05-03 21:17:18','2018-05-03 21:17:18'),(11,4,39,NULL,NULL,'2018-05-03 21:17:18','2018-05-03 21:17:18'),(11,5,40,NULL,NULL,'2018-05-03 21:17:18','2018-05-03 21:17:18'),(12,1,41,NULL,NULL,'2018-05-03 21:17:18','2018-05-03 21:17:18'),(12,2,42,NULL,NULL,'2018-05-03 21:17:18','2018-05-03 21:17:18'),(12,3,43,NULL,NULL,'2018-05-03 21:17:18','2018-05-03 21:17:18'),(13,1,44,NULL,NULL,'2018-05-03 21:17:18','2018-05-03 21:17:18'),(14,1,45,NULL,NULL,'2018-05-03 21:17:18','2018-05-03 21:17:18'),(14,2,46,NULL,NULL,'2018-05-03 21:17:18','2018-05-03 21:17:18'),(14,3,47,NULL,NULL,'2018-05-03 21:17:18','2018-05-03 21:17:18'),(14,4,48,NULL,NULL,'2018-05-03 21:17:18','2018-05-03 21:17:18'),(14,5,49,NULL,NULL,'2018-05-03 21:17:18','2018-05-03 21:17:18'),(15,1,50,NULL,NULL,'2018-05-03 21:17:18','2018-05-03 21:17:18'),(15,2,51,NULL,NULL,'2018-05-03 21:17:18','2018-05-03 21:17:18'),(15,3,52,NULL,NULL,'2018-05-03 21:17:18','2018-05-03 21:17:18'),(15,4,53,NULL,NULL,'2018-05-03 21:17:18','2018-05-03 21:17:18'),(15,5,54,NULL,NULL,'2018-05-03 21:17:18','2018-05-03 21:17:18'),(16,1,55,NULL,NULL,'2018-05-03 21:17:18','2018-05-03 21:17:18'),(16,2,56,NULL,NULL,'2018-05-03 21:17:18','2018-05-03 21:17:18'),(16,3,57,NULL,NULL,'2018-05-03 21:17:18','2018-05-03 21:17:18'),(16,4,58,NULL,NULL,'2018-05-03 21:17:18','2018-05-03 21:17:18'),(17,1,59,NULL,NULL,'2018-05-03 21:17:18','2018-05-03 21:17:18'),(17,2,60,NULL,NULL,'2018-05-03 21:17:18','2018-05-03 21:17:18'),(17,3,61,NULL,NULL,'2018-05-03 21:17:18','2018-05-03 21:17:18'),(18,1,62,NULL,NULL,'2018-05-03 21:17:18','2018-05-03 21:17:18'),(19,1,63,NULL,NULL,'2018-05-03 21:17:18','2018-05-03 21:17:18'),(19,2,64,NULL,NULL,'2018-05-03 21:17:18','2018-05-03 21:17:18'),(20,1,65,NULL,NULL,'2018-05-03 21:17:18','2018-05-03 21:17:18'),(20,2,66,NULL,NULL,'2018-05-03 21:17:18','2018-05-03 21:17:18'),(20,3,67,NULL,NULL,'2018-05-03 21:17:18','2018-05-03 21:17:18'),(20,4,68,NULL,NULL,'2018-05-03 21:17:18','2018-05-03 21:17:18'),(20,5,69,NULL,NULL,'2018-05-03 21:17:18','2018-05-03 21:17:18'),(21,1,70,NULL,NULL,'2018-05-03 21:17:18','2018-05-03 21:17:18'),(21,2,71,NULL,NULL,'2018-05-03 21:17:18','2018-05-03 21:17:18'),(22,1,72,NULL,NULL,'2018-05-03 21:17:18','2018-05-03 21:17:18'),(22,2,73,NULL,NULL,'2018-05-03 21:17:18','2018-05-03 21:17:18'),(22,3,74,NULL,NULL,'2018-05-03 21:17:18','2018-05-03 21:17:18'),(22,4,75,NULL,NULL,'2018-05-03 21:17:19','2018-05-03 21:17:19'),(22,5,76,NULL,NULL,'2018-05-03 21:17:19','2018-05-03 21:17:19'),(23,1,77,NULL,NULL,'2018-05-03 21:17:19','2018-05-03 21:17:19'),(23,2,78,NULL,NULL,'2018-05-03 21:17:19','2018-05-03 21:17:19'),(23,3,79,NULL,NULL,'2018-05-03 21:17:19','2018-05-03 21:17:19'),(23,4,80,NULL,NULL,'2018-05-03 21:17:19','2018-05-03 21:17:19'),(24,1,81,NULL,NULL,'2018-05-03 21:17:19','2018-05-03 21:17:19'),(25,2,82,NULL,NULL,'2018-05-03 21:17:19','2018-05-03 21:17:19'),(25,3,83,NULL,NULL,'2018-05-03 21:17:19','2018-05-03 21:17:19'),(26,1,84,NULL,NULL,'2018-05-03 21:17:19','2018-05-03 21:17:19'),(26,2,85,NULL,NULL,'2018-05-03 21:17:19','2018-05-03 21:17:19'),(26,3,86,NULL,NULL,'2018-05-03 21:17:19','2018-05-03 21:17:19'),(26,4,87,NULL,NULL,'2018-05-03 21:17:19','2018-05-03 21:17:19'),(27,1,88,NULL,NULL,'2018-05-03 21:17:19','2018-05-03 21:17:19'),(27,2,89,NULL,NULL,'2018-05-03 21:17:19','2018-05-03 21:17:19'),(27,3,90,NULL,NULL,'2018-05-03 21:17:19','2018-05-03 21:17:19'),(27,4,91,NULL,NULL,'2018-05-03 21:17:19','2018-05-03 21:17:19'),(27,5,92,NULL,NULL,'2018-05-03 21:17:19','2018-05-03 21:17:19'),(27,6,93,NULL,NULL,'2018-05-03 21:17:19','2018-05-03 21:17:19'),(28,1,94,NULL,NULL,'2018-05-03 21:17:19','2018-05-03 21:17:19'),(28,2,95,NULL,NULL,'2018-05-03 21:17:19','2018-05-03 21:17:19'),(28,3,96,NULL,NULL,'2018-05-03 21:17:19','2018-05-03 21:17:19'),(28,4,97,NULL,NULL,'2018-05-03 21:17:19','2018-05-03 21:17:19'),(29,1,98,NULL,NULL,'2018-05-03 21:17:19','2018-05-03 21:17:19'),(29,2,99,NULL,NULL,'2018-05-03 21:17:19','2018-05-03 21:17:19'),(30,1,100,NULL,NULL,'2018-05-03 21:17:19','2018-05-03 21:17:19'),(30,2,101,NULL,NULL,'2018-05-03 21:17:19','2018-05-03 21:17:19'),(31,1,102,NULL,NULL,'2018-05-03 21:17:19','2018-05-03 21:17:19'),(31,2,103,NULL,NULL,'2018-05-03 21:17:19','2018-05-03 21:17:19'),(31,3,104,NULL,NULL,'2018-05-03 21:17:19','2018-05-03 21:17:19'),(32,1,105,NULL,NULL,'2018-05-03 21:17:19','2018-05-03 21:17:19'),(32,2,106,NULL,NULL,'2018-05-03 21:17:19','2018-05-03 21:17:19'),(32,3,107,NULL,NULL,'2018-05-03 21:17:19','2018-05-03 21:17:19'),(32,4,108,NULL,NULL,'2018-05-03 21:17:19','2018-05-03 21:17:19'),(32,5,109,NULL,NULL,'2018-05-03 21:17:19','2018-05-03 21:17:19'),(32,6,110,NULL,NULL,'2018-05-03 21:17:19','2018-05-03 21:17:19'),(33,1,111,NULL,NULL,'2018-05-03 21:17:19','2018-05-03 21:17:19'),(33,2,112,NULL,NULL,'2018-05-03 21:17:19','2018-05-03 21:17:19'),(33,3,113,NULL,NULL,'2018-05-03 21:17:19','2018-05-03 21:17:19'),(33,4,114,NULL,NULL,'2018-05-03 21:17:19','2018-05-03 21:17:19'),(33,5,115,NULL,NULL,'2018-05-03 21:17:19','2018-05-03 21:17:19'),(34,1,116,NULL,NULL,'2018-05-03 21:17:19','2018-05-03 21:17:19'),(34,2,117,NULL,NULL,'2018-05-03 21:17:19','2018-05-03 21:17:19'),(34,3,118,NULL,NULL,'2018-05-03 21:17:19','2018-05-03 21:17:19'),(35,1,119,NULL,NULL,'2018-05-03 21:17:19','2018-05-03 21:17:19'),(36,2,120,NULL,NULL,'2018-05-03 21:17:19','2018-05-03 21:17:19'),(37,1,121,NULL,NULL,'2018-05-03 21:17:19','2018-05-03 21:17:19'),(37,2,122,NULL,NULL,'2018-05-03 21:17:19','2018-05-03 21:17:19'),(38,1,123,NULL,NULL,'2018-05-03 21:17:19','2018-05-03 21:17:19'),(38,2,124,NULL,NULL,'2018-05-03 21:17:19','2018-05-03 21:17:19'),(38,3,125,NULL,NULL,'2018-05-03 21:17:19','2018-05-03 21:17:19'),(38,4,126,NULL,NULL,'2018-05-03 21:17:19','2018-05-03 21:17:19'),(38,5,127,NULL,NULL,'2018-05-03 21:17:19','2018-05-03 21:17:19'),(38,6,128,NULL,NULL,'2018-05-03 21:17:19','2018-05-03 21:17:19'),(39,1,129,NULL,NULL,'2018-05-03 21:17:19','2018-05-03 21:17:19'),(40,2,130,NULL,NULL,'2018-05-03 21:17:19','2018-05-03 21:17:19'),(40,3,131,NULL,NULL,'2018-05-03 21:17:19','2018-05-03 21:17:19'),(40,4,132,NULL,NULL,'2018-05-03 21:17:19','2018-05-03 21:17:19'),(41,1,133,NULL,NULL,'2018-05-03 21:17:19','2018-05-03 21:17:19'),(41,2,134,NULL,NULL,'2018-05-03 21:17:19','2018-05-03 21:17:19'),(41,3,135,NULL,NULL,'2018-05-03 21:17:19','2018-05-03 21:17:19'),(42,1,136,NULL,NULL,'2018-05-03 21:17:19','2018-05-03 21:17:19'),(42,2,137,NULL,NULL,'2018-05-03 21:17:19','2018-05-03 21:17:19'),(42,3,138,NULL,NULL,'2018-05-03 21:17:19','2018-05-03 21:17:19'),(43,1,139,NULL,NULL,'2018-05-03 21:17:19','2018-05-03 21:17:19'),(43,2,140,NULL,NULL,'2018-05-03 21:17:19','2018-05-03 21:17:19'),(43,3,141,NULL,NULL,'2018-05-03 21:17:19','2018-05-03 21:17:19'),(43,4,142,NULL,NULL,'2018-05-03 21:17:19','2018-05-03 21:17:19'),(44,1,143,NULL,NULL,'2018-05-03 21:17:19','2018-05-03 21:17:19'),(45,1,144,NULL,NULL,'2018-05-03 21:17:19','2018-05-03 21:17:19'),(45,2,145,NULL,NULL,'2018-05-03 21:17:19','2018-05-03 21:17:19'),(46,1,146,NULL,NULL,'2018-05-03 21:17:19','2018-05-03 21:17:19'),(46,2,147,NULL,NULL,'2018-05-03 21:17:19','2018-05-03 21:17:19'),(46,3,148,NULL,NULL,'2018-05-03 21:17:19','2018-05-03 21:17:19'),(47,1,149,NULL,NULL,'2018-05-03 21:17:19','2018-05-03 21:17:19'),(47,2,150,NULL,NULL,'2018-05-03 21:17:19','2018-05-03 21:17:19'),(48,1,151,NULL,NULL,'2018-05-03 21:17:19','2018-05-03 21:17:19'),(48,2,152,NULL,NULL,'2018-05-03 21:17:19','2018-05-03 21:17:19'),(48,3,153,NULL,NULL,'2018-05-03 21:17:19','2018-05-03 21:17:19'),(48,4,154,NULL,NULL,'2018-05-03 21:17:19','2018-05-03 21:17:19'),(49,1,155,NULL,NULL,'2018-05-03 21:17:19','2018-05-03 21:17:19'),(49,2,156,NULL,NULL,'2018-05-03 21:17:19','2018-05-03 21:17:19'),(50,1,157,NULL,NULL,'2018-05-03 21:17:19','2018-05-03 21:17:19'),(50,2,158,NULL,NULL,'2018-05-03 21:17:19','2018-05-03 21:17:19'),(51,1,159,NULL,NULL,'2018-05-03 21:17:19','2018-05-03 21:17:19'),(51,2,160,NULL,NULL,'2018-05-03 21:17:19','2018-05-03 21:17:19'),(51,3,161,NULL,NULL,'2018-05-03 21:17:19','2018-05-03 21:17:19'),(51,4,162,NULL,NULL,'2018-05-03 21:17:19','2018-05-03 21:17:19'),(51,5,163,NULL,NULL,'2018-05-03 21:17:19','2018-05-03 21:17:19'),(51,6,164,NULL,NULL,'2018-05-03 21:17:19','2018-05-03 21:17:19'),(51,7,165,NULL,NULL,'2018-05-03 21:17:19','2018-05-03 21:17:19'),(52,1,166,NULL,NULL,'2018-05-03 21:17:19','2018-05-03 21:17:19'),(52,2,167,NULL,NULL,'2018-05-03 21:17:19','2018-05-03 21:17:19'),(52,3,168,NULL,NULL,'2018-05-03 21:17:19','2018-05-03 21:17:19'),(52,4,169,NULL,NULL,'2018-05-03 21:17:19','2018-05-03 21:17:19'),(52,5,170,NULL,NULL,'2018-05-03 21:17:19','2018-05-03 21:17:19'),(53,1,171,NULL,NULL,'2018-05-03 21:17:19','2018-05-03 21:17:19'),(53,2,172,NULL,NULL,'2018-05-03 21:17:19','2018-05-03 21:17:19'),(53,3,173,NULL,NULL,'2018-05-03 21:17:19','2018-05-03 21:17:19'),(53,4,174,NULL,NULL,'2018-05-03 21:17:19','2018-05-03 21:17:19'),(53,5,175,NULL,NULL,'2018-05-03 21:17:19','2018-05-03 21:17:19'),(53,6,176,NULL,NULL,'2018-05-03 21:17:19','2018-05-03 21:17:19'),(54,1,177,NULL,NULL,'2018-05-03 21:17:19','2018-05-03 21:17:19'),(54,2,178,NULL,NULL,'2018-05-03 21:17:19','2018-05-03 21:17:19'),(54,3,179,NULL,NULL,'2018-05-03 21:17:19','2018-05-03 21:17:19'),(54,4,180,NULL,NULL,'2018-05-03 21:17:19','2018-05-03 21:17:19'),(54,5,181,NULL,NULL,'2018-05-03 21:17:19','2018-05-03 21:17:19'),(54,6,182,NULL,NULL,'2018-05-03 21:17:19','2018-05-03 21:17:19'),(54,7,183,NULL,NULL,'2018-05-03 21:17:19','2018-05-03 21:17:19'),(55,1,184,NULL,NULL,'2018-05-03 21:17:19','2018-05-03 21:17:19'),(56,1,185,NULL,NULL,'2018-05-03 21:17:19','2018-05-03 21:17:19'),(56,2,186,NULL,NULL,'2018-05-03 21:17:19','2018-05-03 21:17:19'),(57,1,187,NULL,NULL,'2018-05-03 21:17:19','2018-05-03 21:17:19'),(57,2,188,NULL,NULL,'2018-05-03 21:17:19','2018-05-03 21:17:19'),(57,3,189,NULL,NULL,'2018-05-03 21:17:19','2018-05-03 21:17:19'),(57,4,190,NULL,NULL,'2018-05-03 21:17:19','2018-05-03 21:17:19'),(57,5,191,NULL,NULL,'2018-05-03 21:17:19','2018-05-03 21:17:19'),(57,6,192,NULL,NULL,'2018-05-03 21:17:19','2018-05-03 21:17:19'),(57,7,193,NULL,NULL,'2018-05-03 21:17:19','2018-05-03 21:17:19'),(58,1,194,NULL,NULL,'2018-05-03 21:17:19','2018-05-03 21:17:19'),(59,1,195,NULL,NULL,'2018-05-03 21:17:19','2018-05-03 21:17:19'),(59,2,196,NULL,NULL,'2018-05-03 21:17:19','2018-05-03 21:17:19'),(59,3,197,NULL,NULL,'2018-05-03 21:17:19','2018-05-03 21:17:19'),(60,1,198,NULL,NULL,'2018-05-03 21:17:19','2018-05-03 21:17:19'),(60,2,199,NULL,NULL,'2018-05-03 21:17:19','2018-05-03 21:17:19'),(60,3,200,NULL,NULL,'2018-05-03 21:17:19','2018-05-03 21:17:19'),(60,4,201,NULL,NULL,'2018-05-03 21:17:19','2018-05-03 21:17:19'),(61,1,202,NULL,NULL,'2018-05-03 21:17:19','2018-05-03 21:17:19'),(61,2,203,NULL,NULL,'2018-05-03 21:17:19','2018-05-03 21:17:19'),(61,3,204,NULL,NULL,'2018-05-03 21:17:19','2018-05-03 21:17:19'),(61,4,205,NULL,NULL,'2018-05-03 21:17:19','2018-05-03 21:17:19'),(62,1,206,NULL,NULL,'2018-05-03 21:17:19','2018-05-03 21:17:19'),(63,1,207,NULL,NULL,'2018-05-03 21:17:19','2018-05-03 21:17:19'),(63,2,208,NULL,NULL,'2018-05-03 21:17:19','2018-05-03 21:17:19'),(63,3,209,NULL,NULL,'2018-05-03 21:17:19','2018-05-03 21:17:19'),(64,1,210,NULL,NULL,'2018-05-03 21:17:19','2018-05-03 21:17:19'),(64,2,211,NULL,NULL,'2018-05-03 21:17:19','2018-05-03 21:17:19'),(64,3,212,NULL,NULL,'2018-05-03 21:17:19','2018-05-03 21:17:19'),(64,4,213,NULL,NULL,'2018-05-03 21:17:19','2018-05-03 21:17:19'),(64,5,214,NULL,NULL,'2018-05-03 21:17:19','2018-05-03 21:17:19'),(65,1,215,NULL,NULL,'2018-05-03 21:17:19','2018-05-03 21:17:19'),(65,2,216,NULL,NULL,'2018-05-03 21:17:19','2018-05-03 21:17:19'),(65,3,217,NULL,NULL,'2018-05-03 21:17:19','2018-05-03 21:17:19'),(65,4,218,NULL,NULL,'2018-05-03 21:17:19','2018-05-03 21:17:19'),(65,5,219,NULL,NULL,'2018-05-03 21:17:19','2018-05-03 21:17:19'),(66,1,220,NULL,NULL,'2018-05-03 21:17:19','2018-05-03 21:17:19'),(66,2,221,NULL,NULL,'2018-05-03 21:17:19','2018-05-03 21:17:19'),(66,3,222,NULL,NULL,'2018-05-03 21:17:19','2018-05-03 21:17:19'),(67,1,223,NULL,NULL,'2018-05-03 21:17:19','2018-05-03 21:17:19'),(68,1,224,NULL,NULL,'2018-05-03 21:17:19','2018-05-03 21:17:19'),(68,2,225,NULL,NULL,'2018-05-03 21:17:19','2018-05-03 21:17:19'),(68,3,226,NULL,NULL,'2018-05-03 21:17:19','2018-05-03 21:17:19'),(68,4,227,NULL,NULL,'2018-05-03 21:17:19','2018-05-03 21:17:19'),(68,5,228,NULL,NULL,'2018-05-03 21:17:19','2018-05-03 21:17:19'),(68,6,229,NULL,NULL,'2018-05-03 21:17:19','2018-05-03 21:17:19'),(69,1,230,NULL,NULL,'2018-05-03 21:17:19','2018-05-03 21:17:19'),(70,1,231,NULL,NULL,'2018-05-03 21:17:19','2018-05-03 21:17:19'),(70,2,232,NULL,NULL,'2018-05-03 21:17:19','2018-05-03 21:17:19'),(70,3,233,NULL,NULL,'2018-05-03 21:17:19','2018-05-03 21:17:19'),(70,4,234,NULL,NULL,'2018-05-03 21:17:19','2018-05-03 21:17:19'),(71,0,235,NULL,NULL,'2019-03-04 08:17:49','2019-03-04 08:17:49'),(71,0,236,NULL,NULL,'2019-03-04 08:19:16','2019-03-04 08:19:16'),(72,1,237,NULL,NULL,'2018-05-03 21:17:19','2018-05-03 21:17:19'),(72,2,238,NULL,NULL,'2018-05-03 21:17:19','2018-05-03 21:17:19'),(72,3,239,NULL,NULL,'2018-05-03 21:17:19','2018-05-03 21:17:19'),(72,4,240,NULL,NULL,'2018-05-03 21:17:19','2018-05-03 21:17:19'),(72,5,241,NULL,NULL,'2018-05-03 21:17:19','2018-05-03 21:17:19'),(73,1,242,NULL,NULL,'2018-05-03 21:17:19','2018-05-03 21:17:19'),(73,2,243,NULL,NULL,'2018-05-03 21:17:19','2018-05-03 21:17:19'),(73,3,244,NULL,NULL,'2018-05-03 21:17:19','2018-05-03 21:17:19'),(73,4,245,NULL,NULL,'2018-05-03 21:17:19','2018-05-03 21:17:19'),(73,5,246,NULL,NULL,'2018-05-03 21:17:19','2018-05-03 21:17:19'),(73,6,247,NULL,NULL,'2018-05-03 21:17:19','2018-05-03 21:17:19'),(73,7,248,NULL,NULL,'2018-05-03 21:17:19','2018-05-03 21:17:19'),(73,8,249,NULL,NULL,'2018-05-03 21:17:19','2018-05-03 21:17:19'),(73,9,250,NULL,NULL,'2018-05-03 21:17:19','2018-05-03 21:17:19'),(73,10,251,NULL,NULL,'2018-05-03 21:17:19','2018-05-03 21:17:19'),(73,11,252,NULL,NULL,'2018-05-03 21:17:19','2018-05-03 21:17:19'),(74,2,254,NULL,NULL,'2018-05-03 21:17:19','2018-05-03 21:17:19'),(74,3,255,NULL,NULL,'2018-05-03 21:17:19','2018-05-03 21:17:19'),(75,1,256,NULL,NULL,'2018-05-03 21:17:19','2018-05-03 21:17:19'),(75,2,257,NULL,NULL,'2018-05-03 21:17:19','2018-05-03 21:17:19'),(75,3,258,NULL,NULL,'2018-05-03 21:17:19','2018-05-03 21:17:19'),(76,1,259,NULL,NULL,'2018-05-03 21:17:19','2018-05-03 21:17:19'),(76,2,260,NULL,NULL,'2018-05-03 21:17:19','2018-05-03 21:17:19'),(76,3,261,NULL,NULL,'2018-05-03 21:17:19','2018-05-03 21:17:19'),(76,4,262,NULL,NULL,'2018-05-03 21:17:19','2018-05-03 21:17:19'),(77,1,263,NULL,NULL,'2018-05-03 21:17:19','2018-05-03 21:17:19'),(77,2,264,NULL,NULL,'2018-05-03 21:17:19','2018-05-03 21:17:19'),(77,3,265,NULL,NULL,'2018-05-03 21:17:19','2018-05-03 21:17:19'),(77,4,266,NULL,NULL,'2018-05-03 21:17:19','2018-05-03 21:17:19'),(77,5,267,NULL,NULL,'2018-05-03 21:17:19','2018-05-03 21:17:19'),(77,6,268,NULL,NULL,'2018-05-03 21:17:19','2018-05-03 21:17:19'),(78,1,269,NULL,NULL,'2018-05-03 21:17:19','2018-05-03 21:17:19'),(78,2,270,NULL,NULL,'2018-05-03 21:17:19','2018-05-03 21:17:19'),(78,3,271,NULL,NULL,'2018-05-03 21:17:19','2018-05-03 21:17:19'),(79,1,272,NULL,NULL,'2018-05-03 21:17:19','2018-05-03 21:17:19'),(79,2,273,NULL,NULL,'2018-05-03 21:17:19','2018-05-03 21:17:19'),(79,3,274,NULL,NULL,'2018-05-03 21:17:19','2018-05-03 21:17:19'),(79,4,275,NULL,NULL,'2018-05-03 21:17:19','2018-05-03 21:17:19'),(79,5,276,NULL,NULL,'2018-05-03 21:17:19','2018-05-03 21:17:19'),(80,1,277,NULL,NULL,'2018-05-03 21:17:19','2018-05-03 21:17:19'),(80,2,278,NULL,NULL,'2018-05-03 21:17:19','2018-05-03 21:17:19'),(80,3,279,NULL,NULL,'2018-05-03 21:17:19','2018-05-03 21:17:19'),(81,1,280,NULL,NULL,'2018-05-03 21:17:19','2018-05-03 21:17:19'),(81,2,281,NULL,NULL,'2018-05-03 21:17:19','2018-05-03 21:17:19'),(81,3,282,NULL,NULL,'2018-05-03 21:17:19','2018-05-03 21:17:19'),(81,4,283,NULL,NULL,'2018-05-03 21:17:19','2018-05-03 21:17:19'),(82,1,284,NULL,NULL,'2018-05-03 21:17:20','2018-05-03 21:17:20'),(82,2,285,NULL,NULL,'2018-05-03 21:17:20','2018-05-03 21:17:20'),(82,3,286,NULL,NULL,'2018-05-03 21:17:20','2018-05-03 21:17:20'),(82,4,287,NULL,NULL,'2018-05-03 21:17:20','2018-05-03 21:17:20'),(83,1,288,NULL,NULL,'2018-05-03 21:17:20','2018-05-03 21:17:20'),(83,2,289,NULL,NULL,'2018-05-03 21:17:20','2018-05-03 21:17:20'),(83,3,290,NULL,NULL,'2018-05-03 21:17:20','2018-05-03 21:17:20'),(83,4,291,NULL,NULL,'2018-05-03 21:17:20','2018-05-03 21:17:20'),(83,5,292,NULL,NULL,'2018-05-03 21:17:20','2018-05-03 21:17:20'),(84,1,293,NULL,NULL,'2018-05-03 21:17:20','2018-05-03 21:17:20'),(84,2,294,NULL,NULL,'2018-05-03 21:17:20','2018-05-03 21:17:20'),(84,3,295,NULL,NULL,'2018-05-03 21:17:20','2018-05-03 21:17:20'),(84,4,296,NULL,NULL,'2018-05-03 21:17:20','2018-05-03 21:17:20'),(84,5,297,NULL,NULL,'2018-05-03 21:17:20','2018-05-03 21:17:20'),(84,6,298,NULL,NULL,'2018-05-03 21:17:20','2018-05-03 21:17:20'),(84,7,299,NULL,NULL,'2018-05-03 21:17:20','2018-05-03 21:17:20'),(85,1,300,NULL,NULL,'2018-05-03 21:17:20','2018-05-03 21:17:20'),(85,2,301,NULL,NULL,'2018-05-03 21:17:20','2018-05-03 21:17:20'),(85,3,302,NULL,NULL,'2018-05-03 21:17:20','2018-05-03 21:17:20'),(85,4,303,NULL,NULL,'2018-05-03 21:17:20','2018-05-03 21:17:20'),(85,5,304,NULL,NULL,'2018-05-03 21:17:20','2018-05-03 21:17:20'),(86,1,305,NULL,NULL,'2018-05-03 21:17:20','2018-05-03 21:17:20'),(86,2,306,NULL,NULL,'2018-05-03 21:17:20','2018-05-03 21:17:20'),(86,3,307,NULL,NULL,'2018-05-03 21:17:20','2018-05-03 21:17:20'),(86,4,308,NULL,NULL,'2018-05-03 21:17:20','2018-05-03 21:17:20'),(87,1,309,NULL,NULL,'2018-05-03 21:17:20','2018-05-03 21:17:20'),(87,2,310,NULL,NULL,'2018-05-03 21:17:20','2018-05-03 21:17:20'),(87,3,311,NULL,NULL,'2018-05-03 21:17:20','2018-05-03 21:17:20'),(88,1,312,NULL,NULL,'2018-05-03 21:17:20','2018-05-03 21:17:20'),(88,2,313,NULL,NULL,'2018-05-03 21:17:20','2018-05-03 21:17:20'),(88,3,314,NULL,NULL,'2018-05-03 21:17:20','2018-05-03 21:17:20'),(88,4,315,NULL,NULL,'2018-05-03 21:17:20','2018-05-03 21:17:20'),(88,5,316,NULL,NULL,'2018-05-03 21:17:20','2018-05-03 21:17:20'),(88,6,317,NULL,NULL,'2018-05-03 21:17:20','2018-05-03 21:17:20'),(89,1,318,NULL,NULL,'2018-05-03 21:17:20','2018-05-03 21:17:20'),(89,2,319,NULL,NULL,'2018-05-03 21:17:20','2018-05-03 21:17:20'),(89,3,320,NULL,NULL,'2018-05-03 21:17:20','2018-05-03 21:17:20'),(89,4,321,NULL,NULL,'2018-05-03 21:17:20','2018-05-03 21:17:20'),(89,5,322,NULL,NULL,'2018-05-03 21:17:20','2018-05-03 21:17:20'),(89,6,323,NULL,NULL,'2018-05-03 21:17:20','2018-05-03 21:17:20'),(89,7,324,NULL,NULL,'2018-05-03 21:17:20','2018-05-03 21:17:20'),(89,8,325,NULL,NULL,'2018-05-03 21:17:20','2018-05-03 21:17:20'),(89,9,326,NULL,NULL,'2018-05-03 21:17:20','2018-05-03 21:17:20'),(89,10,327,NULL,NULL,'2018-05-03 21:17:20','2018-05-03 21:17:20'),(89,11,328,NULL,NULL,'2018-05-03 21:17:20','2018-05-03 21:17:20'),(90,1,329,NULL,NULL,'2018-05-03 21:17:20','2018-05-03 21:17:20'),(90,2,330,NULL,NULL,'2018-05-03 21:17:20','2018-05-03 21:17:20'),(90,3,331,NULL,NULL,'2018-05-03 21:17:20','2018-05-03 21:17:20'),(90,4,332,NULL,NULL,'2018-05-03 21:17:20','2018-05-03 21:17:20'),(90,5,333,NULL,NULL,'2018-05-03 21:17:20','2018-05-03 21:17:20'),(90,6,334,NULL,NULL,'2018-05-03 21:17:20','2018-05-03 21:17:20'),(90,7,335,NULL,NULL,'2018-05-03 21:17:20','2018-05-03 21:17:20'),(90,8,336,NULL,NULL,'2018-05-03 21:17:20','2018-05-03 21:17:20'),(90,9,337,NULL,NULL,'2018-05-03 21:17:20','2018-05-03 21:17:20'),(90,10,338,NULL,NULL,'2018-05-03 21:17:20','2018-05-03 21:17:20'),(90,11,339,NULL,NULL,'2018-05-03 21:17:20','2018-05-03 21:17:20'),(90,12,340,NULL,NULL,'2018-05-03 21:17:20','2018-05-03 21:17:20'),(90,13,341,NULL,NULL,'2018-05-03 21:17:20','2018-05-03 21:17:20'),(91,1,342,NULL,NULL,'2018-05-03 21:17:20','2018-05-03 21:17:20'),(91,2,343,NULL,NULL,'2018-05-03 21:17:20','2018-05-03 21:17:20'),(92,1,344,NULL,NULL,'2018-05-03 21:17:20','2018-05-03 21:17:20'),(92,2,345,NULL,NULL,'2018-05-03 21:17:20','2018-05-03 21:17:20'),(92,3,346,NULL,NULL,'2018-05-03 21:17:20','2018-05-03 21:17:20'),(92,4,347,NULL,NULL,'2018-05-03 21:17:20','2018-05-03 21:17:20'),(92,5,348,NULL,NULL,'2018-05-03 21:17:20','2018-05-03 21:17:20'),(92,6,349,NULL,NULL,'2018-05-03 21:17:20','2018-05-03 21:17:20'),(92,7,350,NULL,NULL,'2018-05-03 21:17:20','2018-05-03 21:17:20'),(92,8,351,NULL,NULL,'2018-05-03 21:17:20','2018-05-03 21:17:20'),(92,9,352,NULL,NULL,'2018-05-03 21:17:20','2018-05-03 21:17:20'),(92,10,353,NULL,NULL,'2018-05-03 21:17:20','2018-05-03 21:17:20'),(92,11,354,NULL,NULL,'2018-05-03 21:17:20','2018-05-03 21:17:20'),(92,12,355,NULL,NULL,'2018-05-03 21:17:20','2018-05-03 21:17:20'),(93,1,356,NULL,NULL,'2018-05-03 21:17:20','2018-05-03 21:17:20'),(93,2,357,NULL,NULL,'2018-05-03 21:17:20','2018-05-03 21:17:20'),(93,3,358,NULL,NULL,'2018-05-03 21:17:20','2018-05-03 21:17:20'),(93,4,359,NULL,NULL,'2018-05-03 21:17:20','2018-05-03 21:17:20'),(93,5,360,NULL,NULL,'2018-05-03 21:17:20','2018-05-03 21:17:20'),(93,6,361,NULL,NULL,'2018-05-03 21:17:20','2018-05-03 21:17:20'),(94,1,362,NULL,NULL,'2018-05-03 21:17:20','2018-05-03 21:17:20'),(94,2,363,NULL,NULL,'2018-05-03 21:17:20','2018-05-03 21:17:20'),(94,3,364,NULL,NULL,'2018-05-03 21:17:20','2018-05-03 21:17:20'),(95,1,365,NULL,NULL,'2018-05-03 21:17:20','2018-05-03 21:17:20'),(95,2,366,NULL,NULL,'2018-05-03 21:17:20','2018-05-03 21:17:20'),(95,3,367,NULL,NULL,'2018-05-03 21:17:20','2018-05-03 21:17:20'),(95,4,368,NULL,NULL,'2018-05-03 21:17:20','2018-05-03 21:17:20'),(95,5,369,NULL,NULL,'2018-05-03 21:17:20','2018-05-03 21:17:20'),(96,1,370,NULL,NULL,'2018-05-03 21:17:20','2018-05-03 21:17:20'),(96,2,371,NULL,NULL,'2018-05-03 21:17:20','2018-05-03 21:17:20'),(96,3,372,NULL,NULL,'2018-05-03 21:17:20','2018-05-03 21:17:20'),(97,1,373,NULL,NULL,'2018-05-03 21:17:20','2018-05-03 21:17:20'),(97,2,374,NULL,NULL,'2018-05-03 21:17:20','2018-05-03 21:17:20'),(97,3,375,NULL,NULL,'2018-05-03 21:17:20','2018-05-03 21:17:20'),(98,1,376,NULL,NULL,'2018-05-03 21:17:20','2018-05-03 21:17:20'),(98,2,377,NULL,NULL,'2018-05-03 21:17:20','2018-05-03 21:17:20'),(99,1,378,NULL,NULL,'2018-05-03 21:17:20','2018-05-03 21:17:20'),(99,2,379,NULL,NULL,'2018-05-03 21:17:20','2018-05-03 21:17:20'),(100,1,380,NULL,NULL,'2018-05-03 21:17:20','2018-05-03 21:17:20'),(101,1,381,NULL,NULL,'2018-05-03 21:17:20','2018-05-03 21:17:20'),(101,2,382,NULL,NULL,'2018-05-03 21:17:20','2018-05-03 21:17:20'),(101,3,383,NULL,NULL,'2018-05-03 21:17:20','2018-05-03 21:17:20'),(103,1,242,NULL,NULL,'2018-05-07 01:30:16','2018-05-07 01:30:16'),(103,2,243,NULL,NULL,'2018-05-07 01:30:16','2018-05-07 01:30:16'),(103,3,244,NULL,NULL,'2018-05-07 01:30:16','2018-05-07 01:30:16'),(103,4,245,NULL,NULL,'2018-05-07 01:30:16','2018-05-07 01:30:16'),(103,5,246,NULL,NULL,'2018-05-07 01:30:16','2018-05-07 01:30:16'),(103,6,247,NULL,NULL,'2018-05-07 01:30:16','2018-05-07 01:30:16'),(103,7,248,NULL,NULL,'2018-05-07 01:30:16','2018-05-07 01:30:16'),(103,8,249,NULL,NULL,'2018-05-07 01:30:16','2018-05-07 01:30:16'),(103,9,250,NULL,NULL,'2018-05-07 01:30:16','2018-05-07 01:30:16'),(103,10,251,NULL,NULL,'2018-05-07 01:30:16','2018-05-07 01:30:16'),(103,11,252,NULL,NULL,'2018-05-07 01:30:16','2018-05-07 01:30:16'),(105,2,2,NULL,NULL,'2018-10-07 21:04:24','2018-10-07 21:04:24'),(105,3,3,NULL,NULL,'2018-10-07 21:04:24','2018-10-07 21:04:24'),(105,4,4,NULL,NULL,'2018-10-07 21:04:24','2018-10-07 21:04:24'),(105,5,5,NULL,NULL,'2018-10-07 21:04:24','2018-10-07 21:04:24'),(105,6,6,NULL,NULL,'2018-10-07 21:04:24','2018-10-07 21:04:24'),(105,7,7,NULL,NULL,'2018-10-07 21:04:24','2018-10-07 21:04:24'),(105,8,8,NULL,NULL,'2018-10-07 21:04:24','2018-10-07 21:04:24'),(109,0,402,NULL,NULL,'2019-04-22 02:27:42','2019-04-22 02:27:42'),(109,0,405,NULL,NULL,'2019-05-06 05:25:57','2019-05-06 05:25:57'),(111,0,407,NULL,NULL,'2020-09-16 09:10:27','2020-09-16 09:10:27'),(112,0,408,NULL,NULL,'2020-09-17 00:21:03','2020-09-17 00:21:03'),(113,0,409,NULL,NULL,'2020-09-17 00:21:37','2020-09-17 00:21:37'),(114,0,410,NULL,NULL,'2020-09-17 00:22:00','2020-09-17 00:22:00'),(115,0,411,NULL,NULL,'2020-09-17 00:22:18','2020-09-17 00:22:18'),(116,0,412,NULL,NULL,'2020-09-17 00:40:08','2020-09-17 00:40:08'),(117,0,413,NULL,NULL,'2020-09-17 00:40:30','2020-09-17 00:40:30'),(118,0,414,NULL,NULL,'2020-09-17 00:41:04','2020-09-17 00:41:04'),(119,0,415,NULL,NULL,'2020-09-17 00:41:18','2020-09-17 00:41:18'),(120,0,416,NULL,NULL,'2020-09-17 00:41:37','2020-09-17 00:41:37'),(121,0,417,NULL,NULL,'2020-09-16 14:58:02','2020-09-16 14:58:02'),(122,0,418,NULL,NULL,'2020-09-17 00:42:17','2020-09-17 00:42:17'),(123,0,419,NULL,NULL,'2020-12-10 16:01:59','2020-12-10 16:01:59'),(128,0,420,NULL,NULL,'2020-12-13 03:54:22','2020-12-13 03:54:22'),(129,0,421,NULL,NULL,'2020-12-20 05:43:43','2020-12-20 05:43:43');

--
-- Table structure for table `skill_user`
--

CREATE TABLE `skill_user` (
  `skill_id` int(10) unsigned NOT NULL,
  `user_id` int(10) unsigned NOT NULL,
  `skill_maxile` decimal(6,2) NOT NULL DEFAULT '0.00',
  `skill_test_date` datetime NOT NULL DEFAULT '2018-05-04 00:00:00',
  `skill_passed` int(11) NOT NULL DEFAULT '0',
  `difficulty_passed` int(11) NOT NULL DEFAULT '0',
  `noOfTries` int(11) NOT NULL DEFAULT '0',
  `noOfPasses` int(11) NOT NULL DEFAULT '0',
  `noOfFails` int(11) NOT NULL DEFAULT '0',
  `created_at` timestamp NULL DEFAULT NULL,
  `updated_at` timestamp NULL DEFAULT NULL,
  PRIMARY KEY (`skill_id`,`user_id`),
  KEY `skill_user_user_id_foreign` (`user_id`),
  CONSTRAINT `skill_user_skill_id_foreign` FOREIGN KEY (`skill_id`) REFERENCES `skills` (`id`) ON DELETE CASCADE,
  CONSTRAINT `skill_user_user_id_foreign` FOREIGN KEY (`user_id`) REFERENCES `users` (`id`) ON DELETE CASCADE
) ENGINE=InnoDB DEFAULT CHARSET=utf8 COLLATE=utf8_unicode_ci;

--
-- Dumping data for table `skill_user`
--

INSERT INTO `skill_user` VALUES (1,208,0.00,'2021-08-20 01:33:44',1,3,0,0,0,'2021-08-20 01:33:44','2021-08-20 01:33:44'),(2,320,0.00,'2021-09-10 03:41:09',1,3,1,0,0,'2021-09-09 09:00:32','2021-09-10 03:41:09'),(3,194,200.00,'2021-08-06 23:20:31',1,3,72,63,1,'2020-09-04 02:36:59','2021-08-06 23:20:31'),(4,194,200.00,'2021-08-02 23:06:06',1,3,36,2,0,'2020-09-04 02:50:47','2021-08-02 23:06:06'),(5,319,0.00,'2021-08-20 06:25:43',1,3,1,0,0,'2021-08-20 06:20:19','2021-08-20 06:25:43'),(6,194,200.00,'2021-07-23 10:19:50',1,3,19,15,0,'2020-09-04 02:28:41','2021-07-23 10:19:50'),(7,194,200.00,'2021-08-10 22:56:05',1,2,82,16,2,'2020-09-04 02:28:41','2021-08-10 22:56:05'),(8,319,0.00,'2021-08-21 22:48:06',0,0,1,1,0,'2021-08-21 22:43:31','2021-08-21 22:48:06'),(9,194,200.00,'2021-08-04 22:56:54',1,2,26,22,1,'2020-09-04 02:22:56','2021-08-04 22:56:54'),(10,194,166.67,'2021-08-10 00:17:39',0,2,101,4,0,'2020-09-04 00:55:27','2021-08-10 00:17:39'),(11,115,200.00,'2019-05-03 00:39:21',1,3,1,0,0,NULL,'2019-05-03 00:39:21'),(12,115,200.00,'2019-05-03 00:39:21',1,3,1,0,0,NULL,'2019-05-03 00:39:21'),(13,319,0.00,'2021-08-20 06:23:13',1,3,1,0,0,'2021-08-20 06:20:19','2021-08-20 06:23:13'),(14,320,0.00,'2021-09-10 03:41:09',0,0,1,0,0,'2021-09-09 09:00:32','2021-09-10 03:41:09'),(15,2,0.00,'2021-08-15 09:12:42',1,3,1,0,0,'2021-08-15 09:11:19','2021-08-15 09:12:42'),(16,320,0.00,'2021-09-10 03:41:09',1,3,1,0,0,'2021-09-09 09:00:32','2021-09-10 03:41:09'),(18,194,200.00,'2021-08-03 23:41:18',1,3,49,19,0,'2020-09-22 23:49:14','2021-08-03 23:41:18'),(19,194,200.00,'2021-07-28 07:41:24',1,3,38,36,0,'2020-09-04 02:22:56','2021-07-28 07:41:24'),(20,194,200.00,'2021-07-26 22:56:05',1,3,42,5,0,'2020-09-04 00:43:52','2021-07-26 22:56:05'),(21,319,0.00,'2021-08-20 06:23:13',0,0,1,0,0,'2021-08-20 06:20:19','2021-08-20 06:23:13'),(22,320,0.00,'2021-09-10 03:41:09',1,3,1,0,0,'2021-09-09 09:00:32','2021-09-10 03:41:09'),(23,320,0.00,'2021-09-10 03:41:09',0,0,1,0,0,'2021-09-09 09:00:32','2021-09-10 03:41:09'),(24,320,0.00,'2021-09-10 03:42:09',0,0,1,0,0,'2021-09-09 09:00:32','2021-09-10 03:42:09'),(25,320,0.00,'2021-09-10 03:42:09',1,3,1,0,0,'2021-09-09 09:00:32','2021-09-10 03:42:09'),(26,319,0.00,'2021-08-20 06:25:43',0,0,1,0,0,'2021-08-20 06:20:19','2021-08-20 06:25:43'),(27,320,0.00,'2021-09-10 03:42:09',1,3,1,0,0,'2021-09-09 09:00:32','2021-09-10 03:42:09'),(28,320,0.00,'2021-09-10 03:47:09',0,0,3,1,2,NULL,'2021-09-10 03:47:09'),(29,320,233.33,'2021-09-10 03:47:09',0,1,5,3,0,NULL,'2021-09-10 03:47:09'),(30,320,0.00,'2021-09-10 03:46:30',0,0,2,1,1,NULL,'2021-09-10 03:46:30'),(31,320,0.00,'2021-09-10 03:46:03',0,0,5,2,3,NULL,'2021-09-10 03:46:03'),(32,320,0.00,'2021-09-10 03:45:27',0,0,5,1,4,NULL,'2021-09-10 03:45:27'),(33,320,0.00,'2021-09-10 03:45:07',0,0,5,1,4,NULL,'2021-09-10 03:45:07'),(34,320,266.67,'2021-09-10 07:54:16',0,2,10,1,0,NULL,'2021-09-10 07:54:16'),(35,320,300.00,'2021-09-10 07:52:05',1,3,10,1,1,NULL,'2021-09-10 07:52:05'),(36,320,233.33,'2021-09-10 03:51:36',0,1,5,1,0,NULL,'2021-09-10 03:51:36'),(37,320,0.00,'2021-09-10 03:50:28',0,0,5,1,4,NULL,'2021-09-10 03:50:28'),(38,320,300.00,'2021-09-10 03:47:20',1,3,1,0,0,NULL,'2021-09-10 03:47:20'),(39,320,0.00,'2021-09-10 03:49:36',0,0,5,1,4,NULL,'2021-09-10 03:49:36'),(40,194,300.00,'2021-08-10 22:58:36',1,3,64,18,0,'2020-11-16 23:43:37','2021-08-10 22:58:36'),(40,319,0.00,'2018-05-04 00:00:00',0,0,0,0,0,NULL,NULL),(40,320,0.00,'2018-05-04 00:00:00',0,0,0,0,0,NULL,NULL),(41,320,300.00,'2021-09-10 04:22:01',1,3,5,2,0,NULL,'2021-09-10 04:22:01'),(42,320,0.00,'2021-09-10 04:17:21',0,0,5,2,3,NULL,'2021-09-10 04:17:21'),(43,320,233.33,'2021-09-10 04:15:32',0,1,5,1,0,NULL,'2021-09-10 04:15:32'),(44,320,300.00,'2021-09-16 08:55:07',1,2,25,3,1,NULL,'2021-09-16 08:55:07'),(45,320,0.00,'2021-09-10 08:09:27',0,0,5,1,4,NULL,'2021-09-10 08:09:27'),(46,320,0.00,'2021-09-10 08:07:59',0,0,2,1,1,NULL,'2021-09-10 08:07:59'),(47,320,233.33,'2021-09-10 08:02:45',0,1,5,3,0,NULL,'2021-09-10 08:02:45'),(48,320,233.33,'2021-09-10 07:59:39',0,1,5,2,0,NULL,'2021-09-10 07:59:39'),(49,2,0.00,'2021-08-15 09:18:09',1,3,1,0,0,'2021-08-15 09:15:55','2021-08-15 09:18:09'),(49,319,0.00,'2018-05-04 00:00:00',0,0,0,0,0,NULL,NULL),(49,320,0.00,'2018-05-04 00:00:00',0,0,0,0,0,NULL,NULL),(50,320,233.33,'2021-09-16 08:54:28',0,1,17,2,13,NULL,'2021-09-16 08:54:28'),(51,320,300.00,'2021-09-16 08:46:01',1,3,16,4,1,NULL,'2021-09-16 08:46:01'),(52,320,300.00,'2021-09-10 09:18:09',1,3,6,3,0,NULL,'2021-09-10 09:18:09'),(53,320,300.00,'2021-09-16 08:46:01',1,3,16,4,1,NULL,'2021-09-16 08:46:01'),(54,320,300.00,'2021-09-16 08:53:27',1,2,15,2,1,NULL,'2021-09-16 08:53:27'),(55,320,0.00,'2021-09-16 08:50:03',0,0,5,1,4,NULL,'2021-09-16 08:50:03'),(56,320,266.67,'2021-09-16 08:48:18',0,2,5,2,1,NULL,'2021-09-16 08:48:18'),(57,319,300.00,'2021-08-20 23:08:09',1,3,1,0,0,NULL,'2021-08-20 23:08:09'),(57,320,0.00,'2018-05-04 00:00:00',0,0,0,0,0,NULL,NULL),(58,319,300.00,'2021-08-20 23:22:35',1,2,10,1,1,NULL,'2021-08-20 23:22:35'),(58,320,0.00,'2018-05-04 00:00:00',0,0,0,0,0,NULL,NULL),(59,319,300.00,'2021-08-20 23:20:21',1,2,10,2,1,NULL,'2021-08-20 23:20:21'),(60,319,300.00,'2021-08-20 23:19:48',1,3,10,1,1,NULL,'2021-08-20 23:19:48'),(61,319,300.00,'2021-08-21 22:41:56',1,3,15,4,1,NULL,'2021-08-21 22:41:56'),(62,319,300.00,'2021-08-21 22:39:57',1,3,8,1,1,NULL,'2021-08-21 22:39:57'),(63,319,233.33,'2021-08-21 22:37:40',0,1,10,3,1,NULL,'2021-08-21 22:37:40'),(64,319,300.00,'2021-08-21 22:50:01',1,1,11,2,2,NULL,'2021-08-21 22:50:01'),(65,320,366.67,'2021-09-16 09:06:47',0,2,5,1,0,NULL,'2021-09-16 09:06:47'),(66,320,0.00,'2021-09-16 09:06:12',0,0,5,2,3,NULL,'2021-09-16 09:06:12'),(67,320,0.00,'2021-09-16 09:05:07',0,0,4,0,4,NULL,'2021-09-16 09:05:07'),(68,320,0.00,'2021-09-16 09:01:50',0,0,5,1,4,NULL,'2021-09-16 09:01:50'),(69,320,0.00,'2021-09-16 09:01:29',0,0,5,1,4,NULL,'2021-09-16 09:01:29'),(70,320,0.00,'2021-09-22 08:16:19',0,0,5,2,3,NULL,'2021-09-22 08:16:19'),(71,320,0.00,'2021-09-22 08:13:11',0,0,5,2,3,NULL,'2021-09-22 08:13:11'),(72,320,333.33,'2021-09-22 08:26:42',0,1,10,3,2,NULL,'2021-09-22 08:26:42'),(73,320,366.67,'2021-09-22 08:25:53',0,2,10,3,0,NULL,'2021-09-22 08:25:53'),(74,320,0.00,'2021-09-22 08:24:26',0,0,10,0,10,NULL,'2021-09-22 08:24:26'),(75,320,333.33,'2021-09-22 08:23:11',0,1,5,1,0,NULL,'2021-09-22 08:23:11'),(76,320,0.00,'2021-09-22 08:19:35',0,0,5,0,5,NULL,'2021-09-22 08:19:35'),(77,320,0.00,'2021-09-23 09:19:52',0,0,45,0,45,NULL,'2021-09-23 09:19:52'),(78,320,400.00,'2021-09-22 09:00:04',1,3,35,3,1,NULL,'2021-09-22 09:00:04'),(79,320,400.00,'2021-09-22 08:36:25',1,3,10,2,0,NULL,'2021-09-22 08:36:25'),(80,320,0.00,'2021-09-23 09:19:40',0,0,45,0,45,NULL,'2021-09-23 09:19:40'),(81,320,0.00,'2021-09-23 09:19:25',0,0,45,0,45,NULL,'2021-09-23 09:19:25'),(82,320,366.67,'2021-09-22 08:55:25',0,2,20,1,0,NULL,'2021-09-22 08:55:25'),(83,319,0.00,'2021-09-13 09:49:05',0,0,105,1,12,NULL,'2021-09-13 09:49:05'),(83,320,0.00,'2018-05-04 00:00:00',0,0,0,0,0,NULL,NULL),(84,320,366.67,'2021-09-22 08:58:56',0,2,5,1,0,NULL,'2021-09-22 08:58:56'),(85,319,400.00,'2021-09-10 08:15:52',1,3,1,0,0,NULL,'2021-09-10 08:15:52'),(85,320,0.00,'2018-05-04 00:00:00',0,0,0,0,0,NULL,NULL),(86,319,333.33,'2021-09-13 09:42:55',0,1,40,3,1,NULL,'2021-09-13 09:42:55'),(86,320,0.00,'2018-05-04 00:00:00',0,0,0,0,0,NULL,NULL),(87,319,0.00,'2021-09-13 09:38:03',0,0,16,1,15,'2021-08-21 22:43:31','2021-09-13 09:38:03'),(87,320,0.00,'2018-05-04 00:00:00',0,0,0,0,0,NULL,NULL),(88,320,366.67,'2021-09-22 09:02:29',0,2,5,1,0,NULL,'2021-09-22 09:02:29'),(89,320,0.00,'2021-09-22 09:01:26',0,0,5,0,5,NULL,'2021-09-22 09:01:26'),(90,194,400.00,'2021-06-21 23:05:14',1,3,35,31,1,'2020-09-04 00:33:48','2021-06-21 23:05:14'),(90,319,0.00,'2018-05-04 00:00:00',0,0,0,0,0,NULL,NULL),(90,320,0.00,'2018-05-04 00:00:00',0,0,0,0,0,NULL,NULL),(91,194,400.00,'2021-08-12 22:57:08',1,3,33,6,1,'2020-05-15 09:15:11','2021-08-12 22:57:08'),(91,319,0.00,'2018-05-04 00:00:00',0,0,0,0,0,NULL,NULL),(91,320,0.00,'2018-05-04 00:00:00',0,0,0,0,0,NULL,NULL),(92,194,400.00,'2021-08-08 23:42:10',1,3,72,23,1,'2020-09-04 01:54:46','2021-08-08 23:42:10'),(92,319,0.00,'2018-05-04 00:00:00',0,0,0,0,0,NULL,NULL),(92,320,0.00,'2018-05-04 00:00:00',0,0,0,0,0,NULL,NULL),(93,194,400.00,'2021-08-10 00:17:39',1,3,59,11,0,'2020-09-04 01:10:04','2021-08-10 00:17:39'),(93,319,0.00,'2018-05-04 00:00:00',0,0,0,0,0,NULL,NULL),(93,320,0.00,'2018-05-04 00:00:00',0,0,0,0,0,NULL,NULL),(94,320,366.67,'2021-09-23 09:18:18',0,2,5,1,1,NULL,'2021-09-23 09:18:18'),(95,320,400.00,'2021-09-23 09:16:35',1,3,5,1,0,NULL,'2021-09-23 09:16:35'),(96,194,400.00,'2021-08-05 06:16:25',1,3,47,12,1,'2020-09-04 07:20:46','2021-08-05 06:16:25'),(96,320,0.00,'2018-05-04 00:00:00',0,0,0,0,0,NULL,NULL),(97,194,400.00,'2021-07-23 23:04:38',1,3,26,23,1,'2020-09-04 02:36:59','2021-07-23 23:04:38'),(97,320,0.00,'2018-05-04 00:00:00',0,0,0,0,0,NULL,NULL),(98,194,400.00,'2021-07-23 10:12:46',1,3,24,16,0,'2020-09-07 06:19:21','2021-07-23 10:12:46'),(99,194,400.00,'2021-08-11 23:03:49',1,3,38,26,1,'2020-09-04 02:09:23','2021-08-11 23:03:49'),(100,194,400.00,'2021-08-05 23:25:48',1,3,44,21,1,'2020-09-04 02:36:59','2021-08-05 23:25:48'),(102,194,400.00,'2021-08-12 22:57:47',1,3,151,16,1,'2020-09-04 00:43:52','2021-08-12 22:57:47'),(105,320,500.00,'2021-09-29 08:41:05',1,3,5,2,1,NULL,'2021-09-29 08:41:05'),(106,320,500.00,'2021-09-29 08:39:38',1,3,5,1,1,NULL,'2021-09-29 08:39:38'),(107,320,500.00,'2021-10-14 07:47:34',1,3,30,1,1,NULL,'2021-10-14 07:47:34'),(108,320,500.00,'2021-10-14 08:07:11',1,2,60,1,2,NULL,'2021-10-14 08:07:11'),(109,320,500.00,'2021-09-29 08:42:32',1,3,10,1,0,NULL,'2021-09-29 08:42:32'),(110,320,500.00,'2021-09-29 08:41:13',1,3,1,0,0,NULL,'2021-09-29 08:41:13'),(111,320,500.00,'2021-09-23 09:29:55',1,3,1,0,0,NULL,'2021-09-23 09:29:55'),(112,320,500.00,'2021-09-29 08:42:05',1,3,10,1,1,NULL,'2021-09-29 08:42:05'),(113,320,466.67,'2021-11-30 05:58:21',0,2,93,1,69,NULL,'2021-11-30 05:58:21'),(114,320,500.00,'2021-11-30 05:54:03',1,3,105,4,1,NULL,'2021-11-30 05:54:03'),(115,320,466.67,'2021-11-30 05:49:02',0,2,105,2,56,NULL,'2021-11-30 05:49:02'),(116,320,0.00,'2021-09-29 07:46:28',0,0,5,1,4,NULL,'2021-09-29 07:46:28'),(117,319,0.00,'2021-09-21 08:17:07',0,0,25,0,25,NULL,'2021-09-21 08:17:07'),(117,320,0.00,'2018-05-04 00:00:00',0,0,0,0,0,NULL,NULL),(118,319,0.00,'2021-09-21 08:16:46',0,0,20,0,20,NULL,'2021-09-21 08:16:46'),(118,320,0.00,'2018-05-04 00:00:00',0,0,0,0,0,NULL,NULL),(119,320,466.67,'2021-10-14 08:00:51',0,2,25,2,6,NULL,'2021-10-14 08:00:51'),(120,320,466.67,'2021-10-14 08:09:26',0,2,10,4,1,NULL,'2021-10-14 08:09:26'),(121,320,500.00,'2021-10-14 08:08:43',1,3,5,1,0,NULL,'2021-10-14 08:08:43'),(122,319,0.00,'2021-09-21 08:35:33',0,0,10,0,10,NULL,'2021-09-21 08:35:33'),(122,320,0.00,'2018-05-04 00:00:00',0,0,0,0,0,NULL,NULL),(123,320,433.33,'2021-11-26 06:52:30',0,1,15,2,0,NULL,'2021-11-26 06:52:30'),(124,320,500.00,'2021-11-26 06:51:14',1,3,15,1,0,NULL,'2021-11-26 06:51:14'),(125,319,0.00,'2021-09-22 08:17:56',0,0,2,0,2,NULL,'2021-09-22 08:17:56'),(125,320,0.00,'2018-05-04 00:00:00',0,0,0,0,0,NULL,NULL),(126,319,0.00,'2021-09-22 08:17:23',0,0,10,1,9,NULL,'2021-09-22 08:17:23'),(126,320,0.00,'2018-05-04 00:00:00',0,0,0,0,0,NULL,NULL),(127,194,500.00,'2021-08-06 23:17:23',1,3,84,73,1,NULL,'2021-08-06 23:17:23'),(127,319,0.00,'2018-05-04 00:00:00',0,0,0,0,0,NULL,NULL),(127,320,0.00,'2018-05-04 00:00:00',0,0,0,0,0,NULL,NULL),(128,194,466.67,'2021-08-07 23:19:53',0,2,63,53,2,NULL,'2021-08-07 23:19:53'),(128,319,0.00,'2018-05-04 00:00:00',0,0,0,0,0,NULL,NULL),(128,320,0.00,'2018-05-04 00:00:00',0,0,0,0,0,NULL,NULL),(129,320,0.00,'2021-11-26 07:01:05',0,0,5,2,3,NULL,'2021-11-26 07:01:05'),(130,320,466.67,'2021-11-26 07:15:55',0,2,15,1,0,NULL,'2021-11-26 07:15:55'),(131,320,0.00,'2021-11-26 07:13:57',0,0,10,2,8,NULL,'2021-11-26 07:13:57'),(132,319,500.00,'2021-09-22 08:20:13',1,3,1,0,0,NULL,'2021-09-22 08:20:13'),(132,320,0.00,'2018-05-04 00:00:00',0,0,0,0,0,NULL,NULL),(133,320,433.33,'2021-11-26 07:28:58',0,1,5,3,0,NULL,'2021-11-26 07:28:58'),(134,320,0.00,'2021-11-26 07:28:07',0,0,5,2,3,NULL,'2021-11-26 07:28:07'),(135,194,500.00,'2021-08-08 23:42:10',1,3,75,15,1,NULL,'2021-08-08 23:42:10'),(135,319,0.00,'2018-05-04 00:00:00',0,0,0,0,0,NULL,NULL),(135,320,0.00,'2018-05-04 00:00:00',0,0,0,0,0,NULL,NULL),(136,320,0.00,'2021-11-30 05:40:47',0,0,10,2,8,NULL,'2021-11-30 05:40:47'),(137,320,0.00,'2021-11-26 07:43:32',0,0,10,1,9,NULL,'2021-11-26 07:43:32'),(138,319,0.00,'2021-09-24 06:50:59',0,0,5,0,5,NULL,'2021-09-24 06:50:59'),(138,320,0.00,'2018-05-04 00:00:00',0,0,0,0,0,NULL,NULL),(139,319,500.00,'2021-09-23 09:14:06',1,3,1,0,0,NULL,'2021-09-23 09:14:06'),(140,319,433.33,'2021-09-23 09:15:11',0,1,5,3,0,NULL,'2021-09-23 09:15:11'),(141,194,500.00,'2021-08-10 22:57:50',1,3,44,34,0,'2020-09-04 07:28:01','2021-08-10 22:57:50'),(141,319,0.00,'2018-05-04 00:00:00',0,0,0,0,0,NULL,NULL),(142,194,500.00,'2021-07-24 00:49:36',1,2,68,6,1,'2020-09-04 01:54:46','2021-07-24 00:49:36'),(142,319,0.00,'2018-05-04 00:00:00',0,0,0,0,0,NULL,NULL),(144,194,500.00,'2021-08-05 23:26:38',1,3,37,12,1,'2020-10-02 02:19:36','2021-08-05 23:26:38'),(145,194,466.67,'2021-06-25 23:00:48',0,2,24,6,1,'2020-09-04 00:55:27','2021-06-25 23:00:48'),(147,319,0.00,'2021-08-21 22:50:01',0,0,1,0,1,'2021-08-21 22:43:31','2021-08-21 22:50:01'),(148,194,500.00,'2021-08-06 23:18:21',1,3,78,3,0,'2020-09-04 01:10:04','2021-08-06 23:18:21'),(149,319,0.00,'2021-11-30 06:57:28',0,0,5,2,3,NULL,'2021-11-30 06:57:28'),(150,319,0.00,'2021-11-30 06:57:16',0,0,5,0,5,NULL,'2021-11-30 06:57:16'),(151,319,0.00,'2021-11-30 06:57:02',0,0,5,0,5,NULL,'2021-11-30 06:57:02'),(152,319,0.00,'2021-11-30 06:52:03',0,0,5,0,5,NULL,'2021-11-30 06:52:03'),(153,319,566.67,'2021-11-30 06:43:33',0,2,5,1,1,NULL,'2021-11-30 06:43:33'),(154,319,0.00,'2018-05-04 00:00:00',0,0,0,0,0,NULL,NULL),(154,320,600.00,'2021-11-30 06:10:06',1,3,1,0,0,NULL,'2021-11-30 06:10:06'),(155,320,0.00,'2021-11-30 06:22:06',0,0,12,1,11,NULL,'2021-11-30 06:22:06'),(156,320,600.00,'2021-11-30 06:10:06',1,3,1,0,0,NULL,'2021-11-30 06:10:06'),(157,320,0.00,'2021-11-30 06:21:32',0,0,15,2,13,NULL,'2021-11-30 06:21:32'),(158,320,0.00,'2021-11-30 06:20:56',0,0,15,2,13,NULL,'2021-11-30 06:20:56'),(159,319,600.00,'2021-09-29 07:58:06',1,3,6,2,1,NULL,'2021-09-29 07:58:06'),(160,319,0.00,'2021-09-29 07:58:24',0,0,10,2,2,NULL,'2021-09-29 07:58:24'),(161,319,566.67,'2021-09-29 07:58:15',0,2,6,1,0,'2021-08-21 22:43:31','2021-09-29 07:58:15'),(162,164,0.00,'2018-05-04 00:00:00',0,0,0,0,0,NULL,NULL),(162,194,600.00,'2020-07-17 00:16:17',1,3,1,0,0,NULL,'2020-07-17 00:16:17'),(162,319,0.00,'2018-05-04 00:00:00',0,0,0,0,0,NULL,NULL),(163,164,0.00,'2018-05-04 00:00:00',0,0,0,0,0,NULL,NULL),(163,194,600.00,'2020-07-17 00:16:17',1,3,1,0,0,NULL,'2020-07-17 00:16:17'),(163,319,0.00,'2018-05-04 00:00:00',0,0,0,0,0,NULL,NULL),(164,194,566.67,'2021-08-10 00:47:52',0,2,31,8,0,NULL,'2021-08-10 00:47:52'),(164,319,0.00,'2018-05-04 00:00:00',0,0,0,0,0,NULL,NULL),(165,194,566.67,'2021-08-08 23:47:14',0,2,225,1,0,NULL,'2021-08-08 23:47:14'),(165,319,0.00,'2018-05-04 00:00:00',0,0,0,0,0,NULL,NULL),(166,319,600.00,'2021-10-14 08:11:54',1,3,55,1,0,NULL,'2021-10-14 08:11:54'),(167,319,0.00,'2021-10-14 08:06:43',0,0,55,0,55,NULL,'2021-10-14 08:06:43'),(168,319,0.00,'2021-10-14 08:04:48',0,0,7,0,7,NULL,'2021-10-14 08:04:48'),(169,319,600.00,'2021-09-29 08:04:05',1,3,1,0,0,NULL,'2021-09-29 08:04:05'),(170,319,600.00,'2021-09-29 08:04:05',1,3,1,0,0,NULL,'2021-09-29 08:04:05'),(171,319,533.33,'2021-09-29 08:09:55',0,1,15,2,2,NULL,'2021-09-29 08:09:55'),(172,194,600.00,'2020-07-18 00:58:20',1,3,1,0,0,NULL,'2020-07-18 00:58:20'),(172,319,0.00,'2018-05-04 00:00:00',0,0,0,0,0,NULL,NULL),(173,194,600.00,'2021-08-12 22:57:47',1,3,69,41,1,NULL,'2021-08-12 22:57:47'),(173,319,0.00,'2018-05-04 00:00:00',0,0,0,0,0,NULL,NULL),(174,194,600.00,'2021-08-11 23:05:03',1,3,111,15,0,NULL,'2021-08-11 23:05:03'),(174,319,0.00,'2018-05-04 00:00:00',0,0,0,0,0,NULL,NULL),(175,194,600.00,'2021-08-02 23:06:06',1,3,74,1,0,NULL,'2021-08-02 23:06:06'),(175,319,0.00,'2018-05-04 00:00:00',0,0,0,0,0,NULL,NULL),(176,194,600.00,'2021-08-07 23:14:39',1,3,46,2,0,NULL,'2021-08-07 23:14:39'),(176,319,0.00,'2018-05-04 00:00:00',0,0,0,0,0,NULL,NULL),(177,319,0.00,'2021-11-26 06:44:31',0,0,25,2,2,NULL,'2021-11-26 06:44:31'),(178,319,533.33,'2021-11-26 06:37:22',0,1,5,1,0,NULL,'2021-11-26 06:37:22'),(179,319,0.00,'2021-11-26 06:21:59',0,0,5,1,4,NULL,'2021-11-26 06:21:59'),(180,194,600.00,'2021-07-15 22:56:39',1,3,8,2,0,NULL,'2021-07-15 22:56:39'),(180,319,0.00,'2018-05-04 00:00:00',0,0,0,0,0,NULL,NULL),(181,164,600.00,'2020-04-29 06:33:02',1,3,1,0,0,NULL,'2020-04-29 06:33:02'),(181,194,0.00,'2018-05-04 00:00:00',0,0,0,0,0,NULL,NULL),(181,319,0.00,'2018-05-04 00:00:00',0,0,0,0,0,NULL,NULL),(182,194,566.67,'2021-07-15 22:56:39',0,2,34,3,0,NULL,'2021-07-15 22:56:39'),(182,319,0.00,'2018-05-04 00:00:00',0,0,0,0,0,NULL,NULL),(183,194,600.00,'2021-08-05 23:26:38',1,3,77,5,1,NULL,'2021-08-05 23:26:38'),(183,319,0.00,'2018-05-04 00:00:00',0,0,0,0,0,NULL,NULL),(184,194,600.00,'2020-07-31 23:49:25',1,3,1,0,0,NULL,'2020-07-31 23:49:25'),(185,194,533.33,'2021-07-05 04:57:14',0,1,32,18,1,NULL,'2021-07-05 04:57:14'),(186,194,600.00,'2021-08-10 00:45:30',1,3,134,4,1,NULL,'2021-08-10 00:45:30'),(187,194,600.00,'2021-07-07 22:16:43',1,3,23,21,0,NULL,'2021-07-07 22:16:43'),(188,194,600.00,'2021-08-10 22:59:16',1,3,36,6,1,NULL,'2021-08-10 22:59:16'),(189,194,600.00,'2021-07-18 23:00:16',1,3,17,4,0,NULL,'2021-07-18 23:00:16'),(190,194,533.33,'2021-05-23 23:43:22',0,1,13,10,1,NULL,'2021-05-23 23:43:22'),(191,194,566.67,'2021-08-11 23:05:03',0,2,23,2,1,NULL,'2021-08-11 23:05:03'),(192,194,533.33,'2021-07-20 23:12:38',0,1,22,3,2,NULL,'2021-07-20 23:12:38'),(193,194,566.67,'2021-08-07 23:14:39',0,2,51,8,1,NULL,'2021-08-07 23:14:39'),(194,194,566.67,'2021-08-02 23:04:57',0,2,131,8,2,'2020-09-04 01:10:04','2021-08-02 23:04:57'),(195,194,0.00,'2021-01-06 03:58:14',0,0,3,0,3,'2020-09-08 23:49:37','2021-01-06 03:58:14'),(196,194,600.00,'2021-07-19 23:46:53',1,2,33,7,1,'2020-09-04 02:28:41','2021-07-19 23:46:53'),(197,194,600.00,'2021-07-20 23:20:10',1,3,43,7,1,'2020-09-04 02:42:49','2021-07-20 23:20:10'),(198,194,566.67,'2021-08-07 23:14:39',0,2,27,7,1,'2020-09-04 02:09:23','2021-08-07 23:14:39'),(200,194,0.00,'2021-07-28 07:36:51',0,0,11,1,10,'2020-09-09 00:27:52','2021-07-28 07:36:51'),(203,319,0.00,'2021-08-21 22:46:37',0,0,1,0,1,'2021-08-21 22:43:31','2021-08-21 22:46:37'),(204,194,566.67,'2021-08-10 00:43:48',0,2,17,14,1,'2020-09-04 02:28:41','2021-08-10 00:43:48'),(205,194,566.67,'2021-08-11 23:03:49',0,2,329,4,1,'2020-09-04 00:43:52','2021-08-11 23:03:49'),(206,194,600.00,'2021-08-08 23:39:21',1,3,54,49,1,'2020-09-04 00:33:48','2021-08-08 23:39:21'),(207,194,700.00,'2021-08-02 23:06:06',1,2,35,20,1,NULL,'2021-08-02 23:06:06'),(208,194,700.00,'2021-08-10 22:56:05',1,1,179,4,2,NULL,'2021-08-10 22:56:05'),(209,194,700.00,'2021-08-05 06:16:45',1,2,101,6,1,NULL,'2021-08-05 06:16:45'),(210,194,700.00,'2020-08-02 23:34:00',1,3,1,0,0,NULL,'2020-08-02 23:34:00'),(211,194,700.00,'2021-07-23 10:19:50',1,3,37,3,0,NULL,'2021-07-23 10:19:50'),(212,194,633.33,'2021-07-14 22:54:33',0,1,39,2,0,NULL,'2021-07-14 22:54:33'),(213,194,666.67,'2021-08-05 06:16:45',0,2,59,1,1,NULL,'2021-08-05 06:16:45'),(214,194,700.00,'2021-06-17 23:25:37',1,3,13,11,0,NULL,'2021-06-17 23:25:37'),(215,194,700.00,'2021-08-05 23:00:21',1,3,30,23,1,NULL,'2021-08-05 23:00:21'),(216,194,700.00,'2021-08-10 00:45:30',1,2,52,7,1,NULL,'2021-08-10 00:45:30'),(217,194,700.00,'2020-09-01 02:33:12',1,3,1,0,0,NULL,'2020-09-01 02:33:12'),(218,194,700.00,'2021-08-10 00:28:58',1,3,111,3,0,NULL,'2021-08-10 00:28:58'),(219,194,633.33,'2021-08-12 22:55:18',0,1,190,8,0,NULL,'2021-08-12 22:55:18'),(220,194,666.67,'2021-08-05 23:27:36',0,2,41,3,3,NULL,'2021-08-05 23:27:36'),(221,194,666.67,'2021-08-01 22:56:40',0,2,313,7,1,NULL,'2021-08-01 22:56:40'),(222,194,0.00,'2021-08-10 00:46:22',0,0,284,5,1,NULL,'2021-08-10 00:46:22'),(223,194,700.00,'2021-08-12 22:57:08',1,3,89,8,1,NULL,'2021-08-12 22:57:08'),(224,194,700.00,'2020-09-02 03:39:12',1,3,1,0,0,NULL,'2020-09-02 03:39:12'),(225,194,700.00,'2020-09-02 03:39:12',1,3,1,0,0,NULL,'2020-09-02 03:39:12'),(226,194,700.00,'2020-09-02 03:39:12',1,3,1,0,0,NULL,'2020-09-02 03:39:12'),(227,194,700.00,'2020-09-02 03:39:12',1,3,1,0,0,NULL,'2020-09-02 03:39:12'),(228,194,700.00,'2020-09-02 03:39:12',1,3,1,0,0,NULL,'2020-09-02 03:39:12'),(229,194,633.33,'2021-07-22 22:58:29',0,1,144,3,2,NULL,'2021-07-22 22:58:29'),(230,194,700.00,'2021-07-26 03:25:41',1,2,53,1,1,NULL,'2021-07-26 03:25:41'),(231,319,0.00,'2021-08-21 22:48:06',0,0,1,0,1,'2021-08-21 22:43:31','2021-08-21 22:48:06'),(232,194,0.00,'2021-07-24 00:37:48',0,0,18,3,2,NULL,'2021-07-24 00:37:48'),(233,194,0.00,'2018-05-04 00:00:00',0,0,0,0,0,NULL,NULL),(234,194,700.00,'2021-08-07 23:19:52',1,3,62,5,0,NULL,'2021-08-07 23:19:52'),(235,194,700.00,'2021-08-10 00:27:59',1,3,38,9,1,NULL,'2021-08-10 00:27:59'),(236,194,700.00,'2020-09-02 03:57:10',1,3,1,0,0,NULL,'2020-09-02 03:57:10'),(237,194,700.00,'2021-07-31 22:59:21',1,3,65,3,0,NULL,'2021-07-31 22:59:21'),(238,194,700.00,'2021-08-06 23:17:23',1,3,42,31,0,NULL,'2021-08-06 23:17:23'),(239,194,666.67,'2021-08-02 23:00:34',0,2,56,53,1,NULL,'2021-08-02 23:00:34'),(240,194,666.67,'2021-08-12 22:56:05',0,2,65,61,1,'2020-09-30 23:25:20','2021-08-12 22:56:05'),(241,194,0.00,'2018-05-04 00:00:00',0,0,0,0,0,NULL,NULL),(386,113,200.00,'2019-03-27 12:33:49',1,3,1,0,0,NULL,'2019-03-27 12:33:49'),(391,115,200.00,'2019-05-03 00:39:21',1,3,1,0,0,NULL,'2019-05-03 00:39:21'),(401,115,200.00,'2019-05-03 00:39:21',1,3,1,0,0,NULL,'2019-05-03 00:39:21'),(407,320,0.00,'2021-09-10 03:42:09',1,3,1,0,0,'2021-09-09 09:00:32','2021-09-10 03:42:09'),(408,320,0.00,'2021-09-10 03:42:09',1,3,1,0,0,'2021-09-09 09:00:32','2021-09-10 03:42:09'),(409,320,0.00,'2021-09-10 03:43:01',1,3,1,0,0,'2021-09-09 09:00:32','2021-09-10 03:43:01'),(410,320,0.00,'2021-09-10 03:43:01',1,3,1,0,0,'2021-09-09 09:00:32','2021-09-10 03:43:01'),(411,320,0.00,'2021-09-10 03:43:01',1,3,1,0,0,'2021-09-09 09:00:32','2021-09-10 03:43:01'),(412,320,0.00,'2021-09-10 03:43:01',1,3,1,0,0,'2021-09-09 09:00:32','2021-09-10 03:43:01'),(413,320,0.00,'2021-09-10 03:43:01',1,3,1,0,0,'2021-09-09 09:00:32','2021-09-10 03:43:01'),(414,320,0.00,'2021-09-10 03:44:03',1,3,1,0,0,'2021-09-09 09:00:32','2021-09-10 03:44:03'),(415,320,0.00,'2021-09-10 03:44:03',1,3,1,0,0,'2021-09-09 09:00:32','2021-09-10 03:44:03'),(416,320,0.00,'2021-09-10 03:44:03',0,0,1,0,0,'2021-09-09 09:00:32','2021-09-10 03:44:03'),(417,320,0.00,'2021-09-10 03:44:03',1,3,1,0,0,'2021-09-09 09:00:32','2021-09-10 03:44:03'),(418,320,0.00,'2021-09-10 03:44:03',1,3,1,0,0,'2021-09-09 09:00:32','2021-09-10 03:44:03'),(419,320,0.00,'2021-09-10 03:44:27',1,3,1,0,0,'2021-09-09 09:00:32','2021-09-10 03:44:27'),(420,320,0.00,'2021-09-10 03:44:27',0,0,1,0,0,'2021-09-09 09:00:32','2021-09-10 03:44:27'),(421,320,0.00,'2021-09-10 03:44:27',0,0,1,0,0,'2021-09-09 09:00:32','2021-09-10 03:44:27');

--
-- Table structure for table `skilllinks`
--

CREATE TABLE `skilllinks` (
  `id` int(10) unsigned NOT NULL AUTO_INCREMENT,
  `skill_id` int(10) unsigned DEFAULT NULL,
  `status_id` int(10) unsigned DEFAULT NULL,
  `user_id` int(10) unsigned NOT NULL DEFAULT '1',
  `link` varchar(255) COLLATE utf8_unicode_ci NOT NULL,
  `created_at` timestamp NULL DEFAULT NULL,
  `updated_at` timestamp NULL DEFAULT NULL,
  `video_id` int(10) unsigned DEFAULT NULL,
  PRIMARY KEY (`id`),
  KEY `skilllinks_skill_id_foreign` (`skill_id`),
  KEY `skilllinks_status_id_foreign` (`status_id`),
  KEY `skilllinks_user_id_foreign` (`user_id`),
  KEY `skilllinks_video_id_foreign` (`video_id`),
  CONSTRAINT `skilllinks_skill_id_foreign` FOREIGN KEY (`skill_id`) REFERENCES `skills` (`id`) ON DELETE CASCADE,
  CONSTRAINT `skilllinks_status_id_foreign` FOREIGN KEY (`status_id`) REFERENCES `statuses` (`id`) ON DELETE SET NULL,
  CONSTRAINT `skilllinks_user_id_foreign` FOREIGN KEY (`user_id`) REFERENCES `users` (`id`),
  CONSTRAINT `skilllinks_video_id_foreign` FOREIGN KEY (`video_id`) REFERENCES `videos` (`id`) ON DELETE CASCADE
) ENGINE=InnoDB AUTO_INCREMENT=215 DEFAULT CHARSET=utf8 COLLATE=utf8_unicode_ci;

--
-- Dumping data for table `skilllinks`
--

INSERT INTO `skilllinks` VALUES (10,405,NULL,69,'videos/skills/1557120357.mp4','2019-05-06 05:25:57','2019-05-06 05:25:57',NULL),(11,405,NULL,69,'videos/skills/1557120357.mp4','2019-05-06 05:25:57','2019-05-06 05:25:57',NULL),(12,405,NULL,69,'videos/skills/1557121192.mp4','2019-05-06 05:39:52','2019-05-06 05:39:52',NULL),(13,402,NULL,69,'videos/skills/1557124832.mp4','2019-05-06 06:40:32','2019-05-06 06:40:32',NULL),(19,9,NULL,84,'videos/skills/1557840891.mp4','2019-05-14 13:34:51','2019-05-14 13:34:51',NULL),(22,13,NULL,84,'videos/skills/1557869902.mp4','2019-05-14 21:38:22','2019-05-14 21:38:22',NULL),(24,13,NULL,84,'videos/skills/1557870202.mp4','2019-05-14 21:43:22','2019-05-14 21:43:22',NULL),(28,18,NULL,84,'videos/skills/1557883345.mp4','2019-05-15 01:22:25','2019-05-15 01:22:25',NULL),(30,24,NULL,84,'videos/skills/1557883772.mp4','2019-05-15 01:29:32','2019-05-15 01:29:32',NULL),(34,1,NULL,4,'videos/skills/1557954033.mp4','2019-05-15 21:00:33','2019-05-15 21:00:33',NULL),(46,190,NULL,1,'videos/skills/raw/AG_MathVideo_Volume_189.191_CubicUnits.mp4',NULL,NULL,NULL),(47,190,NULL,1,'videos/skills/raw/AG_MathVideo_Volume_188.190.191.mp4',NULL,NULL,NULL),(48,28,NULL,1,'videos/skills/raw/28_1.mp4',NULL,NULL,NULL),(49,28,NULL,1,'videos/skills/raw/28_2,65_1.mp4',NULL,NULL,NULL),(50,65,NULL,1,'videos/skills/raw/28_2,65_1.mp4',NULL,NULL,NULL),(53,36,NULL,1,'videos/skills/raw/36_1.mp4',NULL,NULL,NULL),(54,36,NULL,1,'videos/skills/raw/36_2,40_1.mp4',NULL,NULL,NULL),(55,40,NULL,1,'videos/skills/raw/36_2,40_1.mp4',NULL,NULL,NULL),(58,67,NULL,1,'videos/skills/raw/ 65_2,67_1,68_1,69_1.mp4',NULL,NULL,NULL),(61,88,NULL,1,'videos/skills/raw/88_1.mp4',NULL,NULL,NULL),(93,223,NULL,1,'videos/skills/raw/ AG_MathVideo_Area_97.136.223_Rectangle.mp4',NULL,NULL,NULL),(94,185,NULL,1,'videos/skills/raw/ AG_MathVideo_Area_185.186.223_Triangle.mp4',NULL,NULL,NULL),(95,186,NULL,1,'videos/skills/raw/ AG_MathVideo_Area_185.186.223_Triangle.mp4',NULL,NULL,NULL),(96,223,NULL,1,'videos/skills/raw/ AG_MathVideo_Area_185.186.223_Triangle.mp4',NULL,NULL,NULL),(100,3,NULL,1,'videos/skills/raw/1.mp4',NULL,NULL,NULL),(103,10,NULL,1,'videos/skills/raw/AG_MathVideo_Subtraction_10.mp4',NULL,NULL,NULL),(104,12,NULL,1,'videos/skills/raw/AG_MathVideo_Addition_100_v2.mp4',NULL,NULL,NULL),(105,12,NULL,1,'videos/skills/raw/AG_MathVideo_Addition_1000.mp4',NULL,NULL,NULL),(112,19,NULL,1,'videos/skills/raw/AG_MathVideo_Fractions_Divide_Part01.mp4',NULL,NULL,NULL),(113,39,NULL,1,'videos/skills/raw/AG_MathVideo_Multiplication_MultiplyingTableGrid.mp4',NULL,NULL,NULL),(116,7,NULL,1,'videos/skills/raw/AG_MathVideo_OrdinalNumbers_10_v2.mp4',NULL,NULL,NULL),(117,7,NULL,1,'videos/skills/raw/AG_MathVideo_OrdinalNumbers_100_v2.mp4',NULL,NULL,NULL),(121,188,NULL,1,'videos/skills/raw/AG_MathVideo_Volume_188.190.191.mp4',NULL,NULL,NULL),(123,191,NULL,1,'videos/skills/raw/AG_MathVideo_Volume_188.190.191.mp4',NULL,NULL,NULL),(124,189,NULL,1,'videos/skills/raw/AG_MathVideo_Volume_189.191_CubicUnits.mp4',NULL,NULL,NULL),(125,191,NULL,1,'videos/skills/raw/AG_MathVideo_Volume_189.191_CubicUnits.mp4',NULL,NULL,NULL),(127,20,NULL,1,'videos/skills/raw/18_1.mp4',NULL,NULL,NULL),(132,2,NULL,1,'videos/skills/raw/1.mp4',NULL,NULL,NULL),(144,41,NULL,1,'videos/skills/raw/AG_MathVideo_Fractions_41.42.mp4',NULL,NULL,NULL),(145,42,NULL,1,'videos/skills/raw/AG_MathVideo_Fractions_41.42.mp4',NULL,NULL,NULL),(146,43,NULL,1,'videos/skills/raw/AG_MathVideo_Fractions_43.44.mp4',NULL,NULL,NULL),(147,44,NULL,1,'videos/skills/raw/AG_MathVideo_Fractions_43.44.mp4',NULL,NULL,NULL),(148,10,NULL,1,'videos/skills/raw/AG_MathVideo_Addition_10.mp4',NULL,NULL,NULL),(149,15,NULL,1,'videos/skills/raw/9.1.mp4',NULL,NULL,NULL),(150,15,NULL,1,'videos/skills/raw/9.2.mp4',NULL,NULL,NULL),(151,16,NULL,1,'videos/skills/raw/16_1.mp4',NULL,NULL,NULL),(152,34,NULL,1,'videos/skills/raw/AG_MathVideo_Addition_100_v2.mp4',NULL,NULL,NULL),(153,34,NULL,1,'videos/skills/raw/AG_MathVideo_Subtraction_100_v2.mp4',NULL,NULL,NULL),(154,35,NULL,1,'videos/skills/raw/AG_MathVideo_Addition_100_v2.mp4',NULL,NULL,NULL),(155,35,NULL,1,'videos/skills/raw/AG_MathVideo_Subtraction_100_v2.mp4',NULL,NULL,NULL),(156,38,NULL,1,'videos/skills/raw/AG_MathVideo_Multiplication_Relationship.mp4',NULL,NULL,NULL),(158,44,NULL,1,'videos/skills/raw/AG_MathVideo_Fractions_79.81.121.mp4',NULL,NULL,NULL),(159,50,NULL,1,'videos/skills/raw/AG_MathVideo_Volume_188.190.191.mp4',NULL,NULL,NULL),(160,50,NULL,1,'videos/skills/raw/AG_MathVideo_Volume_189.191_CubicUnits.mp4',NULL,NULL,NULL),(161,55,NULL,1,'videos/skills/raw/AG_MathVideo_24_TellingTime_Hour_V2.mp4',NULL,NULL,NULL),(162,55,NULL,1,'videos/skills/raw/AG_MathVideo_88_TellingTime_Minute.mp4',NULL,NULL,NULL),(163,58,NULL,1,'videos/skills/raw/AG_MathVideo_90_Hours_Clock_V2.mp4',NULL,NULL,NULL),(164,65,NULL,1,'videos/skills/raw/65_2,67_1,68_1,69_1.mp4',NULL,NULL,NULL),(166,68,NULL,1,'videos/skills/raw/65_2,67_1,68_1,69_1.mp4',NULL,NULL,NULL),(167,69,NULL,1,'videos/skills/raw/65_2,67_1,68_1,69_1.mp4',NULL,NULL,NULL),(168,70,NULL,1,'videos/skills/raw/AG_MathVideo_Addition_1000.mp4',NULL,NULL,NULL),(169,70,NULL,1,'videos/skills/raw/AG_MathVideo_Subtraction_1000_v2.mp4',NULL,NULL,NULL),(170,71,NULL,1,'videos/skills/raw/AG_MathVideo_Addition_1000.mp4',NULL,NULL,NULL),(171,71,NULL,1,'videos/skills/raw/AG_MathVideo_Subtraction_1000_v2.mp4',NULL,NULL,NULL),(172,72,NULL,1,'videos/skills/raw/AG_MathVideo_Multiplication_Tables_1_10.mp4',NULL,NULL,NULL),(173,73,NULL,1,'videos/skills/raw/AG_MathVideo_Multiplication_Tables_1_10.mp4',NULL,NULL,NULL),(174,75,NULL,1,'videos/skills/raw/AG_MathVideo_Division_Algorithms.mp4',NULL,NULL,NULL),(175,74,NULL,1,'videos/skills/raw/AG_MathVideo_Division_Algorithms.mp4',NULL,NULL,NULL),(176,77,NULL,1,'videos/skills/raw/AG_MathVideo_Fractions_79.81.121.mp4',NULL,NULL,NULL),(177,78,NULL,1,'videos/skills/raw/AG_MathVideo_Fractions_79.81.121.mp4',NULL,NULL,NULL),(178,79,NULL,1,'videos/skills/raw/AG_MathVideo_Fractions_79.81.121.mp4',NULL,NULL,NULL),(179,80,NULL,1,'videos/skills/raw/AG_MathVideo_Fractions_79.81.121.mp4',NULL,NULL,NULL),(180,81,NULL,1,'videos/skills/raw/AG_MathVideo_Fractions_79.81.121.mp4',NULL,NULL,NULL),(183,84,NULL,1,'videos/skills/raw/AG_MathVideo_Volume_188.190.191.mp4',NULL,NULL,NULL),(184,84,NULL,1,'videos/skills/raw/AG_MathVideo_Volume_189.191_CubicUnits.mp4',NULL,NULL,NULL),(185,85,NULL,1,'videos/skills/raw/AG_MathVideo_Volume_188.190.191.mp4',NULL,NULL,NULL),(186,85,NULL,1,'videos/skills/raw/AG_MathVideo_Volume_189.191_CubicUnits.mp4',NULL,NULL,NULL),(187,86,NULL,1,'videos/skills/raw/AG_MathVideo_Volume_188.190.191.mp4',NULL,NULL,NULL),(188,86,NULL,1,'videos/skills/raw/AG_MathVideo_Volume_189.191_CubicUnits.mp4',NULL,NULL,NULL),(189,87,NULL,1,'videos/skills/raw/AG_MathVideo_Volume_188.190.191.mp4',NULL,NULL,NULL),(190,87,NULL,1,'videos/skills/raw/AG_MathVideo_Volume_189.191_CubicUnits.mp4',NULL,NULL,NULL),(191,89,NULL,1,'videos/skills/raw/AG_MathVideo_88_TellingTime_Minute.mp4',NULL,NULL,NULL),(192,90,NULL,1,'videos/skills/raw/AG_MathVideo_90_Hours_Clock_V2.mp4',NULL,NULL,NULL),(193,97,NULL,1,'videos/skills/raw/AG_MathVideo_Area_97.136.223_Rectangle.mp4',NULL,NULL,NULL),(194,98,NULL,1,'videos/skills/raw/AG_MathVideo_98_WhatIsAnAngle.mp4',NULL,NULL,NULL),(195,99,NULL,1,'videos/skills/raw/AG_MathVideo_99_TypesOfAngles.mp4',NULL,NULL,NULL),(196,100,NULL,1,'videos/skills/raw/AG_MathVideo_100_ParallelAndPerpendicularLines.mp4',NULL,NULL,NULL),(197,105,NULL,1,'videos/skills/raw/AG_MathVideo_Counting_100000.mp4',NULL,NULL,NULL),(199,111,NULL,1,'videos/skills/raw/AG_MathVideo_111_Factors_Multiples.mp4',NULL,NULL,NULL),(200,111,NULL,1,'videos/skills/raw/AG_MathVideo_111_FindingFactors.mp4',NULL,NULL,NULL),(201,114,NULL,1,'videos/skills/raw/AG_MathVideo_114_FindingOutifaNumberisaMultiple.mp4',NULL,NULL,NULL),(202,136,NULL,1,'videos/skills/raw/AG_MathVideo_Area_97.136.223_Rectangle.mp4',NULL,NULL,NULL),(203,108,NULL,1,'videos/skills/raw/AG_MathVideo_Counting_100000.mp4',NULL,NULL,NULL),(208,117,NULL,1,'videos/skills/raw/AG_MathVideo_Division_Algorithms.mp4',NULL,NULL,NULL),(209,121,NULL,1,'videos/skills/raw/AG_MathVideo_Fractions_79.81.121.mp4',NULL,NULL,NULL),(210,122,NULL,1,'videos/skills/raw/AG_MathVideo_Fractions_79.81.121.mp4',NULL,NULL,NULL),(211,143,NULL,1,'videos/skills/raw/AG_MathVideo_Area_97.136.223_Rectangle.mp4',NULL,NULL,NULL),(212,149,NULL,1,'videos/skills/raw/AG_MathVideo_Counting_10000000.mp4',NULL,NULL,NULL),(214,1,NULL,1,'videos/skills/raw/AG_MathVideo_Counting_100.mp4',NULL,NULL,NULL);

--
-- Table structure for table `skills`
--

CREATE TABLE `skills` (
  `id` int(10) unsigned NOT NULL AUTO_INCREMENT,
  `skill` varchar(255) COLLATE utf8_unicode_ci NOT NULL,
  `description` varchar(255) COLLATE utf8_unicode_ci NOT NULL,
  `user_id` int(10) unsigned NOT NULL DEFAULT '1',
  `image` varchar(255) COLLATE utf8_unicode_ci DEFAULT NULL,
  `lesson_link` varchar(255) COLLATE utf8_unicode_ci DEFAULT NULL,
  `status_id` int(10) unsigned NOT NULL DEFAULT '1',
  `created_at` timestamp NULL DEFAULT NULL,
  `updated_at` timestamp NULL DEFAULT NULL,
  `check` tinyint(1) NOT NULL DEFAULT '1',
  `track_id` int(10) unsigned DEFAULT NULL,
  PRIMARY KEY (`id`),
  KEY `skills_user_id_foreign` (`user_id`),
  KEY `skills_status_id_foreign` (`status_id`),
  CONSTRAINT `skills_status_id_foreign` FOREIGN KEY (`status_id`) REFERENCES `statuses` (`id`),
  CONSTRAINT `skills_user_id_foreign` FOREIGN KEY (`user_id`) REFERENCES `users` (`id`)
) ENGINE=InnoDB AUTO_INCREMENT=422 DEFAULT CHARSET=utf8 COLLATE=utf8_unicode_ci;

--
-- Dumping data for table `skills`
--

INSERT INTO `skills` VALUES (1,'Counting','Counting to tell the number of objects in a given set',1,NULL,NULL,1,'2018-05-19 04:08:34','2021-08-16 16:44:32',0,NULL),(2,'Number Notation','Number notation, representations and place values (tens, ones)',1,NULL,NULL,1,'2018-05-19 04:08:34','2018-05-19 04:08:34',1,NULL),(3,'Reading and Writing Numbers','Reading and Writing numbers in numerals and in words',1,NULL,NULL,1,'2018-05-19 04:08:34','2018-05-19 04:08:34',1,NULL),(4,'Comparing objects','Comparing the number of objects in two or more sets',1,NULL,NULL,1,'2018-05-19 04:08:34','2018-05-19 04:08:34',1,NULL),(5,'Ordering','Comparing and ordering numbers',1,NULL,NULL,1,'2018-05-19 04:08:34','2018-05-19 04:08:34',1,NULL),(6,'Patterns','Patterns in number sequences',1,NULL,NULL,1,'2018-05-19 04:08:34','2018-05-19 04:08:34',1,NULL),(7,'Ordinal numbers','First, second, third… until tenth',1,NULL,NULL,1,'2018-05-19 04:08:34','2018-05-19 04:08:34',1,NULL),(8,'Number bonds','Numbers bond for up to 10',1,NULL,NULL,1,'2018-05-19 04:08:34','2018-05-19 04:08:34',1,NULL),(9,'Addition and Subtraction','Concepts of addition and subtraction',1,NULL,NULL,1,'2018-05-19 04:08:34','2018-05-19 04:08:34',1,NULL),(10,'Use of symbols','use of +, -, and =',1,NULL,NULL,1,'2018-05-19 04:08:34','2018-05-19 04:08:34',1,NULL),(11,'Addition and Subtraction','relationship between addition and subtraction',1,NULL,NULL,1,'2018-05-19 04:08:34','2018-05-19 04:08:34',1,NULL),(12,'Adding more than two 1-digit numbers','Adding more than two 1-digit numbers',1,NULL,NULL,1,'2018-05-19 04:08:35','2018-05-19 04:08:35',1,NULL),(13,'Add and subtracting within 100','Add and subtracting within 100',1,NULL,NULL,1,'2018-05-19 04:08:35','2018-05-19 04:08:35',1,NULL),(14,'Adding and subtracting using algorithms','Adding and subtracting using algorithms',1,NULL,NULL,1,'2018-05-19 04:08:35','2018-05-19 04:08:35',1,NULL),(15,'Solving 1-step word problems involving addition and subtraction within 20','Solving 1-step word problems involving addition and subtraction within 20',1,NULL,NULL,1,'2018-05-19 04:08:35','2018-05-19 04:08:35',1,NULL),(16,'concepts of multiplication and division','concepts of multiplication and division',1,NULL,NULL,1,'2018-05-19 04:08:35','2018-05-19 04:08:35',1,NULL),(17,'use of x','use of x',1,NULL,NULL,1,'2018-05-19 04:08:35','2018-05-19 04:08:35',1,NULL),(18,'multiplying within 40','multiplying within 40',1,NULL,NULL,1,'2018-05-19 04:08:35','2018-05-19 04:08:35',1,NULL),(19,'dividing within 20','dividing within 20',1,NULL,NULL,1,'2018-05-19 04:08:35','2018-05-19 04:08:35',1,NULL),(20,'solving 1-step word problems involving multiplication and division with pictorial representation','solving 1-step word problems involving multiplication and division with pictorial representation',1,NULL,NULL,1,'2018-05-19 04:08:35','2018-05-19 04:08:35',1,NULL),(21,'counting amount of money','counting amount of money',1,NULL,NULL,1,'2018-05-19 04:08:35','2018-05-19 04:08:35',1,NULL),(22,'solving 1-step word problems involving addition and subtraction of money in dollars only','solving 1-step word problems involving addition and subtraction of money in dollars only',1,NULL,NULL,1,'2018-05-19 04:08:35','2018-05-19 04:08:35',1,NULL),(23,'measuring and comparing the length of objects in non-standard units','measuring and comparing the length of objects in non-standard units',1,NULL,NULL,1,'2018-05-19 04:08:35','2018-05-19 04:08:35',1,NULL),(24,'telling time to the hour/half hour','telling time to the hour/half hour',1,NULL,'https://www.youtube.com/watch?v=8RJzoyIVzV8',1,'2018-05-19 04:08:35','2018-05-19 04:08:35',1,NULL),(25,'identifying, naming, describing and classifying 2D shapes','identifying, naming, describing and classifying 2D shapes',1,NULL,NULL,1,'2018-05-19 04:08:35','2018-05-19 04:08:35',1,NULL),(26,'making/completing patterns with 2D shapes according to size, shape, colour, orientation','making/completing patterns with 2D shapes according to size, shape, colour, orientation',1,NULL,NULL,1,'2018-05-19 04:08:35','2018-05-19 04:08:35',1,NULL),(27,'reading and interpreting data from picture graphs','reading and interpreting data from picture graphs',1,NULL,NULL,1,'2018-05-19 04:08:35','2018-05-19 04:08:35',1,NULL),(28,'counting in tens/hundreds','counting in tens/hundreds',1,NULL,NULL,1,'2018-05-19 04:08:35','2018-05-19 04:08:35',1,NULL),(29,'number notation, representations and place values (hunds, tens, ones)','number notation, representations and place values (hunds, tens, ones)',1,NULL,NULL,1,'2018-05-19 04:08:35','2018-05-19 04:08:35',1,NULL),(30,'reading and writing numbers in numerals and in words','reading and writing numbers in numerals and in words',1,NULL,NULL,1,'2018-05-19 04:08:35','2018-05-19 04:08:35',1,NULL),(31,'comparing and ordering numbers','comparing and ordering numbers',1,NULL,NULL,1,'2018-05-19 04:08:35','2018-05-19 04:08:35',1,NULL),(32,'patterns in number sequences','patterns in number sequences',1,NULL,NULL,1,'2018-05-19 04:08:35','2018-05-19 04:08:35',1,NULL),(33,'odd and even numbers','odd and even numbers',1,NULL,NULL,1,'2018-05-19 04:08:35','2018-05-19 04:08:35',1,NULL),(34,'addition and subtraction algorithms (up to 3 digits)','addition and subtraction algorithms (up to 3 digits)',1,NULL,NULL,1,'2018-05-19 04:08:35','2018-05-19 04:08:35',1,NULL),(35,'solving up to 2-step word problems involving addition and subtraction','solving up to 2-step word problems involving addition and subtraction',1,NULL,NULL,1,'2018-05-19 04:08:35','2018-05-19 04:08:35',1,NULL),(36,'multiplication tables of 2,3,4,5 and 10','multiplication tables of 2,3,4,5 and 10',1,NULL,NULL,1,'2018-05-19 04:08:35','2018-05-19 04:08:35',1,NULL),(37,'use of +','use of +',1,NULL,NULL,1,'2018-05-19 04:08:35','2018-05-19 04:08:35',1,NULL),(38,'relationship between multiplication and division','relationship between multiplication and division',1,NULL,NULL,1,'2018-05-19 04:08:35','2018-05-19 04:08:35',1,NULL),(39,'multiplying and dividing within the multiplication tables','multiplying and dividing within the multiplication tables',1,NULL,NULL,1,'2018-05-19 04:08:35','2018-05-19 04:08:35',1,NULL),(40,'solving 1-step word problems involving multiplication and division within the multiplication tables','solving 1-step word problems involving multiplication and division within the multiplication tables',1,NULL,NULL,1,'2018-05-19 04:08:35','2018-05-19 04:08:35',1,NULL),(41,'fraction as part of a whole','fraction as part of a whole',1,NULL,NULL,1,'2018-05-19 04:08:35','2018-05-19 04:08:35',1,NULL),(42,'notation and representation of fractions','notation and representation of fractions',1,NULL,NULL,1,'2018-05-19 04:08:35','2018-05-19 04:08:35',1,NULL),(43,'comparing and ordering fractions with denominator of giving fractions not exceeding 12','comparing and ordering fractions with denominator of giving fractions not exceeding 12',1,NULL,NULL,1,'2018-05-19 04:08:35','2018-05-19 04:08:35',1,NULL),(44,'adding and subtracting like fractions within one whole with denominators of given fractions not exceeding 12','adding and subtracting like fractions within one whole with denominators of given fractions not exceeding 12',1,NULL,NULL,1,'2018-05-19 04:08:35','2018-05-19 04:08:35',1,NULL),(45,'counting of money in dollars and cents','counting aound of money in dollars and cents',1,NULL,NULL,1,'2018-05-19 04:08:35','2020-01-22 03:10:16',1,NULL),(46,'reading and writing money in decimal notation','reading and writing money in decimal notation',1,NULL,NULL,1,'2018-05-19 04:08:35','2018-05-19 04:08:35',1,NULL),(47,'comparing 2 or 3 amounts of money','comparing 2 or 3 amounts of money',1,NULL,NULL,1,'2018-05-19 04:08:35','2018-05-19 04:08:35',1,NULL),(48,'converting an amount of money in decimal notation to cents only and vice versa','converting an amount of money in decimal notation to cents only and vice versa',1,NULL,NULL,1,'2018-05-19 04:08:35','2018-05-19 04:08:35',1,NULL),(49,'solving word problems involving money in dollars only (or in cents only)','solving word problems involving money in dollars only (or in cents only)',1,NULL,NULL,1,'2018-05-19 04:08:35','2018-05-19 04:08:35',1,NULL),(50,'measuring length, mass and volume of liquid','measuring length, mass and volume of liquid',1,NULL,NULL,1,'2018-05-19 04:08:35','2018-05-19 04:08:35',1,NULL),(51,'measuring and drawing a line segment to the nearest cm','measuring and drawing a line segment to the nearest cm',1,NULL,NULL,1,'2018-05-19 04:08:35','2018-05-19 04:08:35',1,NULL),(52,'using appropriate units of measurement and their abbreviations cm, m, g, kg, l','using appropriate units of measurement and their abbreviations cm, m, g, kg, l',1,NULL,NULL,1,'2018-05-19 04:08:35','2018-05-19 04:08:35',1,NULL),(53,'comparing and ordering lengths, masses and volumes','comparing and ordering lengths, masses and volumes',1,NULL,NULL,1,'2018-05-19 04:08:35','2018-05-19 04:08:35',1,NULL),(54,'solving word problems involving length/mass/volume','solving word problems involving length/mass/volume',1,NULL,NULL,1,'2018-05-19 04:08:35','2018-05-19 04:08:35',1,NULL),(55,'telling time to 5 minutes','telling time to 5 minutes',1,NULL,'https://www.youtube.com/watch?time_continue=253&v=HrxZWNu72WI',1,'2018-05-19 04:08:35','2018-05-19 04:08:35',1,NULL),(56,'use of \'a.m. \' and \'p.m.\'','use of \'a.m. \' and \'p.m.\'',1,NULL,NULL,1,'2018-05-19 04:08:35','2018-05-19 04:08:35',1,NULL),(57,'use of abbreviated h and min','use of abbreviated h and min',1,NULL,NULL,1,'2018-05-19 04:08:35','2018-05-19 04:08:35',1,NULL),(58,'duration of 1 hour/half hour','duration of 1 hour/half hour',1,NULL,NULL,1,'2018-05-19 04:08:35','2018-05-19 04:08:35',1,NULL),(59,'identifying, naming, describing and classifying 2D shapes semicircle, quarter circle','identifying, naming, describing and classifying 2D shapes semicircle, quarter circle',1,NULL,NULL,1,'2018-05-19 04:08:35','2018-05-19 04:08:35',1,NULL),(60,'identifying the basic shapes that make up a given figure','identifying the basic shapes that make up a given figure',1,NULL,NULL,1,'2018-05-19 04:08:35','2018-05-19 04:08:35',1,NULL),(61,'forming different 2D figures with rectangle, square, triangle, semicircle, quarter circle','forming different 2D figures with rectangle, square, triangle, semicircle, quarter circle',1,NULL,NULL,1,'2018-05-19 04:08:35','2018-05-19 04:08:35',1,NULL),(62,'identifying, naming, describing and classifying 3D shapes: cubes, cuboid, cone, cylinder and sphere','identifying, naming, describing and classifying 3D shapes: cubes, cuboid, cone, cylinder and sphere',1,NULL,NULL,1,'2018-05-19 04:08:35','2018-05-19 04:08:35',1,NULL),(63,'reading and interpreting data from picture graphs with scales','reading and interpreting data from picture graphs with scales',1,NULL,NULL,1,'2018-05-19 04:08:35','2018-05-19 04:08:35',1,NULL),(64,'solving 1-step problems using data from picture graphs','solving 1-step problems using data from picture graphs',1,NULL,NULL,1,'2018-05-19 04:08:35','2018-05-19 04:08:35',1,NULL),(65,'counting in hundreds/thousands','counting in hundreds/thousands',1,NULL,NULL,1,'2018-05-19 04:08:35','2018-05-19 04:08:35',1,NULL),(66,'number notation, representations and place values (thousands, hundreds, tens, ones)','number notation, representations and place values (thousands, hundreds, tens, ones)',1,NULL,NULL,1,'2018-05-19 04:08:35','2018-05-19 04:08:35',1,NULL),(67,'reading and writing numbers in numerals and in words to 10000','reading and writing numbers in numerals and in words to 10000',1,NULL,NULL,1,'2018-05-19 04:08:35','2018-05-19 04:08:35',1,NULL),(68,'comparing and order numbers to 10000','comparing and order numbers to 10000',1,NULL,NULL,1,'2018-05-19 04:08:35','2018-05-19 04:08:35',1,NULL),(69,'patterns and ordering numbers to 10000','patterns and ordering numbers to 10000',1,NULL,NULL,1,'2018-05-19 04:08:35','2018-05-19 04:08:35',1,NULL),(70,'addition and subtraction algorithms (up to 4 digits)','addition and subtraction algorithms (up to 4 digits)',1,NULL,NULL,1,'2018-05-19 04:08:35','2018-05-19 04:08:35',1,NULL),(71,'solving up to 2-step word problems involving addition and subtraction up to 4 digits','solving up to 2-step word problems involving addition and subtraction up to 4 digits',1,NULL,NULL,1,'2018-05-19 04:08:35','2018-05-19 04:08:35',1,NULL),(72,'multiplication tables of 6,7,8 and 9','multiplication tables of 6,7,8 and 9',1,NULL,NULL,1,'2018-05-19 04:08:35','2018-05-19 04:08:35',1,NULL),(73,'multiplying and dividing within the multiplication tables of 6,7.8 and 9','multiplying and dividing within the multiplication tables of 6,7.8 and 9',1,NULL,NULL,1,'2018-05-19 04:08:35','2018-05-19 04:08:35',1,NULL),(74,'division with remainder','division with remainder',1,NULL,NULL,1,'2018-05-19 04:08:35','2018-05-19 04:08:35',1,NULL),(75,'multiplication and division algorithms (up to 3 digits by 1 digit)','multiplication and division algorithms (up to 3 digits by 1 digit)',1,NULL,NULL,1,'2018-05-19 04:08:35','2018-05-19 04:08:35',1,NULL),(76,'solving up to 2-step word problems involving the 4 operations','solving up to 2-step word problems involving the 4 operations',1,NULL,NULL,1,'2018-05-19 04:08:35','2018-05-19 04:08:35',1,NULL),(77,'equivalent fractions','equivalent fractions',1,NULL,NULL,1,'2018-05-19 04:08:35','2018-05-19 04:08:35',1,NULL),(78,'expressing a fraction in its simplest form','expressing a fraction in its simplest form',1,NULL,NULL,1,'2018-05-19 04:08:35','2018-05-19 04:08:35',1,NULL),(79,'comparing and ordering unlike fractions with denominations of given fractions not exceeding 12','comparing and ordering unlike fractions with denominations of given fractions not exceeding 12',1,NULL,NULL,1,'2018-05-19 04:08:35','2018-05-19 04:08:35',1,NULL),(80,'writing the equivalent fraction of a fraction given the denominator or the numerator','writing the equivalent fraction of a fraction given the denominator or the numerator',1,NULL,NULL,1,'2018-05-19 04:08:35','2018-05-19 04:08:35',1,NULL),(81,'adding and subtracting two related fractions witin one whole with denominators of given fractions not exceeding 12','adding and subtracting two related fractions witin one whole with denominators of given fractions not exceeding 12',1,NULL,NULL,1,'2018-05-19 04:08:35','2018-05-19 04:08:35',1,NULL),(82,'adding and subtracting money in decimal notation','adding and subtracting money in decimal notation',1,NULL,NULL,1,'2018-05-19 04:08:35','2018-05-19 04:08:35',1,NULL),(83,'solving word problems involving addition and subtraction of money in decimal notation','solving word problems involving addition and subtraction of money in decimal notation',1,NULL,NULL,1,'2018-05-19 04:08:35','2018-05-19 04:08:35',1,NULL),(84,'measuring length in km and volume in ml','measuring length in km and volume in ml',1,NULL,NULL,1,'2018-05-19 04:08:35','2018-05-19 04:08:35',1,NULL),(85,'measuring length/mass/volume in compound units','measuring length/mass/volume in compound units',1,NULL,NULL,1,'2018-05-19 04:08:35','2018-05-19 04:08:35',1,NULL),(86,'converting a measurement in compound units to the smaller unit, and vice versa','converting a measurement in compound units to the smaller unit, and vice versa',1,NULL,NULL,1,'2018-05-19 04:08:36','2018-05-19 04:08:36',1,NULL),(87,'solving word problems involving length/mass/volume/capacity excluding fractions and compound units','solving word problems involving length/mass/volume/capacity excluding fractions and compound units',1,NULL,NULL,1,'2018-05-19 04:08:36','2018-05-19 04:08:36',1,NULL),(88,'telling time to the minute','telling time to the minute',1,NULL,NULL,1,'2018-05-19 04:08:36','2018-05-19 04:08:36',1,NULL),(89,'use of \'past\' and \'to\' to tell time','use of \'past\' and \'to\' to tell time',1,NULL,NULL,1,'2018-05-19 04:08:36','2018-05-19 04:08:36',1,NULL),(90,'measuring time in hours and minutes','measuring time in hours and minutes',1,NULL,NULL,1,'2018-05-19 04:08:36','2018-05-19 04:08:36',1,NULL),(91,'converting time in hours and minutes to minutes only and vice versa','converting time in hours and minutes to minutes only and vice versa',1,NULL,NULL,1,'2018-05-19 04:08:36','2018-05-19 04:08:36',1,NULL),(92,'finding the starting time, finishing time or duration given the other two quantities','finding the starting time, finishing time or duration given the other two quantities',1,NULL,NULL,1,'2018-05-19 04:08:36','2018-05-19 04:08:36',1,NULL),(93,'solving problems involving time in hours and minutes','solving problems involving time in hours and minutes',1,NULL,NULL,1,'2018-05-19 04:08:36','2018-05-19 04:08:36',1,NULL),(94,'concepts of area and perimeter of a plane figure','concepts of area and perimeter of a plane figure',1,NULL,NULL,1,'2018-05-19 04:08:36','2018-05-19 04:08:36',1,NULL),(95,'measuring area in square units, cm2 and m2 excluding conversion between cm2 and m2','measuring area in square units, cm2 and m2 excluding conversion between cm2 and m2',1,NULL,NULL,1,'2018-05-19 04:08:36','2018-05-19 04:08:36',1,NULL),(96,'perimeter of rectlinear figure, rectangle and square','perimeter of rectlinear figure, rectangle and square',1,NULL,NULL,1,'2018-05-19 04:08:36','2018-05-19 04:08:36',1,NULL),(97,'area of rectangle/square','area of rectangle/square',1,NULL,NULL,1,'2018-05-19 04:08:36','2018-05-19 04:08:36',1,NULL),(98,'concepts of angle','concepts of angle',1,NULL,NULL,1,'2018-05-19 04:08:36','2018-05-19 04:08:36',1,NULL),(99,'right angles, angles greater than/smaller than a right angle','right angles, angles greater than/smaller than a right angle',1,NULL,NULL,1,'2018-05-19 04:08:36','2018-05-19 04:08:36',1,NULL),(100,'perpendicular and parallel lines','perpendicular and parallel lines',1,NULL,NULL,1,'2018-05-19 04:08:36','2018-05-19 04:08:36',1,NULL),(101,'draw perpendicular and parallel lines on square grid','draw perpendicular and parallel lines on square grid',1,NULL,NULL,1,'2018-05-19 04:08:36','2018-05-19 04:08:36',1,NULL),(102,'reading and interpreting data from bar graphs','reading and interpreting data from bar graphs',1,NULL,NULL,1,'2018-05-19 04:08:36','2018-05-19 04:08:36',1,NULL),(103,'using different scales on axis','using different scales on axis',1,NULL,NULL,1,'2018-05-19 04:08:36','2018-05-19 04:08:36',1,NULL),(104,'solving 1-step problems using data from bar graphs','solving 1-step problems using data from bar graphs',1,NULL,NULL,1,'2018-05-19 04:08:36','2018-05-19 04:08:36',1,NULL),(105,'number notation, representations and place values (ten thousands, thousands, hundreds, tens and ones)','number notation, representations and place values (ten thousands, thousands, hundreds, tens and ones)',1,NULL,NULL,1,'2018-05-19 04:08:36','2018-05-19 04:08:36',1,NULL),(106,'reading and writing numbers in numerals and in words','reading and writing numbers in numerals and in words',1,NULL,NULL,1,'2018-05-19 04:08:36','2018-05-19 04:08:36',1,NULL),(107,'comparing and ordering numbers','comparing and ordering numbers',1,NULL,NULL,1,'2018-05-19 04:08:36','2018-05-19 04:08:36',1,NULL),(108,'patterns in number sequences to 100,000','patterns in number sequences to 100,000',1,NULL,NULL,1,'2018-05-19 04:08:36','2018-05-19 04:08:36',1,NULL),(109,'rounding numbers to the nearest 10, 100 or 1000','rounding numbers to the nearest 10, 100 or 1000',1,NULL,NULL,1,'2018-05-19 04:08:36','2018-05-19 04:08:36',1,NULL),(110,'use of ≈','use of ≈',1,NULL,NULL,1,'2018-05-19 04:08:36','2018-05-19 04:08:36',1,NULL),(111,'factors, multiples and their relationship','factors, multiples and their relationship',1,NULL,NULL,1,'2018-05-19 04:08:36','2018-05-19 04:08:36',1,NULL),(112,'determining if a 1-digit number is a factor o a given number within 100','determining if a 1-digit number is a factor o a given number within 100',1,NULL,NULL,1,'2018-05-19 04:08:36','2018-05-19 04:08:36',1,NULL),(113,'finding the common factors of 2 given numbers','finding the common factors of 2 given numbers',1,NULL,NULL,1,'2018-05-19 04:08:36','2018-05-19 04:08:36',1,NULL),(114,'determining if a number is a multiple of a given 1-digit number','determining if a number is a multiple of a given 1-digit number',1,NULL,NULL,1,'2018-05-19 04:08:36','2018-05-19 04:08:36',1,NULL),(115,'finding the common multiples of two given 1-digit numbers','finding the common multiples of two given 1-digit numbers',1,NULL,NULL,1,'2018-05-19 04:08:36','2018-05-19 04:08:36',1,NULL),(116,'multiplication algorithm up to 4 digits by 1 digit, up to 3 digits by 2 digits','multiplication algorithm up to 4 digits by 1 digit, up to 3 digits by 2 digits',1,NULL,NULL,1,'2018-05-19 04:08:36','2018-05-19 04:08:36',1,NULL),(117,'division algorithm (up to 4 digits by 1 digit)','division algorithm (up to 4 digits by 1 digit)',1,NULL,NULL,1,'2018-05-19 04:08:36','2018-05-19 04:08:36',1,NULL),(118,'solving up to 3-step word problems involving the 4 operations','solving up to 3-step word problems involving the 4 operations',1,NULL,NULL,1,'2018-05-19 04:08:36','2018-05-19 04:08:36',1,NULL),(119,'mixed numbers, improper fractions and their relationships','mixed numbers, improper fractions and their relationships',1,NULL,NULL,1,'2018-05-19 04:08:36','2018-05-19 04:08:36',1,NULL),(120,'fraction as part of a set of objects','fraction as part of a set of objects',1,NULL,NULL,1,'2018-05-19 04:08:36','2018-05-19 04:08:36',1,NULL),(121,'adding and subtracting fractions with denominators of given fractions not exceeding 12 and not more than 2 different denominators','adding and subtracting fractions with denominators of given fractions not exceeding 12 and not more than 2 different denominators',1,NULL,NULL,1,'2018-05-19 04:08:36','2018-05-19 04:08:36',1,NULL),(122,'solving up to 2-step word problems involving addition and subtraction of fractions','solving up to 2-step word problems involving addition and subtraction of fractions',1,NULL,NULL,1,'2018-05-19 04:08:36','2018-05-19 04:08:36',1,NULL),(123,'notation and representation and place values (tenths, hundredths, thousandths)','notation and representation and place values (tenths, hundredths, thousandths)',1,NULL,NULL,1,'2018-05-19 04:08:36','2018-05-19 04:08:36',1,NULL),(124,'comparing and ordering decimals','comparing and ordering decimals',1,NULL,NULL,1,'2018-05-19 04:08:36','2018-05-19 04:08:36',1,NULL),(125,'dividing a whole number by a whole number with quotient as a decimal','dividing a whole number by a whole number with quotient as a decimal',1,NULL,NULL,1,'2018-05-19 04:08:36','2018-05-19 04:08:36',1,NULL),(126,'converting decimals to fractions','converting decimals to fractions',1,NULL,NULL,1,'2018-05-19 04:08:36','2018-05-19 04:08:36',1,NULL),(127,'converting fractions to decimals when the denominator is a factor of 10 or 100','converting fractions to decimals when the denominator is a factor of 10 or 100',1,NULL,NULL,1,'2018-05-19 04:08:36','2018-05-19 04:08:36',1,NULL),(128,'rounding decimals to the nearest whole number, 1 decimal place and 2 decimal places','rounding decimals to the nearest whole number, 1 decimal place and 2 decimal places',1,NULL,NULL,1,'2018-05-19 04:08:36','2018-05-19 04:08:36',1,NULL),(129,'adding and subtracting decimals (up to 2 decimal places)','adding and subtracting decimals (up to 2 decimal places)',1,NULL,NULL,1,'2018-05-19 04:08:36','2018-05-19 04:08:36',1,NULL),(130,'multiplying and dividing decimals (up to 2 decimal places) by a 1-digit whole numbers for decimals up to 3 dec places','multiplying and dividing decimals (up to 2 decimal places) by a 1-digit whole numbers for decimals up to 3 dec places',1,NULL,NULL,1,'2018-05-19 04:08:36','2018-05-19 04:08:36',1,NULL),(131,'solving up to 2-step word problems involving the  operations','solving up to 2-step word problems involving the  operations',1,NULL,NULL,1,'2018-05-19 04:08:36','2018-05-19 04:08:36',1,NULL),(132,'rounding off answers to a specified degree of accuracy','rounding off answers to a specified degree of accuracy',1,NULL,NULL,1,'2018-05-19 04:08:36','2018-05-19 04:08:36',1,NULL),(133,'measuring time in seconds','measuring time in seconds',1,NULL,NULL,1,'2018-05-19 04:08:36','2018-05-19 04:08:36',1,NULL),(134,'24-hour clock','24-hour clock',1,NULL,NULL,1,'2018-05-19 04:08:36','2018-05-19 04:08:36',1,NULL),(135,'solving problems involving time in 24-hour clock','solving problems involving time in 24-hour clock',1,NULL,NULL,1,'2018-05-19 04:08:36','2018-05-19 04:08:36',1,NULL),(136,'finding one dimension of a rectangle given the other dimension and its area/perimeter','finding one dimension of a rectangle given the other dimension and its area/perimeter',1,NULL,NULL,1,'2018-05-19 04:08:36','2018-05-19 04:08:36',1,NULL),(137,'finding the length of one side of a square given its area/perimeter','finding the length of one side of a square given its area/perimeter',1,NULL,NULL,1,'2018-05-19 04:08:36','2018-05-19 04:08:36',1,NULL),(138,'finding the area of figures made up of rectanges and squares','finding the area of figures made up of rectanges and squares',1,NULL,NULL,1,'2018-05-19 04:08:36','2018-05-19 04:08:36',1,NULL),(139,'using notation such as   ∠ABC and ∠a to name angles','using notation suc as   ∠ABC and ∠a to name angles',1,NULL,NULL,1,'2018-05-19 04:08:36','2019-06-30 14:04:46',1,NULL),(140,'measuring angles in degrees','measuring angles in degrees',1,NULL,NULL,1,'2018-05-19 04:08:36','2018-05-19 04:08:36',1,NULL),(141,'relating quarter, half and complete turns to angles in degrees','relating quarter, half and complete turns to angles in degrees',1,NULL,NULL,1,'2018-05-19 04:08:36','2018-05-19 04:08:36',1,NULL),(142,'8-point compass','8-point compass',1,NULL,NULL,1,'2018-05-19 04:08:36','2018-05-19 04:08:36',1,NULL),(143,'properties of rectangle and square, excluding diagonal properties','properties of rectangle and square, excluding diagonal properties',1,NULL,NULL,1,'2018-05-19 04:08:36','2018-05-19 04:08:36',1,NULL),(144,'identifying symmetric figures','identifying symmetric figures',1,NULL,NULL,1,'2018-05-19 04:08:36','2018-05-19 04:08:36',1,NULL),(145,'determining whether a straight line is a line of symmetry of a symmetric figure','determining whether a straight line is a line of symmetry of a symmetric figure',1,NULL,NULL,1,'2018-05-19 04:08:36','2018-05-19 04:08:36',1,NULL),(146,'completing a table from given data','completing a table from given data',1,NULL,NULL,1,'2018-05-19 04:08:36','2018-05-19 04:08:36',1,NULL),(147,'reading and interpreting data from tables/line graphs','reading and interpreting data from tables/line graphs',1,NULL,NULL,1,'2018-05-19 04:08:36','2018-05-19 04:08:36',1,NULL),(148,'solve 1-step problems using data from tables/graphs','solve 1-step problems using data from tables/graphs',1,NULL,NULL,1,'2018-05-19 04:08:36','2018-05-19 04:08:36',1,NULL),(149,'reading and writing numbers in numerals and in words up to 10 million','reading and writing numbers in numerals and in words up to 10 million',1,NULL,NULL,1,'2018-05-19 04:08:36','2018-05-19 04:08:36',1,NULL),(150,'rounding off numbers to the nearest 1000.','rounding off numbers to the nearest 1000.',1,NULL,NULL,1,'2018-05-19 04:08:36','2018-05-19 04:08:36',1,NULL),(151,'multiplication and division by tens, hundreds and thousands without using calculators','multiplication and division by tens, hundreds and thousands without using calculators',1,NULL,NULL,1,'2018-05-19 04:08:36','2018-05-19 04:08:36',1,NULL),(152,'solving word problems involving the 4 operations to 10m','solving word problems involving the 4 operations to 10m',1,NULL,NULL,1,'2018-05-19 04:08:36','2018-05-19 04:08:36',1,NULL),(153,'estimation of answers in calculations','estimation of answers in calculations',1,NULL,NULL,1,'2018-05-19 04:08:36','2018-05-19 04:08:36',1,NULL),(154,'checking reasonableness of answers','checking reasonableness of answers',1,NULL,NULL,1,'2018-05-19 04:08:36','2018-05-19 04:08:36',1,NULL),(155,'combined operations involving the 4 operations','combined operations involving the 4 operations',1,NULL,NULL,1,'2018-05-19 04:08:36','2018-05-19 04:08:36',1,NULL),(156,'use of brackets','use of brackets',1,NULL,NULL,1,'2018-05-19 04:08:36','2018-05-19 04:08:36',1,NULL),(157,'association of a fraction with division','association of a fraction with division',1,NULL,NULL,1,'2018-05-19 04:08:36','2018-05-19 04:08:36',1,NULL),(158,'conversion between fractions and decimals','conversion between fractions and decimals',1,NULL,NULL,1,'2018-05-19 04:08:36','2018-05-19 04:08:36',1,NULL),(159,'addition and subtraction of proper fractions without using calculators','addition and subtraction of proper fractions without using calculators',1,NULL,NULL,1,'2018-05-19 04:08:36','2018-05-19 04:08:36',1,NULL),(160,'addition and subtraction of mixed numbers','addition and subtraction of mixed numbers',1,NULL,NULL,1,'2018-05-19 04:08:36','2018-05-19 04:08:36',1,NULL),(161,'multiplication of a proper fractions and a proper/ improper fraction without using calculators','multiplication of a proper fractions and a proper/ improper fraction without using calculators',1,NULL,NULL,1,'2018-05-19 04:08:36','2018-05-19 04:08:36',1,NULL),(162,'multiplication of an improper fraction and an improper fraction,','multiplication of an improper fraction and an improper fraction,',1,NULL,NULL,1,'2018-05-19 04:08:36','2018-05-19 04:08:36',1,NULL),(163,'multiplication of a mixed number and a whole number','multiplication of a mixed number and a whole number',1,NULL,NULL,1,'2018-05-19 04:08:36','2018-05-19 04:08:36',1,NULL),(164,'division of a proper fraction by a whole number without using calculators','division of a proper fraction by a whole number without using calculators',1,NULL,NULL,1,'2018-05-19 04:08:36','2018-05-19 04:08:36',1,NULL),(165,'solving word problems involving the 4 operation','solving word problems involving the 4 operation',1,NULL,NULL,1,'2018-05-19 04:08:36','2018-05-19 04:08:36',1,NULL),(166,'multiplication and division of decimals (up to 3 decimal places) by tens, hundreds and thousands without using calculatorsoperations, • rounding off answers to a specified degree of accuracy, • estimation of answers in calculations, • checking reasonablen','multiplication and division of decimals (up to 3 decimal places) by tens, hundreds and thousands without using calculatorsoperations, • rounding off answers to a specified degree of accuracy, • estimation of answers in calculations, • checking reasonablen',1,NULL,NULL,1,'2018-05-19 04:08:36','2018-05-19 04:08:36',1,NULL),(167,'solving word problems involving the 4 operations','solving word problems involving the 4 operations',1,NULL,NULL,1,'2018-05-19 04:08:36','2018-05-19 04:08:36',1,NULL),(168,'rounding off answers to a specified degree of accuracy','rounding off answers to a specified degree of accuracy',1,NULL,NULL,1,'2018-05-19 04:08:36','2018-05-19 04:08:36',1,NULL),(169,'estimation of answers in calculations','estimation of answers in calculations',1,NULL,NULL,1,'2018-05-19 04:08:36','2018-05-19 04:08:36',1,NULL),(170,'checking reasonableness of answers','checking reasonableness of answers',1,NULL,NULL,1,'2018-05-19 04:08:36','2018-05-19 04:08:36',1,NULL),(171,'expressing a part of a whole as a percentage','expressing a part of a whole as a percentage',1,NULL,NULL,1,'2018-05-19 04:08:36','2018-05-19 04:08:36',1,NULL),(172,'use of the percentage symbol (%)','use of the percentage symbol (%)',1,NULL,NULL,1,'2018-05-19 04:08:36','2021-08-16 16:45:15',0,NULL),(173,'writing fractions and decimals as percentages, and vice versa','writing fractions and decimals as percentages, and vice versa',1,NULL,NULL,1,'2018-05-19 04:08:36','2018-05-19 04:08:36',1,NULL),(174,'finding a percentage part of a whole','finding a percentage part of a whole',1,NULL,NULL,1,'2018-05-19 04:08:36','2018-05-19 04:08:36',1,NULL),(175,'solving up to 2-step word problems involving percentage','solving up to 2-step word problems involving percentage',1,NULL,NULL,1,'2018-05-19 04:08:36','2018-05-19 04:08:36',1,NULL),(176,'discount, GST and annual interest','discount, GST and annual interest',1,NULL,NULL,1,'2018-05-19 04:08:36','2018-05-19 04:08:36',1,NULL),(177,'interpretation of a : b and a : b : c, where a, b and c are whole numbers','interpretation of a : b and a : b : c, where a, b and c are whole numbers',1,NULL,NULL,1,'2018-05-19 04:08:36','2018-05-19 04:08:36',1,NULL),(178,'writing equivalent ratios','writing equivalent ratios',1,NULL,NULL,1,'2018-05-19 04:08:36','2018-05-19 04:08:36',1,NULL),(179,'expressing a ratio in its simplest form','expressing a ratio in its simplest form',1,NULL,NULL,1,'2018-05-19 04:08:36','2018-05-19 04:08:36',1,NULL),(180,'finding the ratio of two or three given quantities','finding the ratio of two or three given quantities',1,NULL,NULL,1,'2018-05-19 04:08:37','2018-05-19 04:08:37',1,NULL),(181,'finding the missing term in a pair of equivalent ratios','finding the missing term in a pair of equivalent ratios',1,NULL,NULL,1,'2018-05-19 04:08:37','2018-05-19 04:08:37',1,NULL),(182,'finding one quantity given the other quantity and their ratio','finding one quantity given the other quantity and their ratio',1,NULL,NULL,1,'2018-05-19 04:08:37','2018-05-19 04:08:37',1,NULL),(183,'solving up to 2-step word problems involving ratio','solving up to 2-step word problems involving ratio',1,NULL,NULL,1,'2018-05-19 04:08:37','2018-05-19 04:08:37',1,NULL),(184,'conversion of a measurement from a smaller unit to a larger unit in decimal form, and vice versa','conversion of a measurement from a smaller unit to a larger unit in decimal form, and vice versa',1,NULL,NULL,1,'2018-05-19 04:08:37','2018-05-19 04:08:37',1,NULL),(185,'identifying the base of a triangle and its corresponding height,','identifying the base of a triangle and its corresponding height,',1,NULL,NULL,1,'2018-05-19 04:08:37','2018-05-19 04:08:37',1,NULL),(186,'use of formula to calculate the area of a triangle','use of formula to calculate the area of a triangle',1,NULL,NULL,1,'2018-05-19 04:08:37','2018-05-19 04:08:37',1,NULL),(187,'building solids with unit cubes','building solids with unit cubes',1,NULL,NULL,1,'2018-05-19 04:08:37','2018-05-19 04:08:37',1,NULL),(188,'measurement of volume in cubic units','measurement of volume in cubic units',1,NULL,NULL,1,'2018-05-19 04:08:37','2018-05-19 04:08:37',1,NULL),(189,'measurement of volume in cubic centimetres (cm3 )/ cubic metres (m3 )','measurement of volume in cubic centimetres (cm3 )/ cubic metres (m3 )',1,NULL,NULL,1,'2018-05-19 04:08:37','2018-05-19 04:08:37',1,NULL),(190,'use of formula to calculate the volume of a cube/ cuboid','use of formula to calculate the volume of a cube/ cuboid',1,NULL,NULL,1,'2018-05-19 04:08:37','2018-05-19 04:08:37',1,NULL),(191,'finding the volume of liquid in a rectangular tank','finding the volume of liquid in a rectangular tank',1,NULL,NULL,1,'2018-05-19 04:08:37','2018-05-19 04:08:37',1,NULL),(192,'conversion between liters, ml and cm3','conversion between liters, ml and cm3',1,NULL,NULL,1,'2018-05-19 04:08:37','2019-06-30 14:11:43',1,NULL),(193,'solving up to 3-step word problems involving the volume of a cube/ cuboid.','solving up to 3-step word problems involving the volume of a cube/ cuboid.',1,NULL,NULL,1,'2018-05-19 04:08:37','2018-05-19 04:08:37',1,NULL),(194,'Use of angles on a straight line, angles at a point, vertically opposite angles','Use of angles on a straight line, angles at a point, vertically opposite angles',1,NULL,NULL,1,'2018-05-19 04:08:37','2018-05-19 04:08:37',1,NULL),(195,'identifying and naming the following types of triangles ∗ isosceles triangle, ∗ equilateral triangle, ∗ right-angled triangle,','identifying and naming the following types of triangles ∗ isosceles triangle, ∗ equilateral triangle, ∗ right-angled triangle,',1,NULL,NULL,1,'2018-05-19 04:08:37','2018-05-19 04:08:37',1,NULL),(196,'use of the property that the angle sum of a triangle is 180o','use of the property that the angle sum of a triangle is 180o',1,NULL,NULL,1,'2018-05-19 04:08:37','2018-05-19 04:08:37',1,NULL),(197,'finding unknown angles','finding unknown angles',1,NULL,NULL,1,'2018-05-19 04:08:37','2018-05-19 04:08:37',1,NULL),(198,'identifying and naming parallelogram, rhombus and trapezium, • properties of parallelogram, rhombus and trapezium','identifying and naming parallelogram, rhombus and trapezium, • properties of parallelogram, rhombus and trapezium',1,NULL,NULL,1,'2018-05-19 04:08:37','2018-05-19 04:08:37',1,NULL),(199,'properties of parallelogram, rhombus and trapezium','properties of parallelogram, rhombus and trapezium',1,NULL,NULL,1,'2018-05-19 04:08:37','2018-05-19 04:08:37',1,NULL),(200,'finding unknown angles of parallelogram, rhombus and trapezium','finding unknown angles of parallelogram, rhombus and trapezium',1,NULL,NULL,1,'2018-05-19 04:08:37','2018-05-19 04:08:37',1,NULL),(201,'drawing a square/rectangle/parallelogram/rhombus/trapezium from given dimensions using ruler, protractor and set squares','drawing a square/rectangle/parallelogram/rhombus/trapezium from given dimensions using ruler, protractor and set squares',1,NULL,NULL,1,'2018-05-19 04:08:37','2018-05-19 04:08:37',1,NULL),(202,'interpretation of average as \"total amount ÷ number of items\"','interpretation of average as \"total amount ÷ number of items\"',1,NULL,NULL,1,'2018-05-19 04:08:37','2018-05-19 04:08:37',1,NULL),(203,'calculation of the average number/quantity','calculation of the average number/quantity',1,NULL,NULL,1,'2018-05-19 04:08:37','2018-05-19 04:08:37',1,NULL),(204,'finding the total amount given the average and the number of items','finding the total amount given the average and the number of items',1,NULL,NULL,1,'2018-05-19 04:08:37','2018-05-19 04:08:37',1,NULL),(205,'solving word problems involving average','solving word problems involving average',1,NULL,NULL,1,'2018-05-19 04:08:37','2018-05-19 04:08:37',1,NULL),(206,'division of a whole number/proper fraction by a proper fraction without using calculators.','division of a whole number/proper fraction by a proper fraction without using calculators.',1,NULL,NULL,1,'2018-05-19 04:08:37','2018-05-19 04:08:37',1,NULL),(207,'finding the whole given a part and the percentage,','finding the whole given a part and the percentage,',1,NULL,NULL,1,'2018-05-19 04:08:37','2018-05-19 04:08:37',1,NULL),(208,'finding percentage increase/decrease,','finding percentage increase/decrease,',1,NULL,NULL,1,'2018-05-19 04:08:37','2018-05-19 04:08:37',1,NULL),(209,'solving word problems involving percentage','solving word problems involving percentage',1,NULL,NULL,1,'2018-05-19 04:08:37','2018-05-19 04:08:37',1,NULL),(210,'expressing one quantity as a fraction of another, given their ratio, and vice versa','expressing one quantity as a fraction of another, given their ratio, and vice versa',1,NULL,NULL,1,'2018-05-19 04:08:37','2018-05-19 04:08:37',1,NULL),(211,'finding how many times one quantity is as large as another, given their ratio, and vice versa','finding how many times one quantity is as large as another, given their ratio, and vice versa',1,NULL,NULL,1,'2018-05-19 04:08:37','2018-05-19 04:08:37',1,NULL),(212,'expressing one quantity as a fraction of another given the two quantities','expressing one quantity as a fraction of another given the two quantities',1,NULL,NULL,1,'2018-05-19 04:08:37','2018-05-19 04:08:37',1,NULL),(213,'finding the whole/ one part when a whole is divided into parts in a given ratio','finding the whole/ one part when a whole is divided into parts in a given ratio',1,NULL,NULL,1,'2018-05-19 04:08:37','2018-05-19 04:08:37',1,NULL),(214,'solving word problems involving 2 pairs of ratios','solving word problems involving 2 pairs of ratios',1,NULL,NULL,1,'2018-05-19 04:08:37','2018-05-19 04:08:37',1,NULL),(215,'concepts of speed and average speed','concepts of speed and average speed',1,NULL,NULL,1,'2018-05-19 04:08:37','2018-05-19 04:08:37',1,NULL),(216,'relationship between distance, time and speed','relationship between distance, time and speed',1,NULL,NULL,1,'2018-05-19 04:08:37','2018-05-19 04:08:37',1,NULL),(217,'calculation of speed, distance or time given the other two quantities','calculation of speed, distance or time given the other two quantities',1,NULL,NULL,1,'2018-05-19 04:08:37','2018-05-19 04:08:37',1,NULL),(218,'writing speed in different units such as km/h, m/min, m/s and cm/s','writing speed in different units such as km/h, m/min, m/s and cm/s',1,NULL,NULL,1,'2018-05-19 04:08:37','2018-05-19 04:08:37',1,NULL),(219,'solving up to 3-step word problems involving speed and average speed','solving up to 3-step word problems involving speed and average speed',1,NULL,NULL,1,'2018-05-19 04:08:37','2018-05-19 04:08:37',1,NULL),(220,'use of formulae to calculate the area and circumference of a circle','use of formulae to calculate the area and circumference of a circle',1,NULL,NULL,1,'2018-05-19 04:08:37','2018-05-19 04:08:37',1,NULL),(221,'finding the area and perimeter of ∗ semicircle (half circle) ∗ quarter circle','finding the area and perimeter of ∗ semicircle (half circle) ∗ quarter circle',1,NULL,NULL,1,'2018-05-19 04:08:37','2018-05-19 04:08:37',1,NULL),(222,'solving word problems involving area and perimeter.','solving word problems involving area and perimeter.',1,NULL,NULL,1,'2018-05-19 04:08:37','2018-05-19 04:08:37',1,NULL),(223,'finding the area and perimeter of a figure made up of some of the following shapes: square, rectangle, triangle, semicircle and quarter circle.','finding the area and perimeter of a figure made up of some of the following shapes: square, rectangle, triangle, semicircle and quarter circle.',1,NULL,NULL,1,'2018-05-19 04:08:37','2018-05-19 04:08:37',1,NULL),(224,'finding one dimension of a cuboid given its volume and the other dimensions','finding one dimension of a cuboid given its volume and the other dimensions',1,NULL,NULL,1,'2018-05-19 04:08:37','2018-05-19 04:08:37',1,NULL),(225,'finding the length of one edge of a cube given its volume,','finding the length of one edge of a cube given its volume,',1,NULL,NULL,1,'2018-05-19 04:08:37','2018-05-19 04:08:37',1,NULL),(226,'finding the height of a cuboid given its volume and base area,','finding the height of a cuboid given its volume and base area,',1,NULL,NULL,1,'2018-05-19 04:08:37','2018-05-19 04:08:37',1,NULL),(227,'finding the area of a face of a cuboid given its volume and one dimension','finding the area of a face of a cuboid given its volume and one dimension',1,NULL,NULL,1,'2018-05-19 04:08:37','2018-05-19 04:08:37',1,NULL),(228,'use of the symbols √ and ∛','use of the symbols √ and ∛',1,NULL,NULL,1,'2018-05-19 04:08:37','2019-06-30 14:27:02',1,NULL),(229,'solving word problems involving volume of a cube/ cuboid','solving word problems involving volume of a cube/ cuboid',1,NULL,NULL,1,'2018-05-19 04:08:37','2018-05-19 04:08:37',1,NULL),(230,'finding unknown angles in geometrical figures involving square, rectangle, parallelogram, rhombus, trapezium and triangle','finding unknown angles in geometrical figures involving square, rectangle, parallelogram, rhombus, trapezium and triangle',1,NULL,NULL,1,'2018-05-19 04:08:37','2018-05-19 04:08:37',1,NULL),(231,'2-D representation of cube, cuboid, cone, cylinder, prism and pyramid','2-D representation of cube, cuboid, cone, cylinder, prism and pyramid',1,NULL,NULL,1,'2018-05-19 04:08:37','2018-05-19 04:08:37',1,NULL),(232,'identifying nets of the following solids ∗ cube, ∗ cuboid, ∗ prism, ∗ pyramid','identifying nets of the following solids ∗ cube, ∗ cuboid, ∗ prism, ∗ pyramid',1,NULL,NULL,1,'2018-05-19 04:08:37','2018-05-19 04:08:37',1,NULL),(233,'identifying the solid which can be formed by a given net','identifying the solid which can be formed by a given net',1,NULL,NULL,1,'2018-05-19 04:08:37','2018-05-19 04:08:37',1,NULL),(234,'making 3-D solids from given nets.','making 3-D solids from given nets.',1,NULL,NULL,1,'2018-05-19 04:08:37','2018-05-19 04:08:37',1,NULL),(235,'reading and interpreting pie charts','reading and interpreting pie charts',1,NULL,NULL,1,'2018-05-19 04:08:37','2018-05-19 04:08:37',1,NULL),(236,'solving 1-step problems using information presented in pie charts.','solving 1-step problems using information presented in pie charts.',1,NULL,NULL,1,'2018-05-19 04:08:37','2018-05-19 04:08:37',1,NULL),(237,'representation of an unknown number using a letter','representation of an unknown number using a letter',1,NULL,NULL,1,'2018-05-19 04:08:37','2018-05-19 04:08:37',1,NULL),(238,'simple algebraic expressions','simple algebraic expressions',1,NULL,NULL,1,'2018-05-19 04:08:37','2018-05-19 04:08:37',1,NULL),(239,'simplification of algebraic expressions,','simplification of algebraic expressions,',1,NULL,NULL,1,'2018-05-19 04:08:37','2018-05-19 04:08:37',1,NULL),(240,'evaluation of simple algebraic expressions by substitution','evaluation of simple algebraic expressions by substitution',1,NULL,NULL,1,'2018-05-19 04:08:37','2018-05-19 04:08:37',1,NULL),(241,'solving word problems involving algebraic expressions','solving word problems involving algebraic expressions',1,NULL,NULL,1,'2018-05-19 04:08:37','2018-05-19 04:08:37',1,NULL),(242,'Number Lines','Number Lines',1,NULL,'videos/numberlines.mp4',1,'2018-05-19 04:08:37','2018-05-19 04:08:37',1,NULL),(243,'Absolute Value','Absolute Value',1,NULL,NULL,1,'2018-05-19 04:08:37','2018-05-19 04:08:37',1,NULL),(244,'Adding Signed Numbers','Adding Signed Numbers',1,NULL,'videos/addingsigned.mp4',1,'2018-05-19 04:08:37','2018-05-19 04:08:37',1,NULL),(245,'Subtracting Signed numbers','Subtracting Signed numbers',1,NULL,'videos/subtractingsigned.mp4',1,'2018-05-19 04:08:37','2018-05-19 04:08:37',1,NULL),(246,'Multiplying signed numbers','Multiplying signed numbers',1,NULL,'videos/multiplyingsigned.mp4',1,'2018-05-19 04:08:37','2018-05-19 04:08:37',1,NULL),(247,'Dividing signed numbers','Dividing signed numbers',1,NULL,'videos/dividingsigned.mp4',1,'2018-05-19 04:08:37','2018-05-19 04:08:37',1,NULL),(248,'Special properties of zero','Special properties of zero',1,NULL,NULL,1,'2018-05-19 04:08:37','2018-05-19 04:08:37',1,NULL),(249,'Special properties of 1','Special properties of 1',1,NULL,NULL,1,'2018-05-19 04:08:37','2018-05-19 04:08:37',1,NULL),(250,'Exponents','Expoenets',1,NULL,NULL,1,'2018-05-19 04:08:37','2018-05-19 04:08:37',1,NULL),(251,'The order of operations','The order of operations',1,NULL,NULL,1,'2018-05-19 04:08:37','2018-05-19 04:08:37',1,NULL),(252,'Symbols of inclusion','Symbols of inclusion',1,NULL,NULL,1,'2018-05-19 04:08:37','2018-05-19 04:08:37',1,NULL),(253,'The commutative property','The commutative property',1,NULL,NULL,1,'2018-05-19 04:08:37','2018-05-19 04:08:37',1,NULL),(254,'The associative property','The associative property',1,NULL,NULL,1,'2018-05-19 04:08:37','2018-05-19 04:08:37',1,NULL),(255,'The distributive property','The distributive property',1,NULL,NULL,1,'2018-05-19 04:08:37','2018-05-19 04:08:37',1,NULL),(256,'What is a variable?','What is a variable?',1,NULL,NULL,1,'2018-05-19 04:08:37','2018-05-19 04:08:37',1,NULL),(257,'What is a formula?','What is a formula?',1,NULL,NULL,1,'2018-05-19 04:08:37','2018-05-19 04:08:37',1,NULL),(258,'Algebraic Expressions','Algebraic Expressions',1,NULL,NULL,1,'2018-05-19 04:08:37','2018-05-19 04:08:37',1,NULL),(259,'What is a Monomial','What is a Monomial',1,NULL,NULL,1,'2018-05-19 04:08:37','2018-05-19 04:08:37',1,NULL),(260,'What is a Polynomial','What is a Polynomial',1,NULL,NULL,1,'2018-05-19 04:08:37','2018-05-19 04:08:37',1,NULL),(261,'Like Terms','Like Terms',1,NULL,NULL,1,'2018-05-19 04:08:37','2018-05-19 04:08:37',1,NULL),(262,'The Degree of a Polynomial','The Degree of a Polynomial',1,NULL,NULL,1,'2018-05-19 04:08:37','2018-05-19 04:08:37',1,NULL),(263,'Adding and Subtracting Monomials','Adding and Subtracting Monomials',1,NULL,NULL,1,'2018-05-19 04:08:37','2018-05-19 04:08:37',1,NULL),(264,'Adding and Subtracting Polynomials','Adding and Subtracting Polynomials',1,NULL,NULL,1,'2018-05-19 04:08:37','2018-05-19 04:08:37',1,NULL),(265,'Multiplying Monomials','Multiplying Monomials',1,NULL,NULL,1,'2018-05-19 04:08:37','2018-05-19 04:08:37',1,NULL),(266,'Multiplying Monomials with Exponents','Multiplying Monomials with Exponents',1,NULL,NULL,1,'2018-05-19 04:08:37','2018-05-19 04:08:37',1,NULL),(267,'Raising a Monomial to a Power','Raising a Monomial to a Power',1,NULL,NULL,1,'2018-05-19 04:08:37','2018-05-19 04:08:37',1,NULL),(268,'Multiplying a Polynomials by a Monomial','Multiplying a Polynomials by a Monomial',1,NULL,NULL,1,'2018-05-19 04:08:37','2018-05-19 04:08:37',1,NULL),(269,'Using the FOIL Method','Using the FOIL Method',1,NULL,NULL,1,'2018-05-19 04:08:37','2018-05-19 04:08:37',1,NULL),(270,'The Difference of two perfect squares','The Difference of two perfect squares',1,NULL,NULL,1,'2018-05-19 04:08:37','2018-05-19 04:08:37',1,NULL),(271,'Squaring a Binomial','Squaring a Binomial',1,NULL,NULL,1,'2018-05-19 04:08:37','2018-05-19 04:08:37',1,NULL),(272,'Writing a Division Problem in a Fraction form','Writing a Division Problem in a Fraction form',1,NULL,NULL,1,'2018-05-19 04:08:37','2018-05-19 04:08:37',1,NULL),(273,'The Cancellation Method','The Cancellation Method',1,NULL,NULL,1,'2018-05-19 04:08:37','2018-05-19 04:08:37',1,NULL),(274,'The Factoring Method','The Factoring Method',1,NULL,NULL,1,'2018-05-19 04:08:37','2018-05-19 04:08:37',1,NULL),(275,'Dividing Monomials with Exponents','Dividing Monomials with Exponents',1,NULL,NULL,1,'2018-05-19 04:08:37','2018-05-19 04:08:37',1,NULL),(276,'Negative Exponents','Negative Exponents',1,NULL,NULL,1,'2018-05-19 04:08:37','2018-05-19 04:08:37',1,NULL),(277,'The Fraction Method','The Fraction Method',1,NULL,NULL,1,'2018-05-19 04:08:38','2018-05-19 04:08:38',1,NULL),(278,'The Long-division Method','The Long-division Method',1,NULL,NULL,1,'2018-05-19 04:08:38','2018-05-19 04:08:38',1,NULL),(279,'Dividing One Polynomial by Another','Dividing One Polynomial by Another',1,NULL,NULL,1,'2018-05-19 04:08:38','2018-05-19 04:08:38',1,NULL),(280,'What is an equation?','What is an equation?',1,NULL,NULL,1,'2018-05-19 04:08:38','2018-05-19 04:08:38',1,NULL),(281,'Solving Addition and subtraction equations','Solving Addition and subtraction equations',1,NULL,NULL,1,'2018-05-19 04:08:38','2018-05-19 04:08:38',1,NULL),(282,'Solving Multiplication and Division Equations','Solving Multiplication and Division Equations',1,NULL,NULL,1,'2018-05-19 04:08:38','2018-05-19 04:08:38',1,NULL),(283,'Equations Involving More than One Operation','Equations Involving More than One Operation',1,NULL,NULL,1,'2018-05-19 04:08:38','2018-05-19 04:08:38',1,NULL),(284,'Equations with Like Terms','Equations with Like Terms',1,NULL,NULL,1,'2018-05-19 04:08:38','2018-05-19 04:08:38',1,NULL),(285,'Equations with Variable Terms on Both Sides','Equations with Variable Terms on Both Sides',1,NULL,NULL,1,'2018-05-19 04:08:38','2018-05-19 04:08:38',1,NULL),(286,'Equations Containing Symbols of Inclusion','Equations Containing Symbols of Inclusion',1,NULL,NULL,1,'2018-05-19 04:08:38','2018-05-19 04:08:38',1,NULL),(287,'Unusual Equations','Unusual Equations',1,NULL,NULL,1,'2018-05-19 04:08:38','2018-05-19 04:08:38',1,NULL),(288,'The Addition-Subtraction Method','The Addition-Subtraction Method',1,NULL,NULL,1,'2018-05-19 04:08:38','2018-05-19 04:08:38',1,NULL),(289,'Using Multiplication to Solve Systems of Equation','Using Multiplication to Solve Systems of Equation',1,NULL,NULL,1,'2018-05-19 04:08:38','2018-05-19 04:08:38',1,NULL),(290,'Solving Systems of Equations using the Substitution Method','Solving Systems of Equations using the Substitution Method',1,NULL,NULL,1,'2018-05-19 04:08:38','2018-05-19 04:08:38',1,NULL),(291,'Dependent and Inconsistent Systems of Equations','Dependent and Inconsistent Systems of Equations',1,NULL,NULL,1,'2018-05-19 04:08:38','2018-05-19 04:08:38',1,NULL),(292,'Using Equations to Solve Word Problems','Using Equations to Solve Word Problems',1,NULL,NULL,1,'2018-05-19 04:08:38','2018-05-19 04:08:38',1,NULL),(293,'What is an Inequality','What is an Inequality',1,NULL,NULL,1,'2018-05-19 04:08:38','2018-05-19 04:08:38',1,NULL),(294,'Solving problems with inequalities','Solving problems with inequalities',1,NULL,NULL,1,'2018-05-19 04:08:38','2018-05-19 04:08:38',1,NULL),(295,'Inequalities with Variables','Inequalities with Variables',1,NULL,NULL,1,'2018-05-19 04:08:38','2018-05-19 04:08:38',1,NULL),(296,'Graphing Inequalities','Graphing Inequalities',1,NULL,NULL,1,'2018-05-19 04:08:38','2018-05-19 04:08:38',1,NULL),(297,'Simplifying Inequalities','Simplifying Inequalities',1,NULL,NULL,1,'2018-05-19 04:08:38','2018-05-19 04:08:38',1,NULL),(298,'Inequalities involving multiplication and division','Inequalities involving multiplication and division',1,NULL,NULL,1,'2018-05-19 04:08:38','2018-05-19 04:08:38',1,NULL),(299,'Using Inequalities to solve word problems','Using Inequalities to solve word problems',1,NULL,NULL,1,'2018-05-19 04:08:38','2018-05-19 04:08:38',1,NULL),(300,'The Cartesian Plane','The Cartesian Plane',1,NULL,NULL,1,'2018-05-19 04:08:38','2018-05-19 04:08:38',1,NULL),(301,'The Quadrants of a Plane','The Quadrants of a Plane',1,NULL,NULL,1,'2018-05-19 04:08:38','2018-05-19 04:08:38',1,NULL),(302,'Points in the Cartesian Plane','Points in the Cartesian Plane',1,NULL,NULL,1,'2018-05-19 04:08:38','2018-05-19 04:08:38',1,NULL),(303,'Plotting Points','Plotting Points',1,NULL,NULL,1,'2018-05-19 04:08:38','2018-05-19 04:08:38',1,NULL),(304,'Identifying the Coordinates of a Point','Identifying the Coordinates of a Point',1,NULL,NULL,1,'2018-05-19 04:08:38','2018-05-19 04:08:38',1,NULL),(305,'Overview','Overview',1,NULL,NULL,1,'2018-05-19 04:08:38','2018-05-19 04:08:38',1,NULL),(306,'The Point-Sampling Method','The Point-Sampling Method',1,NULL,NULL,1,'2018-05-19 04:08:38','2018-05-19 04:08:38',1,NULL),(307,'The Double-Intercept Approach','The Double-Intercept Approach',1,NULL,NULL,1,'2018-05-19 04:08:38','2018-05-19 04:08:38',1,NULL),(308,'Graphing Equations with One Variable','Graphing Equations with One Variable',1,NULL,NULL,1,'2018-05-19 04:08:38','2018-05-19 04:08:38',1,NULL),(309,'What is a slope?','What is a slope?',1,NULL,NULL,1,'2018-05-19 04:08:38','2018-05-19 04:08:38',1,NULL),(310,'The Slope Formula','The Slope Formula',1,NULL,NULL,1,'2018-05-19 04:08:38','2018-05-19 04:08:38',1,NULL),(311,'Slopes of Horizontal and Vertical Lines','Slopes of Horizontal and Vertical Lines',1,NULL,NULL,1,'2018-05-19 04:08:38','2018-05-19 04:08:38',1,NULL),(312,'The General Form of an Equation','The General Form of an Equation',1,NULL,NULL,1,'2018-05-19 04:08:38','2018-05-19 04:08:38',1,NULL),(313,'The Point-Slope form of an Equation','The Point-Slope form of an Equation',1,NULL,NULL,1,'2018-05-19 04:08:38','2018-05-19 04:08:38',1,NULL),(314,'The Slope-Intercept form of an Equation','The Slope-Intercept form of an Equation',1,NULL,NULL,1,'2018-05-19 04:08:38','2018-05-19 04:08:38',1,NULL),(315,'Comparison of Methods for graphing linear Equations','Comparison of Methods for graphing linear Equations',1,NULL,NULL,1,'2018-05-19 04:08:38','2018-05-19 04:08:38',1,NULL),(316,'Graphing a system of equations','Graphing a system of equations',1,NULL,NULL,1,'2018-05-19 04:08:38','2018-05-19 04:08:38',1,NULL),(317,'Some practical applications for graphing','Some practical applications for graphing',1,NULL,NULL,1,'2018-05-19 04:08:38','2018-05-19 04:08:38',1,NULL),(318,'Review of Exponents','Review of Exponents',1,NULL,NULL,1,'2018-05-19 04:08:38','2018-05-19 04:08:38',1,NULL),(319,'Positive and Negative Bases','Positive and Negative Bases',1,NULL,NULL,1,'2018-05-19 04:08:38','2018-05-19 04:08:38',1,NULL),(320,'Powers of ten','Powers of ten',1,NULL,NULL,1,'2018-05-19 04:08:38','2018-05-19 04:08:38',1,NULL),(321,'Variables in Exponential Expressions','Variables in Exponential Expressions',1,NULL,NULL,1,'2018-05-19 04:08:38','2018-05-19 04:08:38',1,NULL),(322,'Adding and Subtracting Exponenial Expressions','Adding and Subtracting Exponenial Expressions',1,NULL,NULL,1,'2018-05-19 04:08:38','2018-05-19 04:08:38',1,NULL),(323,'Multiplying Exponential expressions','Multiplying Exponential expressions',1,NULL,NULL,1,'2018-05-19 04:08:38','2018-05-19 04:08:38',1,NULL),(324,'Dividing Exponential Expressions','Dividing Exponential Expressions',1,NULL,NULL,1,'2018-05-19 04:08:38','2018-05-19 04:08:38',1,NULL),(325,'Negative Exponents in Division Problems','Negative Exponents in Division Problems',1,NULL,NULL,1,'2018-05-19 04:08:38','2018-05-19 04:08:38',1,NULL),(326,'Raising an Exponential Expresion to a power','Raising an Exponential Expresion to a power',1,NULL,NULL,1,'2018-05-19 04:08:38','2018-05-19 04:08:38',1,NULL),(327,'Raising a Fraction to a power','Raising a Fraction to a power',1,NULL,NULL,1,'2018-05-19 04:08:38','2018-05-19 04:08:38',1,NULL),(328,'Expressions with Negative Exponents','Expressions with Negative Exponents',1,NULL,NULL,1,'2018-05-19 04:08:38','2018-05-19 04:08:38',1,NULL),(329,'Fractions with Negative Exponents','Fractions with Negative Exponents',1,NULL,NULL,1,'2018-05-19 04:08:38','2018-05-19 04:08:38',1,NULL),(330,'Scientic Notation','Scientic Notation',1,NULL,NULL,1,'2018-05-19 04:08:38','2018-05-19 04:08:38',1,NULL),(331,'What is a Root?','What is a Root?',1,NULL,NULL,1,'2018-05-19 04:08:38','2018-05-19 04:08:38',1,NULL),(332,'Cube Roots and Fourth Roots','Cube Roots and Fourth Roots',1,NULL,NULL,1,'2018-05-19 04:08:38','2018-05-19 04:08:38',1,NULL),(333,'Radicals with Variables','Radicals with Variables',1,NULL,NULL,1,'2018-05-19 04:08:38','2018-05-19 04:08:38',1,NULL),(334,'Rational and Irrational Numbers','Rational and Irrational Numbers',1,NULL,NULL,1,'2018-05-19 04:08:38','2018-05-19 04:08:38',1,NULL),(335,'Simplifying Square Roots','Simplifying Square Roots',1,NULL,NULL,1,'2018-05-19 04:08:38','2018-05-19 04:08:38',1,NULL),(336,'Simplifying Radical Expressions with Variables','Simplifying Radical Expressions with Variables',1,NULL,NULL,1,'2018-05-19 04:08:38','2018-05-19 04:08:38',1,NULL),(337,'Fractional Exponents','Fractional Exponents',1,NULL,NULL,1,'2018-05-19 04:08:38','2018-05-19 04:08:38',1,NULL),(338,'Adding and Subtracting Radicals','Adding and Subtracting Radicals',1,NULL,NULL,1,'2018-05-19 04:08:38','2018-05-19 04:08:38',1,NULL),(339,'Multiplying Radicals','Multiplying Radicals',1,NULL,NULL,1,'2018-05-19 04:08:38','2018-05-19 04:08:38',1,NULL),(340,'Dividing Radicals','Dividing Radicals',1,NULL,NULL,1,'2018-05-19 04:08:38','2018-05-19 04:08:38',1,NULL),(341,'Simplifying Fractions Containing Radicals','Simplifying Fractions Containing Radicals',1,NULL,NULL,1,'2018-05-19 04:08:38','2018-05-19 04:08:38',1,NULL),(342,'Using Square Roots to solve Equations','Using Square Roots to solve Equations',1,NULL,NULL,1,'2018-05-19 04:08:38','2018-05-19 04:08:38',1,NULL),(343,'Radical Equations','Radical Equations',1,NULL,NULL,1,'2018-05-19 04:08:38','2018-05-19 04:08:38',1,NULL),(344,'Factors Introduction','Factors Introduction',1,NULL,NULL,1,'2018-05-19 04:08:38','2018-05-19 04:08:38',1,NULL),(345,'Factors and Prime Numbers','Factors and Prime Numbers',1,NULL,NULL,1,'2018-05-19 04:08:38','2018-05-19 04:08:38',1,NULL),(346,'Factoring Constants','Factoring Constants',1,NULL,NULL,1,'2018-05-19 04:08:38','2018-05-19 04:08:38',1,NULL),(347,'Common Factors','Common Factors',1,NULL,NULL,1,'2018-05-19 04:08:38','2018-05-19 04:08:38',1,NULL),(348,'Factoring Monomials','Factoring Monomials',1,NULL,NULL,1,'2018-05-19 04:08:38','2018-05-19 04:08:38',1,NULL),(349,'Finding the Greatest Common Factor of Two Monomials','Finding the Greatest Common Factor of Two Monomials',1,NULL,NULL,1,'2018-05-19 04:08:38','2018-05-19 04:08:38',1,NULL),(350,'Factoring Polynomials','Factoring Polynomials',1,NULL,NULL,1,'2018-05-19 04:08:38','2018-05-19 04:08:38',1,NULL),(351,'Polynomial Factors','Polynomial Factors',1,NULL,NULL,1,'2018-05-19 04:08:38','2018-05-19 04:08:38',1,NULL),(352,'The Difference of two perfect squares','The Difference of two perfect squares',1,NULL,NULL,1,'2018-05-19 04:08:38','2018-05-19 04:08:38',1,NULL),(353,'Factoring Trinomials','Factoring Trinomials',1,NULL,NULL,1,'2018-05-19 04:08:38','2018-05-19 04:08:38',1,NULL),(354,'Perfect Square Trinomials','Perfect Square Trinomials',1,NULL,NULL,1,'2018-05-19 04:08:38','2018-05-19 04:08:38',1,NULL),(355,'Trinomials That Won\'t Factor','Trinomials That Won\'t Factor',1,NULL,NULL,1,'2018-05-19 04:08:38','2018-05-19 04:08:38',1,NULL),(356,'What is a Quadratic Equation?','What is a Quadratic Equation?',1,NULL,NULL,1,'2018-05-19 04:08:38','2018-05-19 04:08:38',1,NULL),(357,'The Zero Property','The Zero Property',1,NULL,NULL,1,'2018-05-19 04:08:38','2018-05-19 04:08:38',1,NULL),(358,'Solving Quadratic Equations','Solving Quadratic Equations',1,NULL,NULL,1,'2018-05-19 04:08:38','2018-05-19 04:08:38',1,NULL),(359,'The Quadratic Formula','The Quadratic Formula',1,NULL,NULL,1,'2018-05-19 04:08:38','2018-05-19 04:08:38',1,NULL),(360,'Why Bother Factoring?','Why Bother Factoring?',1,NULL,NULL,1,'2018-05-19 04:08:38','2018-05-19 04:08:38',1,NULL),(361,'The Discriminant','The Discriminant',1,NULL,NULL,1,'2018-05-19 04:08:38','2018-05-19 04:08:38',1,NULL),(362,'A Review of Numeric Fractions','A Review of Numeric Fractions',1,NULL,NULL,1,'2018-05-19 04:08:38','2018-05-19 04:08:38',1,NULL),(363,'Reducing or Simplifying Numeric Fractions','Reducing or Simplifying Numeric Fractions',1,NULL,NULL,1,'2018-05-19 04:08:38','2018-05-19 04:08:38',1,NULL),(364,'The Sign of a Fraction','The Sign of a Fraction',1,NULL,NULL,1,'2018-05-19 04:08:38','2018-05-19 04:08:38',1,NULL),(365,'Working with Algebraic Fractions','Working with Algebraic Fractions',1,NULL,NULL,1,'2018-05-19 04:08:38','2018-05-19 04:08:38',1,NULL),(366,'Reducing Fractions with Monomial Terms','Reducing Fractions with Monomial Terms',1,NULL,NULL,1,'2018-05-19 04:08:38','2018-05-19 04:08:38',1,NULL),(367,'Illegal Values in Monomial Fractions','Illegal Values in Monomial Fractions',1,NULL,NULL,1,'2018-05-19 04:08:38','2018-05-19 04:08:38',1,NULL),(368,'Reducing Fractions with Polynomial Terms','Reducing Fractions with Polynomial Terms',1,NULL,NULL,1,'2018-05-19 04:08:38','2018-05-19 04:08:38',1,NULL),(369,'Illegal Values in Polynomial Fractions','Illegal Values in Polynomial Fractions',1,NULL,NULL,1,'2018-05-19 04:08:38','2018-05-19 04:08:38',1,NULL),(370,'Multiplying Numeric Fractions','Multiplying Numeric Fractions',1,NULL,NULL,1,'2018-05-19 04:08:38','2018-05-19 04:08:38',1,NULL),(371,'Multiplying Monomial Fractions','Multiplying Monomial Fractions',1,NULL,NULL,1,'2018-05-19 04:08:39','2018-05-19 04:08:39',1,NULL),(372,'Multiplying Polynomial Fractions','Multiplying Polynomial Fractions',1,NULL,NULL,1,'2018-05-19 04:08:39','2018-05-19 04:08:39',1,NULL),(373,'Dividing Numeric Fractions','Dividing Numeric Fractions',1,NULL,NULL,1,'2018-05-19 04:08:39','2018-05-19 04:08:39',1,NULL),(374,'Dividing Monomial Fractions','Dividing Monomial Fractions',1,NULL,NULL,1,'2018-05-19 04:08:39','2018-05-19 04:08:39',1,NULL),(375,'Dividing Polynomial Fractions','Dividing Polynomial Fractions',1,NULL,NULL,1,'2018-05-19 04:08:39','2018-05-19 04:08:39',1,NULL),(376,'Finding the Lowest Common Denominator','Finding the Lowest Common Denominator',1,NULL,NULL,1,'2018-05-19 04:08:39','2018-05-19 04:08:39',1,NULL),(377,'Equivalent Fractions','Equivalent Fractions',1,NULL,NULL,1,'2018-05-19 04:08:39','2018-05-19 04:08:39',1,NULL),(378,'adding and subtracting like fractions','adding and subtracting like fractions',1,NULL,NULL,1,'2018-05-19 04:08:39','2018-05-19 04:08:39',1,NULL),(379,'Adding and Subtracting Unlike Fractions','Adding and Subtracting Unlike Fractions',1,NULL,NULL,1,'2018-05-19 04:08:39','2018-05-19 04:08:39',1,NULL),(380,'Complex Fractions','Complex Fractions',1,NULL,NULL,1,'2018-05-19 04:08:39','2018-05-19 04:08:39',1,NULL),(381,'Isolating the Variable','Isolating the Variable',1,NULL,NULL,1,'2018-05-19 04:08:39','2018-05-19 04:08:39',1,NULL),(382,'Using Cross Multiplication','Using Cross Multiplication',1,NULL,NULL,1,'2018-05-19 04:08:39','2018-05-19 04:08:39',1,NULL),(383,'Quadratic Equations Containing Fractions','Quadratic Equations Containing Fractions',1,NULL,NULL,1,'2018-05-19 04:08:39','2018-05-19 04:08:39',1,NULL),(386,'counting','count',4,NULL,NULL,3,'2018-11-25 14:30:32','2018-11-25 14:30:32',1,NULL),(391,'test skill','test',135,NULL,'videos/skills/1554910097.mp4',1,'2019-04-10 15:28:17','2019-04-10 15:28:17',1,NULL),(401,'This is a new skill','Hello skill',4,NULL,'/tmp/php03GpTo',2,'2019-04-22 01:56:56','2019-04-22 01:56:56',1,NULL),(402,'Skill 2','Skill 2',69,NULL,NULL,1,'2019-04-22 02:27:42','2019-04-22 02:27:42',1,NULL),(405,'Test Multi Videos 21','Test Multi Videos 21',69,NULL,NULL,1,'2019-05-06 05:25:57','2019-05-06 05:25:57',1,NULL),(407,'K1 T1 W1','Counting to 10',84,NULL,NULL,1,'2020-07-04 01:11:33','2020-11-28 15:06:15',1,NULL),(408,'K1 T1 Week 2','Matching and Comparing (within 10)',84,NULL,NULL,1,'2020-07-05 08:52:06','2020-11-28 15:18:20',1,NULL),(409,'K1 T1 W3','Number Bonds',84,NULL,NULL,3,'2020-07-08 10:45:56','2020-11-28 15:18:56',1,NULL),(410,'K1 T1 W4 ','Addition within 10 using Number Bonds',84,NULL,NULL,3,'2020-07-08 10:46:38','2020-11-28 15:19:36',1,NULL),(411,'K1 T1 W5','Addition within 10 by Counting On',84,NULL,NULL,3,'2020-07-08 10:47:12','2020-11-28 15:20:17',1,NULL),(412,'K1 T1 W6','Subtraction within 10 using Number Bonds',84,NULL,NULL,3,'2020-07-08 10:47:39','2020-11-28 15:21:07',1,NULL),(413,'K1 T1 W7','Subtraction within 10 by Counting Back',84,NULL,NULL,3,'2020-07-08 10:48:06','2020-11-28 15:21:38',1,NULL),(414,'K1 T1 W8','Ordinal Numbers',84,NULL,NULL,3,'2020-07-08 10:48:38','2020-11-28 15:22:10',1,NULL),(415,'K1 T1 W9','Counting to 20 by Counting On and Back',84,NULL,NULL,3,'2020-07-08 10:49:18','2020-11-28 15:24:17',1,NULL),(416,'K1 T1 W10','Counting to 20 by making 10',84,NULL,NULL,3,'2020-07-08 10:50:24','2020-11-28 15:24:53',1,NULL),(417,'K1 T1 W11','Comparing Numbers (within 20)',84,NULL,NULL,3,'2020-07-08 10:50:50','2020-11-28 15:25:53',1,NULL),(418,'K1 T1 W12','Ordering Numbers (within 20)',84,NULL,NULL,3,'2020-07-08 10:51:20','2020-11-28 15:26:32',1,NULL),(419,'Comparing and measuring lengths','Comparing, ordering and measuring, estimating length',41,NULL,NULL,3,'2020-12-10 16:01:59','2020-12-10 16:01:59',1,NULL),(420,'Comparing and ordering within 40','Comparison and ordering within 40',41,NULL,NULL,3,'2020-12-13 03:54:22','2020-12-13 03:54:22',1,NULL),(421,'Regrouping Once','Regrouping once in adding 3 numbers',20,NULL,NULL,3,'2020-12-20 05:43:43','2020-12-20 05:43:43',1,NULL);

--
-- Table structure for table `solutions`
--

CREATE TABLE `solutions` (
  `id` int(10) unsigned NOT NULL AUTO_INCREMENT,
  `question_id` int(10) unsigned DEFAULT NULL,
  `status_id` int(10) unsigned NOT NULL DEFAULT '1',
  `user_id` int(10) unsigned NOT NULL DEFAULT '1',
  `solution` text COLLATE utf8_unicode_ci NOT NULL,
  `created_at` timestamp NULL DEFAULT NULL,
  `updated_at` timestamp NULL DEFAULT NULL,
  PRIMARY KEY (`id`),
  KEY `solutions_question_id_foreign` (`question_id`),
  KEY `solutions_status_id_foreign` (`status_id`),
  KEY `solutions_user_id_foreign` (`user_id`),
  CONSTRAINT `solutions_question_id_foreign` FOREIGN KEY (`question_id`) REFERENCES `questions` (`id`) ON DELETE CASCADE,
  CONSTRAINT `solutions_status_id_foreign` FOREIGN KEY (`status_id`) REFERENCES `statuses` (`id`),
  CONSTRAINT `solutions_user_id_foreign` FOREIGN KEY (`user_id`) REFERENCES `users` (`id`)
) ENGINE=InnoDB DEFAULT CHARSET=utf8 COLLATE=utf8_unicode_ci;

--
-- Dumping data for table `solutions`
--


--
-- Table structure for table `statuses`
--

CREATE TABLE `statuses` (
  `id` int(10) unsigned NOT NULL AUTO_INCREMENT,
  `status` varchar(255) COLLATE utf8_unicode_ci NOT NULL,
  `description` varchar(255) COLLATE utf8_unicode_ci NOT NULL,
  `created_at` timestamp NULL DEFAULT NULL,
  `updated_at` timestamp NULL DEFAULT NULL,
  PRIMARY KEY (`id`)
) ENGINE=InnoDB AUTO_INCREMENT=5 DEFAULT CHARSET=utf8 COLLATE=utf8_unicode_ci;

--
-- Dumping data for table `statuses`
--

INSERT INTO `statuses` VALUES (1,'Only Me','Unpublished only creator can see it','2018-05-03 21:15:37','2018-05-03 21:15:37'),(2,'Restricted','Restricted by community','2018-05-03 21:15:37','2018-05-03 21:15:37'),(3,'Public','Everyone can see','2018-05-03 21:15:37','2018-05-03 21:15:37'),(4,'Draft','Draft and not to be published','2018-05-03 21:15:37','2018-05-03 21:15:37');

--
-- Table structure for table `test_user`
--

CREATE TABLE `test_user` (
  `test_id` int(10) unsigned NOT NULL,
  `user_id` int(10) unsigned NOT NULL DEFAULT '1',
  `test_completed` tinyint(1) NOT NULL DEFAULT '0',
  `completed_date` date DEFAULT NULL,
  `result` decimal(8,2) DEFAULT NULL,
  `attempts` int(11) NOT NULL DEFAULT '0',
  `created_at` timestamp NULL DEFAULT NULL,
  `updated_at` timestamp NULL DEFAULT NULL,
  PRIMARY KEY (`test_id`,`user_id`),
  KEY `test_user_user_id_foreign` (`user_id`),
  CONSTRAINT `test_user_test_id_foreign` FOREIGN KEY (`test_id`) REFERENCES `tests` (`id`),
  CONSTRAINT `test_user_user_id_foreign` FOREIGN KEY (`user_id`) REFERENCES `users` (`id`)
) ENGINE=InnoDB DEFAULT CHARSET=utf8 COLLATE=utf8_unicode_ci;

--
-- Dumping data for table `test_user`
--

INSERT INTO `test_user` VALUES (2,17,1,'2018-05-06',100.00,2,'2018-05-06 13:37:48','2018-05-06 13:45:59'),(3,17,1,'2018-05-06',90.00,2,'2018-05-06 13:46:15','2018-05-06 13:54:39'),(5,18,1,'2018-05-07',94.74,2,'2018-05-07 01:19:45','2018-05-07 01:58:44'),(6,18,1,'2018-05-07',100.00,2,'2018-05-07 01:58:55','2018-05-07 02:00:24'),(7,18,1,'2018-05-07',90.00,2,'2018-05-07 02:00:32','2018-05-07 02:05:31'),(8,18,0,NULL,NULL,0,'2018-05-07 02:08:11','2018-05-07 02:08:11'),(9,17,0,NULL,NULL,0,'2018-05-18 15:24:40','2018-05-18 15:24:40'),(12,22,0,NULL,NULL,0,'2018-05-19 16:23:22','2018-05-19 16:23:22'),(13,23,1,'2018-05-19',78.95,2,'2018-05-19 16:31:17','2018-05-19 16:38:12'),(14,26,0,NULL,NULL,0,'2018-05-19 16:50:21','2018-05-19 16:50:21'),(15,27,1,'2018-05-19',100.00,2,'2018-05-19 17:13:50','2018-05-19 17:19:30'),(16,27,0,NULL,NULL,0,'2018-05-19 17:19:46','2018-05-19 17:19:46'),(17,24,0,NULL,NULL,0,'2018-05-19 17:27:44','2018-05-19 17:27:44'),(18,28,1,'2018-05-19',100.00,2,'2018-05-19 17:28:06','2018-05-19 17:40:58'),(19,28,1,'2018-05-19',95.00,2,'2018-05-19 17:41:08','2018-05-19 17:49:00'),(20,29,0,NULL,NULL,0,'2018-05-19 17:41:51','2018-05-19 17:41:51'),(21,30,1,'2018-05-19',100.00,2,'2018-05-19 18:06:43','2018-05-19 18:17:18'),(22,32,0,NULL,NULL,0,'2018-05-19 18:08:20','2018-05-19 18:08:20'),(23,33,1,'2018-05-19',84.21,2,'2018-05-19 18:33:39','2018-05-19 18:41:30'),(24,34,1,'2018-05-19',78.95,2,'2018-05-19 18:47:40','2018-05-19 19:06:05'),(25,35,0,NULL,NULL,0,'2018-05-19 18:57:12','2018-05-19 18:57:12'),(26,36,0,NULL,NULL,0,'2018-05-19 19:13:52','2018-05-19 19:13:52'),(27,37,0,NULL,NULL,0,'2018-05-19 19:17:44','2018-05-19 19:17:44'),(28,38,1,'2018-05-19',62.50,2,'2018-05-19 19:52:56','2018-05-19 19:57:02'),(29,39,0,NULL,NULL,0,'2018-05-19 20:11:15','2018-05-19 20:11:15'),(30,40,0,NULL,NULL,0,'2018-05-19 20:11:34','2018-05-19 20:11:34'),(33,42,1,'2018-06-09',89.47,2,'2018-06-09 07:32:22','2018-06-09 07:45:20'),(34,44,0,NULL,NULL,0,'2018-06-09 07:34:20','2018-06-09 07:34:20'),(35,43,1,'2018-06-09',89.47,2,'2018-06-09 07:35:34','2018-06-09 07:43:31'),(36,46,1,'2018-06-09',94.74,2,'2018-06-09 07:36:08','2018-06-09 07:48:13'),(37,45,1,'2018-06-09',89.47,2,'2018-06-09 07:36:37','2018-06-09 07:51:43'),(38,45,1,'2018-06-09',90.00,2,'2018-06-09 08:05:50','2018-06-09 08:36:53'),(39,45,0,NULL,NULL,0,'2018-06-09 08:37:07','2018-06-09 08:37:07'),(40,47,1,'2018-07-19',94.74,2,'2018-06-15 01:11:50','2018-07-19 09:45:09'),(42,47,1,'2018-07-19',100.00,2,'2018-07-19 09:45:28','2018-07-19 09:48:31'),(43,47,1,'2018-07-19',100.00,2,'2018-07-19 09:48:35','2018-07-19 09:51:48'),(44,47,1,'2018-07-19',100.00,2,'2018-07-19 09:52:06','2018-07-19 09:52:48'),(45,47,0,NULL,NULL,0,'2018-07-19 13:46:44','2018-07-19 13:46:44'),(47,103,0,NULL,NULL,0,'2019-02-01 01:08:18','2019-02-01 01:08:18'),(76,110,0,NULL,NULL,0,'2019-02-18 15:11:31','2019-02-18 15:11:31'),(77,111,0,NULL,NULL,0,'2019-02-18 15:35:35','2019-02-18 15:35:35'),(79,113,1,'2019-02-22',43.48,2,'2019-02-19 09:48:57','2019-02-22 12:42:19'),(80,114,1,'2019-02-19',26.76,2,'2019-02-19 12:32:48','2019-02-19 13:03:58'),(81,114,1,'2019-02-19',96.00,2,'2019-02-19 13:04:22','2019-02-19 13:14:26'),(82,115,1,'2019-02-20',34.78,2,'2019-02-20 02:28:36','2019-02-20 10:20:54'),(83,117,1,'2019-02-20',14.08,2,'2019-02-20 03:39:46','2019-02-20 04:01:36'),(84,118,1,'2019-02-23',40.38,2,'2019-02-20 07:04:59','2019-02-23 09:52:16'),(85,116,1,'2019-02-21',29.41,2,'2019-02-20 10:22:19','2019-02-21 08:15:07'),(86,119,1,'2019-02-22',39.29,2,'2019-02-20 12:17:03','2019-02-22 11:03:04'),(87,114,1,'2019-02-20',0.00,2,'2019-02-20 12:37:34','2019-02-20 12:51:51'),(88,114,1,'2019-02-20',88.00,2,'2019-02-20 12:52:10','2019-02-20 13:00:36'),(89,120,1,'2019-03-31',76.19,2,'2019-02-20 14:00:03','2019-03-31 15:04:46'),(90,121,0,NULL,NULL,0,'2019-02-21 06:12:58','2019-02-21 06:12:58'),(91,115,1,'2019-02-21',12.00,2,'2019-02-21 06:14:16','2019-02-21 06:21:09'),(92,115,1,'2019-02-22',21.74,2,'2019-02-21 08:27:28','2019-02-22 15:55:46'),(93,122,1,'2019-02-22',30.99,2,'2019-02-21 23:44:54','2019-02-22 00:32:41'),(94,123,1,'2019-02-22',14.08,2,'2019-02-22 04:12:59','2019-02-22 05:39:27'),(95,119,0,NULL,NULL,0,'2019-02-22 11:03:24','2019-02-22 11:03:24'),(96,122,1,'2019-03-08',0.00,2,'2019-02-22 11:41:28','2019-03-08 10:22:59'),(97,113,1,'2019-02-24',100.00,2,'2019-02-22 12:43:03','2019-02-24 12:07:42'),(98,124,1,'2019-02-23',38.03,2,'2019-02-22 15:47:09','2019-02-23 07:31:40'),(99,115,1,'2019-02-23',92.00,2,'2019-02-22 15:56:10','2019-02-23 11:32:09'),(100,124,0,NULL,NULL,0,'2019-02-23 07:32:11','2019-02-23 07:32:11'),(101,118,1,'2019-02-27',33.33,2,'2019-02-23 09:54:19','2019-02-27 08:37:27'),(107,128,1,'2019-02-24',21.13,2,'2019-02-24 00:34:28','2019-02-24 09:33:36'),(108,115,1,'2019-02-25',95.45,2,'2019-02-24 02:21:12','2019-02-25 00:40:42'),(109,113,1,'2019-02-24',100.00,2,'2019-02-24 12:08:27','2019-02-24 12:19:43'),(110,113,1,'2019-02-25',76.00,2,'2019-02-24 12:20:37','2019-02-25 12:36:39'),(111,114,1,'2019-02-25',100.00,2,'2019-02-25 12:19:39','2019-02-25 12:25:36'),(112,113,1,'2019-02-26',100.00,2,'2019-02-25 12:37:30','2019-02-26 12:31:24'),(113,130,1,'2019-02-25',33.80,2,'2019-02-25 17:58:02','2019-02-25 19:00:36'),(114,115,1,'2019-02-27',100.00,2,'2019-02-25 23:34:54','2019-02-27 00:38:10'),(117,113,1,'2019-02-26',100.00,2,'2019-02-26 12:32:04','2019-02-26 12:38:06'),(118,113,1,'2019-02-26',96.00,2,'2019-02-26 12:38:41','2019-02-26 12:44:28'),(119,114,1,'2019-02-26',80.00,2,'2019-02-26 12:54:48','2019-02-26 13:01:26'),(120,131,1,'2019-03-10',31.82,2,'2019-02-27 07:23:21','2019-03-10 07:26:04'),(121,114,1,'2019-02-27',88.00,2,'2019-02-27 12:14:22','2019-02-27 12:20:58'),(122,113,1,'2019-02-27',100.00,3,'2019-02-27 12:52:42','2019-02-27 12:56:39'),(123,113,1,'2019-03-03',100.00,2,'2019-02-27 13:08:00','2019-03-03 12:01:00'),(124,115,1,'2019-03-01',100.00,2,'2019-02-27 23:51:06','2019-03-01 12:23:20'),(125,132,1,'2019-03-18',46.94,2,'2019-02-28 07:31:22','2019-03-18 04:07:28'),(126,118,1,'2019-02-28',96.00,2,'2019-02-28 08:50:04','2019-02-28 08:56:43'),(127,118,1,'2019-02-28',84.00,2,'2019-02-28 08:57:05','2019-02-28 09:07:03'),(128,118,1,'2019-02-28',95.65,2,'2019-02-28 09:07:16','2019-02-28 09:15:36'),(129,130,1,'2019-02-28',54.17,2,'2019-02-28 19:41:13','2019-02-28 20:05:31'),(130,130,1,'2019-03-11',54.55,2,'2019-03-01 00:39:38','2019-03-11 20:06:00'),(131,118,1,'2019-03-01',96.00,2,'2019-03-01 09:13:45','2019-03-01 09:23:38'),(132,133,1,'2019-03-01',28.17,2,'2019-03-01 13:57:18','2019-03-01 15:08:21'),(133,118,1,'2019-03-02',100.00,3,'2019-03-02 00:40:33','2019-03-02 00:45:17'),(145,133,1,'2019-03-12',86.96,2,'2019-03-03 04:17:44','2019-03-12 08:02:27'),(147,113,1,'2019-03-03',100.00,2,'2019-03-03 12:01:56','2019-03-03 12:06:02'),(148,113,1,'2019-03-04',88.00,2,'2019-03-03 12:07:05','2019-03-04 11:14:50'),(149,115,1,'2019-03-04',100.00,2,'2019-03-04 00:11:49','2019-03-04 00:36:17'),(150,118,1,'2019-03-04',100.00,2,'2019-03-04 06:19:21','2019-03-04 06:25:12'),(151,113,1,'2019-03-08',90.00,5,'2019-03-04 11:17:07','2019-03-08 12:14:02'),(156,118,1,'2019-03-08',92.00,2,'2019-03-08 06:35:46','2019-03-08 06:41:56'),(157,122,1,'2019-04-16',100.00,2,'2019-03-08 10:23:24','2019-04-16 00:32:47'),(158,113,1,'2019-03-10',93.75,2,'2019-03-08 12:16:34','2019-03-10 12:09:36'),(159,115,1,'2019-03-09',96.00,2,'2019-03-08 15:52:55','2019-03-09 03:28:58'),(160,116,1,'2019-03-09',8.00,2,'2019-03-09 03:21:42','2019-03-09 03:25:31'),(165,118,1,'2019-03-10',100.00,2,'2019-03-10 07:26:41','2019-03-10 07:31:00'),(166,136,0,NULL,NULL,0,'2019-03-10 10:20:28','2019-03-10 10:20:28'),(169,113,1,'2019-03-12',88.89,2,'2019-03-10 12:09:59','2019-03-12 12:33:44'),(170,131,1,'2019-03-10',92.00,2,'2019-03-10 12:21:06','2019-03-10 12:40:42'),(171,131,1,'2019-03-13',64.00,2,'2019-03-10 12:41:27','2019-03-13 12:49:01'),(172,115,1,'2019-03-11',92.00,2,'2019-03-11 00:12:39','2019-03-11 00:34:56'),(175,130,1,'2019-03-11',68.00,2,'2019-03-11 20:07:09','2019-03-11 20:11:28'),(176,130,1,'2019-03-21',100.00,2,'2019-03-11 20:12:56','2019-03-21 22:52:21'),(177,115,1,'2019-03-12',100.00,2,'2019-03-12 02:16:00','2019-03-12 03:05:22'),(178,114,1,'2019-03-12',72.00,2,'2019-03-12 02:20:06','2019-03-12 02:28:25'),(179,115,1,'2019-03-12',92.00,2,'2019-03-12 03:05:42','2019-03-12 03:40:58'),(180,115,1,'2019-03-12',95.83,2,'2019-03-12 03:41:19','2019-03-12 04:37:56'),(190,113,1,'2019-03-12',96.00,2,'2019-03-12 12:35:08','2019-03-12 12:49:46'),(192,118,1,'2019-03-13',100.00,2,'2019-03-13 07:47:56','2019-03-13 07:52:46'),(193,115,1,'2019-03-14',100.00,2,'2019-03-13 10:10:25','2019-03-14 06:32:15'),(194,131,1,'2019-03-14',28.00,2,'2019-03-13 12:51:20','2019-03-14 13:23:31'),(195,113,1,'2019-03-13',100.00,2,'2019-03-13 12:55:42','2019-03-13 12:59:26'),(196,113,1,'2019-03-14',82.61,2,'2019-03-13 12:59:45','2019-03-14 12:44:11'),(197,114,1,'2019-03-14',88.00,2,'2019-03-14 05:44:40','2019-03-14 05:49:20'),(198,115,1,'2019-03-14',100.00,2,'2019-03-14 06:32:34','2019-03-14 06:37:16'),(200,113,1,'2019-03-14',83.33,2,'2019-03-14 12:44:16','2019-03-14 12:49:23'),(201,113,1,'2019-03-17',100.00,2,'2019-03-14 12:50:01','2019-03-17 13:59:07'),(202,115,1,'2019-03-15',84.00,2,'2019-03-15 01:54:33','2019-03-15 03:08:45'),(203,116,1,'2019-03-15',92.00,2,'2019-03-15 07:20:05','2019-03-15 07:24:47'),(213,113,1,'2019-03-17',100.00,3,'2019-03-17 13:59:52','2019-03-17 14:04:51'),(214,113,1,'2019-03-18',92.00,2,'2019-03-17 14:06:35','2019-03-18 13:02:34'),(215,132,1,'2019-03-22',16.00,2,'2019-03-18 04:08:35','2019-03-22 08:10:47'),(216,113,1,'2019-03-18',86.96,3,'2019-03-18 13:03:00','2019-03-18 13:07:23'),(217,113,1,'2019-03-19',88.00,2,'2019-03-18 13:07:58','2019-03-19 12:13:02'),(218,118,1,'2019-03-18',96.00,2,'2019-03-18 23:33:10','2019-03-18 23:38:32'),(219,115,1,'2019-03-21',100.00,2,'2019-03-19 00:17:29','2019-03-21 00:27:18'),(225,20,0,NULL,NULL,0,'2019-03-19 02:51:32','2019-03-19 02:51:32'),(226,128,1,'2019-03-20',8.00,2,'2019-03-19 04:36:53','2019-03-20 12:43:23'),(227,118,1,'2019-03-19',84.00,2,'2019-03-19 06:25:32','2019-03-19 06:29:50'),(228,118,1,'2019-03-19',80.00,3,'2019-03-19 06:30:02','2019-03-19 06:36:25'),(229,113,1,'2019-03-19',88.00,3,'2019-03-19 12:16:36','2019-03-19 12:20:12'),(230,113,1,'2019-03-21',86.67,2,'2019-03-19 12:22:21','2019-03-21 13:36:03'),(232,118,1,'2019-03-19',100.00,2,'2019-03-19 22:15:45','2019-03-19 22:20:49'),(233,118,1,'2019-03-19',80.00,2,'2019-03-19 22:21:09','2019-03-19 22:31:21'),(234,128,1,'2019-03-20',92.00,2,'2019-03-20 12:43:45','2019-03-20 12:57:04'),(239,115,1,'2019-03-21',100.00,2,'2019-03-21 00:27:34','2019-03-21 00:44:17'),(241,133,1,'2019-03-21',100.00,2,'2019-03-21 06:16:35','2019-03-21 06:22:20'),(248,113,1,'2019-03-21',96.00,3,'2019-03-21 13:37:54','2019-03-21 13:42:01'),(249,113,1,'2019-03-21',76.00,2,'2019-03-21 13:43:11','2019-03-21 13:49:02'),(250,113,1,'2019-03-22',78.95,2,'2019-03-21 13:49:35','2019-03-22 13:33:55'),(253,130,1,'2019-03-21',72.00,2,'2019-03-21 22:52:31','2019-03-21 22:56:55'),(254,130,1,'2019-04-16',80.00,2,'2019-03-21 22:58:08','2019-04-16 23:47:33'),(255,113,1,'2019-03-22',80.00,2,'2019-03-22 13:34:59','2019-03-22 13:41:49'),(260,113,1,'2019-03-23',96.00,2,'2019-03-23 13:10:57','2019-03-23 13:15:34'),(261,113,1,'2019-03-23',95.83,3,'2019-03-23 13:16:59','2019-03-23 13:23:01'),(262,113,1,'2019-03-23',36.00,2,'2019-03-23 13:23:56','2019-03-23 13:26:09'),(263,113,1,'2019-03-25',83.33,2,'2019-03-23 13:28:25','2019-03-25 13:27:19'),(264,138,1,'2019-03-25',55.00,2,'2019-03-25 07:01:25','2019-03-25 09:19:51'),(274,113,1,'2019-03-26',100.00,2,'2019-03-26 13:28:34','2019-03-26 13:32:02'),(275,113,1,'2019-03-26',100.00,3,'2019-03-26 13:32:44','2019-03-26 13:36:23'),(276,113,1,'2019-03-27',90.91,2,'2019-03-26 13:36:46','2019-03-27 12:21:57'),(277,113,1,'2019-03-27',100.00,2,'2019-03-27 12:22:21','2019-03-27 12:25:50'),(278,113,1,'2019-03-27',92.00,3,'2019-03-27 12:26:18','2019-03-27 12:33:06'),(279,113,1,'2019-03-28',80.00,2,'2019-03-27 12:33:49','2019-03-28 12:50:29'),(280,128,1,'2019-03-27',88.00,2,'2019-03-27 12:48:27','2019-03-27 13:00:45'),(281,133,1,'2019-03-27',92.00,2,'2019-03-27 13:16:45','2019-03-27 13:21:53'),(282,118,1,'2019-03-27',96.00,2,'2019-03-27 22:29:20','2019-03-27 22:38:57'),(283,118,1,'2019-03-27',76.00,2,'2019-03-27 22:41:07','2019-03-27 22:52:40'),(285,113,1,'2019-03-28',100.00,2,'2019-03-28 12:51:07','2019-03-28 12:55:52'),(286,113,1,'2019-03-31',64.00,2,'2019-03-28 12:56:30','2019-03-31 12:35:31'),(288,118,1,'2019-03-28',92.00,2,'2019-03-28 22:30:02','2019-03-28 22:34:37'),(289,118,1,'2019-03-29',95.65,2,'2019-03-29 09:23:57','2019-03-29 09:28:02'),(290,115,1,'2019-04-08',100.00,2,'2019-03-29 11:47:19','2019-04-08 00:31:39'),(294,128,1,'2019-03-31',96.00,2,'2019-03-31 05:15:51','2019-03-31 05:22:21'),(295,131,1,'2019-03-31',58.33,2,'2019-03-31 06:59:08','2019-03-31 07:17:41'),(296,113,1,'2019-04-02',64.00,2,'2019-03-31 12:38:36','2019-04-02 13:20:43'),(297,118,1,'2019-04-01',88.00,2,'2019-04-01 07:22:42','2019-04-01 07:28:09'),(298,123,1,'2019-04-01',79.17,2,'2019-04-01 08:28:23','2019-04-01 09:26:01'),(301,113,1,'2019-04-05',60.00,2,'2019-04-02 13:21:19','2019-04-05 13:40:16'),(305,133,1,'2019-04-03',96.00,2,'2019-04-03 10:44:15','2019-04-03 10:52:01'),(313,128,1,'2019-04-06',84.00,2,'2019-04-06 02:49:49','2019-04-06 02:55:41'),(316,118,1,'2019-04-07',96.00,2,'2019-04-07 05:34:38','2019-04-07 05:39:58'),(317,118,1,'2019-04-07',100.00,2,'2019-04-07 05:40:15','2019-04-07 05:48:46'),(318,113,1,'2019-04-07',90.48,2,'2019-04-07 12:18:15','2019-04-07 12:24:16'),(319,113,1,'2019-04-08',100.00,2,'2019-04-07 12:26:14','2019-04-08 12:46:59'),(320,115,1,'2019-04-08',92.00,2,'2019-04-08 00:32:05','2019-04-08 00:50:06'),(321,115,1,'2019-04-22',100.00,2,'2019-04-08 00:50:24','2019-04-22 00:32:42'),(322,114,1,'2019-04-08',92.00,2,'2019-04-08 12:32:01','2019-04-08 12:37:54'),(323,113,1,'2019-04-08',92.00,2,'2019-04-08 12:51:48','2019-04-08 13:01:28'),(324,118,1,'2019-04-09',100.00,2,'2019-04-09 22:28:26','2019-04-09 22:35:25'),(325,113,1,'2019-04-10',33.33,2,'2019-04-10 08:06:34','2019-04-10 08:09:57'),(326,113,1,'2019-04-11',45.83,3,'2019-04-10 08:10:19','2019-04-11 13:13:46'),(327,128,1,'2019-04-10',84.00,3,'2019-04-10 11:59:34','2019-04-10 12:04:57'),(331,142,1,'2019-04-11',22.22,2,'2019-04-11 12:26:07','2019-04-11 12:36:43'),(332,142,1,'2019-04-11',32.00,2,'2019-04-11 12:38:48','2019-04-11 13:12:19'),(333,142,1,'2019-04-12',16.00,3,'2019-04-11 13:12:32','2019-04-12 13:33:18'),(335,131,1,'2019-04-12',29.17,3,'2019-04-12 12:06:26','2019-04-12 12:15:14'),(336,131,1,'2019-04-12',16.67,2,'2019-04-12 12:15:39','2019-04-12 12:23:23'),(337,142,1,'2019-04-12',4.00,2,'2019-04-12 14:01:25','2019-04-12 14:12:28'),(338,120,0,NULL,NULL,0,'2019-04-12 14:33:08','2019-04-12 14:33:08'),(340,128,1,'2019-04-13',72.00,2,'2019-04-13 07:56:36','2019-04-13 08:03:19'),(342,114,1,'2019-04-13',92.00,2,'2019-04-13 13:28:39','2019-04-13 13:37:22'),(343,114,1,'2019-04-13',76.00,3,'2019-04-13 13:38:14','2019-04-13 13:45:04'),(344,118,1,'2019-04-13',95.00,2,'2019-04-13 23:43:45','2019-04-13 23:52:36'),(345,128,1,'2019-04-13',100.00,2,'2019-04-13 23:48:40','2019-04-13 23:53:57'),(346,118,1,'2019-04-14',96.00,2,'2019-04-13 23:53:10','2019-04-14 00:03:50'),(347,128,1,'2019-04-14',92.00,2,'2019-04-14 08:19:57','2019-04-14 08:25:21'),(348,113,1,'2019-04-14',20.83,4,'2019-04-14 09:59:29','2019-04-14 10:02:17'),(349,113,1,'2019-04-16',66.67,5,'2019-04-14 10:02:39','2019-04-16 12:39:21'),(350,114,1,'2019-04-15',68.00,2,'2019-04-15 12:33:48','2019-04-15 12:39:01'),(351,114,1,'2019-04-15',88.00,3,'2019-04-15 12:39:16','2019-04-15 12:47:11'),(352,138,0,NULL,NULL,0,'2019-04-15 13:45:33','2019-04-15 13:45:33'),(353,122,1,'2019-04-16',100.00,2,'2019-04-16 00:33:23','2019-04-16 00:37:37'),(354,132,1,'2019-04-16',83.33,2,'2019-04-16 09:25:26','2019-04-16 09:35:39'),(355,132,0,NULL,NULL,0,'2019-04-16 09:36:07','2019-04-16 09:36:07'),(356,113,1,'2019-04-17',52.00,2,'2019-04-16 12:40:32','2019-04-17 13:03:41'),(357,114,1,'2019-04-16',84.00,2,'2019-04-16 12:47:50','2019-04-16 12:58:37'),(358,114,1,'2019-04-16',58.33,2,'2019-04-16 12:58:48','2019-04-16 13:02:45'),(359,114,1,'2019-04-17',96.00,2,'2019-04-17 05:54:07','2019-04-17 06:01:08'),(361,114,1,'2019-04-17',84.00,2,'2019-04-17 11:24:28','2019-04-17 11:29:57'),(362,128,1,'2019-04-17',88.00,2,'2019-04-17 11:56:52','2019-04-17 12:04:06'),(363,113,1,'2019-04-18',52.00,2,'2019-04-17 13:04:12','2019-04-18 13:02:16'),(364,113,1,'2019-04-23',40.00,3,'2019-04-18 13:02:49','2019-04-23 13:02:44'),(365,128,1,'2019-04-19',72.00,2,'2019-04-19 07:38:56','2019-04-19 07:48:25'),(366,131,1,'2019-04-28',20.00,2,'2019-04-19 10:03:29','2019-04-28 12:17:27'),(373,114,1,'2019-04-21',100.00,2,'2019-04-21 12:09:18','2019-04-21 13:26:14'),(377,128,1,'2019-04-23',92.00,2,'2019-04-23 12:13:55','2019-04-23 12:20:23'),(378,113,1,'2019-04-25',8.00,2,'2019-04-24 13:20:50','2019-04-25 13:06:47'),(379,113,0,NULL,NULL,0,'2019-04-25 13:07:29','2019-04-25 13:07:29'),(381,128,0,NULL,NULL,0,'2019-04-27 10:54:42','2019-04-27 10:54:42'),(382,118,0,NULL,NULL,0,'2019-04-28 04:49:43','2019-04-28 04:49:43'),(383,131,0,NULL,NULL,0,'2019-04-28 12:36:49','2019-04-28 12:36:49'),(384,114,0,NULL,NULL,0,'2019-04-30 11:41:17','2019-04-30 11:41:17'),(385,115,1,'2019-05-03',96.00,2,'2019-05-03 00:18:43','2019-05-03 00:39:09'),(386,115,0,NULL,NULL,0,'2019-05-03 00:39:21','2019-05-03 00:39:21'),(389,135,1,'2019-05-04',75.00,2,'2019-05-04 03:12:53','2019-05-04 05:00:12'),(390,135,0,NULL,NULL,0,'2019-05-04 05:00:32','2019-05-04 05:00:32'),(391,135,0,NULL,NULL,0,'2019-05-05 09:42:39','2019-05-05 09:42:39'),(392,135,0,NULL,NULL,0,'2019-05-05 09:42:54','2019-05-05 09:42:54'),(411,144,1,'2019-05-07',33.33,2,'2019-05-07 01:08:45','2019-05-07 01:29:38'),(412,146,0,NULL,NULL,0,'2019-05-07 01:37:28','2019-05-07 01:37:28'),(413,144,0,NULL,NULL,0,'2019-05-07 02:16:48','2019-05-07 02:16:48'),(415,144,1,'2019-05-07',12.00,2,'2019-05-07 02:41:17','2019-05-07 02:50:28'),(421,146,0,NULL,NULL,0,'2019-05-07 10:52:38','2019-05-07 10:52:38'),(422,146,0,NULL,NULL,0,'2019-05-07 10:53:03','2019-05-07 10:53:03'),(423,146,0,NULL,NULL,0,'2019-05-07 10:53:27','2019-05-07 10:53:27'),(425,113,0,NULL,NULL,0,'2019-05-07 12:53:28','2019-05-07 12:53:28'),(426,113,0,NULL,NULL,0,'2019-05-07 12:54:42','2019-05-07 12:54:42'),(427,113,0,NULL,NULL,0,'2019-05-07 12:58:19','2019-05-07 12:58:19'),(429,147,1,'2019-05-07',70.00,2,'2019-05-07 13:24:22','2019-05-07 13:38:46'),(430,114,0,NULL,NULL,0,'2019-05-07 13:42:41','2019-05-07 13:42:41'),(435,113,0,NULL,NULL,0,'2019-05-08 12:53:31','2019-05-08 12:53:31'),(436,113,0,NULL,NULL,0,'2019-05-08 12:59:01','2019-05-08 12:59:01'),(437,113,0,NULL,NULL,0,'2019-05-08 13:04:10','2019-05-08 13:04:10'),(441,144,0,NULL,NULL,0,'2019-05-09 02:54:55','2019-05-09 02:54:55'),(442,144,0,NULL,NULL,0,'2019-05-09 02:55:34','2019-05-09 02:55:34'),(443,144,0,NULL,NULL,0,'2019-05-09 02:56:24','2019-05-09 02:56:24'),(444,144,0,NULL,NULL,0,'2019-05-09 03:00:43','2019-05-09 03:00:43'),(445,144,0,NULL,NULL,0,'2019-05-09 03:01:10','2019-05-09 03:01:10'),(446,144,0,NULL,NULL,0,'2019-05-09 03:02:08','2019-05-09 03:02:08'),(447,123,1,'2019-05-09',95.65,2,'2019-05-09 07:38:21','2019-05-09 08:34:30'),(449,122,0,NULL,NULL,0,'2019-05-09 09:44:50','2019-05-09 09:44:50'),(450,142,0,NULL,NULL,0,'2019-05-09 12:33:46','2019-05-09 12:33:46'),(451,113,1,'2019-05-09',100.00,3,'2019-05-09 12:53:32','2019-05-09 12:56:48'),(452,113,0,NULL,NULL,0,'2019-05-09 12:57:21','2019-05-09 12:57:21'),(453,113,0,NULL,NULL,0,'2019-05-09 12:57:39','2019-05-09 12:57:39'),(454,113,0,NULL,NULL,0,'2019-05-09 12:58:16','2019-05-09 12:58:16'),(455,144,0,NULL,NULL,0,'2019-05-09 22:56:57','2019-05-09 22:56:57'),(456,144,0,NULL,NULL,0,'2019-05-09 23:05:22','2019-05-09 23:05:22'),(457,144,0,NULL,NULL,0,'2019-05-09 23:05:41','2019-05-09 23:05:41'),(458,144,0,NULL,NULL,0,'2019-05-09 23:05:51','2019-05-09 23:05:51'),(459,144,0,NULL,NULL,0,'2019-05-09 23:05:53','2019-05-09 23:05:53'),(460,144,0,NULL,NULL,0,'2019-05-09 23:05:56','2019-05-09 23:05:56'),(461,144,0,NULL,NULL,0,'2019-05-10 00:40:58','2019-05-10 00:40:58'),(462,144,0,NULL,NULL,0,'2019-05-10 02:31:37','2019-05-10 02:31:37'),(463,144,0,NULL,NULL,0,'2019-05-10 02:50:07','2019-05-10 02:50:07'),(464,144,0,NULL,NULL,0,'2019-05-10 02:50:57','2019-05-10 02:50:57'),(468,131,0,NULL,NULL,0,'2019-05-10 12:41:17','2019-05-10 12:41:17'),(469,131,1,'2019-05-10',62.50,2,'2019-05-10 12:51:17','2019-05-10 13:13:49'),(470,144,0,NULL,NULL,0,'2019-05-10 23:33:50','2019-05-10 23:33:50'),(471,144,0,NULL,NULL,0,'2019-05-11 01:43:26','2019-05-11 01:43:26'),(472,144,0,NULL,NULL,0,'2019-05-11 01:44:09','2019-05-11 01:44:09'),(473,144,0,NULL,NULL,0,'2019-05-11 03:02:47','2019-05-11 03:02:47'),(474,144,0,NULL,NULL,0,'2019-05-11 04:04:05','2019-05-11 04:04:05'),(475,144,0,NULL,NULL,0,'2019-05-11 04:38:18','2019-05-11 04:38:18'),(476,128,1,'2019-05-11',60.87,2,'2019-05-11 05:24:03','2019-05-11 05:32:06'),(477,144,0,NULL,NULL,0,'2019-05-11 19:08:03','2019-05-11 19:08:03'),(478,144,0,NULL,NULL,0,'2019-05-11 19:56:44','2019-05-11 19:56:44'),(479,144,0,NULL,NULL,0,'2019-05-11 20:07:43','2019-05-11 20:07:43'),(482,128,0,NULL,NULL,0,'2019-05-14 00:52:46','2019-05-14 00:52:46'),(483,114,1,'2019-05-14',86.96,2,'2019-05-14 12:12:41','2019-05-14 12:25:42'),(484,113,1,'2019-05-14',73.91,3,'2019-05-14 12:27:03','2019-05-14 12:29:58'),(485,144,1,'2019-05-15',30.43,2,'2019-05-14 22:30:38','2019-05-15 01:43:40'),(486,113,0,NULL,NULL,0,'2019-05-15 11:58:09','2019-05-15 11:58:09'),(487,144,1,'2019-05-15',60.87,2,'2019-05-15 16:04:36','2019-05-15 16:07:39'),(488,144,0,NULL,NULL,0,'2019-05-15 16:07:47','2019-05-15 16:07:47'),(489,114,0,NULL,NULL,0,'2019-05-16 10:17:13','2019-05-16 10:17:13'),(490,144,0,NULL,NULL,0,'2019-05-17 01:39:14','2019-05-17 01:39:14'),(491,144,0,NULL,NULL,0,'2019-05-17 23:38:05','2019-05-17 23:38:05'),(492,144,0,NULL,NULL,0,'2019-05-17 23:53:27','2019-05-17 23:53:27'),(497,144,1,'2019-05-21',96.00,2,'2019-05-18 16:23:37','2019-05-21 12:51:59'),(498,128,1,'2019-05-19',95.65,2,'2019-05-19 04:47:50','2019-05-19 04:56:13'),(500,84,1,'2019-08-20',84.38,2,'2019-05-20 07:09:15','2019-08-20 00:08:21'),(503,115,1,'2019-07-11',95.65,2,'2019-05-21 00:20:19','2019-07-11 00:34:58'),(515,144,1,'2019-05-21',100.00,2,'2019-05-21 12:52:09','2019-05-21 12:56:33'),(516,144,1,'2019-05-21',87.50,2,'2019-05-21 12:56:43','2019-05-21 13:02:45'),(517,144,1,'2019-05-24',48.00,2,'2019-05-21 13:02:52','2019-05-24 00:53:44'),(518,113,1,'2019-05-21',82.61,3,'2019-05-21 13:05:24','2019-05-21 13:09:59'),(519,113,1,'2019-05-23',57.14,2,'2019-05-21 13:10:28','2019-05-23 13:21:12'),(520,116,0,NULL,NULL,0,'2019-05-22 00:42:14','2019-05-22 00:42:14'),(521,113,1,'2019-06-05',62.50,2,'2019-05-23 13:26:42','2019-06-05 13:34:45'),(522,144,1,'2019-05-24',8.00,2,'2019-05-24 03:00:48','2019-05-24 03:06:35'),(523,144,1,'2019-05-24',8.00,2,'2019-05-24 03:06:43','2019-05-24 03:08:12'),(524,132,0,NULL,NULL,0,'2019-05-24 11:45:25','2019-05-24 11:45:25'),(525,144,0,NULL,NULL,0,'2019-05-24 22:55:15','2019-05-24 22:55:15'),(526,128,1,'2019-06-09',82.61,3,'2019-05-25 02:40:20','2019-06-09 13:45:56'),(533,132,0,NULL,NULL,0,'2019-05-26 09:44:16','2019-05-26 09:44:16'),(534,132,0,NULL,NULL,0,'2019-05-27 07:44:03','2019-05-27 07:44:03'),(535,148,0,NULL,NULL,0,'2019-05-27 13:02:19','2019-05-27 13:02:19'),(536,116,0,NULL,NULL,0,'2019-05-28 09:13:38','2019-05-28 09:13:38'),(537,116,0,NULL,NULL,0,'2019-05-28 09:13:38','2019-05-28 09:13:38'),(538,113,1,'2019-06-03',68.00,2,'2019-05-28 12:46:50','2019-06-03 13:14:26'),(539,113,1,'2019-05-28',60.00,2,'2019-05-28 12:48:52','2019-05-28 12:57:56'),(542,116,0,NULL,NULL,0,'2019-05-30 00:15:31','2019-05-30 00:15:31'),(543,116,0,NULL,NULL,0,'2019-05-30 00:15:32','2019-05-30 00:15:32'),(544,116,0,NULL,NULL,0,'2019-05-30 13:13:31','2019-05-30 13:13:31'),(545,116,0,NULL,NULL,0,'2019-05-30 13:27:31','2019-05-30 13:27:31'),(546,125,1,'2019-05-31',53.13,2,'2019-05-31 01:42:23','2019-05-31 02:20:39'),(547,125,1,'2019-05-31',72.00,2,'2019-05-31 02:22:06','2019-05-31 02:28:10'),(548,115,1,'2019-06-12',86.96,2,'2019-05-31 09:36:24','2019-06-12 00:56:46'),(549,115,1,'2019-05-31',91.30,2,'2019-05-31 09:36:57','2019-05-31 10:14:43'),(550,122,0,NULL,NULL,0,'2019-06-01 00:14:09','2019-06-01 00:14:09'),(551,128,1,'2019-06-02',73.91,3,'2019-06-02 00:57:49','2019-06-02 01:05:46'),(552,114,1,'2019-06-02',91.30,3,'2019-06-02 08:08:23','2019-06-02 08:28:28'),(553,116,0,NULL,NULL,0,'2019-06-03 00:22:49','2019-06-03 00:22:49'),(554,125,1,'2019-06-06',83.33,2,'2019-06-03 08:57:37','2019-06-06 06:21:36'),(558,127,1,'2019-06-03',78.13,2,'2019-06-03 11:59:33','2019-06-03 12:14:29'),(559,116,1,'2019-08-06',80.00,2,'2019-06-03 12:01:15','2019-08-06 00:46:56'),(560,116,1,'2019-08-02',95.24,3,'2019-06-03 12:14:40','2019-08-02 00:07:22'),(561,116,1,'2019-07-22',100.00,2,'2019-06-03 12:14:57','2019-07-22 06:55:43'),(562,138,0,NULL,NULL,0,'2019-06-05 00:31:39','2019-06-05 00:31:39'),(563,113,1,'2019-06-07',62.50,2,'2019-06-05 13:35:35','2019-06-07 12:42:36'),(564,127,1,'2019-06-06',79.17,2,'2019-06-06 05:59:15','2019-06-06 06:07:03'),(565,150,1,'2019-06-06',60.00,2,'2019-06-06 14:53:03','2019-06-06 15:00:15'),(566,125,1,'2019-06-07',100.00,3,'2019-06-07 06:18:59','2019-06-07 06:24:04'),(567,114,1,'2019-06-07',56.52,2,'2019-06-07 06:19:38','2019-06-07 06:21:58'),(568,114,1,'2019-06-07',52.00,3,'2019-06-07 08:02:10','2019-06-07 08:09:32'),(569,127,1,'2019-06-07',70.83,3,'2019-06-07 09:43:20','2019-06-07 09:45:32'),(570,113,1,'2019-06-17',70.83,2,'2019-06-07 12:43:52','2019-06-17 13:28:03'),(571,113,1,'2019-06-17',91.67,2,'2019-06-07 12:43:52','2019-06-17 13:26:58'),(574,128,1,'2019-06-09',95.65,2,'2019-06-09 13:46:13','2019-06-09 13:56:56'),(575,127,1,'2019-06-12',79.17,3,'2019-06-12 03:32:58','2019-06-12 03:35:54'),(576,125,1,'2019-06-12',95.83,2,'2019-06-12 04:07:58','2019-06-12 04:14:23'),(577,128,1,'2019-06-15',69.57,3,'2019-06-15 00:15:55','2019-06-15 00:24:59'),(578,128,1,'2019-07-22',34.78,3,'2019-06-16 06:02:55','2019-07-22 12:55:03'),(580,113,1,'2019-06-18',16.00,3,'2019-06-17 13:28:34','2019-06-18 13:04:51'),(581,130,1,'2019-06-17',65.00,2,'2019-06-17 17:17:57','2019-06-17 17:40:20'),(582,130,1,'2019-06-18',87.50,2,'2019-06-17 17:40:37','2019-06-18 17:20:52'),(583,149,1,'2019-06-18',68.75,2,'2019-06-18 07:51:47','2019-06-18 13:42:36'),(584,149,1,'2019-06-18',91.67,2,'2019-06-18 13:43:25','2019-06-18 13:52:22'),(585,130,1,'2019-06-20',92.00,2,'2019-06-18 17:21:08','2019-06-20 19:30:25'),(586,149,1,'2019-06-19',91.67,3,'2019-06-19 12:52:11','2019-06-19 12:59:48'),(587,149,1,'2019-06-19',68.00,2,'2019-06-19 13:00:04','2019-06-19 13:12:30'),(588,149,1,'2019-06-19',70.83,2,'2019-06-19 13:13:15','2019-06-19 13:22:51'),(589,113,1,'2019-06-20',83.33,3,'2019-06-19 13:36:45','2019-06-20 13:15:04'),(590,149,1,'2019-06-20',36.00,2,'2019-06-20 12:58:14','2019-06-20 13:04:05'),(591,149,1,'2019-06-20',28.00,2,'2019-06-20 13:04:13','2019-06-20 13:13:20'),(594,113,1,'2019-06-23',40.00,3,'2019-06-23 12:03:00','2019-06-23 12:05:45'),(595,113,1,'2019-06-26',28.00,2,'2019-06-23 12:09:46','2019-06-26 13:11:38'),(597,149,1,'2019-06-24',83.33,2,'2019-06-24 09:52:01','2019-06-24 09:58:27'),(598,149,1,'2019-06-24',32.00,2,'2019-06-24 09:59:02','2019-06-24 10:11:41'),(599,149,1,'2019-06-24',64.00,2,'2019-06-24 10:12:46','2019-06-24 10:27:56'),(601,149,1,'2019-06-26',32.00,3,'2019-06-26 03:54:09','2019-06-26 04:18:58'),(602,149,1,'2019-06-26',36.00,3,'2019-06-26 04:19:40','2019-06-26 04:29:46'),(603,149,1,'2019-07-01',52.00,2,'2019-06-26 08:24:02','2019-07-01 10:16:33'),(605,130,1,'2019-06-26',50.00,2,'2019-06-26 18:20:17','2019-06-26 18:43:23'),(607,113,1,'2019-06-27',45.83,2,'2019-06-27 12:38:24','2019-06-27 12:42:18'),(608,130,1,'2019-06-27',62.50,2,'2019-06-27 21:19:46','2019-06-27 21:31:24'),(609,130,1,'2019-07-12',87.50,2,'2019-06-27 21:32:02','2019-07-12 20:38:03'),(612,113,1,'2019-06-30',91.67,3,'2019-06-30 12:11:33','2019-06-30 12:15:59'),(616,149,1,'2019-07-01',26.09,2,'2019-07-01 10:16:49','2019-07-01 10:38:10'),(617,113,1,'2019-07-02',23.81,2,'2019-07-01 12:52:58','2019-07-02 13:08:39'),(619,149,1,'2019-07-02',52.00,2,'2019-07-02 08:15:36','2019-07-02 08:31:57'),(620,149,1,'2019-07-05',28.57,3,'2019-07-02 08:44:42','2019-07-05 09:58:38'),(622,149,1,'2019-07-05',28.21,2,'2019-07-05 09:58:54','2019-07-05 10:14:26'),(624,113,1,'2019-07-07',23.81,3,'2019-07-07 12:22:47','2019-07-07 12:25:48'),(626,113,1,'2019-07-08',12.00,3,'2019-07-08 12:44:54','2019-07-08 12:46:27'),(628,113,1,'2019-07-10',16.00,3,'2019-07-10 13:17:14','2019-07-10 13:19:57'),(629,113,1,'2019-07-10',20.00,3,'2019-07-10 13:23:30','2019-07-10 13:24:59'),(630,113,1,'2019-07-10',4.00,3,'2019-07-10 13:25:25','2019-07-10 13:26:38'),(631,113,1,'2019-07-14',4.00,3,'2019-07-10 13:26:41','2019-07-14 12:53:31'),(632,115,1,'2019-09-11',76.00,2,'2019-07-11 00:35:22','2019-09-11 00:18:28'),(633,149,1,'2019-07-11',47.62,2,'2019-07-11 09:56:34','2019-07-11 10:50:33'),(634,130,1,'2019-07-16',64.00,2,'2019-07-12 20:38:22','2019-07-16 21:02:08'),(635,125,1,'2019-07-14',91.67,2,'2019-07-14 05:39:41','2019-07-14 05:45:17'),(636,127,1,'2019-07-14',91.67,2,'2019-07-14 05:46:33','2019-07-14 05:51:04'),(640,130,1,'2019-07-17',100.00,3,'2019-07-16 21:02:14','2019-07-17 21:24:45'),(641,113,1,'2019-07-17',12.50,3,'2019-07-17 12:44:21','2019-07-17 12:45:48'),(642,149,1,'2019-07-18',14.29,2,'2019-07-18 10:51:22','2019-07-18 11:04:03'),(643,149,1,'2019-07-18',33.33,3,'2019-07-18 11:04:12','2019-07-18 11:09:25'),(644,149,1,'2019-07-18',47.62,3,'2019-07-18 11:09:38','2019-07-18 11:15:30'),(646,126,1,'2019-07-20',84.38,2,'2019-07-20 11:32:58','2019-07-20 12:07:17'),(647,126,1,'2019-07-21',95.83,2,'2019-07-21 03:09:20','2019-07-21 03:19:30'),(648,151,0,NULL,NULL,0,'2019-07-21 12:53:07','2019-07-21 12:53:07'),(649,149,1,'2019-07-22',83.33,3,'2019-07-22 10:18:43','2019-07-22 10:29:50'),(650,113,1,'2019-07-23',54.17,3,'2019-07-23 12:42:07','2019-07-23 12:45:01'),(651,152,1,'2019-07-24',76.09,2,'2019-07-24 07:15:27','2019-07-24 07:54:19'),(652,126,1,'2019-07-24',95.83,2,'2019-07-24 13:04:32','2019-07-24 13:18:06'),(653,153,1,'2019-07-25',44.44,2,'2019-07-25 06:27:05','2019-07-25 11:55:54'),(654,153,1,'2019-07-31',47.83,2,'2019-07-25 11:56:04','2019-07-31 02:09:49'),(655,113,1,'2019-07-25',20.83,3,'2019-07-25 12:52:15','2019-07-25 12:53:43'),(656,126,1,'2019-07-28',92.00,2,'2019-07-27 13:30:46','2019-07-28 13:11:32'),(657,126,1,'2019-07-29',72.00,2,'2019-07-29 12:34:14','2019-07-29 12:53:50'),(658,153,1,'2019-07-31',0.00,2,'2019-07-31 02:10:09','2019-07-31 02:11:48'),(659,126,1,'2019-07-31',90.48,3,'2019-07-31 12:18:06','2019-07-31 12:33:09'),(660,113,1,'2019-07-31',12.50,3,'2019-07-31 12:56:57','2019-07-31 12:58:55'),(661,114,1,'2019-08-01',78.26,2,'2019-08-01 09:07:04','2019-08-01 09:14:37'),(662,126,1,'2019-08-03',88.00,2,'2019-08-01 13:10:00','2019-08-03 14:22:19'),(663,113,1,'2019-08-02',0.00,3,'2019-08-02 12:12:50','2019-08-02 12:15:35'),(664,126,1,'2019-08-05',60.00,2,'2019-08-04 03:14:07','2019-08-05 11:15:59'),(665,125,1,'2019-08-04',83.33,3,'2019-08-04 05:21:06','2019-08-04 05:30:37'),(666,125,1,'2019-09-15',76.00,3,'2019-08-04 05:34:30','2019-09-15 03:59:04'),(667,113,1,'2019-08-04',87.50,3,'2019-08-04 12:42:49','2019-08-04 12:48:47'),(668,152,1,'2019-08-05',100.00,2,'2019-08-05 07:22:41','2019-08-05 07:36:38'),(669,152,1,'2019-08-05',64.00,2,'2019-08-05 07:37:17','2019-08-05 08:21:36'),(670,149,1,'2019-08-05',91.67,3,'2019-08-05 08:37:18','2019-08-05 08:48:36'),(671,149,1,'2019-08-05',56.00,3,'2019-08-05 08:49:07','2019-08-05 09:13:09'),(672,113,1,'2019-08-06',36.00,3,'2019-08-06 13:30:23','2019-08-06 13:31:51'),(673,113,1,'2019-08-07',24.00,3,'2019-08-07 12:52:42','2019-08-07 12:54:40'),(674,113,1,'2019-08-08',12.00,3,'2019-08-08 12:44:29','2019-08-08 12:46:00'),(675,152,1,'2019-08-11',87.50,2,'2019-08-11 05:39:30','2019-08-11 05:49:37'),(676,113,1,'2019-08-11',0.00,3,'2019-08-11 12:31:15','2019-08-11 12:32:30'),(677,126,1,'2019-08-13',66.67,2,'2019-08-13 10:11:10','2019-08-13 10:40:43'),(678,113,1,'2019-08-13',4.00,3,'2019-08-13 10:51:27','2019-08-13 10:53:44'),(679,113,1,'2019-08-14',0.00,3,'2019-08-14 13:12:53','2019-08-14 13:14:19'),(680,113,1,'2019-08-15',12.00,3,'2019-08-15 12:59:39','2019-08-15 13:03:43'),(681,126,1,'2019-08-16',60.00,2,'2019-08-16 13:32:33','2019-08-16 13:58:19'),(682,154,1,'2019-08-16',44.44,2,'2019-08-16 13:48:59','2019-08-16 14:02:17'),(683,154,1,'2019-08-16',8.70,2,'2019-08-16 14:02:41','2019-08-16 14:28:22'),(684,154,1,'2019-08-16',8.70,2,'2019-08-16 14:29:00','2019-08-16 14:30:13'),(685,154,1,'2019-08-16',4.35,3,'2019-08-16 14:41:09','2019-08-16 14:41:59'),(686,154,1,'2019-08-17',4.35,2,'2019-08-17 00:50:56','2019-08-17 00:57:58'),(687,154,1,'2019-08-17',0.00,3,'2019-08-17 00:58:20','2019-08-17 03:10:57'),(688,154,1,'2019-08-19',13.04,3,'2019-08-17 03:11:18','2019-08-19 01:04:20'),(690,113,1,'2019-08-18',4.00,3,'2019-08-18 12:25:59','2019-08-18 12:27:31'),(691,149,1,'2019-08-19',91.67,3,'2019-08-19 06:22:38','2019-08-19 06:33:31'),(692,149,1,'2019-08-19',43.48,3,'2019-08-19 06:33:47','2019-08-19 06:45:39'),(693,126,1,'2019-08-19',80.95,2,'2019-08-19 11:31:38','2019-08-19 11:52:09'),(694,113,1,'2019-08-19',4.00,3,'2019-08-19 13:34:47','2019-08-19 13:37:30'),(695,126,1,'2019-08-20',62.50,2,'2019-08-20 11:21:30','2019-08-20 11:48:24'),(696,113,1,'2019-08-21',12.00,3,'2019-08-20 13:27:59','2019-08-21 12:46:32'),(697,126,1,'2019-08-22',72.00,2,'2019-08-21 12:14:02','2019-08-22 12:00:58'),(698,126,1,'2019-08-24',44.00,2,'2019-08-24 12:14:34','2019-08-24 12:35:44'),(699,127,1,'2019-08-25',91.67,3,'2019-08-25 05:15:04','2019-08-25 05:30:16'),(700,126,1,'2019-08-25',44.00,2,'2019-08-25 07:53:54','2019-08-25 08:09:57'),(701,126,1,'2019-08-26',32.00,3,'2019-08-26 11:59:36','2019-08-26 12:25:31'),(702,113,1,'2019-08-26',25.00,3,'2019-08-26 12:29:15','2019-08-26 12:32:52'),(705,126,1,'2019-08-27',33.33,2,'2019-08-27 08:39:40','2019-08-27 08:54:06'),(706,153,0,NULL,NULL,0,'2019-08-27 10:43:57','2019-08-27 10:43:57'),(707,113,1,'2019-08-28',4.17,3,'2019-08-28 12:22:59','2019-08-28 12:23:54'),(708,126,1,'2019-08-29',12.50,3,'2019-08-29 12:09:07','2019-08-29 12:31:31'),(709,113,1,'2019-08-29',45.83,3,'2019-08-29 13:30:58','2019-08-29 13:33:13'),(710,113,1,'2019-08-30',0.00,3,'2019-08-30 12:56:26','2019-08-30 12:57:27'),(711,113,1,'2019-08-30',33.33,3,'2019-08-30 12:58:15','2019-08-30 13:02:23'),(712,156,0,NULL,NULL,0,'2019-08-31 02:01:45','2019-08-31 02:01:45'),(713,126,1,'2019-08-31',12.50,3,'2019-08-31 05:43:27','2019-08-31 06:01:15'),(714,126,1,'2019-09-01',4.17,3,'2019-09-01 11:46:53','2019-09-01 11:55:30'),(715,126,1,'2019-09-02',8.33,3,'2019-09-02 09:54:36','2019-09-02 10:03:41'),(716,126,1,'2019-09-03',4.17,3,'2019-09-03 12:10:53','2019-09-03 12:16:36'),(717,113,1,'2019-09-03',44.00,3,'2019-09-03 12:40:40','2019-09-03 12:43:01'),(718,130,1,'2019-09-03',95.83,3,'2019-09-03 22:40:40','2019-09-03 23:09:12'),(719,126,1,'2019-09-04',4.17,3,'2019-09-04 11:30:39','2019-09-04 11:38:40'),(720,113,1,'2019-09-04',91.67,3,'2019-09-04 12:49:57','2019-09-04 12:54:02'),(721,113,1,'2019-09-05',24.00,2,'2019-09-05 11:46:30','2019-09-05 11:47:46'),(722,126,1,'2019-09-06',0.00,2,'2019-09-06 09:51:10','2019-09-06 09:56:31'),(723,126,1,'2019-09-09',4.17,2,'2019-09-09 10:27:11','2019-09-09 10:32:30'),(724,113,1,'2019-09-10',28.00,2,'2019-09-10 12:39:30','2019-09-10 12:41:16'),(725,113,1,'2019-09-10',4.00,3,'2019-09-10 12:42:19','2019-09-10 12:43:56'),(726,115,1,'2019-09-26',91.30,2,'2019-09-11 00:18:40','2019-09-26 00:56:40'),(727,113,1,'2019-09-11',8.00,3,'2019-09-11 12:42:48','2019-09-11 12:44:23'),(728,113,1,'2019-09-15',16.00,3,'2019-09-15 11:52:51','2019-09-15 11:54:11'),(729,126,1,'2019-09-16',0.00,2,'2019-09-16 11:06:48','2019-09-16 11:09:22'),(730,113,1,'2019-09-16',0.00,3,'2019-09-16 12:42:00','2019-09-16 12:43:29'),(731,126,1,'2019-09-17',4.17,3,'2019-09-17 11:57:00','2019-09-17 12:03:56'),(732,113,1,'2019-09-17',8.00,2,'2019-09-17 13:22:45','2019-09-17 13:24:47'),(736,113,1,'2019-09-18',0.00,3,'2019-09-18 12:51:39','2019-09-18 12:52:53'),(737,113,1,'2019-09-18',8.00,3,'2019-09-18 12:54:54','2019-09-18 12:56:33'),(738,155,1,'2019-09-23',89.13,2,'2019-09-18 13:24:47','2019-09-23 13:35:05'),(739,128,1,'2019-09-21',65.22,3,'2019-09-21 02:46:51','2019-09-21 02:52:04'),(740,113,1,'2019-09-21',4.00,3,'2019-09-21 12:44:51','2019-09-21 12:45:52'),(742,113,1,'2019-09-23',8.00,3,'2019-09-23 12:50:29','2019-09-23 12:51:31'),(743,113,1,'2019-09-24',20.00,3,'2019-09-24 12:35:01','2019-09-24 12:37:13'),(744,113,1,'2019-09-24',4.00,3,'2019-09-24 12:37:34','2019-09-24 12:38:46'),(746,113,1,'2019-09-25',8.00,3,'2019-09-25 12:49:04','2019-09-25 12:51:11'),(747,113,1,'2019-09-25',4.00,3,'2019-09-25 12:51:15','2019-09-25 12:52:23'),(748,115,1,'2019-10-02',96.00,3,'2019-09-26 00:57:05','2019-10-02 13:14:41'),(749,113,1,'2019-09-26',12.00,3,'2019-09-26 11:53:52','2019-09-26 11:55:08'),(750,113,1,'2019-09-26',4.00,3,'2019-09-26 11:55:28','2019-09-26 11:56:47'),(751,113,1,'2019-09-26',80.00,3,'2019-09-26 11:57:11','2019-09-26 12:10:39'),(752,112,1,'2019-10-01',69.57,2,'2019-10-01 06:21:05','2019-10-01 06:55:33'),(755,126,1,'2019-10-01',4.17,3,'2019-10-01 12:59:40','2019-10-01 13:08:26'),(756,115,1,'2019-10-24',100.00,2,'2019-10-02 13:14:54','2019-10-24 00:44:05'),(759,113,1,'2019-10-06',56.00,3,'2019-10-03 13:13:17','2019-10-06 12:35:06'),(760,112,1,'2019-10-05',79.17,2,'2019-10-04 06:01:50','2019-10-05 02:56:07'),(761,112,1,'2019-10-05',72.00,2,'2019-10-05 02:56:13','2019-10-05 03:36:06'),(762,112,1,'2019-11-03',52.00,2,'2019-10-05 09:16:48','2019-11-03 04:26:40'),(763,125,1,'2019-10-06',91.67,3,'2019-10-06 08:39:49','2019-10-06 09:17:22'),(764,113,1,'2019-10-15',83.33,3,'2019-10-06 12:35:40','2019-10-15 13:40:38'),(769,113,1,'2019-10-16',91.67,3,'2019-10-15 13:40:59','2019-10-16 13:14:38'),(770,149,1,'2020-05-29',60.87,2,'2019-10-16 07:00:57','2020-05-29 09:29:08'),(772,113,1,'2019-10-17',45.83,3,'2019-10-16 13:14:58','2019-10-17 12:56:47'),(773,113,1,'2019-10-21',50.00,3,'2019-10-17 12:58:20','2019-10-21 13:05:26'),(774,125,1,'2019-10-20',87.50,3,'2019-10-20 08:43:37','2019-10-20 08:50:47'),(777,115,1,'2019-11-02',96.00,2,'2019-10-24 00:44:40','2019-11-02 01:42:48'),(779,126,1,'2019-10-30',4.17,3,'2019-10-30 09:39:32','2019-10-30 09:46:13'),(781,113,1,'2019-11-02',70.83,3,'2019-10-31 12:57:53','2019-11-02 13:40:56'),(782,115,1,'2019-11-05',92.00,2,'2019-11-02 01:43:00','2019-11-05 00:23:14'),(783,113,1,'2019-11-07',52.00,3,'2019-11-02 13:42:36','2019-11-07 14:26:31'),(784,84,0,NULL,NULL,0,'2019-11-04 00:29:10','2019-11-04 00:29:10'),(785,115,1,'2019-11-21',92.00,2,'2019-11-05 00:23:23','2019-11-21 13:24:52'),(786,126,1,'2019-11-05',0.00,3,'2019-11-05 10:15:30','2019-11-05 10:17:01'),(788,112,1,'2019-11-07',32.00,2,'2019-11-07 11:37:54','2019-11-07 11:44:51'),(789,113,1,'2019-11-13',70.83,3,'2019-11-07 14:26:55','2019-11-13 12:41:18'),(790,112,1,'2019-11-08',56.00,3,'2019-11-08 02:02:58','2019-11-08 02:30:07'),(791,112,1,'2019-11-08',68.00,2,'2019-11-08 02:30:22','2019-11-08 03:02:09'),(792,112,1,'2019-11-08',58.33,3,'2019-11-08 06:03:02','2019-11-08 06:52:14'),(793,112,1,'2019-11-10',16.00,2,'2019-11-10 02:40:17','2019-11-10 02:51:25'),(795,112,1,'2019-11-12',24.00,2,'2019-11-12 01:50:44','2019-11-12 02:12:10'),(796,112,1,'2019-11-13',16.00,3,'2019-11-13 07:25:15','2019-11-13 07:30:51'),(798,113,1,'2019-11-14',83.33,3,'2019-11-13 12:41:20','2019-11-14 12:06:42'),(799,130,1,'2019-11-13',70.83,3,'2019-11-13 22:04:04','2019-11-13 22:25:35'),(800,112,1,'2019-12-02',56.00,3,'2019-11-14 04:23:43','2019-12-02 03:57:12'),(802,113,1,'2019-11-21',70.83,3,'2019-11-16 13:04:09','2019-11-21 13:35:09'),(805,115,1,'2020-01-02',100.00,2,'2019-11-21 13:25:07','2020-01-02 13:33:05'),(806,128,1,'2019-11-25',72.00,3,'2019-11-25 05:27:17','2019-11-25 05:39:55'),(807,152,1,'2019-11-25',96.00,2,'2019-11-25 06:16:29','2019-11-25 06:39:16'),(808,152,1,'2019-11-25',84.00,3,'2019-11-25 06:40:46','2019-11-25 07:18:45'),(809,152,1,'2019-11-29',64.00,2,'2019-11-29 09:41:07','2019-11-29 09:57:22'),(810,112,1,'2019-12-05',80.00,3,'2019-12-02 03:57:23','2019-12-05 05:09:22'),(812,112,1,'2019-12-05',16.00,3,'2019-12-05 05:09:58','2019-12-05 05:20:52'),(813,152,1,'2019-12-05',96.00,3,'2019-12-05 05:24:29','2019-12-05 05:34:39'),(815,112,1,'2019-12-09',68.00,3,'2019-12-09 07:47:40','2019-12-09 08:06:03'),(816,112,1,'2019-12-16',44.00,2,'2019-12-13 07:20:32','2019-12-16 08:22:43'),(817,112,1,'2019-12-16',8.00,3,'2019-12-16 08:22:52','2019-12-16 08:31:10'),(818,112,1,'2019-12-17',12.00,3,'2019-12-17 05:29:32','2019-12-17 05:48:38'),(819,112,1,'2020-01-12',44.00,2,'2019-12-18 04:45:18','2020-01-12 03:30:24'),(820,128,1,'2019-12-23',80.95,2,'2019-12-23 01:20:29','2019-12-23 01:31:13'),(821,160,1,'2019-12-27',65.63,2,'2019-12-27 02:12:35','2019-12-27 02:48:59'),(822,114,1,'2019-12-27',96.00,3,'2019-12-27 07:19:45','2019-12-27 07:43:34'),(823,128,1,'2019-12-30',68.00,3,'2019-12-30 08:42:19','2019-12-30 09:02:47'),(826,125,1,'2019-12-31',100.00,3,'2019-12-31 04:11:07','2019-12-31 04:17:00'),(827,114,1,'2020-01-01',28.00,3,'2020-01-01 11:31:21','2020-01-01 11:34:14'),(828,114,1,'2020-01-01',100.00,3,'2020-01-01 11:34:45','2020-01-01 12:14:15'),(829,159,1,'2020-01-02',75.00,2,'2020-01-02 06:50:00','2020-01-02 07:17:40'),(830,159,1,'2020-01-02',87.50,2,'2020-01-02 07:17:53','2020-01-02 07:35:20'),(831,159,1,'2020-01-03',40.00,2,'2020-01-02 07:35:59','2020-01-03 07:19:31'),(832,115,1,'2020-01-31',68.00,2,'2020-01-02 13:33:30','2020-01-31 13:45:02'),(833,128,1,'2020-01-04',100.00,2,'2020-01-04 04:45:57','2020-01-04 04:55:09'),(834,159,1,'2020-01-04',48.00,2,'2020-01-04 05:01:12','2020-01-04 05:33:01'),(835,161,0,NULL,NULL,0,'2020-01-04 07:36:35','2020-01-04 07:36:35'),(836,125,1,'2020-01-04',87.50,3,'2020-01-04 09:09:41','2020-01-04 09:14:32'),(842,159,1,'2020-01-06',75.00,3,'2020-01-06 08:16:20','2020-01-06 08:30:33'),(843,159,1,'2020-01-08',44.00,3,'2020-01-08 07:52:49','2020-01-08 08:13:03'),(845,159,1,'2020-01-10',75.00,3,'2020-01-10 09:51:05','2020-01-10 10:06:12'),(846,164,1,'2020-01-12',78.13,2,'2020-01-12 01:32:31','2020-01-12 02:19:19'),(847,165,1,'2020-01-12',11.11,2,'2020-01-12 03:15:16','2020-01-12 03:39:33'),(848,165,1,'2020-01-12',32.00,2,'2020-01-12 03:39:52','2020-01-12 03:46:43'),(849,128,1,'2020-01-12',92.00,2,'2020-01-12 05:46:52','2020-01-12 06:01:05'),(850,112,1,'2020-01-13',16.00,3,'2020-01-13 08:11:37','2020-01-13 08:19:43'),(851,112,1,'2020-01-27',52.00,3,'2020-01-13 08:21:38','2020-01-27 07:05:44'),(853,166,0,NULL,NULL,0,'2020-01-14 04:31:29','2020-01-14 04:31:29'),(854,159,1,'2020-01-14',91.67,3,'2020-01-14 08:21:31','2020-01-14 11:58:23'),(855,167,1,'2020-01-14',75.00,2,'2020-01-14 09:39:07','2020-01-14 10:00:51'),(857,168,1,'2020-01-14',33.33,2,'2020-01-14 10:11:59','2020-01-14 10:28:48'),(858,168,1,'2020-01-14',44.00,2,'2020-01-14 10:29:01','2020-01-14 10:33:47'),(859,168,0,NULL,NULL,0,'2020-01-14 10:34:03','2020-01-14 10:34:03'),(860,159,1,'2020-01-14',60.00,2,'2020-01-14 11:59:53','2020-01-14 12:37:53'),(861,167,1,'2020-01-15',91.67,2,'2020-01-14 15:17:54','2020-01-15 07:47:33'),(862,159,1,'2020-01-15',83.33,3,'2020-01-15 08:07:38','2020-01-15 08:18:50'),(863,167,1,'2020-01-16',83.33,3,'2020-01-16 09:30:10','2020-01-16 09:46:30'),(864,159,1,'2020-01-16',91.67,3,'2020-01-16 10:09:19','2020-01-16 10:21:18'),(865,167,1,'2020-01-17',100.00,3,'2020-01-17 08:22:12','2020-01-17 08:46:34'),(866,159,1,'2020-01-17',75.00,3,'2020-01-17 09:18:06','2020-01-17 09:27:11'),(867,159,1,'2020-01-23',80.00,2,'2020-01-17 09:29:10','2020-01-23 07:20:30'),(868,169,1,'2020-01-18',55.00,2,'2020-01-18 08:47:35','2020-01-18 09:58:56'),(869,169,1,'2020-01-24',80.00,2,'2020-01-18 10:00:43','2020-01-24 08:19:02'),(870,128,1,'2020-01-18',100.00,3,'2020-01-18 15:03:21','2020-01-18 15:14:15'),(871,128,1,'2020-01-19',76.00,3,'2020-01-19 01:07:54','2020-01-19 01:37:43'),(872,128,1,'2020-01-19',76.00,2,'2020-01-19 03:43:10','2020-01-19 03:58:38'),(875,170,0,NULL,NULL,0,'2020-01-20 15:53:06','2020-01-20 15:53:06'),(876,171,0,NULL,NULL,0,'2020-01-21 00:52:14','2020-01-21 00:52:14'),(877,167,1,'2020-01-21',95.83,3,'2020-01-21 10:09:22','2020-01-21 10:25:56'),(879,142,0,NULL,NULL,0,'2020-01-22 11:48:57','2020-01-22 11:48:57'),(881,172,1,'2020-01-23',33.33,2,'2020-01-22 16:34:10','2020-01-23 06:59:54'),(882,172,0,NULL,NULL,0,'2020-01-23 07:00:19','2020-01-23 07:00:19'),(883,167,1,'2020-01-23',100.00,3,'2020-01-23 09:05:53','2020-01-23 09:19:29'),(884,169,1,'2020-01-29',56.00,2,'2020-01-24 08:19:28','2020-01-29 11:36:03'),(885,173,0,NULL,NULL,0,'2020-01-24 11:14:51','2020-01-24 11:14:51'),(886,164,1,'2020-01-26',91.67,2,'2020-01-26 01:01:06','2020-01-26 01:20:13'),(887,174,1,'2020-01-27',84.38,2,'2020-01-27 12:29:29','2020-01-27 13:07:55'),(888,174,1,'2020-02-03',40.00,2,'2020-01-27 13:10:08','2020-02-03 13:08:23'),(889,128,1,'2020-01-28',96.00,3,'2020-01-28 03:15:22','2020-01-28 03:21:59'),(892,159,1,'2020-01-28',83.33,3,'2020-01-28 08:37:09','2020-01-28 08:47:45'),(894,159,1,'2020-01-29',91.67,3,'2020-01-29 08:24:14','2020-01-29 08:31:06'),(895,175,1,'2020-01-31',60.00,2,'2020-01-30 07:36:17','2020-01-31 07:33:23'),(896,159,1,'2020-01-30',96.00,2,'2020-01-30 08:25:28','2020-01-30 09:25:11'),(897,159,1,'2020-01-31',56.00,2,'2020-01-31 10:23:53','2020-01-31 10:58:19'),(898,115,1,'2020-01-31',95.83,3,'2020-01-31 13:45:12','2020-01-31 13:58:41'),(899,115,1,'2020-01-31',76.00,2,'2020-01-31 13:58:48','2020-01-31 16:47:41'),(900,115,1,'2020-01-31',91.30,3,'2020-01-31 16:47:47','2020-01-31 17:06:43'),(901,115,1,'2020-01-31',84.00,2,'2020-01-31 17:06:53','2020-01-31 17:27:31'),(902,176,0,NULL,NULL,0,'2020-01-31 17:26:50','2020-01-31 17:26:50'),(903,115,1,'2020-01-31',88.00,2,'2020-01-31 17:27:40','2020-01-31 17:53:08'),(904,115,1,'2020-03-02',16.00,2,'2020-01-31 17:53:23','2020-03-02 08:00:13'),(905,128,1,'2020-02-01',81.82,2,'2020-02-01 03:52:45','2020-02-01 14:36:42'),(906,164,1,'2020-02-02',84.00,2,'2020-02-02 06:20:45','2020-02-02 06:54:24'),(907,112,1,'2020-02-02',72.00,3,'2020-02-02 06:44:49','2020-02-02 07:13:37'),(908,112,1,'2020-02-08',40.00,3,'2020-02-03 02:13:24','2020-02-08 01:25:46'),(909,177,0,NULL,NULL,0,'2020-02-03 06:56:01','2020-02-03 06:56:01'),(910,159,1,'2020-02-03',91.67,3,'2020-02-03 07:51:43','2020-02-03 07:57:41'),(911,159,1,'2020-02-03',80.00,2,'2020-02-03 08:01:57','2020-02-03 08:53:25'),(913,159,1,'2020-02-04',91.67,3,'2020-02-04 08:04:09','2020-02-04 08:16:20'),(914,169,1,'2020-02-04',68.00,3,'2020-02-04 08:36:29','2020-02-04 08:41:57'),(916,174,1,'2020-02-04',80.00,2,'2020-02-04 12:34:40','2020-02-04 13:46:35'),(917,178,0,NULL,NULL,0,'2020-02-05 07:24:52','2020-02-05 07:24:52'),(918,159,1,'2020-02-05',95.83,3,'2020-02-05 08:25:57','2020-02-05 08:38:09'),(919,169,1,'2020-02-05',72.00,2,'2020-02-05 09:12:20','2020-02-05 09:24:43'),(920,164,1,'2020-02-08',64.00,3,'2020-02-06 09:58:56','2020-02-08 10:16:22'),(921,159,1,'2020-02-06',64.00,2,'2020-02-06 10:52:24','2020-02-06 11:21:30'),(923,174,1,'2020-02-06',88.00,2,'2020-02-06 11:59:02','2020-02-06 12:17:56'),(924,159,1,'2020-02-07',87.50,3,'2020-02-07 09:07:52','2020-02-07 09:19:55'),(925,179,1,'2020-02-07',33.33,2,'2020-02-07 09:36:05','2020-02-07 09:40:17'),(926,179,0,NULL,NULL,0,'2020-02-07 09:41:25','2020-02-07 09:41:25'),(927,112,1,'2020-05-19',80.00,2,'2020-02-08 01:26:06','2020-05-19 02:02:14'),(928,180,1,'2020-02-08',86.96,2,'2020-02-08 03:38:04','2020-02-08 04:32:23'),(929,164,1,'2020-02-08',56.00,3,'2020-02-08 10:18:38','2020-02-08 10:30:07'),(930,164,1,'2020-02-08',24.00,2,'2020-02-08 10:31:56','2020-02-08 10:49:56'),(931,174,1,'2020-02-09',84.00,2,'2020-02-09 07:24:25','2020-02-09 07:37:39'),(932,128,1,'2020-02-09',100.00,2,'2020-02-09 09:11:05','2020-02-09 09:21:12'),(934,159,1,'2020-02-10',87.50,3,'2020-02-10 12:03:11','2020-02-10 12:29:47'),(935,159,1,'2020-02-11',92.00,3,'2020-02-11 08:02:06','2020-02-11 09:01:44'),(937,165,1,'2020-02-12',40.00,2,'2020-02-12 06:58:15','2020-02-12 07:06:48'),(938,181,1,'2020-02-12',0.00,2,'2020-02-12 09:01:09','2020-02-12 09:02:35'),(939,181,1,'2020-02-12',64.00,2,'2020-02-12 09:03:12','2020-02-12 09:13:51'),(940,181,1,'2020-02-12',64.00,2,'2020-02-12 09:24:38','2020-02-12 09:30:13'),(941,181,0,NULL,NULL,0,'2020-02-12 09:30:55','2020-02-12 09:30:55'),(942,182,0,NULL,NULL,0,'2020-02-12 10:09:20','2020-02-12 10:09:20'),(943,159,1,'2020-02-21',82.61,2,'2020-02-13 07:03:16','2020-02-21 08:25:16'),(944,175,1,'2020-02-15',60.00,2,'2020-02-13 07:54:51','2020-02-15 07:12:33'),(945,158,1,'2020-02-13',0.00,2,'2020-02-13 08:27:30','2020-02-13 08:31:02'),(946,158,1,'2020-02-13',44.00,2,'2020-02-13 08:33:06','2020-02-13 08:42:19'),(947,174,1,'2020-02-13',80.00,2,'2020-02-13 12:03:18','2020-02-13 12:55:24'),(948,128,1,'2020-02-15',100.00,3,'2020-02-15 05:36:12','2020-02-15 05:42:40'),(949,175,1,'2020-02-19',64.00,3,'2020-02-15 07:13:06','2020-02-19 12:54:36'),(950,169,1,'2020-02-15',88.00,3,'2020-02-15 07:40:25','2020-02-15 07:45:59'),(951,164,1,'2020-02-15',92.00,2,'2020-02-15 13:22:10','2020-02-15 13:56:04'),(952,164,1,'2020-02-16',28.00,3,'2020-02-16 03:07:05','2020-02-16 03:37:38'),(953,164,1,'2020-02-20',80.00,2,'2020-02-16 03:39:39','2020-02-20 13:29:05'),(954,183,0,NULL,NULL,0,'2020-02-17 02:29:02','2020-02-17 02:29:02'),(955,184,1,'2020-02-17',65.00,2,'2020-02-17 10:21:04','2020-02-17 10:38:44'),(956,184,1,'2020-02-17',52.00,2,'2020-02-17 10:39:00','2020-02-17 10:44:06'),(957,158,1,'2020-02-17',64.00,2,'2020-02-17 10:47:27','2020-02-17 10:56:33'),(958,152,0,NULL,NULL,0,'2020-02-18 10:35:53','2020-02-18 10:35:53'),(959,169,1,'2020-02-19',88.00,3,'2020-02-19 07:44:02','2020-02-19 07:48:33'),(960,174,1,'2020-02-19',80.00,2,'2020-02-19 11:45:34','2020-02-19 12:01:34'),(961,175,1,'2020-02-19',40.00,2,'2020-02-19 12:54:59','2020-02-19 13:23:08'),(962,184,1,'2020-02-20',88.00,3,'2020-02-20 02:26:55','2020-02-20 02:35:56'),(963,184,1,'2020-02-20',40.00,2,'2020-02-20 02:36:17','2020-02-20 03:05:00'),(964,158,1,'2020-02-20',72.00,2,'2020-02-20 10:52:09','2020-02-20 10:59:30'),(965,174,1,'2020-02-20',92.00,3,'2020-02-20 11:49:39','2020-02-20 12:19:12'),(966,169,1,'2020-02-22',88.00,3,'2020-02-22 12:35:29','2020-02-22 12:39:22'),(967,128,1,'2020-02-23',100.00,3,'2020-02-23 05:48:12','2020-02-23 05:52:24'),(968,164,1,'2020-02-23',68.00,3,'2020-02-23 06:44:49','2020-02-23 06:55:23'),(969,169,1,'2020-02-23',92.00,3,'2020-02-23 11:01:02','2020-02-23 11:05:13'),(970,159,1,'2020-02-24',84.00,2,'2020-02-24 09:58:44','2020-02-24 11:46:17'),(971,158,1,'2020-02-24',52.00,3,'2020-02-24 10:32:25','2020-02-24 10:41:41'),(972,128,1,'2020-02-24',100.00,2,'2020-02-24 10:35:32','2020-02-24 10:42:26'),(973,169,1,'2020-02-24',92.00,3,'2020-02-24 12:16:55','2020-02-24 12:20:36'),(974,159,1,'2020-02-25',60.00,2,'2020-02-25 08:27:27','2020-02-25 08:40:07'),(975,169,1,'2020-02-26',48.00,2,'2020-02-26 10:14:23','2020-02-26 10:23:10'),(976,128,1,'2020-02-26',100.00,2,'2020-02-26 12:35:21','2020-02-26 12:50:47'),(977,159,1,'2020-03-03',72.00,2,'2020-02-27 07:10:48','2020-03-03 08:59:58'),(978,167,1,'2020-02-27',95.83,3,'2020-02-27 09:12:57','2020-02-27 09:25:41'),(979,169,1,'2020-02-28',92.00,3,'2020-02-28 11:57:08','2020-02-28 12:01:10'),(980,169,1,'2020-02-29',60.00,2,'2020-02-29 12:52:58','2020-02-29 12:59:42'),(981,128,1,'2020-03-01',100.00,2,'2020-03-01 10:38:59','2020-03-01 11:00:08'),(982,128,1,'2020-03-01',92.00,2,'2020-03-01 11:00:14','2020-03-01 11:49:57'),(983,165,1,'2020-03-12',28.00,2,'2020-03-02 07:16:54','2020-03-12 08:07:22'),(984,115,1,'2020-03-02',36.00,3,'2020-03-02 08:00:20','2020-03-02 08:20:43'),(985,158,1,'2020-03-02',80.00,3,'2020-03-02 11:36:38','2020-03-02 11:42:04'),(986,115,1,'2020-03-05',24.00,2,'2020-03-02 14:40:49','2020-03-05 09:03:42'),(987,167,1,'2020-03-03',92.00,2,'2020-03-03 09:24:20','2020-03-03 09:51:01'),(988,158,1,'2020-03-03',44.00,2,'2020-03-03 11:29:59','2020-03-03 11:50:45'),(989,175,1,'2020-03-03',60.00,3,'2020-03-03 11:48:31','2020-03-03 12:03:34'),(990,175,1,'2020-03-03',59.09,3,'2020-03-03 12:03:48','2020-03-03 12:29:27'),(991,128,1,'2020-03-03',100.00,2,'2020-03-03 12:32:56','2020-03-03 12:40:18'),(992,128,1,'2020-03-05',92.00,2,'2020-03-03 12:41:04','2020-03-05 12:50:03'),(993,158,1,'2020-03-04',92.00,2,'2020-03-04 11:38:39','2020-03-04 11:51:49'),(994,184,1,'2020-03-27',64.00,2,'2020-03-05 06:54:44','2020-03-27 03:40:53'),(995,167,1,'2020-03-05',96.00,2,'2020-03-05 09:41:44','2020-03-05 10:52:13'),(996,158,1,'2020-03-05',50.00,3,'2020-03-05 10:51:30','2020-03-05 10:57:10'),(997,128,1,'2020-03-06',100.00,3,'2020-03-06 11:01:06','2020-03-06 11:09:39'),(998,185,1,'2020-03-07',75.00,2,'2020-03-07 04:34:43','2020-03-07 04:41:32'),(999,169,1,'2020-03-07',100.00,3,'2020-03-07 11:53:54','2020-03-07 12:02:44'),(1000,115,0,NULL,NULL,0,'2020-03-08 01:22:06','2020-03-08 01:22:06'),(1001,169,1,'2020-03-08',80.00,2,'2020-03-08 09:14:05','2020-03-08 09:22:46'),(1002,186,1,'2020-03-08',40.00,2,'2020-03-08 10:14:16','2020-03-08 10:21:03'),(1003,186,1,'2020-03-08',44.00,2,'2020-03-08 10:22:03','2020-03-08 10:28:45'),(1004,186,1,'2020-03-08',0.00,2,'2020-03-08 10:38:29','2020-03-08 10:41:42'),(1005,186,1,'2020-04-26',0.00,2,'2020-03-08 10:43:24','2020-04-26 16:43:22'),(1006,169,1,'2020-03-09',96.00,3,'2020-03-09 12:30:03','2020-03-09 12:33:03'),(1007,167,1,'2020-03-10',60.00,2,'2020-03-10 09:07:15','2020-03-10 09:32:41'),(1008,158,1,'2020-03-10',80.00,3,'2020-03-10 11:10:25','2020-03-10 11:22:02'),(1009,158,1,'2020-03-11',52.00,2,'2020-03-11 10:56:20','2020-03-11 11:25:49'),(1010,165,0,NULL,NULL,0,'2020-03-12 08:11:19','2020-03-12 08:11:19'),(1011,159,1,'2020-03-13',80.00,2,'2020-03-13 09:35:25','2020-03-13 10:03:29'),(1012,164,1,'2020-03-15',68.00,3,'2020-03-15 03:11:59','2020-03-15 03:23:47'),(1013,169,1,'2020-03-15',84.00,3,'2020-03-15 09:44:03','2020-03-15 09:52:43'),(1014,159,1,'2020-03-16',88.00,3,'2020-03-16 04:06:16','2020-03-16 04:35:56'),(1015,128,1,'2020-03-16',100.00,2,'2020-03-16 11:11:25','2020-03-16 11:15:46'),(1016,158,1,'2020-03-16',84.00,3,'2020-03-16 11:11:56','2020-03-16 11:22:05'),(1017,169,1,'2020-03-16',88.00,3,'2020-03-16 13:09:43','2020-03-16 13:14:04'),(1018,169,1,'2020-03-18',68.00,2,'2020-03-18 13:11:42','2020-03-18 13:18:06'),(1019,154,1,'2020-03-19',16.00,3,'2020-03-19 11:48:47','2020-03-19 11:56:01'),(1020,169,1,'2020-03-20',88.00,3,'2020-03-20 01:55:03','2020-03-20 01:57:27'),(1021,164,1,'2020-03-21',100.00,2,'2020-03-21 11:11:32','2020-03-21 13:04:13'),(1022,128,1,'2020-03-21',100.00,3,'2020-03-21 23:51:51','2020-03-21 23:56:29'),(1023,169,1,'2020-03-22',92.00,3,'2020-03-22 12:13:53','2020-03-22 12:16:36'),(1024,158,1,'2020-03-23',84.00,3,'2020-03-23 10:38:08','2020-03-23 10:51:42'),(1025,159,1,'2020-03-23',84.00,3,'2020-03-23 13:39:17','2020-03-23 14:43:41'),(1026,169,1,'2020-03-24',92.00,3,'2020-03-24 11:22:52','2020-03-24 11:26:09'),(1027,158,1,'2020-03-24',88.00,3,'2020-03-24 11:36:07','2020-03-24 11:50:04'),(1028,175,1,'2020-03-24',64.00,3,'2020-03-24 12:57:36','2020-03-24 13:15:59'),(1029,175,1,'2020-11-07',89.29,3,'2020-03-24 13:16:17','2020-11-07 03:30:28'),(1030,174,1,'2020-03-25',96.00,3,'2020-03-25 01:10:50','2020-03-25 01:28:40'),(1031,174,1,'2020-03-25',44.00,3,'2020-03-25 01:59:05','2020-03-25 02:17:48'),(1032,159,1,'2020-03-25',92.00,3,'2020-03-25 09:39:41','2020-03-25 11:12:26'),(1033,158,1,'2020-03-25',68.00,2,'2020-03-25 11:31:34','2020-03-25 11:39:01'),(1034,169,1,'2020-03-28',100.00,3,'2020-03-25 11:50:17','2020-03-28 12:41:00'),(1035,184,0,NULL,NULL,0,'2020-03-30 06:38:41','2020-03-30 06:38:41'),(1036,169,1,'2020-03-30',62.50,2,'2020-03-30 07:53:22','2020-03-30 08:03:07'),(1037,158,1,'2020-03-30',88.00,3,'2020-03-30 11:37:54','2020-03-30 11:43:47'),(1038,159,1,'2020-05-13',56.00,3,'2020-03-31 11:24:39','2020-05-13 13:24:27'),(1039,169,1,'2020-03-31',88.00,3,'2020-03-31 11:27:21','2020-03-31 11:31:18'),(1040,164,1,'2020-04-01',72.00,3,'2020-04-01 00:28:32','2020-04-01 00:42:50'),(1041,158,1,'2020-04-01',56.00,3,'2020-04-01 09:41:25','2020-04-01 09:45:33'),(1042,158,1,'2020-04-02',72.73,3,'2020-04-02 11:50:06','2020-04-02 11:59:08'),(1043,169,1,'2020-04-04',100.00,3,'2020-04-04 12:43:46','2020-04-04 12:46:25'),(1044,20,0,NULL,NULL,0,'2020-04-04 14:47:11','2020-04-04 14:47:11'),(1045,164,1,'2020-04-05',24.00,2,'2020-04-05 07:10:04','2020-04-05 07:39:46'),(1046,169,1,'2020-04-05',54.55,3,'2020-04-05 11:50:40','2020-04-05 11:56:24'),(1047,158,1,'2020-04-06',96.00,3,'2020-04-06 11:26:39','2020-04-06 11:35:09'),(1048,187,0,NULL,NULL,0,'2020-04-06 17:59:08','2020-04-06 17:59:08'),(1049,145,0,NULL,NULL,0,'2020-04-06 18:09:58','2020-04-06 18:09:58'),(1050,114,1,'2020-04-07',80.00,3,'2020-04-07 10:03:49','2020-04-07 10:09:54'),(1051,158,1,'2020-04-07',96.00,3,'2020-04-07 11:35:29','2020-04-07 11:40:52'),(1052,158,1,'2020-04-08',76.00,3,'2020-04-08 09:04:50','2020-04-08 09:28:13'),(1053,164,1,'2020-04-09',48.00,3,'2020-04-09 00:28:31','2020-04-09 02:28:59'),(1054,169,1,'2020-04-09',88.00,3,'2020-04-09 12:26:31','2020-04-09 12:29:44'),(1055,164,1,'2020-04-11',60.00,2,'2020-04-10 07:28:56','2020-04-11 04:25:53'),(1056,169,1,'2020-04-10',72.00,3,'2020-04-10 12:49:09','2020-04-10 12:56:40'),(1057,169,1,'2020-04-11',72.00,2,'2020-04-11 12:39:13','2020-04-11 12:51:13'),(1058,164,1,'2020-04-12',85.71,2,'2020-04-12 02:11:33','2020-04-12 02:59:49'),(1059,174,1,'2020-04-13',72.00,3,'2020-04-13 06:00:05','2020-04-13 06:12:50'),(1060,164,1,'2020-04-13',76.00,3,'2020-04-13 10:03:40','2020-04-13 10:16:10'),(1061,164,1,'2020-04-13',32.00,3,'2020-04-13 10:18:17','2020-04-13 10:28:16'),(1062,158,1,'2020-04-13',76.00,3,'2020-04-13 11:15:06','2020-04-13 11:20:22'),(1063,169,1,'2020-04-13',79.17,2,'2020-04-13 12:43:36','2020-04-13 12:56:59'),(1064,128,1,'2020-04-14',100.00,2,'2020-04-14 06:52:25','2020-04-14 06:58:47'),(1065,158,1,'2020-04-14',76.00,3,'2020-04-14 07:04:48','2020-04-14 07:08:38'),(1066,164,1,'2020-04-15',20.00,2,'2020-04-15 06:03:21','2020-04-15 06:14:01'),(1067,158,1,'2020-04-16',76.00,2,'2020-04-16 11:35:16','2020-04-16 11:59:32'),(1068,164,1,'2020-04-17',8.00,2,'2020-04-17 02:26:07','2020-04-17 02:29:33'),(1069,164,1,'2020-04-17',17.39,2,'2020-04-17 02:30:04','2020-04-17 02:38:02'),(1071,3,0,NULL,NULL,0,'2020-04-17 14:47:28','2020-04-17 14:47:28'),(1072,188,0,NULL,NULL,0,'2020-04-17 14:48:19','2020-04-17 14:48:19'),(1073,189,1,'2020-04-17',44.44,2,'2020-04-17 16:49:32','2020-04-17 17:03:41'),(1074,164,1,'2020-04-18',8.00,2,'2020-04-18 06:13:27','2020-04-18 06:19:32'),(1075,164,1,'2020-04-19',16.67,3,'2020-04-19 01:43:51','2020-04-19 02:12:31'),(1076,167,1,'2020-04-19',87.50,3,'2020-04-19 05:24:20','2020-04-19 05:33:36'),(1077,167,1,'2020-04-19',56.00,2,'2020-04-19 05:35:18','2020-04-19 06:06:05'),(1078,169,1,'2020-04-19',66.67,3,'2020-04-19 12:18:23','2020-04-19 12:28:44'),(1079,174,1,'2020-04-20',92.00,3,'2020-04-20 03:38:00','2020-04-20 03:52:23'),(1080,158,1,'2020-04-20',64.00,2,'2020-04-20 10:55:54','2020-04-20 11:06:34'),(1081,169,1,'2020-04-20',72.00,3,'2020-04-20 12:26:02','2020-04-20 12:39:33'),(1082,164,1,'2020-04-21',8.33,3,'2020-04-21 11:15:45','2020-04-21 11:21:57'),(1083,164,1,'2020-04-22',29.17,3,'2020-04-22 01:59:09','2020-04-22 02:04:24'),(1084,158,1,'2020-04-23',31.82,2,'2020-04-23 05:06:09','2020-04-23 05:17:01'),(1085,164,1,'2020-04-23',17.39,2,'2020-04-23 06:19:22','2020-04-23 07:28:41'),(1086,167,1,'2020-04-23',80.00,2,'2020-04-23 06:34:50','2020-04-23 06:54:51'),(1087,192,0,NULL,NULL,0,'2020-04-23 23:30:15','2020-04-23 23:30:15'),(1088,174,1,'2020-04-24',100.00,2,'2020-04-24 02:34:29','2020-04-24 03:00:04'),(1089,164,1,'2020-04-24',4.35,3,'2020-04-24 08:50:31','2020-04-24 08:55:13'),(1090,164,1,'2020-04-25',75.00,3,'2020-04-24 09:02:13','2020-04-25 05:27:39'),(1091,169,1,'2020-04-24',92.00,2,'2020-04-24 12:56:26','2020-04-24 13:21:57'),(1092,164,1,'2020-04-26',88.00,2,'2020-04-26 07:17:09','2020-04-26 10:43:29'),(1093,186,1,'2020-04-26',32.00,3,'2020-04-26 16:43:36','2020-04-26 16:44:38'),(1094,186,1,'2020-04-26',4.00,2,'2020-04-26 16:44:51','2020-04-26 16:45:56'),(1095,186,1,'2020-06-07',4.00,2,'2020-04-26 16:46:47','2020-06-07 17:05:46'),(1096,174,1,'2020-04-27',56.00,3,'2020-04-27 06:59:43','2020-04-27 07:23:57'),(1097,174,1,'2020-04-28',52.00,3,'2020-04-28 02:28:34','2020-04-28 03:03:53'),(1098,158,1,'2020-04-28',96.00,3,'2020-04-28 05:36:12','2020-04-28 05:42:07'),(1099,164,1,'2020-04-28',17.39,2,'2020-04-28 08:03:13','2020-04-28 08:07:32'),(1100,174,1,'2020-04-29',38.10,2,'2020-04-29 02:18:11','2020-04-29 02:39:39'),(1101,164,1,'2020-04-29',8.00,2,'2020-04-29 06:33:02','2020-04-29 06:35:59'),(1102,158,1,'2020-04-29',64.00,2,'2020-04-29 11:00:00','2020-04-29 11:30:54'),(1103,164,1,'2020-05-01',4.00,3,'2020-05-01 06:59:15','2020-05-01 07:03:12'),(1104,193,0,NULL,NULL,0,'2020-05-01 19:54:05','2020-05-01 19:54:05'),(1105,164,1,'2020-05-03',8.00,3,'2020-05-03 03:54:17','2020-05-03 03:56:18'),(1106,174,1,'2020-05-04',52.38,2,'2020-05-04 05:41:17','2020-05-04 06:14:57'),(1107,164,1,'2020-05-04',12.00,3,'2020-05-04 06:50:28','2020-05-04 06:52:11'),(1108,158,1,'2020-05-04',60.00,2,'2020-05-04 10:56:07','2020-05-04 11:12:21'),(1109,164,1,'2020-05-05',20.00,2,'2020-05-05 01:39:48','2020-05-05 01:41:56'),(1110,164,1,'2020-05-05',8.00,3,'2020-05-05 01:43:07','2020-05-05 01:47:49'),(1111,167,1,'2020-05-05',64.00,3,'2020-05-05 06:34:04','2020-05-05 06:58:26'),(1112,158,1,'2020-05-05',37.50,2,'2020-05-05 11:16:41','2020-05-05 11:22:10'),(1113,169,1,'2020-05-05',80.00,2,'2020-05-05 13:21:17','2020-05-05 13:56:19'),(1114,164,1,'2020-05-06',8.00,3,'2020-05-06 01:54:17','2020-05-06 01:57:24'),(1115,128,1,'2020-05-07',100.00,2,'2020-05-07 03:54:50','2020-05-07 03:58:51'),(1116,169,1,'2020-05-18',48.00,2,'2020-05-07 13:19:03','2020-05-18 13:37:36'),(1117,164,1,'2020-05-08',0.00,3,'2020-05-08 02:36:14','2020-05-08 02:37:53'),(1118,164,1,'2020-05-08',4.17,3,'2020-05-08 02:38:42','2020-05-08 02:39:44'),(1119,158,1,'2020-05-08',56.00,3,'2020-05-08 08:36:10','2020-05-08 08:38:24'),(1120,158,1,'2020-05-08',47.62,3,'2020-05-08 08:38:37','2020-05-08 08:40:34'),(1121,158,1,'2020-05-11',54.17,3,'2020-05-08 08:41:12','2020-05-11 12:15:42'),(1122,194,1,'2020-05-15',81.25,2,'2020-05-08 12:00:45','2020-05-15 09:34:34'),(1123,164,1,'2020-05-09',0.00,3,'2020-05-09 06:48:37','2020-05-09 06:49:27'),(1124,164,1,'2020-05-09',0.00,3,'2020-05-09 06:49:32','2020-05-09 06:50:17'),(1125,164,1,'2020-05-10',0.00,3,'2020-05-09 23:59:03','2020-05-10 00:00:27'),(1126,164,1,'2020-05-11',4.17,3,'2020-05-11 06:59:26','2020-05-11 07:04:21'),(1127,164,1,'2020-05-11',0.00,3,'2020-05-11 07:05:12','2020-05-11 07:08:58'),(1128,164,1,'2020-05-12',0.00,3,'2020-05-12 01:45:07','2020-05-12 01:47:16'),(1129,158,1,'2020-05-12',34.78,3,'2020-05-12 10:36:15','2020-05-12 10:49:58'),(1130,164,1,'2020-05-13',0.00,3,'2020-05-13 02:44:13','2020-05-13 02:46:34'),(1131,158,1,'2020-05-13',58.33,2,'2020-05-13 11:18:58','2020-05-13 11:23:24'),(1132,174,1,'2020-05-14',96.00,3,'2020-05-14 03:44:22','2020-05-14 04:00:04'),(1133,128,1,'2020-05-14',100.00,2,'2020-05-14 05:55:51','2020-05-14 05:58:55'),(1134,128,1,'2020-05-15',92.00,2,'2020-05-15 05:34:04','2020-05-15 07:54:45'),(1135,174,1,'2020-05-15',56.00,3,'2020-05-15 08:45:21','2020-05-15 09:09:30'),(1136,194,1,'2020-05-15',92.00,2,'2020-05-15 09:35:50','2020-05-15 10:01:47'),(1137,194,1,'2020-05-15',80.00,2,'2020-05-15 10:02:25','2020-05-15 10:20:51'),(1138,159,1,'2020-05-15',84.00,3,'2020-05-15 14:16:22','2020-05-15 14:33:16'),(1139,194,1,'2020-05-16',92.00,2,'2020-05-16 01:24:47','2020-05-16 01:40:10'),(1140,194,1,'2020-05-16',64.00,2,'2020-05-16 01:40:42','2020-05-16 02:02:23'),(1141,194,1,'2020-05-16',68.00,2,'2020-05-16 02:03:11','2020-05-16 02:39:45'),(1142,194,1,'2020-05-16',68.00,2,'2020-05-16 02:40:15','2020-05-16 03:11:37'),(1143,167,1,'2020-05-17',96.00,2,'2020-05-17 06:20:57','2020-05-17 06:56:59'),(1144,194,1,'2020-05-18',48.00,2,'2020-05-18 02:06:11','2020-05-18 03:23:22'),(1145,164,1,'2020-05-18',8.00,2,'2020-05-18 10:10:37','2020-05-18 10:13:08'),(1146,158,1,'2020-05-18',52.00,2,'2020-05-18 11:28:03','2020-05-18 11:34:06'),(1147,164,1,'2020-05-19',20.00,2,'2020-05-19 02:29:42','2020-05-19 02:32:13'),(1148,194,1,'2020-05-19',76.00,3,'2020-05-19 03:12:53','2020-05-19 03:55:02'),(1149,174,1,'2020-05-19',80.00,2,'2020-05-19 07:53:40','2020-05-19 08:14:43'),(1150,128,1,'2020-05-19',90.91,2,'2020-05-19 10:29:51','2020-05-19 10:56:09'),(1151,158,1,'2020-05-19',24.00,3,'2020-05-19 11:30:21','2020-05-19 11:41:02'),(1152,169,1,'2020-05-19',87.50,3,'2020-05-19 13:14:52','2020-05-19 13:29:54'),(1153,194,1,'2020-05-20',41.67,2,'2020-05-20 02:10:14','2020-05-20 02:33:59'),(1154,164,1,'2020-05-20',8.00,2,'2020-05-20 02:34:29','2020-05-20 02:35:56'),(1155,194,1,'2020-05-20',45.83,3,'2020-05-20 02:34:41','2020-05-20 02:56:40'),(1156,164,1,'2020-05-20',4.17,3,'2020-05-20 02:36:21','2020-05-20 02:38:19'),(1157,164,1,'2020-05-20',37.50,3,'2020-05-20 02:39:15','2020-05-20 02:50:12'),(1158,164,1,'2020-05-20',91.67,3,'2020-05-20 02:50:19','2020-05-20 03:59:41'),(1159,194,1,'2020-05-20',76.00,2,'2020-05-20 02:57:06','2020-05-20 03:29:56'),(1160,112,1,'2020-05-21',76.00,2,'2020-05-20 03:13:16','2020-05-21 02:56:06'),(1161,174,1,'2020-05-20',72.00,2,'2020-05-20 07:46:31','2020-05-20 07:58:18'),(1162,158,1,'2020-05-20',62.50,3,'2020-05-20 11:10:47','2020-05-20 11:25:07'),(1163,128,1,'2020-05-20',88.00,2,'2020-05-20 12:22:54','2020-05-20 12:31:13'),(1164,112,1,'2020-05-21',72.00,3,'2020-05-21 02:56:19','2020-05-21 03:10:56'),(1165,41,1,'2020-09-20',30.00,2,'2020-05-21 14:38:25','2020-09-20 04:29:09'),(1166,194,1,'2020-05-22',44.00,3,'2020-05-22 02:26:59','2020-05-22 02:58:14'),(1167,112,1,'2020-05-24',60.00,3,'2020-05-22 04:32:38','2020-05-24 08:04:42'),(1168,164,1,'2020-05-24',20.00,2,'2020-05-23 05:04:18','2020-05-24 09:35:09'),(1169,174,1,'2020-05-24',92.00,3,'2020-05-24 06:56:05','2020-05-24 07:05:06'),(1170,112,1,'2020-05-26',31.82,2,'2020-05-24 08:04:54','2020-05-26 06:01:44'),(1171,164,1,'2020-05-24',79.17,3,'2020-05-24 09:41:28','2020-05-24 11:58:36'),(1172,174,1,'2020-05-25',72.00,3,'2020-05-25 05:47:58','2020-05-25 05:54:55'),(1173,174,1,'2020-05-25',60.00,2,'2020-05-25 06:03:56','2020-05-25 06:30:08'),(1174,159,1,'2020-05-25',76.00,3,'2020-05-25 12:43:17','2020-05-25 13:05:02'),(1175,194,1,'2020-05-26',80.00,3,'2020-05-26 01:41:35','2020-05-26 02:27:07'),(1176,174,1,'2020-05-26',80.00,2,'2020-05-26 02:08:41','2020-05-26 02:23:41'),(1177,164,1,'2020-05-26',48.00,3,'2020-05-26 05:43:52','2020-05-26 06:29:08'),(1178,158,1,'2020-05-26',60.00,2,'2020-05-26 11:28:31','2020-05-26 12:18:33'),(1179,174,1,'2020-05-27',40.00,3,'2020-05-27 01:01:36','2020-05-27 01:07:16'),(1180,174,1,'2020-05-27',20.00,3,'2020-05-27 01:13:46','2020-05-27 01:31:05'),(1181,110,0,NULL,NULL,0,'2020-05-27 01:27:08','2020-05-27 01:27:08'),(1182,112,0,NULL,NULL,0,'2020-05-27 01:46:39','2020-05-27 01:46:39'),(1183,174,1,'2020-05-27',80.00,3,'2020-05-27 01:50:11','2020-05-27 02:16:46'),(1184,164,1,'2020-05-27',32.00,3,'2020-05-27 02:09:58','2020-05-27 02:13:59'),(1185,164,1,'2020-05-27',48.00,3,'2020-05-27 02:16:34','2020-05-27 03:56:20'),(1186,195,0,NULL,NULL,0,'2020-05-27 02:18:41','2020-05-27 02:18:41'),(1187,194,1,'2020-05-27',80.00,3,'2020-05-27 04:01:17','2020-05-27 04:53:45'),(1188,158,1,'2020-05-27',0.00,2,'2020-05-27 09:26:41','2020-05-27 09:28:40'),(1189,158,1,'2020-05-27',4.00,2,'2020-05-27 09:28:46','2020-05-27 09:30:27'),(1190,158,1,'2020-05-27',8.00,2,'2020-05-27 09:30:31','2020-05-27 09:31:25'),(1191,158,1,'2020-05-27',4.00,2,'2020-05-27 09:31:28','2020-05-27 09:32:24'),(1192,158,1,'2020-05-27',4.00,2,'2020-05-27 09:32:29','2020-05-27 09:33:24'),(1193,158,1,'2020-05-27',0.00,3,'2020-05-27 09:33:27','2020-05-27 09:34:22'),(1194,158,1,'2020-05-27',4.00,2,'2020-05-27 09:34:25','2020-05-27 09:35:23'),(1195,158,1,'2020-05-27',64.00,3,'2020-05-27 11:24:52','2020-05-27 12:14:31'),(1196,128,1,'2020-05-27',86.36,2,'2020-05-27 12:09:04','2020-05-27 12:15:30'),(1197,174,1,'2020-05-28',60.00,3,'2020-05-28 09:09:02','2020-05-28 09:56:19'),(1198,164,1,'2020-05-28',16.00,3,'2020-05-28 09:15:51','2020-05-28 09:33:29'),(1199,164,1,'2020-06-01',25.00,3,'2020-05-29 02:32:18','2020-06-01 01:50:59'),(1200,194,1,'2020-05-29',88.00,3,'2020-05-29 03:10:33','2020-05-29 03:46:40'),(1201,174,1,'2020-05-29',52.00,2,'2020-05-29 08:26:55','2020-05-29 09:04:54'),(1202,149,1,'2020-05-29',56.00,3,'2020-05-29 09:29:15','2020-05-29 09:45:57'),(1203,149,1,'2020-05-29',68.00,2,'2020-05-29 09:47:55','2020-05-29 10:00:05'),(1204,169,1,'2020-05-29',83.33,3,'2020-05-29 13:24:11','2020-05-29 13:41:14'),(1205,159,1,'2020-05-30',80.00,3,'2020-05-30 09:10:26','2020-05-30 09:37:34'),(1206,164,1,'2020-06-01',28.00,3,'2020-06-01 01:51:47','2020-06-01 01:55:19'),(1207,174,1,'2020-06-01',76.00,3,'2020-06-01 02:35:10','2020-06-01 02:47:16'),(1208,194,1,'2020-06-01',80.00,2,'2020-06-01 03:45:34','2020-06-01 04:29:09'),(1209,158,1,'2020-06-02',50.00,3,'2020-06-02 05:20:03','2020-06-02 05:25:38'),(1210,174,1,'2020-06-03',56.00,3,'2020-06-03 02:01:36','2020-06-03 02:13:12'),(1211,174,1,'2020-06-03',52.00,3,'2020-06-03 02:13:26','2020-06-03 02:27:04'),(1212,174,1,'2020-06-03',16.00,2,'2020-06-03 02:27:12','2020-06-03 02:40:47'),(1213,194,1,'2020-06-03',50.00,3,'2020-06-03 05:35:56','2020-06-03 06:06:49'),(1214,194,1,'2020-06-03',80.00,3,'2020-06-03 06:08:56','2020-06-03 06:31:30'),(1215,164,1,'2020-06-03',80.00,3,'2020-06-03 06:50:57','2020-06-03 09:26:49'),(1216,174,1,'2020-06-04',24.00,2,'2020-06-04 00:48:42','2020-06-04 00:59:58'),(1217,167,1,'2020-06-04',100.00,3,'2020-06-04 06:30:58','2020-06-04 07:11:14'),(1218,158,1,'2020-06-04',20.00,3,'2020-06-04 09:29:39','2020-06-04 09:34:04'),(1219,158,1,'2020-06-04',28.00,2,'2020-06-04 09:34:16','2020-06-04 09:36:19'),(1220,164,1,'2020-06-04',29.17,3,'2020-06-04 10:31:44','2020-06-04 10:33:15'),(1221,164,1,'2020-06-04',20.83,3,'2020-06-04 10:33:34','2020-06-04 10:35:00'),(1222,164,1,'2020-06-04',37.50,3,'2020-06-04 10:35:06','2020-06-04 10:36:40'),(1223,174,1,'2020-06-05',88.00,3,'2020-06-05 01:01:44','2020-06-05 01:35:49'),(1224,194,1,'2020-06-05',68.00,3,'2020-06-05 03:04:43','2020-06-05 03:43:34'),(1225,169,1,'2020-06-05',66.67,3,'2020-06-05 07:09:29','2020-06-05 07:15:41'),(1226,169,1,'2020-06-06',48.00,3,'2020-06-05 13:04:41','2020-06-06 13:27:51'),(1227,159,1,'2020-06-05',92.00,3,'2020-06-05 15:41:48','2020-06-05 15:56:27'),(1228,186,1,'2020-06-07',32.00,3,'2020-06-07 17:05:58','2020-06-07 17:07:02'),(1229,194,1,'2020-06-08',75.00,3,'2020-06-08 03:39:37','2020-06-08 03:54:40'),(1230,194,1,'2020-06-08',52.38,2,'2020-06-08 03:54:54','2020-06-08 04:27:02'),(1231,158,1,'2020-06-08',58.33,3,'2020-06-08 08:34:32','2020-06-08 08:42:07'),(1232,158,1,'2020-06-09',52.00,2,'2020-06-09 07:24:05','2020-06-09 07:33:39'),(1233,194,1,'2020-06-09',52.38,2,'2020-06-09 09:09:42','2020-06-09 09:39:16'),(1234,174,1,'2020-06-09',48.00,3,'2020-06-09 11:48:40','2020-06-09 11:53:06'),(1235,194,1,'2020-06-10',28.57,3,'2020-06-10 03:08:40','2020-06-10 03:40:56'),(1236,174,1,'2020-06-11',16.00,3,'2020-06-11 03:53:29','2020-06-11 04:15:23'),(1237,174,1,'2020-06-11',0.00,3,'2020-06-11 04:15:31','2020-06-11 04:16:07'),(1238,169,1,'2020-06-12',79.17,3,'2020-06-12 12:48:52','2020-06-12 12:52:56'),(1239,164,1,'2020-06-13',4.00,3,'2020-06-13 08:06:29','2020-06-13 08:08:49'),(1240,164,1,'2020-06-13',28.00,2,'2020-06-13 08:14:46','2020-06-13 08:18:38'),(1241,164,1,'2020-06-13',25.00,3,'2020-06-13 08:23:26','2020-06-13 08:27:05'),(1242,164,1,'2020-06-13',37.50,3,'2020-06-13 08:30:07','2020-06-13 08:33:21'),(1243,169,1,'2020-06-13',52.00,3,'2020-06-13 13:07:25','2020-06-13 13:26:04'),(1244,128,1,'2020-06-14',100.00,2,'2020-06-14 00:37:13','2020-06-14 00:42:01'),(1245,164,1,'2020-06-14',33.33,3,'2020-06-14 03:17:34','2020-06-14 03:19:17'),(1246,169,1,'2020-06-14',60.00,3,'2020-06-14 12:22:55','2020-06-14 12:39:35'),(1247,158,1,'2020-06-15',58.33,3,'2020-06-15 05:24:02','2020-06-15 05:30:50'),(1248,194,1,'2020-06-15',72.00,2,'2020-06-15 05:50:27','2020-06-15 06:39:50'),(1249,169,1,'2020-06-15',87.50,3,'2020-06-15 13:20:22','2020-06-15 13:24:56'),(1250,158,1,'2020-06-16',70.83,3,'2020-06-16 01:15:58','2020-06-16 01:21:45'),(1251,174,1,'2020-06-30',40.00,3,'2020-06-16 01:33:30','2020-06-30 12:24:34'),(1252,164,1,'2020-06-16',20.00,3,'2020-06-16 05:40:03','2020-06-16 05:43:47'),(1253,164,1,'2020-06-18',72.00,3,'2020-06-16 05:59:43','2020-06-18 07:10:50'),(1254,169,1,'2020-06-16',75.00,3,'2020-06-16 13:23:42','2020-06-16 13:30:53'),(1255,158,1,'2020-06-17',70.83,3,'2020-06-17 10:02:21','2020-06-17 10:06:09'),(1256,158,1,'2020-06-22',12.00,2,'2020-06-17 10:06:13','2020-06-22 06:51:39'),(1257,194,1,'2020-06-18',72.00,3,'2020-06-18 07:19:29','2020-06-18 07:35:08'),(1258,194,1,'2020-06-19',66.67,3,'2020-06-19 03:04:39','2020-06-19 03:16:18'),(1259,164,1,'2020-06-19',8.00,3,'2020-06-19 05:12:53','2020-06-19 05:17:05'),(1260,164,1,'2020-06-20',4.00,3,'2020-06-20 02:01:15','2020-06-20 02:02:38'),(1261,128,1,'2020-06-20',88.00,2,'2020-06-20 08:10:01','2020-06-20 08:22:45'),(1262,128,1,'2020-06-21',83.33,2,'2020-06-21 12:29:52','2020-06-21 12:45:37'),(1263,194,1,'2020-06-22',72.00,3,'2020-06-22 05:22:08','2020-06-22 05:55:22'),(1264,158,1,'2020-06-22',32.00,2,'2020-06-22 08:07:17','2020-06-22 08:32:21'),(1265,169,1,'2020-06-22',75.00,3,'2020-06-22 11:50:19','2020-06-22 11:56:07'),(1266,158,1,'2020-06-23',75.00,3,'2020-06-23 07:15:41','2020-06-23 07:27:09'),(1267,158,1,'2020-06-24',44.00,3,'2020-06-24 07:30:49','2020-06-24 07:38:55'),(1268,128,1,'2020-06-24',70.83,2,'2020-06-24 12:07:50','2020-06-24 12:27:20'),(1269,164,1,'2020-06-27',24.00,3,'2020-06-27 03:52:35','2020-06-27 03:55:50'),(1270,128,1,'2020-06-27',68.00,2,'2020-06-27 08:04:04','2020-06-27 08:18:07'),(1271,164,1,'2020-06-28',8.00,3,'2020-06-28 03:05:08','2020-06-28 03:07:10'),(1272,164,1,'2020-06-28',12.00,3,'2020-06-28 03:07:16','2020-06-28 03:08:59'),(1273,194,1,'2020-06-29',84.00,2,'2020-06-29 00:53:11','2020-06-29 01:25:12'),(1274,164,1,'2020-06-29',12.00,3,'2020-06-29 02:50:54','2020-06-29 02:55:53'),(1275,164,1,'2020-06-29',16.00,3,'2020-06-29 02:56:22','2020-06-29 02:59:14'),(1276,164,1,'2020-07-01',41.67,3,'2020-06-29 03:51:22','2020-07-01 03:02:17'),(1277,194,1,'2020-06-30',88.00,2,'2020-06-30 01:45:18','2020-06-30 02:02:26'),(1278,194,1,'2020-07-01',44.00,3,'2020-07-01 01:59:08','2020-07-01 02:25:32'),(1279,164,1,'2020-07-02',37.50,3,'2020-07-02 02:23:12','2020-07-02 02:57:13'),(1280,164,1,'2020-07-02',54.17,3,'2020-07-02 02:58:28','2020-07-02 04:01:53'),(1281,164,1,'2020-07-03',64.00,3,'2020-07-03 01:56:24','2020-07-03 04:55:00'),(1282,164,1,'2020-07-04',40.00,3,'2020-07-03 01:56:24','2020-07-04 02:49:41'),(1283,194,1,'2020-07-03',87.50,3,'2020-07-03 02:13:05','2020-07-03 02:40:25'),(1284,164,1,'2020-07-04',16.00,3,'2020-07-04 02:50:29','2020-07-04 02:53:50'),(1285,164,1,'2020-07-04',28.00,3,'2020-07-04 02:57:30','2020-07-04 03:02:49'),(1286,164,1,'2020-07-05',29.17,3,'2020-07-05 01:47:59','2020-07-05 02:01:39'),(1287,164,1,'2020-07-05',8.70,3,'2020-07-05 02:10:29','2020-07-05 02:16:01'),(1288,164,1,'2020-07-06',4.35,3,'2020-07-06 00:40:34','2020-07-06 00:41:35'),(1289,158,1,'2020-07-06',79.17,3,'2020-07-06 10:43:09','2020-07-06 10:52:44'),(1290,194,1,'2020-07-07',80.00,3,'2020-07-07 02:08:03','2020-07-07 02:56:31'),(1291,158,1,'2020-07-07',60.00,3,'2020-07-07 11:38:03','2020-07-07 13:17:51'),(1292,164,1,'2020-07-07',12.00,3,'2020-07-07 13:15:17','2020-07-07 13:19:41'),(1293,194,1,'2020-07-08',92.00,3,'2020-07-08 03:55:50','2020-07-08 04:43:36'),(1294,158,1,'2020-07-08',36.00,2,'2020-07-08 11:34:44','2020-07-08 12:05:03'),(1295,197,1,'2020-07-10',71.43,2,'2020-07-09 13:14:32','2020-07-10 00:37:09'),(1296,197,1,'2020-07-10',70.83,2,'2020-07-10 00:37:35','2020-07-10 00:46:57'),(1297,197,1,'2020-07-10',75.00,3,'2020-07-10 00:47:49','2020-07-10 01:00:40'),(1298,164,1,'2020-07-10',16.00,3,'2020-07-10 02:41:37','2020-07-10 02:44:08'),(1299,164,1,'2020-07-10',0.00,3,'2020-07-10 02:44:33','2020-07-10 03:03:18'),(1300,164,1,'2020-07-10',4.76,2,'2020-07-10 03:03:44','2020-07-10 03:09:50'),(1301,164,1,'2020-07-10',4.76,3,'2020-07-10 03:10:52','2020-07-10 03:13:04'),(1302,198,1,'2020-07-10',72.73,2,'2020-07-10 04:19:29','2020-07-10 05:08:28'),(1303,197,1,'2020-07-13',80.00,2,'2020-07-10 13:43:12','2020-07-13 07:02:40'),(1304,164,1,'2020-07-11',14.29,3,'2020-07-11 00:43:31','2020-07-11 00:46:29'),(1305,164,1,'2020-07-12',38.10,3,'2020-07-12 05:29:53','2020-07-12 05:34:20'),(1306,198,1,'2020-07-21',64.00,2,'2020-07-12 08:25:42','2020-07-21 11:44:33'),(1307,194,1,'2020-07-13',88.00,3,'2020-07-13 03:05:09','2020-07-13 03:36:53'),(1308,158,1,'2020-07-13',75.00,3,'2020-07-13 06:08:40','2020-07-13 06:17:15'),(1309,164,1,'2020-07-13',36.00,3,'2020-07-13 11:54:47','2020-07-13 12:09:11'),(1310,197,1,'2020-07-17',80.00,2,'2020-07-13 13:21:13','2020-07-17 02:44:37'),(1311,194,1,'2020-07-14',72.00,3,'2020-07-14 04:58:42','2020-07-14 06:15:58'),(1312,158,1,'2020-07-14',36.00,2,'2020-07-14 06:06:21','2020-07-14 06:12:17'),(1313,164,1,'2020-07-14',20.00,3,'2020-07-14 13:51:11','2020-07-14 13:52:43'),(1314,164,1,'2020-07-14',19.05,3,'2020-07-14 13:56:00','2020-07-14 14:03:32'),(1315,194,1,'2020-07-15',96.00,3,'2020-07-15 04:56:51','2020-07-15 05:48:52'),(1316,158,1,'2020-07-27',60.00,3,'2020-07-15 11:20:08','2020-07-27 08:09:45'),(1317,194,1,'2020-07-16',66.67,3,'2020-07-16 00:25:00','2020-07-16 00:45:38'),(1318,194,1,'2020-07-17',75.00,3,'2020-07-17 00:16:17','2020-07-17 00:43:08'),(1319,194,1,'2020-07-18',72.00,3,'2020-07-18 00:58:19','2020-07-18 01:32:41'),(1320,128,1,'2020-07-19',91.67,3,'2020-07-19 00:31:05','2020-07-19 00:42:00'),(1321,164,1,'2020-07-19',24.00,3,'2020-07-19 02:00:38','2020-07-19 02:04:25'),(1322,164,1,'2020-07-20',41.67,3,'2020-07-19 02:05:13','2020-07-20 01:21:11'),(1323,169,1,'2020-07-19',79.17,3,'2020-07-19 12:36:35','2020-07-19 13:01:34'),(1324,194,1,'2020-07-20',96.00,3,'2020-07-20 02:09:08','2020-07-20 02:46:11'),(1325,167,1,'2020-07-20',92.00,3,'2020-07-20 07:17:31','2020-07-20 07:44:10'),(1326,194,1,'2020-07-20',58.33,3,'2020-07-20 23:12:02','2020-07-20 23:33:08'),(1327,164,1,'2020-07-21',28.00,3,'2020-07-21 06:41:54','2020-07-21 06:44:15'),(1328,164,1,'2020-07-21',37.50,3,'2020-07-21 06:44:32','2020-07-21 06:45:55'),(1329,194,1,'2020-07-22',88.00,3,'2020-07-22 00:05:56','2020-07-22 00:18:28'),(1330,164,1,'2020-07-22',28.00,3,'2020-07-22 06:43:54','2020-07-22 06:56:28'),(1331,128,1,'2020-07-22',91.67,3,'2020-07-22 11:31:49','2020-07-22 11:37:11'),(1332,194,1,'2020-07-22',80.00,3,'2020-07-22 23:28:52','2020-07-22 23:44:44'),(1333,197,1,'2020-07-23',100.00,3,'2020-07-23 08:02:10','2020-07-23 08:14:32'),(1334,198,0,NULL,NULL,0,'2020-07-23 10:30:18','2020-07-23 10:30:18'),(1335,164,1,'2020-07-23',32.00,3,'2020-07-23 12:43:19','2020-07-23 13:25:06'),(1336,199,1,'2020-07-23',52.38,2,'2020-07-23 19:47:49','2020-07-23 20:05:31'),(1337,194,1,'2020-07-23',84.00,3,'2020-07-23 22:58:00','2020-07-23 23:05:16'),(1338,167,1,'2020-07-24',48.00,2,'2020-07-24 01:21:11','2020-07-24 01:59:42'),(1339,164,1,'2020-07-24',24.00,3,'2020-07-24 06:00:40','2020-07-24 06:04:47'),(1340,164,1,'2020-07-24',16.67,3,'2020-07-24 06:05:52','2020-07-24 06:07:25'),(1341,194,1,'2020-07-24',80.00,3,'2020-07-24 23:41:58','2020-07-24 23:46:54'),(1342,197,1,'2020-07-25',68.00,2,'2020-07-25 01:55:36','2020-07-25 02:16:57'),(1343,197,1,'2020-08-18',92.00,2,'2020-07-25 02:17:02','2020-08-18 09:05:37'),(1344,164,1,'2020-07-25',28.00,3,'2020-07-25 02:45:28','2020-07-25 02:50:50'),(1345,194,1,'2020-07-25',80.00,3,'2020-07-25 23:19:02','2020-07-25 23:25:12'),(1346,200,0,NULL,NULL,0,'2020-07-26 04:33:52','2020-07-26 04:33:52'),(1347,164,1,'2020-07-26',48.00,3,'2020-07-26 04:55:53','2020-07-26 05:27:58'),(1348,202,0,NULL,NULL,0,'2020-07-26 09:35:08','2020-07-26 09:35:08'),(1349,194,1,'2020-07-26',80.00,3,'2020-07-26 23:30:02','2020-07-26 23:36:34'),(1350,194,1,'2020-07-27',83.33,3,'2020-07-27 23:18:54','2020-07-27 23:30:19'),(1351,158,1,'2020-07-28',70.83,3,'2020-07-28 11:28:27','2020-07-28 11:37:09'),(1352,164,1,'2020-07-28',72.00,3,'2020-07-28 22:52:44','2020-07-28 23:29:29'),(1353,194,1,'2020-07-28',68.00,2,'2020-07-28 23:40:44','2020-07-28 23:50:50'),(1354,158,1,'2020-07-29',28.00,3,'2020-07-29 07:22:58','2020-07-29 07:43:03'),(1355,164,1,'2020-07-29',56.00,3,'2020-07-29 13:19:47','2020-07-29 14:27:41'),(1356,194,1,'2020-07-30',72.00,3,'2020-07-30 00:01:38','2020-07-30 00:08:39'),(1357,128,1,'2020-07-30',87.50,3,'2020-07-30 11:35:08','2020-07-30 11:42:51'),(1358,169,1,'2020-07-30',91.67,3,'2020-07-30 12:38:04','2020-07-30 12:47:36'),(1359,194,1,'2020-07-31',72.00,3,'2020-07-31 00:12:13','2020-07-31 00:26:23'),(1360,194,1,'2020-08-01',58.33,3,'2020-07-31 23:49:25','2020-08-01 00:01:25'),(1361,164,1,'2020-08-01',56.00,3,'2020-08-01 02:07:49','2020-08-01 02:41:52'),(1362,205,0,NULL,NULL,0,'2020-08-01 03:52:58','2020-08-01 03:52:58'),(1363,194,1,'2020-08-02',80.00,3,'2020-08-01 23:54:57','2020-08-02 00:05:56'),(1364,194,1,'2020-08-02',24.00,2,'2020-08-02 23:34:00','2020-08-02 23:42:38'),(1365,158,1,'2020-08-03',91.67,3,'2020-08-03 05:59:04','2020-08-03 06:13:40'),(1366,164,1,'2020-08-13',40.00,3,'2020-08-03 23:08:04','2020-08-13 23:46:56'),(1367,194,1,'2020-08-04',20.00,2,'2020-08-04 00:06:38','2020-08-04 00:16:10'),(1368,158,1,'2020-08-04',8.00,3,'2020-08-04 05:27:48','2020-08-04 05:30:10'),(1369,158,1,'2020-08-04',8.00,2,'2020-08-04 05:30:14','2020-08-04 05:32:33'),(1370,158,1,'2020-08-04',8.00,3,'2020-08-04 05:32:47','2020-08-04 05:35:36'),(1371,158,1,'2020-08-04',8.00,3,'2020-08-04 05:35:50','2020-08-04 05:37:44'),(1372,158,1,'2020-08-04',0.00,3,'2020-08-04 05:37:59','2020-08-04 05:38:54'),(1373,158,1,'2020-08-04',4.00,3,'2020-08-04 05:39:00','2020-08-04 05:39:56'),(1374,158,1,'2020-08-04',0.00,2,'2020-08-04 05:40:10','2020-08-04 05:40:55'),(1375,158,1,'2020-08-04',4.00,3,'2020-08-04 05:40:59','2020-08-04 05:41:48'),(1376,158,1,'2020-08-04',4.00,2,'2020-08-04 05:42:02','2020-08-04 05:42:57'),(1377,158,1,'2020-08-04',4.00,3,'2020-08-04 05:43:10','2020-08-04 05:44:06'),(1378,207,0,NULL,NULL,0,'2020-08-04 13:17:34','2020-08-04 13:17:34'),(1379,194,1,'2020-08-04',28.00,3,'2020-08-04 23:30:34','2020-08-04 23:34:47'),(1380,158,1,'2020-08-05',4.00,3,'2020-08-05 05:35:20','2020-08-05 05:36:55'),(1381,194,1,'2020-09-01',44.00,2,'2020-08-06 00:21:51','2020-09-01 02:33:01'),(1382,128,1,'2020-08-08',87.50,3,'2020-08-08 10:52:34','2020-08-08 11:00:05'),(1383,158,1,'2020-08-11',91.67,3,'2020-08-11 10:17:36','2020-08-11 10:31:43'),(1384,158,1,'2020-08-12',0.00,3,'2020-08-12 08:44:29','2020-08-12 08:45:58'),(1385,158,1,'2020-09-01',32.00,3,'2020-08-12 12:18:44','2020-09-01 12:22:48'),(1386,197,1,'2020-08-20',100.00,3,'2020-08-20 08:35:05','2020-08-20 08:54:40'),(1387,197,1,'2020-08-21',96.00,3,'2020-08-20 08:55:05','2020-08-21 06:42:57'),(1388,197,1,'2020-08-21',92.00,2,'2020-08-21 06:43:23','2020-08-21 07:16:30'),(1389,197,1,'2020-08-21',92.00,2,'2020-08-21 07:23:17','2020-08-21 08:09:34'),(1390,197,1,'2020-08-21',96.00,2,'2020-08-21 08:24:28','2020-08-21 09:00:51'),(1391,197,1,'2020-08-25',96.00,2,'2020-08-22 08:24:18','2020-08-25 08:05:58'),(1392,128,1,'2020-08-26',95.83,3,'2020-08-26 12:44:43','2020-08-26 12:58:05'),(1393,208,0,NULL,NULL,0,'2020-08-26 17:28:31','2020-08-26 17:28:31'),(1394,209,0,NULL,NULL,0,'2020-08-26 17:28:57','2020-08-26 17:28:57'),(1395,210,0,NULL,NULL,0,'2020-08-26 17:50:40','2020-08-26 17:50:40'),(1396,211,0,NULL,NULL,0,'2020-08-26 17:53:11','2020-08-26 17:53:11'),(1397,197,1,'2020-08-27',100.00,2,'2020-08-27 07:32:08','2020-08-27 08:09:35'),(1398,197,0,NULL,NULL,0,'2020-08-28 06:43:47','2020-08-28 06:43:47'),(1399,213,1,'2020-08-30',20.00,2,'2020-08-30 07:57:16','2020-08-30 07:58:07'),(1400,214,1,'2020-08-30',50.00,2,'2020-08-30 08:49:15','2020-08-30 09:02:08'),(1401,214,1,'2020-09-09',59.09,2,'2020-08-30 09:02:25','2020-09-09 10:03:49'),(1402,194,1,'2020-09-01',36.00,2,'2020-09-01 02:33:12','2020-09-01 02:52:15'),(1403,194,1,'2020-09-01',4.17,3,'2020-09-01 03:17:58','2020-09-01 03:25:00'),(1404,194,1,'2020-09-01',4.17,3,'2020-09-01 03:25:31','2020-09-01 03:29:28'),(1405,194,1,'2020-09-01',20.83,3,'2020-09-01 03:29:41','2020-09-01 03:35:41'),(1406,194,1,'2020-09-01',8.33,3,'2020-09-01 03:35:49','2020-09-01 03:41:50'),(1407,194,1,'2020-09-01',4.17,3,'2020-09-01 03:42:08','2020-09-01 03:45:26'),(1408,194,1,'2020-09-01',12.50,2,'2020-09-01 03:45:34','2020-09-01 03:50:09'),(1409,194,1,'2020-09-01',4.17,2,'2020-09-01 03:50:14','2020-09-01 03:56:33'),(1410,194,1,'2020-09-01',0.00,3,'2020-09-01 03:56:47','2020-09-01 03:57:47'),(1411,194,1,'2020-09-01',8.33,2,'2020-09-01 03:58:16','2020-09-01 04:04:28'),(1412,194,1,'2020-09-01',0.00,3,'2020-09-01 04:05:24','2020-09-01 04:11:00'),(1413,194,1,'2020-09-02',4.17,3,'2020-09-02 03:17:22','2020-09-02 03:25:51'),(1414,194,1,'2020-09-02',12.50,3,'2020-09-02 03:25:58','2020-09-02 03:38:49'),(1415,194,1,'2020-09-02',4.17,2,'2020-09-02 03:39:12','2020-09-02 03:42:40'),(1416,194,1,'2020-09-02',8.33,2,'2020-09-02 03:42:45','2020-09-02 03:45:55'),(1417,194,1,'2020-09-02',12.50,3,'2020-09-02 03:46:00','2020-09-02 03:48:24'),(1418,194,1,'2020-09-02',16.67,3,'2020-09-02 03:48:30','2020-09-02 03:51:44'),(1419,194,1,'2020-09-02',12.50,2,'2020-09-02 03:51:52','2020-09-02 03:56:55'),(1420,194,1,'2020-09-02',16.67,2,'2020-09-02 03:57:09','2020-09-02 03:59:15'),(1421,194,1,'2020-09-02',5.26,3,'2020-09-02 04:00:01','2020-09-02 04:00:46'),(1422,194,1,'2020-09-02',0.00,3,'2020-09-02 04:00:51','2020-09-02 04:01:28'),(1423,194,1,'2020-09-02',5.26,3,'2020-09-02 04:01:31','2020-09-02 04:02:06'),(1424,194,1,'2020-09-02',0.00,3,'2020-09-02 04:02:09','2020-09-02 04:02:44'),(1425,194,1,'2020-09-02',5.26,3,'2020-09-02 04:02:46','2020-09-02 04:03:58'),(1426,194,1,'2020-09-02',5.26,3,'2020-09-02 04:04:25','2020-09-02 04:05:07'),(1427,194,1,'2020-09-02',5.26,3,'2020-09-02 04:05:11','2020-09-02 04:06:07'),(1428,194,1,'2020-09-02',0.00,3,'2020-09-02 04:06:15','2020-09-02 04:06:56'),(1429,194,1,'2020-09-02',0.00,3,'2020-09-02 04:06:58','2020-09-02 04:07:36'),(1430,194,1,'2020-09-02',5.26,3,'2020-09-02 04:08:15','2020-09-02 04:08:58'),(1431,194,1,'2020-09-02',5.26,3,'2020-09-02 04:09:04','2020-09-02 04:09:50'),(1432,194,1,'2020-09-02',5.26,3,'2020-09-02 04:09:55','2020-09-02 04:10:33'),(1433,194,1,'2020-09-02',5.26,3,'2020-09-02 04:10:46','2020-09-02 04:11:52'),(1434,194,1,'2020-09-02',5.26,3,'2020-09-02 04:11:56','2020-09-02 04:13:36'),(1435,194,1,'2020-09-02',5.26,3,'2020-09-02 04:13:46','2020-09-02 04:14:29'),(1436,194,1,'2020-09-02',0.00,3,'2020-09-02 04:14:32','2020-09-02 04:15:51'),(1437,194,1,'2020-09-02',5.26,3,'2020-09-02 04:15:59','2020-09-02 04:17:59'),(1438,194,1,'2020-09-02',7.14,3,'2020-09-02 04:18:12','2020-09-02 04:18:55'),(1439,194,1,'2020-09-02',0.00,3,'2020-09-02 04:19:30','2020-09-02 04:19:54'),(1440,194,1,'2020-09-02',7.14,3,'2020-09-02 04:20:01','2020-09-02 04:20:53'),(1441,194,1,'2020-09-02',0.00,3,'2020-09-02 04:20:57','2020-09-02 04:21:35'),(1442,194,1,'2020-09-02',7.14,3,'2020-09-02 04:22:46','2020-09-02 04:23:39'),(1443,194,1,'2020-09-02',7.14,3,'2020-09-02 04:23:43','2020-09-02 04:24:44'),(1444,194,1,'2020-09-02',0.00,3,'2020-09-02 04:24:48','2020-09-02 04:29:19'),(1445,194,1,'2020-09-02',7.14,3,'2020-09-02 04:30:13','2020-09-02 04:36:27'),(1446,194,1,'2020-09-03',0.00,3,'2020-09-03 00:33:25','2020-09-03 00:34:19'),(1447,194,1,'2020-09-03',7.14,3,'2020-09-03 00:34:24','2020-09-03 00:37:08'),(1448,194,1,'2020-09-03',28.57,3,'2020-09-03 00:37:12','2020-09-03 00:43:07'),(1449,194,1,'2020-09-03',20.00,3,'2020-09-03 00:50:46','2020-09-03 01:05:11'),(1450,194,1,'2020-09-03',10.00,3,'2020-09-03 01:05:30','2020-09-03 01:13:34'),(1451,194,1,'2020-09-03',10.00,3,'2020-09-03 01:13:42','2020-09-03 01:24:24'),(1452,194,1,'2020-09-03',20.00,3,'2020-09-03 01:24:40','2020-09-03 01:27:18'),(1453,194,1,'2020-09-03',10.00,3,'2020-09-03 01:27:24','2020-09-03 01:29:12'),(1454,194,1,'2020-09-03',20.00,3,'2020-09-03 01:29:20','2020-09-03 01:31:57'),(1455,194,1,'2020-09-03',30.00,3,'2020-09-03 01:32:03','2020-09-03 01:35:04'),(1456,194,1,'2020-09-03',0.00,3,'2020-09-03 01:35:17','2020-09-03 01:38:41'),(1457,194,1,'2020-09-03',0.00,3,'2020-09-03 01:38:47','2020-09-03 01:45:55'),(1458,194,1,'2020-09-03',20.00,3,'2020-09-03 01:45:58','2020-09-03 01:52:02'),(1459,174,1,'2020-09-03',80.00,3,'2020-09-03 03:10:28','2020-09-03 03:22:33'),(1460,174,1,'2020-09-03',44.00,3,'2020-09-03 03:23:34','2020-09-03 03:30:43'),(1461,194,1,'2020-09-04',10.00,3,'2020-09-04 00:29:51','2020-09-04 00:33:37'),(1462,194,1,'2020-09-04',90.00,2,'2020-09-04 00:33:48','2020-09-04 00:43:09'),(1463,194,1,'2020-09-04',100.00,2,'2020-09-04 00:43:52','2020-09-04 00:54:23'),(1464,194,1,'2020-09-04',75.00,2,'2020-09-04 00:55:27','2020-09-04 01:09:55'),(1465,194,1,'2020-09-04',70.00,2,'2020-09-04 01:10:04','2020-09-04 01:22:48'),(1466,194,1,'2020-09-04',90.00,2,'2020-09-04 01:22:54','2020-09-04 01:35:33'),(1467,194,1,'2020-09-04',85.00,2,'2020-09-04 01:35:39','2020-09-04 01:46:55'),(1468,194,1,'2020-09-04',85.00,2,'2020-09-04 01:47:00','2020-09-04 01:54:42'),(1469,194,1,'2020-09-04',80.00,2,'2020-09-04 01:54:46','2020-09-04 02:01:26'),(1470,194,1,'2020-09-04',80.00,2,'2020-09-04 02:01:29','2020-09-04 02:09:18'),(1471,194,1,'2020-09-04',75.00,2,'2020-09-04 02:09:23','2020-09-04 02:22:50'),(1472,194,1,'2020-09-04',85.00,2,'2020-09-04 02:22:56','2020-09-04 02:28:36'),(1473,194,1,'2020-09-04',75.00,2,'2020-09-04 02:28:41','2020-09-04 02:36:55'),(1474,194,1,'2020-09-04',80.00,2,'2020-09-04 02:36:59','2020-09-04 02:42:42'),(1475,194,1,'2020-09-04',70.00,2,'2020-09-04 02:42:49','2020-09-04 02:50:42'),(1476,194,1,'2020-09-04',80.00,2,'2020-09-04 02:50:47','2020-09-04 02:59:05'),(1477,194,1,'2020-09-04',85.00,2,'2020-09-04 02:59:10','2020-09-04 03:07:32'),(1478,194,1,'2020-09-04',65.00,2,'2020-09-04 03:07:57','2020-09-04 03:16:50'),(1479,194,1,'2020-09-04',90.00,2,'2020-09-04 07:02:52','2020-09-04 07:07:44'),(1480,194,1,'2020-09-04',70.00,2,'2020-09-04 07:07:53','2020-09-04 07:15:02'),(1481,194,1,'2020-09-04',80.00,2,'2020-09-04 07:15:07','2020-09-04 07:20:42'),(1482,194,1,'2020-09-04',90.00,2,'2020-09-04 07:20:46','2020-09-04 07:27:56'),(1483,194,1,'2020-09-04',70.00,2,'2020-09-04 07:28:01','2020-09-04 07:34:17'),(1484,194,1,'2020-09-04',70.00,2,'2020-09-04 07:34:21','2020-09-04 07:42:41'),(1485,194,1,'2020-09-04',85.00,2,'2020-09-04 07:42:44','2020-09-04 07:53:53'),(1486,194,1,'2020-09-04',85.00,2,'2020-09-04 07:53:57','2020-09-04 08:04:34'),(1487,194,1,'2020-09-04',100.00,3,'2020-09-04 08:04:38','2020-09-04 08:20:21'),(1488,194,1,'2020-09-04',80.00,2,'2020-09-04 08:20:29','2020-09-04 08:33:17'),(1489,194,1,'2020-09-04',75.00,2,'2020-09-04 08:33:21','2020-09-04 08:41:42'),(1490,194,1,'2020-09-04',85.00,2,'2020-09-04 23:07:25','2020-09-04 23:15:18'),(1491,194,1,'2020-09-04',80.00,2,'2020-09-04 23:23:52','2020-09-04 23:38:08'),(1492,194,1,'2020-09-04',80.00,2,'2020-09-04 23:38:14','2020-09-04 23:51:31'),(1493,194,1,'2020-09-05',60.00,2,'2020-09-04 23:51:35','2020-09-05 00:02:15'),(1494,194,1,'2020-09-05',85.00,2,'2020-09-05 00:04:35','2020-09-05 00:13:41'),(1495,194,1,'2020-09-05',80.00,2,'2020-09-05 04:48:26','2020-09-05 04:57:48'),(1496,194,1,'2020-09-05',70.00,2,'2020-09-05 05:03:31','2020-09-05 05:13:36'),(1497,194,1,'2020-09-05',70.00,2,'2020-09-05 05:13:41','2020-09-05 05:26:03'),(1498,194,1,'2020-09-05',70.00,2,'2020-09-05 05:26:09','2020-09-05 05:38:35'),(1499,194,1,'2020-09-05',90.00,2,'2020-09-05 05:38:41','2020-09-05 05:54:03'),(1500,194,1,'2020-09-05',90.00,2,'2020-09-05 05:54:08','2020-09-05 06:01:08'),(1501,194,1,'2020-09-05',70.00,2,'2020-09-05 06:01:13','2020-09-05 06:10:10'),(1502,194,1,'2020-09-05',65.00,2,'2020-09-05 06:10:16','2020-09-05 06:17:34'),(1503,194,1,'2020-09-05',65.00,2,'2020-09-05 06:17:39','2020-09-05 06:31:29'),(1504,194,1,'2020-09-05',85.00,2,'2020-09-05 06:31:32','2020-09-05 06:36:28'),(1505,194,1,'2020-09-05',90.00,2,'2020-09-05 06:36:32','2020-09-05 06:43:40'),(1506,194,1,'2020-09-05',70.00,2,'2020-09-05 06:43:57','2020-09-05 06:54:14'),(1507,194,1,'2020-09-05',65.00,3,'2020-09-05 06:54:16','2020-09-05 07:03:11'),(1508,194,1,'2020-09-05',80.00,3,'2020-09-05 22:43:01','2020-09-05 22:52:36'),(1509,194,1,'2020-09-05',80.00,2,'2020-09-05 22:52:46','2020-09-05 23:02:14'),(1510,194,1,'2020-09-05',80.00,3,'2020-09-05 23:02:20','2020-09-05 23:12:11'),(1511,194,1,'2020-09-05',80.00,2,'2020-09-05 23:12:15','2020-09-05 23:19:56'),(1512,194,1,'2020-09-05',90.00,2,'2020-09-05 23:20:01','2020-09-05 23:26:11'),(1513,194,1,'2020-09-05',85.00,2,'2020-09-05 23:26:14','2020-09-05 23:33:00'),(1514,194,1,'2020-09-05',90.00,2,'2020-09-05 23:33:03','2020-09-05 23:39:22'),(1515,194,1,'2020-09-05',75.00,2,'2020-09-05 23:40:06','2020-09-05 23:47:41'),(1516,194,1,'2020-09-05',85.00,2,'2020-09-05 23:47:44','2020-09-05 23:54:52'),(1517,194,1,'2020-09-06',80.00,2,'2020-09-05 23:54:55','2020-09-06 00:03:16'),(1518,194,1,'2020-09-06',85.00,2,'2020-09-06 00:03:22','2020-09-06 00:11:38'),(1519,194,1,'2020-09-06',85.00,3,'2020-09-06 00:11:42','2020-09-06 00:17:11'),(1520,194,1,'2020-09-06',80.00,2,'2020-09-06 00:17:14','2020-09-06 00:25:12'),(1521,194,1,'2020-09-06',80.00,2,'2020-09-06 00:25:17','2020-09-06 00:35:07'),(1522,194,1,'2020-09-06',90.00,2,'2020-09-06 00:35:14','2020-09-06 00:43:43'),(1523,194,1,'2020-09-06',85.00,2,'2020-09-06 00:43:56','2020-09-06 00:51:15'),(1524,194,1,'2020-09-06',75.00,2,'2020-09-06 00:51:21','2020-09-06 01:02:17'),(1525,194,1,'2020-09-06',75.00,3,'2020-09-06 01:02:21','2020-09-06 01:09:39'),(1526,194,1,'2020-09-06',75.00,2,'2020-09-06 01:09:42','2020-09-06 01:16:38'),(1527,194,1,'2020-09-06',95.00,3,'2020-09-06 01:16:42','2020-09-06 01:26:17'),(1528,194,1,'2020-09-06',70.00,2,'2020-09-06 01:26:31','2020-09-06 01:31:26'),(1529,194,1,'2020-09-06',95.00,2,'2020-09-06 22:42:58','2020-09-06 22:52:11'),(1530,194,1,'2020-09-06',80.00,2,'2020-09-06 22:52:23','2020-09-06 23:07:17'),(1531,194,1,'2020-09-06',65.00,3,'2020-09-06 23:07:20','2020-09-06 23:20:53'),(1532,194,1,'2020-09-06',70.00,2,'2020-09-06 23:21:01','2020-09-06 23:25:41'),(1533,194,1,'2020-09-07',80.00,3,'2020-09-07 06:19:21','2020-09-07 06:27:51'),(1534,194,1,'2020-09-07',85.00,2,'2020-09-07 06:27:56','2020-09-07 06:33:52'),(1535,194,1,'2020-09-07',80.00,3,'2020-09-07 06:34:25','2020-09-07 06:39:34'),(1536,194,1,'2020-09-07',60.00,2,'2020-09-07 06:39:37','2020-09-07 06:51:07'),(1537,194,1,'2020-09-07',85.00,2,'2020-09-07 06:51:10','2020-09-07 06:56:28'),(1538,194,1,'2020-09-07',75.00,3,'2020-09-07 23:16:33','2020-09-07 23:26:26'),(1539,194,1,'2020-09-07',80.00,3,'2020-09-07 23:26:29','2020-09-07 23:35:09'),(1540,194,1,'2020-09-07',65.00,2,'2020-09-07 23:35:13','2020-09-07 23:43:14'),(1541,194,1,'2020-09-08',90.00,3,'2020-09-08 07:21:25','2020-09-08 07:44:29'),(1542,194,1,'2020-09-08',90.00,2,'2020-09-08 07:44:37','2020-09-08 07:53:13'),(1543,194,1,'2020-09-08',75.00,2,'2020-09-08 07:53:20','2020-09-08 07:58:42'),(1544,194,1,'2020-09-08',80.00,2,'2020-09-08 07:58:52','2020-09-08 08:03:37'),(1545,194,1,'2020-09-08',90.00,2,'2020-09-08 08:03:47','2020-09-08 08:10:24'),(1546,194,1,'2020-09-08',80.00,2,'2020-09-08 08:10:30','2020-09-08 08:17:21'),(1547,194,1,'2020-09-08',85.00,2,'2020-09-08 08:17:25','2020-09-08 08:24:18'),(1548,194,1,'2020-09-08',80.00,2,'2020-09-08 23:24:36','2020-09-08 23:33:04'),(1549,194,1,'2020-09-08',75.00,2,'2020-09-08 23:49:37','2020-09-08 23:54:37'),(1550,194,1,'2020-09-09',90.00,2,'2020-09-08 23:55:13','2020-09-09 00:00:52'),(1551,194,1,'2020-09-09',85.00,2,'2020-09-09 00:00:56','2020-09-09 00:08:43'),(1552,194,1,'2020-09-09',85.00,2,'2020-09-09 00:08:45','2020-09-09 00:13:25'),(1553,194,1,'2020-09-09',90.00,2,'2020-09-09 00:13:28','2020-09-09 00:18:35'),(1554,194,1,'2020-09-09',85.00,2,'2020-09-09 00:18:38','2020-09-09 00:27:48'),(1555,194,1,'2020-09-09',80.00,2,'2020-09-09 00:27:52','2020-09-09 00:36:07'),(1556,194,1,'2020-09-09',75.00,2,'2020-09-09 00:36:15','2020-09-09 00:41:31'),(1557,194,1,'2020-09-09',80.00,2,'2020-09-09 02:10:19','2020-09-09 02:14:05'),(1558,194,1,'2020-09-09',80.00,2,'2020-09-09 02:14:07','2020-09-09 02:22:59'),(1559,194,1,'2020-09-09',80.00,2,'2020-09-09 02:23:02','2020-09-09 02:33:13'),(1560,194,1,'2020-09-09',75.00,2,'2020-09-09 02:33:26','2020-09-09 02:42:36'),(1561,194,1,'2020-09-09',80.00,2,'2020-09-09 02:42:40','2020-09-09 02:48:51'),(1562,214,1,'2020-09-10',40.00,3,'2020-09-09 10:03:54','2020-09-10 09:56:35'),(1563,194,1,'2020-09-10',75.00,2,'2020-09-10 00:57:39','2020-09-10 01:04:15'),(1564,214,1,'2020-09-10',36.36,2,'2020-09-10 09:56:40','2020-09-10 10:00:47'),(1565,214,1,'2020-09-15',50.00,3,'2020-09-10 10:01:02','2020-09-15 11:14:01'),(1566,194,1,'2020-09-10',85.00,3,'2020-09-10 23:14:14','2020-09-10 23:22:34'),(1567,194,1,'2020-09-10',85.00,3,'2020-09-10 23:22:37','2020-09-10 23:31:09'),(1568,194,1,'2020-09-10',85.00,3,'2020-09-10 23:31:12','2020-09-10 23:42:04'),(1569,194,1,'2020-09-10',80.00,2,'2020-09-10 23:42:06','2020-09-10 23:49:23'),(1570,194,1,'2020-09-10',80.00,2,'2020-09-10 23:49:27','2020-09-10 23:54:55'),(1571,194,1,'2020-09-11',75.00,2,'2020-09-10 23:54:59','2020-09-11 00:04:57'),(1572,194,1,'2020-09-11',85.00,2,'2020-09-11 23:19:10','2020-09-11 23:24:29'),(1573,194,1,'2020-09-11',90.00,2,'2020-09-11 23:24:34','2020-09-11 23:29:41'),(1574,194,1,'2020-09-11',65.00,3,'2020-09-11 23:29:47','2020-09-11 23:34:32'),(1575,194,1,'2020-09-12',70.00,3,'2020-09-12 23:37:55','2020-09-12 23:45:48'),(1576,194,1,'2020-09-12',90.00,3,'2020-09-12 23:45:55','2020-09-12 23:53:20'),(1577,194,1,'2020-09-12',75.00,2,'2020-09-12 23:53:29','2020-09-12 23:58:28'),(1578,194,1,'2020-09-13',70.00,2,'2020-09-12 23:58:33','2020-09-13 00:05:00'),(1579,194,1,'2020-09-13',100.00,2,'2020-09-13 00:05:04','2020-09-13 00:14:34'),(1580,194,1,'2020-09-13',65.00,2,'2020-09-13 00:14:44','2020-09-13 00:25:46'),(1581,194,1,'2020-09-13',85.00,2,'2020-09-13 00:25:55','2020-09-13 00:38:41'),(1582,194,1,'2020-09-13',95.00,2,'2020-09-13 00:38:43','2020-09-13 00:45:34'),(1583,194,1,'2020-09-13',75.00,2,'2020-09-13 00:45:39','2020-09-13 00:58:05'),(1584,194,1,'2020-09-13',80.00,2,'2020-09-13 00:58:08','2020-09-13 01:06:50'),(1585,194,1,'2020-09-14',60.00,2,'2020-09-14 00:02:53','2020-09-14 00:13:54'),(1586,194,1,'2020-09-14',85.00,2,'2020-09-14 00:14:08','2020-09-14 00:21:31'),(1587,194,1,'2020-09-14',100.00,3,'2020-09-14 00:21:35','2020-09-14 00:32:25'),(1588,194,1,'2020-09-14',75.00,2,'2020-09-14 00:32:57','2020-09-14 00:39:14'),(1589,194,1,'2020-09-14',90.00,2,'2020-09-14 00:39:19','2020-09-14 00:45:32'),(1590,194,1,'2020-09-14',80.00,3,'2020-09-14 00:45:37','2020-09-14 00:51:18'),(1591,194,1,'2020-09-14',95.00,2,'2020-09-14 00:51:22','2020-09-14 00:57:52'),(1592,158,1,'2020-09-14',95.83,3,'2020-09-14 11:00:08','2020-09-14 11:46:20'),(1593,194,1,'2020-09-14',90.00,2,'2020-09-14 23:27:23','2020-09-14 23:37:58'),(1594,194,1,'2020-09-14',80.00,2,'2020-09-14 23:38:02','2020-09-14 23:51:11'),(1595,194,1,'2020-09-14',85.00,3,'2020-09-14 23:51:27','2020-09-14 23:58:52'),(1596,194,1,'2020-09-15',90.00,2,'2020-09-14 23:59:12','2020-09-15 00:09:48'),(1597,194,1,'2020-09-15',90.00,3,'2020-09-15 00:10:00','2020-09-15 01:17:25'),(1598,194,1,'2020-09-15',85.00,3,'2020-09-15 02:04:20','2020-09-15 02:09:24'),(1599,194,1,'2020-09-15',80.00,3,'2020-09-15 02:09:30','2020-09-15 02:16:17'),(1600,194,1,'2020-09-15',100.00,3,'2020-09-15 02:16:22','2020-09-15 02:25:09'),(1601,194,1,'2020-09-15',75.00,2,'2020-09-15 02:26:15','2020-09-15 02:32:39'),(1602,194,1,'2020-09-15',95.00,2,'2020-09-15 02:32:53','2020-09-15 02:38:32'),(1603,158,1,'2020-09-21',86.49,3,'2020-09-15 10:57:49','2020-09-21 11:54:00'),(1604,194,1,'2020-09-15',85.00,3,'2020-09-15 23:27:01','2020-09-15 23:32:14'),(1605,194,1,'2020-09-15',90.00,2,'2020-09-15 23:32:21','2020-09-15 23:39:32'),(1606,194,1,'2020-09-15',85.00,2,'2020-09-15 23:39:43','2020-09-15 23:49:23'),(1607,194,1,'2020-09-15',75.00,3,'2020-09-15 23:49:33','2020-09-15 23:56:37'),(1608,194,1,'2020-09-16',100.00,2,'2020-09-15 23:56:50','2020-09-16 00:04:15'),(1609,194,1,'2020-09-16',85.00,3,'2020-09-16 00:05:03','2020-09-16 00:10:46'),(1610,194,1,'2020-09-16',65.00,2,'2020-09-16 00:10:55','2020-09-16 00:18:47'),(1611,194,1,'2020-09-16',95.00,2,'2020-09-16 00:18:52','2020-09-16 00:42:28'),(1612,214,1,'2020-09-21',93.33,3,'2020-09-16 10:32:48','2020-09-21 11:14:23'),(1613,220,0,NULL,NULL,0,'2020-09-18 06:25:10','2020-09-18 06:25:10'),(1614,194,1,'2020-09-21',87.50,3,'2020-09-19 02:05:29','2020-09-21 00:26:43'),(1618,41,1,'2020-09-20',57.69,3,'2020-09-20 04:29:15','2020-09-20 04:30:28'),(1619,41,1,'2020-09-20',100.00,2,'2020-09-20 04:30:34','2020-09-20 06:08:44'),(1620,41,0,NULL,NULL,0,'2020-09-20 10:20:52','2020-09-20 10:20:52'),(1621,194,1,'2020-09-21',68.57,3,'2020-09-21 00:27:59','2020-09-21 00:37:21'),(1622,194,1,'2020-09-21',87.50,3,'2020-09-21 00:38:08','2020-09-21 00:47:02'),(1623,194,1,'2020-09-21',56.45,3,'2020-09-21 00:47:34','2020-09-21 00:54:28'),(1624,194,1,'2020-09-21',77.14,3,'2020-09-21 00:56:10','2020-09-21 01:05:51'),(1625,194,1,'2020-09-21',97.06,3,'2020-09-21 01:06:17','2020-09-21 01:12:02'),(1626,194,1,'2020-09-21',82.76,3,'2020-09-21 01:13:54','2020-09-21 01:20:36'),(1627,194,1,'2020-09-21',78.57,3,'2020-09-21 01:20:59','2020-09-21 01:28:17'),(1628,194,1,'2020-09-21',97.30,3,'2020-09-21 01:28:46','2020-09-21 01:35:18'),(1629,194,1,'2020-09-21',75.76,3,'2020-09-21 01:35:52','2020-09-21 01:43:26'),(1630,194,1,'2020-09-21',87.10,3,'2020-09-21 23:34:02','2020-09-21 23:45:08'),(1631,194,1,'2020-09-21',78.26,3,'2020-09-21 23:45:58','2020-09-21 23:52:41'),(1632,194,1,'2020-09-22',80.00,3,'2020-09-21 23:53:58','2020-09-22 00:03:31'),(1633,194,1,'2020-09-22',77.78,3,'2020-09-22 00:04:39','2020-09-22 00:13:05'),(1634,194,1,'2020-09-22',79.49,3,'2020-09-22 00:14:39','2020-09-22 00:24:31'),(1635,194,1,'2020-09-22',97.22,3,'2020-09-22 00:25:26','2020-09-22 00:31:00'),(1636,194,1,'2020-09-22',97.30,3,'2020-09-22 00:54:06','2020-09-22 01:00:32'),(1637,194,1,'2020-09-22',89.47,3,'2020-09-22 01:01:05','2020-09-22 01:07:23'),(1638,194,1,'2020-09-22',95.12,3,'2020-09-22 01:07:58','2020-09-22 01:16:03'),(1639,194,1,'2020-09-22',55.10,3,'2020-09-22 03:02:22','2020-09-22 03:13:46'),(1640,194,1,'2020-09-22',84.85,4,'2020-09-22 03:14:20','2020-09-22 03:21:34'),(1641,194,1,'2020-09-22',88.24,3,'2020-09-22 03:22:04','2020-09-22 03:26:46'),(1642,194,1,'2020-09-22',53.85,3,'2020-09-22 03:27:20','2020-09-22 03:32:51'),(1643,194,1,'2020-09-22',78.79,3,'2020-09-22 04:20:43','2020-09-22 04:27:22'),(1644,194,1,'2020-09-22',63.64,3,'2020-09-22 04:28:03','2020-09-22 04:33:29'),(1645,194,1,'2020-09-22',86.49,3,'2020-09-22 04:34:05','2020-09-22 04:39:53'),(1646,194,1,'2020-09-22',50.79,4,'2020-09-22 04:40:31','2020-09-22 04:45:37'),(1647,194,1,'2020-09-22',67.57,3,'2020-09-22 04:46:14','2020-09-22 04:50:01'),(1648,194,1,'2020-09-22',89.29,3,'2020-09-22 05:27:36','2020-09-22 05:37:11'),(1649,194,1,'2020-09-22',87.50,3,'2020-09-22 05:39:55','2020-09-22 05:45:39'),(1650,194,1,'2020-09-22',89.13,3,'2020-09-22 05:46:05','2020-09-22 05:50:24'),(1651,194,1,'2020-09-22',87.80,3,'2020-09-22 05:51:10','2020-09-22 05:56:12'),(1652,194,1,'2020-09-22',77.14,3,'2020-09-22 05:56:46','2020-09-22 06:04:09'),(1653,194,1,'2020-09-22',75.51,3,'2020-09-22 06:04:54','2020-09-22 06:13:38'),(1654,194,1,'2020-09-22',91.67,3,'2020-09-22 06:14:07','2020-09-22 06:20:44'),(1655,194,1,'2020-09-22',100.00,3,'2020-09-22 06:21:07','2020-09-22 06:25:12'),(1656,194,1,'2020-09-22',87.80,3,'2020-09-22 06:25:51','2020-09-22 06:29:47'),(1657,194,1,'2020-09-22',66.67,3,'2020-09-22 06:30:40','2020-09-22 06:36:07'),(1658,194,1,'2020-09-22',65.00,3,'2020-09-22 06:36:40','2020-09-22 06:43:35'),(1659,194,1,'2020-09-22',85.37,3,'2020-09-22 06:44:46','2020-09-22 06:57:01'),(1660,194,1,'2020-09-22',67.65,3,'2020-09-22 06:58:02','2020-09-22 07:09:28'),(1661,225,1,'2020-09-22',65.63,2,'2020-09-22 07:25:58','2020-09-22 07:53:27'),(1662,225,1,'2020-09-22',36.00,2,'2020-09-22 08:05:07','2020-09-22 08:08:08'),(1663,225,1,'2020-09-22',25.00,3,'2020-09-22 08:18:05','2020-09-22 08:20:21'),(1664,94,0,NULL,NULL,0,'2020-09-22 09:15:30','2020-09-22 09:15:30'),(1665,194,1,'2020-09-22',92.31,3,'2020-09-22 23:49:14','2020-09-22 23:56:33'),(1666,194,1,'2020-09-23',83.33,3,'2020-09-22 23:57:49','2020-09-23 00:03:55'),(1667,194,1,'2020-09-23',67.50,3,'2020-09-23 00:05:11','2020-09-23 00:12:49'),(1668,194,1,'2020-09-23',86.49,3,'2020-09-23 00:13:38','2020-09-23 00:17:00'),(1669,194,1,'2020-09-23',86.84,3,'2020-09-23 00:18:05','2020-09-23 00:30:01'),(1670,194,1,'2020-09-23',89.19,3,'2020-09-23 00:35:44','2020-09-23 00:47:47'),(1671,194,1,'2020-09-23',87.50,3,'2020-09-23 00:49:45','2020-09-23 00:59:37'),(1672,194,1,'2020-09-23',90.00,4,'2020-09-23 02:39:33','2020-09-23 02:45:38'),(1673,194,1,'2020-09-23',94.12,3,'2020-09-23 02:46:12','2020-09-23 02:53:51'),(1674,194,1,'2020-09-23',95.24,3,'2020-09-23 02:54:31','2020-09-23 02:57:54'),(1675,194,1,'2020-09-23',85.37,3,'2020-09-23 02:58:48','2020-09-23 03:04:53'),(1676,194,1,'2020-09-23',84.21,3,'2020-09-23 03:05:40','2020-09-23 03:11:11'),(1677,194,1,'2020-09-23',100.00,4,'2020-09-23 03:11:53','2020-09-23 03:18:40'),(1678,194,1,'2020-09-23',83.33,3,'2020-09-23 03:19:23','2020-09-23 03:23:44'),(1679,194,1,'2020-09-23',56.67,3,'2020-09-23 03:24:04','2020-09-23 03:37:32'),(1680,194,1,'2020-09-23',87.88,3,'2020-09-23 03:38:50','2020-09-23 03:43:17'),(1681,194,1,'2020-09-23',100.00,3,'2020-09-23 03:44:04','2020-09-23 03:51:40'),(1682,194,1,'2020-09-23',79.41,4,'2020-09-23 04:26:08','2020-09-23 04:29:28'),(1683,194,1,'2020-09-23',70.45,3,'2020-09-23 04:30:02','2020-09-23 04:35:37'),(1684,194,1,'2020-09-23',65.85,3,'2020-09-23 04:36:20','2020-09-23 04:42:55'),(1685,194,1,'2020-09-23',79.63,3,'2020-09-23 04:43:21','2020-09-23 04:48:34'),(1686,194,1,'2020-09-23',54.17,3,'2020-09-23 04:49:22','2020-09-23 04:54:18'),(1687,158,1,'2020-09-23',89.90,3,'2020-09-23 11:28:49','2020-09-23 11:40:14'),(1688,194,1,'2020-09-24',100.00,4,'2020-09-24 00:01:40','2020-09-24 00:04:47'),(1689,194,1,'2020-09-24',83.33,4,'2020-09-24 00:06:04','2020-09-24 00:13:30'),(1690,194,1,'2020-09-24',81.82,4,'2020-09-24 00:13:52','2020-09-24 00:24:35'),(1691,194,1,'2020-09-24',62.50,3,'2020-09-24 00:25:07','2020-09-24 00:29:17'),(1692,194,1,'2020-09-24',53.49,3,'2020-09-24 00:29:23','2020-09-24 00:34:21'),(1693,194,1,'2020-09-24',74.19,4,'2020-09-24 00:34:42','2020-09-24 00:40:34'),(1694,194,1,'2020-09-24',61.70,3,'2020-09-24 00:41:12','2020-09-24 00:46:05'),(1695,194,1,'2020-09-24',70.59,3,'2020-09-24 00:46:59','2020-09-24 00:53:46'),(1696,194,1,'2020-09-24',89.23,3,'2020-09-24 00:54:32','2020-09-24 01:00:52'),(1697,194,1,'2020-09-24',86.11,3,'2020-09-24 01:02:46','2020-09-24 01:06:54'),(1698,194,1,'2020-09-24',73.81,3,'2020-09-24 01:08:12','2020-09-24 01:14:57'),(1699,194,1,'2020-09-24',92.86,3,'2020-09-24 03:03:31','2020-09-24 03:09:04'),(1700,194,1,'2020-09-24',85.29,3,'2020-09-24 03:09:15','2020-09-24 03:18:56'),(1701,194,1,'2020-09-24',88.10,3,'2020-09-24 03:19:42','2020-09-24 03:23:28'),(1702,194,1,'2020-09-24',57.45,3,'2020-09-24 03:23:52','2020-09-24 03:32:43'),(1703,194,1,'2020-09-24',96.43,4,'2020-09-24 03:33:31','2020-09-24 03:42:21'),(1704,194,1,'2020-09-24',86.84,5,'2020-09-24 03:43:29','2020-09-24 03:49:50'),(1705,194,1,'2020-09-24',86.84,3,'2020-09-24 03:50:23','2020-09-24 03:58:06'),(1706,194,1,'2020-09-24',92.11,4,'2020-09-24 04:40:39','2020-09-24 04:47:29'),(1707,194,1,'2020-09-24',100.00,4,'2020-09-24 04:48:22','2020-09-24 04:53:31'),(1708,194,1,'2020-09-24',68.29,3,'2020-09-24 04:54:14','2020-09-24 05:00:45'),(1709,158,1,'2020-09-28',83.54,3,'2020-09-24 11:19:52','2020-09-28 11:33:38'),(1710,194,1,'2020-09-24',93.94,3,'2020-09-24 23:50:09','2020-09-24 23:59:11'),(1711,194,1,'2020-09-25',81.40,3,'2020-09-25 00:00:03','2020-09-25 00:08:29'),(1712,194,1,'2020-09-25',91.89,4,'2020-09-25 00:09:02','2020-09-25 00:17:27'),(1713,194,1,'2020-09-25',97.06,3,'2020-09-25 00:17:51','2020-09-25 00:24:19'),(1714,194,1,'2020-09-25',63.04,5,'2020-09-25 00:24:53','2020-09-25 00:32:07'),(1715,194,1,'2020-09-25',96.97,3,'2020-09-25 00:36:14','2020-09-25 00:42:43'),(1716,194,1,'2020-09-25',88.24,3,'2020-09-25 00:43:13','2020-09-25 00:48:05'),(1717,194,1,'2020-09-25',77.78,3,'2020-09-25 05:50:41','2020-09-25 05:58:14'),(1718,194,1,'2020-09-25',76.47,3,'2020-09-25 05:59:17','2020-09-25 06:06:06'),(1719,194,1,'2020-09-25',78.43,3,'2020-09-25 06:06:52','2020-09-25 06:10:24'),(1720,194,1,'2020-09-25',82.61,5,'2020-09-25 06:17:43','2020-09-25 06:22:30'),(1721,194,1,'2020-09-26',93.18,3,'2020-09-25 23:59:58','2020-09-26 00:04:39'),(1722,194,1,'2020-09-26',97.62,3,'2020-09-26 00:05:49','2020-09-26 00:09:37'),(1723,194,1,'2020-09-26',78.79,4,'2020-09-26 00:11:31','2020-09-26 00:20:56'),(1724,194,1,'2020-09-26',67.50,3,'2020-09-26 03:50:34','2020-09-26 03:56:48'),(1725,194,1,'2020-09-26',70.27,3,'2020-09-26 03:57:09','2020-09-26 04:00:40'),(1726,194,1,'2020-09-26',92.86,3,'2020-09-26 04:01:02','2020-09-26 04:06:29'),(1727,194,1,'2020-09-26',78.05,3,'2020-09-26 04:06:50','2020-09-26 04:14:34'),(1728,194,1,'2020-09-27',82.93,3,'2020-09-27 00:09:30','2020-09-27 00:16:20'),(1729,194,1,'2020-09-27',76.32,3,'2020-09-27 00:16:46','2020-09-27 00:22:02'),(1730,194,1,'2020-09-27',100.00,3,'2020-09-27 00:22:08','2020-09-27 00:26:56'),(1731,194,1,'2020-09-27',71.74,4,'2020-09-27 00:27:01','2020-09-27 00:33:06'),(1732,194,1,'2020-09-27',89.74,3,'2020-09-27 00:33:08','2020-09-27 00:39:31'),(1733,194,1,'2020-09-27',72.22,4,'2020-09-27 00:39:35','2020-09-27 00:45:05'),(1734,194,1,'2020-09-27',85.11,4,'2020-09-27 00:45:07','2020-09-27 00:49:40'),(1735,194,1,'2020-09-27',81.40,4,'2020-09-27 00:49:48','2020-09-27 00:53:22'),(1736,194,1,'2020-09-27',100.00,6,'2020-09-27 00:53:24','2020-09-27 00:57:21'),(1737,194,1,'2020-09-27',54.24,4,'2020-09-27 00:58:05','2020-09-27 01:04:31'),(1738,194,1,'2020-09-27',73.33,4,'2020-09-27 01:05:29','2020-09-27 01:10:13'),(1739,194,1,'2020-09-28',97.22,3,'2020-09-28 00:14:20','2020-09-28 00:20:49'),(1740,194,1,'2020-09-28',96.00,5,'2020-09-28 00:20:59','2020-09-28 00:27:31'),(1741,194,1,'2020-09-28',92.00,4,'2020-09-28 00:28:10','2020-09-28 00:32:11'),(1742,194,1,'2020-09-28',45.12,4,'2020-09-28 00:32:17','2020-09-28 00:40:42'),(1743,194,1,'2020-09-28',91.89,3,'2020-09-28 00:46:58','2020-09-28 00:54:46'),(1744,194,1,'2020-09-28',56.14,3,'2020-09-28 01:03:30','2020-09-28 01:16:21'),(1745,194,1,'2020-09-28',95.35,4,'2020-09-28 23:23:28','2020-09-28 23:28:48'),(1746,194,1,'2020-09-28',84.44,3,'2020-09-28 23:29:07','2020-09-28 23:34:59'),(1747,194,1,'2020-09-28',85.11,4,'2020-09-28 23:35:06','2020-09-28 23:42:57'),(1748,194,1,'2020-09-28',83.93,3,'2020-09-28 23:43:01','2020-09-28 23:49:54'),(1749,194,1,'2020-09-29',65.45,4,'2020-09-29 04:26:38','2020-09-29 04:33:12'),(1750,194,1,'2020-09-29',100.00,3,'2020-09-29 04:33:18','2020-09-29 04:38:43'),(1751,158,1,'2020-09-29',31.71,3,'2020-09-29 06:38:21','2020-09-29 06:46:37'),(1752,194,1,'2020-09-30',81.58,3,'2020-09-30 00:09:30','2020-09-30 00:13:26'),(1753,194,1,'2020-09-30',100.00,3,'2020-09-30 00:13:36','2020-09-30 00:22:35'),(1754,194,1,'2020-09-30',95.08,3,'2020-09-30 00:22:50','2020-09-30 00:27:50'),(1755,194,1,'2020-09-30',63.46,5,'2020-09-30 00:28:33','2020-09-30 00:35:26'),(1756,194,1,'2020-09-30',85.71,4,'2020-09-30 23:25:19','2020-09-30 23:29:19'),(1757,158,1,'2020-10-05',83.04,3,'2020-10-01 08:17:46','2020-10-05 11:36:17'),(1758,194,1,'2020-10-02',91.30,4,'2020-10-02 02:11:48','2020-10-02 02:18:22'),(1759,194,1,'2020-10-02',87.18,3,'2020-10-02 02:19:36','2020-10-02 02:24:37'),(1760,194,1,'2020-10-02',78.26,3,'2020-10-02 02:25:52','2020-10-02 02:32:20'),(1761,194,1,'2020-10-02',88.52,3,'2020-10-02 05:03:03','2020-10-02 05:10:57'),(1762,194,1,'2020-10-02',96.00,3,'2020-10-02 05:11:56','2020-10-02 05:18:35'),(1763,194,1,'2020-10-02',97.30,3,'2020-10-02 23:41:34','2020-10-02 23:44:50'),(1764,194,1,'2020-10-02',85.37,3,'2020-10-02 23:45:09','2020-10-02 23:49:58'),(1765,194,1,'2020-10-03',91.43,4,'2020-10-02 23:54:35','2020-10-03 00:04:29'),(1766,194,1,'2020-10-04',100.00,4,'2020-10-04 00:22:03','2020-10-04 00:27:07'),(1767,194,1,'2020-10-04',88.37,4,'2020-10-04 00:27:21','2020-10-04 00:33:16'),(1768,194,1,'2020-10-05',93.88,3,'2020-10-05 00:46:09','2020-10-05 00:50:06'),(1769,194,1,'2020-10-05',97.92,4,'2020-10-05 00:50:55','2020-10-05 00:55:11'),(1770,194,1,'2020-10-05',84.91,4,'2020-10-05 01:09:23','2020-10-05 01:16:10'),(1771,194,1,'2020-10-05',88.37,4,'2020-10-05 01:16:41','2020-10-05 01:24:19'),(1772,194,1,'2020-10-05',82.05,5,'2020-10-05 23:25:52','2020-10-05 23:33:30'),(1773,194,1,'2020-10-06',80.56,3,'2020-10-05 23:58:58','2020-10-06 00:04:06'),(1774,194,1,'2020-10-06',79.55,3,'2020-10-06 09:40:55','2020-10-06 09:47:54'),(1775,194,1,'2020-10-06',100.00,3,'2020-10-06 09:48:43','2020-10-06 09:54:29'),(1776,158,1,'2020-10-06',57.89,4,'2020-10-06 11:14:27','2020-10-06 11:41:49'),(1777,194,1,'2020-10-06',91.30,4,'2020-10-06 23:52:30','2020-10-06 23:59:29'),(1778,194,1,'2020-10-07',100.00,3,'2020-10-06 23:59:32','2020-10-07 00:04:16'),(1779,194,1,'2020-10-07',89.19,4,'2020-10-07 00:04:24','2020-10-07 00:10:44'),(1780,194,1,'2020-10-07',92.50,3,'2020-10-07 00:12:26','2020-10-07 00:17:24'),(1781,194,1,'2020-10-07',73.81,3,'2020-10-07 00:17:30','2020-10-07 00:24:25'),(1782,194,1,'2020-10-07',91.11,4,'2020-10-07 00:24:41','2020-10-07 00:29:55'),(1783,158,1,'2020-10-07',74.39,3,'2020-10-07 11:47:32','2020-10-07 12:21:23'),(1784,257,1,'2020-10-19',65.63,2,'2020-10-07 14:08:14','2020-10-19 14:02:09'),(1785,194,1,'2020-10-08',96.23,4,'2020-10-08 01:50:15','2020-10-08 01:58:58'),(1786,194,1,'2020-10-08',64.86,3,'2020-10-08 01:59:37','2020-10-08 02:04:44'),(1787,194,1,'2020-10-08',87.18,3,'2020-10-08 07:49:35','2020-10-08 07:57:53'),(1788,194,1,'2020-10-08',84.48,4,'2020-10-08 23:35:54','2020-10-08 23:42:15'),(1789,194,1,'2020-10-10',95.65,4,'2020-10-10 00:24:10','2020-10-10 00:29:08'),(1790,194,1,'2020-10-11',89.83,4,'2020-10-11 00:24:14','2020-10-11 00:31:19'),(1791,194,1,'2020-10-11',95.65,3,'2020-10-11 23:20:13','2020-10-11 23:25:59'),(1792,194,1,'2020-10-11',69.77,4,'2020-10-11 23:26:10','2020-10-11 23:31:56'),(1793,158,1,'2020-10-13',74.74,4,'2020-10-12 10:25:39','2020-10-13 10:22:39'),(1794,194,1,'2020-10-13',97.87,3,'2020-10-13 00:00:18','2020-10-13 00:06:27'),(1795,194,1,'2020-10-13',97.14,3,'2020-10-13 23:14:57','2020-10-13 23:21:36'),(1796,194,1,'2020-10-14',96.61,4,'2020-10-14 23:23:26','2020-10-14 23:28:47'),(1797,194,1,'2020-10-14',74.42,4,'2020-10-14 23:29:41','2020-10-14 23:36:57'),(1798,194,1,'2020-10-14',94.23,5,'2020-10-14 23:37:21','2020-10-14 23:41:38'),(1799,158,1,'2020-10-26',87.50,3,'2020-10-15 06:41:52','2020-10-26 11:44:42'),(1800,194,1,'2020-10-15',80.95,5,'2020-10-15 23:27:20','2020-10-15 23:39:39'),(1801,194,1,'2020-10-17',75.00,4,'2020-10-17 01:06:13','2020-10-17 01:13:04'),(1802,194,1,'2020-10-17',90.91,3,'2020-10-17 23:47:18','2020-10-17 23:53:22'),(1803,194,1,'2020-10-17',88.89,4,'2020-10-17 23:53:39','2020-10-17 23:59:53'),(1804,194,1,'2020-10-19',75.00,4,'2020-10-19 00:02:30','2020-10-19 00:05:50'),(1805,194,1,'2020-10-19',83.67,3,'2020-10-19 00:05:55','2020-10-19 00:14:08'),(1806,194,1,'2020-10-23',71.43,3,'2020-10-19 00:14:29','2020-10-23 00:10:26'),(1807,174,1,'2020-10-19',94.30,3,'2020-10-19 02:39:04','2020-10-19 02:47:49'),(1808,257,0,NULL,NULL,0,'2020-10-19 14:02:22','2020-10-19 14:02:22'),(1809,174,1,'2020-10-20',64.19,3,'2020-10-20 05:58:47','2020-10-20 06:13:59'),(1810,174,1,'2020-10-22',13.19,3,'2020-10-21 02:18:59','2020-10-22 01:27:39'),(1811,194,1,'2020-10-23',75.00,4,'2020-10-23 00:10:32','2020-10-23 00:19:57'),(1812,194,1,'2020-10-23',90.20,3,'2020-10-23 00:20:04','2020-10-23 00:26:01'),(1813,194,1,'2020-10-23',86.05,3,'2020-10-23 04:40:01','2020-10-23 04:47:21'),(1814,194,1,'2020-10-23',85.94,3,'2020-10-23 04:47:28','2020-10-23 04:54:08'),(1815,194,1,'2020-10-23',100.00,3,'2020-10-23 04:54:47','2020-10-23 04:59:25'),(1816,194,1,'2020-10-23',100.00,4,'2020-10-23 23:25:58','2020-10-23 23:32:40'),(1817,194,1,'2020-10-23',73.33,3,'2020-10-23 23:33:00','2020-10-23 23:38:14'),(1818,194,1,'2020-10-23',98.11,6,'2020-10-23 23:38:19','2020-10-23 23:46:03'),(1819,194,1,'2020-10-24',88.89,4,'2020-10-24 23:19:06','2020-10-24 23:24:53'),(1820,194,1,'2020-10-24',96.08,3,'2020-10-24 23:25:20','2020-10-24 23:33:02'),(1821,194,1,'2020-10-25',80.43,3,'2020-10-25 01:17:18','2020-10-25 01:23:26'),(1822,194,1,'2020-10-26',96.43,3,'2020-10-26 02:01:52','2020-10-26 02:07:21'),(1823,194,1,'2020-10-26',100.00,4,'2020-10-26 02:08:08','2020-10-26 02:14:56'),(1824,194,1,'2020-10-26',93.75,5,'2020-10-26 02:15:17','2020-10-26 02:24:45'),(1825,194,1,'2020-10-26',94.87,5,'2020-10-26 02:25:05','2020-10-26 02:32:41'),(1826,194,1,'2020-10-26',92.45,6,'2020-10-26 02:34:05','2020-10-26 02:43:06'),(1827,194,1,'2020-10-26',90.91,4,'2020-10-26 02:43:34','2020-10-26 02:48:06'),(1828,194,1,'2020-10-26',81.82,4,'2020-10-26 23:45:11','2020-10-26 23:51:39'),(1829,194,1,'2020-10-26',87.72,4,'2020-10-26 23:52:29','2020-10-26 23:59:25'),(1830,158,1,'2020-11-03',59.76,3,'2020-10-27 11:51:25','2020-11-03 11:31:41'),(1831,194,1,'2020-10-28',62.07,3,'2020-10-28 00:27:44','2020-10-28 00:37:16'),(1832,194,1,'2020-10-28',84.00,5,'2020-10-28 00:38:25','2020-10-28 00:44:15'),(1833,194,1,'2020-10-28',94.59,4,'2020-10-28 00:48:41','2020-10-28 00:56:14'),(1834,194,1,'2020-10-28',100.00,4,'2020-10-28 23:50:33','2020-10-28 23:58:37'),(1835,194,1,'2020-10-30',68.18,3,'2020-10-30 00:36:16','2020-10-30 00:41:00'),(1836,194,1,'2020-10-31',100.00,3,'2020-10-31 00:35:37','2020-10-31 00:44:50'),(1837,194,1,'2020-10-31',100.00,3,'2020-10-31 00:45:11','2020-10-31 00:49:14'),(1838,194,1,'2020-11-01',100.00,4,'2020-11-01 00:02:52','2020-11-01 00:13:32'),(1839,194,1,'2020-11-03',96.43,4,'2020-11-03 00:37:31','2020-11-03 00:48:17'),(1840,194,1,'2020-11-03',69.77,4,'2020-11-03 00:49:07','2020-11-03 00:58:46'),(1841,194,1,'2020-11-03',97.83,3,'2020-11-03 00:59:22','2020-11-03 01:04:49'),(1842,194,1,'2020-11-03',82.93,3,'2020-11-03 01:05:18','2020-11-03 01:11:18'),(1843,194,1,'2020-11-03',95.24,3,'2020-11-03 01:11:50','2020-11-03 01:17:59'),(1844,194,1,'2020-11-04',98.55,4,'2020-11-04 01:02:20','2020-11-04 01:09:00'),(1845,194,1,'2020-11-04',84.00,5,'2020-11-04 01:09:33','2020-11-04 01:16:30'),(1846,158,1,'2020-11-04',71.90,4,'2020-11-04 11:22:46','2020-11-04 11:31:26'),(1847,194,1,'2020-11-05',70.73,3,'2020-11-04 23:46:38','2020-11-05 00:07:10'),(1848,194,1,'2020-11-05',64.15,3,'2020-11-05 00:08:08','2020-11-05 00:17:20'),(1849,194,1,'2020-11-05',94.87,3,'2020-11-05 23:33:30','2020-11-05 23:44:52'),(1850,194,1,'2020-11-05',85.00,4,'2020-11-05 23:45:31','2020-11-05 23:51:30'),(1851,194,1,'2020-11-06',91.67,3,'2020-11-06 23:42:53','2020-11-06 23:49:16'),(1852,194,1,'2020-11-08',88.37,3,'2020-11-08 00:09:03','2020-11-08 00:13:28'),(1853,194,1,'2020-11-08',88.68,4,'2020-11-08 00:14:03','2020-11-08 00:23:30'),(1854,194,1,'2020-11-08',74.36,4,'2020-11-08 23:52:54','2020-11-08 23:59:42'),(1855,194,1,'2020-11-09',90.20,3,'2020-11-08 23:59:50','2020-11-09 00:09:13'),(1856,194,1,'2020-11-09',94.92,5,'2020-11-09 00:12:34','2020-11-09 00:19:11'),(1857,175,1,'2020-11-09',91.57,3,'2020-11-09 07:12:18','2020-11-09 07:40:10'),(1858,175,1,'2020-11-09',93.33,3,'2020-11-09 08:11:49','2020-11-09 09:06:21'),(1859,158,1,'2020-11-09',72.11,3,'2020-11-09 11:07:01','2020-11-09 11:22:38'),(1860,194,1,'2020-11-10',87.50,4,'2020-11-09 23:52:03','2020-11-10 00:00:19'),(1861,194,1,'2020-11-10',77.27,4,'2020-11-10 00:00:29','2020-11-10 00:05:19'),(1862,194,1,'2020-11-10',93.48,3,'2020-11-10 23:09:29','2020-11-10 23:13:05'),(1863,194,1,'2020-11-10',95.83,4,'2020-11-10 23:13:33','2020-11-10 23:27:02'),(1864,194,1,'2020-11-10',97.83,3,'2020-11-10 23:27:17','2020-11-10 23:33:42'),(1865,194,1,'2020-11-11',90.20,5,'2020-11-11 23:54:44','2020-11-11 23:59:37'),(1866,194,1,'2020-11-13',97.01,5,'2020-11-12 23:44:20','2020-11-13 00:07:41'),(1867,194,1,'2020-11-13',90.24,3,'2020-11-13 23:16:08','2020-11-13 23:22:36'),(1868,175,1,'2020-11-14',98.70,4,'2020-11-14 05:41:49','2020-11-14 05:59:38'),(1869,175,1,'2020-11-14',90.63,4,'2020-11-14 05:59:51','2020-11-14 06:14:53'),(1870,194,1,'2020-11-14',85.00,5,'2020-11-14 23:20:50','2020-11-14 23:30:42'),(1871,194,1,'2020-11-16',85.11,4,'2020-11-15 23:58:50','2020-11-16 00:06:06'),(1872,194,1,'2020-11-16',93.62,4,'2020-11-16 00:06:19','2020-11-16 00:11:23'),(1873,194,1,'2020-11-16',100.00,4,'2020-11-16 23:43:37','2020-11-16 23:58:18'),(1874,194,1,'2020-11-18',82.22,4,'2020-11-18 00:07:01','2020-11-18 00:14:25'),(1875,194,1,'2020-11-18',84.21,3,'2020-11-18 00:14:48','2020-11-18 00:18:48'),(1876,194,1,'2020-11-18',92.50,3,'2020-11-18 00:20:00','2020-11-18 00:25:55'),(1877,194,1,'2020-11-18',90.00,3,'2020-11-18 23:29:43','2020-11-18 23:39:13'),(1878,194,1,'2020-11-20',64.10,4,'2020-11-19 23:45:38','2020-11-20 00:00:58'),(1879,194,1,'2020-11-20',89.58,4,'2020-11-20 23:35:31','2020-11-20 23:51:27'),(1880,158,1,'2021-01-04',71.33,3,'2020-11-23 00:37:48','2021-01-04 10:09:00'),(1881,194,1,'2020-11-24',82.22,3,'2020-11-24 00:02:19','2020-11-24 00:10:14'),(1882,194,1,'2020-11-24',93.62,5,'2020-11-24 00:11:05','2020-11-24 00:20:07'),(1883,194,1,'2020-11-24',93.75,5,'2020-11-24 23:29:36','2020-11-24 23:33:20'),(1884,194,1,'2020-11-24',88.46,4,'2020-11-24 23:33:58','2020-11-24 23:40:23'),(1885,194,1,'2020-11-26',100.00,3,'2020-11-25 23:56:38','2020-11-26 00:04:14'),(1886,194,1,'2020-11-27',89.58,3,'2020-11-26 23:54:37','2020-11-27 00:05:31'),(1887,194,1,'2020-11-28',88.64,3,'2020-11-28 00:05:39','2020-11-28 00:10:40'),(1888,194,1,'2020-11-28',100.00,4,'2020-11-28 00:10:56','2020-11-28 00:17:42'),(1889,194,1,'2020-11-28',100.00,5,'2020-11-28 23:21:09','2020-11-28 23:26:38'),(1890,194,1,'2020-11-29',100.00,3,'2020-11-29 23:36:50','2020-11-29 23:42:54'),(1891,194,1,'2020-11-30',92.00,5,'2020-11-30 23:34:19','2020-11-30 23:39:11'),(1892,194,1,'2020-12-02',100.00,4,'2020-12-01 23:56:05','2020-12-02 00:08:54'),(1893,194,1,'2020-12-02',87.76,4,'2020-12-02 23:24:22','2020-12-02 23:27:30'),(1894,194,1,'2020-12-04',78.26,3,'2020-12-04 00:11:03','2020-12-04 00:17:45'),(1895,194,1,'2020-12-04',84.09,3,'2020-12-04 23:54:03','2020-12-04 23:57:12'),(1896,194,1,'2020-12-05',93.10,3,'2020-12-05 23:41:20','2020-12-05 23:48:48'),(1897,194,1,'2020-12-06',14.75,6,'2020-12-06 23:52:24','2020-12-06 23:54:43'),(1898,194,1,'2020-12-06',21.15,3,'2020-12-06 23:54:58','2020-12-06 23:58:06'),(1899,194,1,'2020-12-07',35.29,4,'2020-12-06 23:58:19','2020-12-07 00:00:30'),(1900,194,1,'2020-12-07',12.96,4,'2020-12-07 00:00:39','2020-12-07 00:02:32'),(1901,194,1,'2020-12-07',30.00,3,'2020-12-07 00:03:08','2020-12-07 00:05:39'),(1902,194,1,'2020-12-07',57.89,4,'2020-12-07 00:06:21','2020-12-07 00:12:30'),(1903,194,1,'2020-12-07',90.70,3,'2020-12-07 23:20:10','2020-12-07 23:26:51'),(1904,194,1,'2020-12-08',75.00,4,'2020-12-08 23:37:38','2020-12-08 23:44:46'),(1905,194,1,'2020-12-08',100.00,5,'2020-12-08 23:45:21','2020-12-08 23:48:36'),(1906,194,1,'2020-12-09',100.00,5,'2020-12-09 23:34:56','2020-12-09 23:38:41'),(1907,194,1,'2020-12-10',88.64,4,'2020-12-10 23:27:43','2020-12-10 23:31:12'),(1908,194,1,'2020-12-11',98.25,4,'2020-12-11 22:56:14','2020-12-11 23:00:25'),(1909,194,1,'2020-12-12',76.79,4,'2020-12-12 23:06:10','2020-12-12 23:11:32'),(1910,194,1,'2020-12-13',93.62,3,'2020-12-13 23:33:46','2020-12-13 23:40:05'),(1911,194,1,'2020-12-14',89.66,3,'2020-12-14 23:00:52','2020-12-14 23:08:08'),(1912,194,1,'2020-12-15',76.60,4,'2020-12-15 23:15:42','2020-12-15 23:20:17'),(1913,194,1,'2020-12-17',90.20,3,'2020-12-17 00:05:02','2020-12-17 00:10:30'),(1914,194,1,'2020-12-17',92.31,4,'2020-12-17 23:23:33','2020-12-17 23:30:53'),(1915,194,1,'2020-12-18',92.31,3,'2020-12-18 23:32:16','2020-12-18 23:35:41'),(1916,194,1,'2020-12-19',96.30,4,'2020-12-19 23:09:37','2020-12-19 23:15:46'),(1917,194,1,'2020-12-20',75.86,4,'2020-12-20 23:33:07','2020-12-20 23:42:47'),(1918,194,1,'2020-12-21',87.50,4,'2020-12-21 23:18:12','2020-12-21 23:22:31'),(1919,194,1,'2020-12-22',100.00,5,'2020-12-22 23:52:22','2020-12-22 23:54:59'),(1920,194,1,'2020-12-23',86.96,4,'2020-12-23 23:48:45','2020-12-23 23:54:26'),(1921,194,1,'2021-01-04',77.61,5,'2021-01-04 04:30:36','2021-01-04 04:37:57'),(1922,194,1,'2021-01-04',90.80,5,'2021-01-04 04:38:19','2021-01-04 04:45:05'),(1923,194,1,'2021-01-04',100.00,5,'2021-01-04 04:45:45','2021-01-04 04:49:55'),(1924,194,1,'2021-01-05',91.07,4,'2021-01-05 03:30:18','2021-01-05 03:35:00'),(1925,194,1,'2021-01-05',97.10,3,'2021-01-05 03:35:26','2021-01-05 03:41:17'),(1926,158,1,'2021-01-05',85.28,5,'2021-01-05 11:20:36','2021-01-05 11:40:47'),(1927,194,1,'2021-01-06',82.00,4,'2021-01-06 03:57:07','2021-01-06 04:02:53'),(1928,194,1,'2021-01-06',76.92,3,'2021-01-06 04:03:02','2021-01-06 04:13:38'),(1929,158,1,'2021-01-07',52.38,6,'2021-01-07 09:43:45','2021-01-07 09:56:16'),(1930,194,1,'2021-01-08',81.48,3,'2021-01-08 10:10:28','2021-01-08 10:15:22'),(1931,194,1,'2021-01-08',92.00,4,'2021-01-08 10:15:57','2021-01-08 10:20:39'),(1932,194,1,'2021-01-10',75.44,4,'2021-01-10 02:50:26','2021-01-10 02:54:50'),(1933,194,1,'2021-01-11',47.89,4,'2021-01-11 07:03:43','2021-01-11 07:11:35'),(1934,158,1,'2021-01-11',64.29,3,'2021-01-11 09:58:54','2021-01-11 10:29:41'),(1935,194,1,'2021-01-12',72.73,3,'2021-01-12 03:03:41','2021-01-12 03:08:40'),(1936,194,1,'2021-01-12',89.58,6,'2021-01-12 03:08:44','2021-01-12 03:20:42'),(1937,194,1,'2021-01-13',86.57,6,'2021-01-13 03:59:01','2021-01-13 04:04:27'),(1938,194,1,'2021-01-13',59.18,3,'2021-01-13 04:04:55','2021-01-13 04:18:42'),(1939,158,1,'2021-01-14',89.91,7,'2021-01-13 11:36:29','2021-01-14 11:09:49'),(1940,194,1,'2021-01-16',96.43,4,'2021-01-16 06:59:51','2021-01-16 07:05:39'),(1941,158,1,'2021-01-18',67.24,3,'2021-01-18 10:37:09','2021-01-18 11:00:24'),(1942,194,1,'2021-01-19',76.00,4,'2021-01-19 05:48:31','2021-01-19 05:58:21'),(1943,158,1,'2021-01-21',47.06,5,'2021-01-21 10:25:27','2021-01-21 11:03:56'),(1944,194,1,'2021-01-22',72.92,4,'2021-01-22 02:06:28','2021-01-22 02:11:32'),(1945,194,1,'2021-01-22',86.44,4,'2021-01-22 02:11:37','2021-01-22 02:22:00'),(1946,158,1,'2021-01-28',65.56,3,'2021-01-26 11:58:17','2021-01-28 10:11:18'),(1947,194,1,'2021-01-28',89.83,8,'2021-01-28 05:13:15','2021-01-28 05:19:36'),(1948,194,1,'2021-01-28',83.67,3,'2021-01-28 05:20:17','2021-01-28 05:28:46'),(1949,194,1,'2021-01-29',100.00,3,'2021-01-29 00:34:37','2021-01-29 00:41:37'),(1950,194,1,'2021-01-29',83.08,3,'2021-01-29 23:47:41','2021-01-29 23:54:36'),(1951,194,1,'2021-01-31',75.86,3,'2021-01-30 23:57:39','2021-01-31 00:06:57'),(1952,194,1,'2021-01-31',85.42,3,'2021-01-31 23:40:50','2021-01-31 23:49:51'),(1953,158,1,'2021-02-01',59.30,3,'2021-02-01 09:22:44','2021-02-01 09:37:21'),(1954,158,1,'2021-02-02',60.67,3,'2021-02-02 10:56:11','2021-02-02 11:28:23'),(1955,194,1,'2021-02-05',83.33,5,'2021-02-05 01:56:41','2021-02-05 02:00:26'),(1956,194,1,'2021-02-05',85.96,4,'2021-02-05 23:36:37','2021-02-05 23:48:16'),(1957,194,1,'2021-02-07',93.02,4,'2021-02-07 00:04:06','2021-02-07 00:12:42'),(1958,194,1,'2021-02-07',90.91,5,'2021-02-07 23:40:27','2021-02-07 23:46:06'),(1959,194,1,'2021-02-09',100.00,4,'2021-02-09 00:23:07','2021-02-09 00:26:45'),(1960,158,1,'2021-02-09',73.86,6,'2021-02-09 06:36:58','2021-02-09 06:44:44'),(1961,194,1,'2021-02-09',96.43,6,'2021-02-09 23:51:06','2021-02-09 23:55:25'),(1962,194,1,'2021-02-11',65.91,3,'2021-02-11 00:18:35','2021-02-11 00:25:04'),(1963,194,1,'2021-02-12',87.30,5,'2021-02-12 00:28:54','2021-02-12 00:37:03'),(1964,194,1,'2021-02-13',91.49,5,'2021-02-13 00:09:59','2021-02-13 00:14:02'),(1965,194,1,'2021-02-14',75.47,5,'2021-02-14 00:09:10','2021-02-14 00:16:12'),(1966,194,1,'2021-02-15',82.28,6,'2021-02-15 00:24:11','2021-02-15 00:31:09'),(1967,194,1,'2021-02-16',70.00,4,'2021-02-16 00:27:41','2021-02-16 00:36:32'),(1968,194,1,'2021-02-17',92.54,3,'2021-02-17 00:19:55','2021-02-17 00:25:31'),(1969,158,1,'2021-02-17',73.51,3,'2021-02-17 11:46:43','2021-02-17 12:00:43'),(1970,194,1,'2021-02-18',93.18,3,'2021-02-18 00:30:40','2021-02-18 00:36:46'),(1971,194,1,'2021-02-21',96.61,3,'2021-02-21 00:09:43','2021-02-21 00:14:36'),(1972,194,1,'2021-02-22',80.36,4,'2021-02-22 00:47:39','2021-02-22 00:55:43'),(1973,158,1,'2021-02-22',62.44,8,'2021-02-22 10:33:55','2021-02-22 10:50:30'),(1974,194,1,'2021-02-23',91.07,4,'2021-02-23 00:08:41','2021-02-23 00:17:21'),(1975,158,1,'2021-02-23',70.59,8,'2021-02-23 11:22:31','2021-02-23 11:41:46'),(1976,194,1,'2021-02-24',89.09,5,'2021-02-23 23:53:14','2021-02-24 00:02:15'),(1977,194,1,'2021-02-25',100.00,5,'2021-02-25 00:25:11','2021-02-25 00:29:04'),(1978,194,1,'2021-02-25',75.00,3,'2021-02-25 23:52:33','2021-02-25 23:58:21'),(1979,194,1,'2021-02-27',82.76,7,'2021-02-27 00:10:18','2021-02-27 00:14:21'),(1980,194,1,'2021-02-27',92.75,4,'2021-02-27 23:38:44','2021-02-27 23:51:11'),(1981,194,1,'2021-03-01',74.55,5,'2021-03-01 00:10:53','2021-03-01 00:16:32'),(1982,158,1,'2021-03-01',53.03,4,'2021-03-01 11:33:33','2021-03-01 11:53:47'),(1983,194,1,'2021-03-01',82.76,3,'2021-03-01 23:49:58','2021-03-01 23:55:56'),(1984,194,1,'2021-03-03',73.68,4,'2021-03-03 00:20:41','2021-03-03 00:26:29'),(1985,194,1,'2021-03-04',83.93,5,'2021-03-04 00:08:51','2021-03-04 00:13:59'),(1986,194,1,'2021-03-05',84.91,5,'2021-03-05 00:18:07','2021-03-05 00:25:07'),(1987,194,1,'2021-03-06',79.25,4,'2021-03-05 23:51:01','2021-03-06 00:04:51'),(1988,194,1,'2021-03-06',89.29,3,'2021-03-06 23:38:09','2021-03-06 23:45:04'),(1989,194,1,'2021-03-07',76.79,4,'2021-03-07 23:46:36','2021-03-07 23:54:18'),(1990,194,1,'2021-03-09',75.00,3,'2021-03-09 00:08:43','2021-03-09 00:12:19'),(1991,194,1,'2021-03-10',51.06,6,'2021-03-10 00:11:55','2021-03-10 00:15:46'),(1992,194,1,'2021-03-10',82.35,3,'2021-03-10 23:39:53','2021-03-10 23:48:26'),(1993,194,1,'2021-03-12',100.00,3,'2021-03-12 00:06:49','2021-03-12 00:14:55'),(1994,194,1,'2021-03-12',93.85,3,'2021-03-12 23:19:02','2021-03-12 23:23:34'),(1995,194,1,'2021-03-13',82.22,4,'2021-03-13 23:30:31','2021-03-13 23:36:11'),(1996,194,1,'2021-03-14',93.88,3,'2021-03-14 23:23:30','2021-03-14 23:32:57'),(1997,194,1,'2021-03-16',100.00,4,'2021-03-15 23:58:31','2021-03-16 00:06:49'),(1998,194,1,'2021-03-17',84.62,3,'2021-03-17 00:03:39','2021-03-17 00:12:57'),(1999,194,1,'2021-03-18',79.25,4,'2021-03-17 23:58:54','2021-03-18 00:11:13'),(2000,194,1,'2021-03-19',78.48,5,'2021-03-19 00:03:45','2021-03-19 00:15:55'),(2001,194,1,'2021-03-20',91.51,7,'2021-03-20 00:04:26','2021-03-20 00:14:09'),(2002,194,1,'2021-03-20',96.08,3,'2021-03-20 23:22:01','2021-03-20 23:28:36'),(2003,194,1,'2021-03-21',94.00,5,'2021-03-21 23:32:28','2021-03-21 23:38:47'),(2004,158,1,'2021-03-22',82.52,7,'2021-03-22 11:32:59','2021-03-22 11:54:44'),(2005,194,1,'2021-03-22',95.00,4,'2021-03-22 23:21:43','2021-03-22 23:38:09'),(2006,194,1,'2021-03-23',97.10,4,'2021-03-23 23:53:22','2021-03-23 23:59:01'),(2007,158,1,'2021-03-24',59.90,7,'2021-03-24 09:55:51','2021-03-24 10:30:44'),(2008,194,1,'2021-03-24',85.25,3,'2021-03-24 23:34:00','2021-03-24 23:48:52'),(2009,158,1,'2021-03-25',86.58,6,'2021-03-25 05:39:45','2021-03-25 06:05:07'),(2010,194,1,'2021-03-25',85.71,6,'2021-03-25 23:38:16','2021-03-25 23:43:51'),(2011,194,1,'2021-03-26',36.54,3,'2021-03-26 23:14:48','2021-03-26 23:18:29'),(2012,194,1,'2021-03-27',98.36,4,'2021-03-27 23:49:52','2021-03-27 23:56:41'),(2013,194,1,'2021-03-29',80.36,6,'2021-03-28 23:59:26','2021-03-29 00:05:49'),(2014,194,1,'2021-03-29',49.09,4,'2021-03-29 23:27:30','2021-03-29 23:35:27'),(2015,158,1,'2021-03-30',78.07,4,'2021-03-30 11:14:30','2021-03-30 12:05:04'),(2016,194,1,'2021-03-30',83.58,3,'2021-03-30 23:31:09','2021-03-30 23:34:15'),(2017,194,1,'2021-03-31',75.00,6,'2021-03-31 23:08:32','2021-03-31 23:13:34'),(2018,194,1,'2021-04-01',92.73,4,'2021-04-01 23:51:45','2021-04-01 23:56:42'),(2019,194,1,'2021-04-02',93.88,3,'2021-04-02 23:31:33','2021-04-02 23:53:06'),(2020,194,1,'2021-04-03',89.47,3,'2021-04-03 23:34:36','2021-04-03 23:39:31'),(2021,194,1,'2021-04-04',81.82,7,'2021-04-04 23:34:05','2021-04-04 23:57:49'),(2022,158,1,'2021-04-05',57.99,4,'2021-04-05 07:01:16','2021-04-05 07:29:22'),(2023,194,1,'2021-04-06',97.26,6,'2021-04-05 23:45:51','2021-04-06 00:08:51'),(2024,194,1,'2021-04-06',83.64,3,'2021-04-06 23:34:26','2021-04-06 23:37:46'),(2025,194,1,'2021-04-08',71.70,3,'2021-04-07 23:42:32','2021-04-08 00:14:24'),(2026,194,1,'2021-04-08',73.85,5,'2021-04-08 23:18:31','2021-04-08 23:48:53'),(2027,194,1,'2021-04-09',17.95,5,'2021-04-09 23:57:06','2021-04-09 23:59:00'),(2028,194,1,'2021-04-11',67.86,4,'2021-04-10 23:52:34','2021-04-11 00:01:21'),(2029,194,1,'2021-04-13',90.48,3,'2021-04-13 02:13:54','2021-04-13 02:22:51'),(2030,194,1,'2021-04-13',75.00,4,'2021-04-13 23:23:09','2021-04-13 23:37:37'),(2031,194,1,'2021-04-14',96.72,5,'2021-04-14 23:46:35','2021-04-14 23:56:29'),(2032,194,1,'2021-04-15',85.07,8,'2021-04-15 23:38:07','2021-04-15 23:52:06'),(2033,194,1,'2021-04-16',75.00,3,'2021-04-16 23:05:04','2021-04-16 23:36:38'),(2034,194,1,'2021-04-18',80.00,4,'2021-04-18 09:19:05','2021-04-18 09:36:36'),(2035,194,1,'2021-04-20',66.07,5,'2021-04-18 23:49:23','2021-04-20 00:01:38'),(2036,194,1,'2021-04-20',82.43,4,'2021-04-20 23:19:47','2021-04-20 23:30:37'),(2037,194,1,'2021-04-21',100.00,4,'2021-04-21 23:30:20','2021-04-21 23:35:45'),(2038,194,1,'2021-04-22',82.35,3,'2021-04-22 23:07:18','2021-04-22 23:19:52'),(2039,194,1,'2021-04-23',100.00,7,'2021-04-23 23:31:39','2021-04-23 23:38:02'),(2040,194,1,'2021-04-25',95.16,4,'2021-04-25 23:18:08','2021-04-25 23:28:32'),(2041,194,1,'2021-04-26',100.00,5,'2021-04-26 23:37:21','2021-04-26 23:49:08'),(2042,194,1,'2021-04-28',69.23,3,'2021-04-27 23:55:49','2021-04-28 00:01:34'),(2043,194,1,'2021-04-28',95.24,6,'2021-04-28 23:23:44','2021-04-28 23:39:32'),(2044,194,1,'2021-04-29',89.06,4,'2021-04-29 23:29:15','2021-04-29 23:51:50'),(2045,194,1,'2021-04-30',72.58,4,'2021-04-30 23:09:11','2021-04-30 23:16:25'),(2046,194,1,'2021-05-01',95.45,4,'2021-05-01 23:22:57','2021-05-01 23:28:51'),(2047,194,1,'2021-05-02',67.21,4,'2021-05-02 23:09:07','2021-05-02 23:35:39'),(2048,194,1,'2021-05-07',68.42,4,'2021-05-07 23:15:15','2021-05-07 23:32:56'),(2049,194,1,'2021-05-09',90.48,3,'2021-05-09 00:14:05','2021-05-09 00:17:50'),(2050,194,1,'2021-05-09',81.97,5,'2021-05-09 23:38:18','2021-05-09 23:46:47'),(2051,194,1,'2021-05-10',70.00,3,'2021-05-10 23:11:32','2021-05-10 23:37:15'),(2052,194,1,'2021-05-11',93.33,5,'2021-05-11 23:42:16','2021-05-11 23:49:17'),(2053,194,1,'2021-05-12',96.23,5,'2021-05-12 22:58:41','2021-05-12 23:04:29'),(2054,194,1,'2021-05-13',94.00,3,'2021-05-13 23:35:47','2021-05-13 23:43:05'),(2055,194,1,'2021-05-16',69.39,3,'2021-05-16 02:12:58','2021-05-16 02:20:53'),(2056,194,1,'2021-05-17',91.55,5,'2021-05-16 23:59:37','2021-05-17 00:13:08'),(2057,194,1,'2021-05-17',79.22,5,'2021-05-17 23:11:56','2021-05-17 23:33:59'),(2058,194,1,'2021-05-18',90.16,4,'2021-05-18 23:12:34','2021-05-18 23:20:44'),(2059,194,1,'2021-05-19',73.77,6,'2021-05-19 23:20:08','2021-05-19 23:26:13'),(2060,194,1,'2021-05-20',94.00,6,'2021-05-20 23:28:51','2021-05-20 23:33:36'),(2061,194,1,'2021-05-21',95.65,3,'2021-05-21 23:11:01','2021-05-21 23:45:08'),(2062,194,1,'2021-05-22',83.82,5,'2021-05-22 23:18:42','2021-05-22 23:51:49'),(2063,194,1,'2021-05-23',90.00,4,'2021-05-23 23:29:36','2021-05-23 23:45:23'),(2064,194,1,'2021-05-24',84.78,4,'2021-05-24 22:50:22','2021-05-24 22:55:28'),(2065,194,1,'2021-05-25',91.80,4,'2021-05-25 22:51:24','2021-05-25 23:00:46'),(2066,194,1,'2021-05-26',95.45,5,'2021-05-26 22:58:57','2021-05-26 23:08:16'),(2067,194,1,'2021-05-27',68.49,5,'2021-05-27 22:45:30','2021-05-27 23:22:23'),(2068,194,1,'2021-05-29',83.33,4,'2021-05-29 23:47:48','2021-05-29 23:58:27'),(2069,194,1,'2021-05-30',95.31,4,'2021-05-30 22:45:30','2021-05-30 23:27:20'),(2070,194,1,'2021-05-31',76.92,4,'2021-05-31 22:46:23','2021-05-31 23:15:50'),(2071,194,1,'2021-06-01',67.16,4,'2021-06-01 22:45:30','2021-06-01 23:21:44'),(2072,194,1,'2021-06-03',82.26,4,'2021-06-03 00:11:00','2021-06-03 00:16:13'),(2073,194,1,'2021-06-03',69.35,4,'2021-06-03 22:36:39','2021-06-03 23:08:53'),(2074,194,1,'2021-06-04',86.79,3,'2021-06-04 22:46:37','2021-06-04 23:19:03'),(2075,194,1,'2021-06-05',81.67,3,'2021-06-05 23:50:22','2021-06-05 23:57:00'),(2076,194,1,'2021-06-06',72.55,4,'2021-06-06 23:44:36','2021-06-06 23:49:29'),(2077,194,1,'2021-06-07',84.81,4,'2021-06-07 23:02:37','2021-06-07 23:36:35'),(2078,194,1,'2021-06-08',88.06,6,'2021-06-08 22:56:25','2021-06-08 23:49:05'),(2079,194,1,'2021-06-09',100.00,4,'2021-06-09 23:28:23','2021-06-09 23:51:29'),(2080,194,1,'2021-06-11',93.65,4,'2021-06-10 23:47:36','2021-06-11 00:14:43'),(2081,194,1,'2021-06-11',93.33,6,'2021-06-11 22:38:01','2021-06-11 23:08:31'),(2082,194,1,'2021-06-12',73.13,5,'2021-06-12 23:14:40','2021-06-12 23:20:53'),(2083,194,1,'2021-06-13',93.33,4,'2021-06-13 23:05:07','2021-06-13 23:31:21'),(2084,194,1,'2021-06-14',91.43,5,'2021-06-14 22:41:18','2021-06-14 22:44:41'),(2085,194,1,'2021-06-15',90.77,4,'2021-06-15 22:57:22','2021-06-15 23:04:28'),(2086,194,1,'2021-06-16',59.49,4,'2021-06-16 23:15:07','2021-06-16 23:30:00'),(2087,194,1,'2021-06-17',86.00,4,'2021-06-17 22:50:20','2021-06-17 23:29:12'),(2088,194,1,'2021-06-18',90.41,4,'2021-06-18 23:04:31','2021-06-18 23:10:58'),(2089,194,1,'2021-06-19',79.63,4,'2021-06-19 23:20:35','2021-06-19 23:27:13'),(2090,194,1,'2021-06-20',90.63,3,'2021-06-20 23:03:19','2021-06-20 23:06:41'),(2091,194,1,'2021-06-21',94.12,6,'2021-06-21 23:01:52','2021-06-21 23:09:27'),(2092,194,1,'2021-06-23',95.16,5,'2021-06-23 08:52:11','2021-06-23 08:56:38'),(2093,194,1,'2021-06-23',86.79,4,'2021-06-23 08:59:25','2021-06-23 09:03:39'),(2094,194,1,'2021-06-23',87.50,5,'2021-06-23 09:03:59','2021-06-23 09:08:58'),(2095,194,1,'2021-06-23',100.00,4,'2021-06-23 09:09:03','2021-06-23 09:12:36'),(2096,194,1,'2021-06-23',76.12,5,'2021-06-23 09:12:55','2021-06-23 09:18:20'),(2097,194,1,'2021-06-23',57.61,5,'2021-06-23 09:18:24','2021-06-23 09:23:35'),(2098,194,1,'2021-06-23',75.38,5,'2021-06-23 22:52:11','2021-06-23 23:18:29'),(2099,194,1,'2021-06-24',90.28,5,'2021-06-24 22:51:17','2021-06-24 23:22:44'),(2100,194,1,'2021-06-25',85.42,4,'2021-06-25 22:55:30','2021-06-25 23:03:40'),(2101,194,1,'2021-06-26',67.09,4,'2021-06-26 23:22:07','2021-06-26 23:27:41'),(2102,194,1,'2021-06-27',96.97,4,'2021-06-27 23:14:27','2021-06-27 23:18:02'),(2103,194,1,'2021-06-28',63.08,4,'2021-06-28 22:50:21','2021-06-28 22:55:40'),(2104,194,1,'2021-06-29',91.30,3,'2021-06-29 23:06:50','2021-06-29 23:46:48'),(2105,194,1,'2021-06-30',94.03,5,'2021-06-30 23:12:44','2021-06-30 23:24:39'),(2106,194,1,'2021-07-01',100.00,3,'2021-07-01 23:02:39','2021-07-01 23:25:20'),(2107,194,1,'2021-07-02',97.27,4,'2021-07-02 23:01:10','2021-07-02 23:04:05'),(2108,194,1,'2021-07-03',83.56,4,'2021-07-03 23:14:21','2021-07-03 23:18:51'),(2109,194,1,'2021-07-04',90.00,3,'2021-07-04 23:30:12','2021-07-04 23:35:34'),(2110,194,1,'2021-07-05',90.63,6,'2021-07-05 04:38:35','2021-07-05 04:52:46'),(2111,194,1,'2021-07-05',91.67,6,'2021-07-05 04:52:49','2021-07-05 05:14:32'),(2112,194,1,'2021-07-05',94.92,5,'2021-07-05 05:14:58','2021-07-05 05:22:30'),(2113,194,1,'2021-07-05',93.06,3,'2021-07-05 22:53:21','2021-07-05 23:07:42'),(2114,194,1,'2021-07-06',88.52,3,'2021-07-06 23:03:43','2021-07-06 23:08:04'),(2115,194,1,'2021-07-07',70.69,5,'2021-07-07 22:11:48','2021-07-07 22:19:13'),(2116,194,1,'2021-07-07',94.20,3,'2021-07-07 23:45:44','2021-07-07 23:51:57'),(2117,194,1,'2021-07-08',100.00,5,'2021-07-08 00:00:11','2021-07-08 00:05:46'),(2118,194,1,'2021-07-08',95.24,5,'2021-07-08 22:24:58','2021-07-08 22:32:25'),(2119,194,1,'2021-07-09',75.00,7,'2021-07-09 22:50:18','2021-07-09 22:54:20'),(2120,194,1,'2021-07-10',89.66,4,'2021-07-10 22:55:53','2021-07-10 23:01:19'),(2121,194,1,'2021-07-11',80.95,4,'2021-07-11 23:40:26','2021-07-11 23:45:02'),(2122,194,1,'2021-07-12',100.00,5,'2021-07-12 22:58:37','2021-07-12 23:04:25'),(2123,194,1,'2021-07-13',94.12,5,'2021-07-13 22:58:57','2021-07-13 23:02:41'),(2124,194,1,'2021-07-14',94.52,4,'2021-07-14 22:51:36','2021-07-14 22:57:03'),(2125,194,1,'2021-07-15',100.00,3,'2021-07-15 22:52:23','2021-07-15 23:01:11'),(2126,194,1,'2021-07-16',85.42,3,'2021-07-16 22:48:41','2021-07-16 22:53:28'),(2127,194,1,'2021-07-17',66.67,5,'2021-07-17 23:22:19','2021-07-17 23:27:46'),(2128,194,1,'2021-07-18',81.43,3,'2021-07-18 22:57:31','2021-07-18 23:02:45'),(2129,194,1,'2021-07-19',75.00,4,'2021-07-19 23:31:51','2021-07-19 23:46:56'),(2130,194,1,'2021-07-20',89.02,4,'2021-07-20 23:11:39','2021-07-20 23:20:13'),(2131,194,1,'2021-07-21',100.00,4,'2021-07-21 22:38:55','2021-07-21 22:43:26'),(2132,194,1,'2021-07-22',68.92,5,'2021-07-22 22:57:15','2021-07-22 23:02:52'),(2133,194,1,'2021-07-23',62.30,6,'2021-07-23 10:09:42','2021-07-23 10:16:32'),(2134,194,1,'2021-07-23',100.00,6,'2021-07-23 10:16:39','2021-07-23 10:23:04'),(2135,194,1,'2021-07-23',74.29,6,'2021-07-23 23:02:44','2021-07-23 23:07:38'),(2136,194,1,'2021-07-24',88.75,4,'2021-07-24 00:37:02','2021-07-24 00:42:43'),(2137,194,1,'2021-07-24',84.29,5,'2021-07-24 00:47:19','2021-07-24 00:52:38'),(2138,194,1,'2021-07-24',88.89,4,'2021-07-24 00:53:01','2021-07-24 00:59:28'),(2139,194,1,'2021-07-26',81.67,4,'2021-07-26 03:20:29','2021-07-26 03:30:14'),(2140,194,1,'2021-07-26',93.24,3,'2021-07-26 22:55:04','2021-07-26 22:59:17'),(2141,194,1,'2021-07-27',100.00,3,'2021-07-27 23:14:51','2021-07-27 23:17:59'),(2142,194,1,'2021-07-28',77.42,5,'2021-07-28 07:31:51','2021-07-28 07:36:54'),(2143,194,1,'2021-07-28',89.19,3,'2021-07-28 07:37:06','2021-07-28 07:42:18'),(2144,194,1,'2021-07-28',80.33,4,'2021-07-28 23:08:31','2021-07-28 23:15:46'),(2145,194,1,'2021-07-29',93.85,4,'2021-07-29 22:53:53','2021-07-29 23:02:37'),(2146,194,1,'2021-07-30',100.00,4,'2021-07-30 22:52:58','2021-07-30 22:58:10'),(2147,194,1,'2021-07-31',96.72,5,'2021-07-31 22:55:09','2021-07-31 22:59:24'),(2148,194,1,'2021-08-01',98.00,4,'2021-08-01 22:53:41','2021-08-01 23:00:19'),(2149,194,1,'2021-08-02',71.43,3,'2021-08-02 22:56:22','2021-08-02 23:06:09'),(2150,194,1,'2021-08-03',95.16,4,'2021-08-03 22:53:19','2021-08-03 22:57:44'),(2151,194,1,'2021-08-03',79.69,4,'2021-08-03 23:37:29','2021-08-03 23:41:52'),(2152,194,1,'2021-08-05',91.23,5,'2021-08-04 22:54:29','2021-08-05 06:10:25'),(2153,194,1,'2021-08-05',80.56,5,'2021-08-05 06:10:54','2021-08-05 06:16:47'),(2154,194,1,'2021-08-05',100.00,5,'2021-08-05 22:53:03','2021-08-05 23:01:52'),(2155,194,1,'2021-08-05',88.10,5,'2021-08-05 23:25:07','2021-08-05 23:28:12'),(2156,194,1,'2021-08-06',92.06,5,'2021-08-06 23:15:27','2021-08-06 23:22:43'),(2157,194,1,'2021-08-07',90.48,5,'2021-08-07 23:09:11','2021-08-07 23:19:55'),(2158,194,1,'2021-08-08',78.95,3,'2021-08-08 23:37:37','2021-08-08 23:49:57'),(2159,194,1,'2021-08-10',94.44,5,'2021-08-09 23:59:59','2021-08-10 00:29:41'),(2160,194,1,'2021-08-10',58.33,6,'2021-08-10 00:42:26','2021-08-10 00:47:55'),(2161,194,1,'2021-08-10',69.84,4,'2021-08-10 22:55:07','2021-08-10 22:59:18'),(2162,194,1,'2021-08-11',93.33,5,'2021-08-11 23:02:23','2021-08-11 23:06:09'),(2163,194,1,'2021-08-12',100.00,5,'2021-08-12 22:54:04','2021-08-12 22:57:50'),(2164,2,1,'2021-08-15',82.86,2,'2021-08-15 09:11:19','2021-08-15 09:18:21'),(2165,2,1,'2021-09-16',58.33,2,'2021-08-15 09:18:28','2021-09-16 03:04:29'),(2166,319,1,'2021-08-20',54.17,2,'2021-08-20 06:20:19','2021-08-20 06:30:16'),(2167,319,1,'2021-08-20',80.00,2,'2021-08-20 06:33:10','2021-08-20 06:39:30'),(2168,319,1,'2021-08-20',52.00,2,'2021-08-20 06:39:55','2021-08-20 06:49:42'),(2169,319,1,'2021-08-20',24.00,2,'2021-08-20 07:05:05','2021-08-20 22:44:30'),(2170,319,1,'2021-08-20',35.14,3,'2021-08-20 22:44:52','2021-08-20 22:52:47'),(2171,319,1,'2021-08-20',45.95,4,'2021-08-20 22:53:11','2021-08-20 23:02:13'),(2172,319,1,'2021-08-20',70.37,3,'2021-08-20 23:02:18','2021-08-20 23:08:05'),(2173,319,1,'2021-08-20',60.00,2,'2021-08-20 23:08:09','2021-08-20 23:16:07'),(2174,319,1,'2021-08-20',40.00,3,'2021-08-20 23:17:11','2021-08-20 23:22:56'),(2175,319,1,'2021-08-20',22.73,3,'2021-08-20 23:23:16','2021-08-20 23:28:46'),(2176,319,1,'2021-08-21',60.61,3,'2021-08-21 00:07:07','2021-08-21 22:41:56'),(2177,319,1,'2021-08-21',31.82,3,'2021-08-21 22:43:31','2021-08-21 22:50:01'),(2178,319,1,'2021-08-21',8.33,2,'2021-08-21 22:50:44','2021-08-21 22:52:46'),(2179,319,1,'2021-08-21',62.16,3,'2021-08-21 22:53:13','2021-08-21 23:02:19'),(2180,319,1,'2021-08-21',32.00,2,'2021-08-21 23:03:05','2021-08-21 23:13:05'),(2181,319,1,'2021-08-23',8.00,2,'2021-08-23 03:47:50','2021-08-23 03:58:08'),(2182,319,1,'2021-08-23',14.29,3,'2021-08-23 03:58:22','2021-08-23 04:04:12'),(2183,319,1,'2021-08-23',6.45,3,'2021-08-23 04:06:58','2021-08-23 04:12:14'),(2184,319,1,'2021-08-23',2.94,3,'2021-08-23 04:14:09','2021-08-23 04:20:05'),(2185,319,1,'2021-08-23',2.22,3,'2021-08-23 04:20:20','2021-08-23 04:24:05'),(2186,319,1,'2021-08-23',4.26,3,'2021-08-23 04:24:13','2021-08-23 04:27:23'),(2187,319,1,'2021-08-24',6.12,4,'2021-08-24 03:16:32','2021-08-24 03:34:37'),(2188,319,1,'2021-08-24',7.84,3,'2021-08-24 03:34:50','2021-08-24 03:38:38'),(2189,319,1,'2021-08-26',10.20,3,'2021-08-26 03:57:09','2021-08-26 04:12:04'),(2190,319,1,'2021-08-27',1.67,5,'2021-08-26 04:12:19','2021-08-27 05:28:06'),(2191,319,1,'2021-08-27',6.90,4,'2021-08-27 05:29:47','2021-08-27 05:32:25'),(2192,319,1,'2021-09-03',0.00,3,'2021-08-27 05:32:45','2021-09-03 23:00:23'),(2193,319,1,'2021-09-10',8.93,3,'2021-09-03 23:06:22','2021-09-10 08:15:36'),(2194,320,1,'2021-09-10',73.91,2,'2021-09-09 09:00:32','2021-09-10 03:44:27'),(2195,320,1,'2021-09-10',44.00,2,'2021-09-10 03:44:50','2021-09-10 03:47:09'),(2196,320,1,'2021-09-10',40.00,2,'2021-09-10 03:47:20','2021-09-10 03:58:12'),(2197,320,1,'2021-09-10',48.00,2,'2021-09-10 03:58:19','2021-09-10 07:54:17'),(2198,320,1,'2021-09-10',50.00,2,'2021-09-10 07:54:26','2021-09-10 08:09:34'),(2199,320,1,'2021-09-10',44.44,3,'2021-09-10 08:09:39','2021-09-10 08:15:30'),(2200,319,1,'2021-09-10',4.76,4,'2021-09-10 08:15:52','2021-09-10 08:24:22'),(2201,319,1,'2021-09-10',0.00,5,'2021-09-10 08:24:45','2021-09-10 08:25:52'),(2202,319,1,'2021-09-10',10.20,4,'2021-09-10 08:26:30','2021-09-10 08:27:59'),(2203,319,1,'2021-09-10',0.00,4,'2021-09-10 08:28:13','2021-09-10 08:29:22'),(2204,319,1,'2021-09-10',7.27,4,'2021-09-10 08:29:53','2021-09-10 08:30:59'),(2205,319,1,'2021-09-10',12.77,5,'2021-09-10 08:31:35','2021-09-10 08:33:53'),(2206,319,1,'2021-09-10',0.00,4,'2021-09-10 08:34:09','2021-09-10 08:36:10'),(2207,320,1,'2021-09-10',18.75,3,'2021-09-10 09:18:09','2021-09-10 09:27:42'),(2208,320,1,'2021-09-16',47.73,4,'2021-09-10 09:27:51','2021-09-16 08:45:54'),(2209,319,1,'2021-09-13',33.33,4,'2021-09-13 09:27:20','2021-09-13 09:49:05'),(2210,319,1,'2021-09-14',40.00,2,'2021-09-13 09:49:12','2021-09-14 09:39:17'),(2211,319,1,'2021-09-14',0.00,3,'2021-09-14 09:40:05','2021-09-14 09:41:36'),(2212,319,1,'2021-09-14',6.45,4,'2021-09-14 09:44:41','2021-09-14 09:48:32'),(2213,319,1,'2021-09-14',27.91,3,'2021-09-14 09:49:13','2021-09-14 09:54:47'),(2214,319,1,'2021-09-14',5.88,3,'2021-09-14 09:54:59','2021-09-14 09:58:04'),(2215,319,1,'2021-09-14',0.00,5,'2021-09-14 09:58:47','2021-09-14 09:59:32'),(2216,2,0,NULL,NULL,0,'2021-09-16 03:05:11','2021-09-16 03:05:11'),(2217,320,1,'2021-09-16',34.21,4,'2021-09-16 08:46:01','2021-09-16 08:55:07'),(2218,320,1,'2021-09-16',29.17,2,'2021-09-16 08:55:18','2021-09-16 09:06:47'),(2219,320,1,'2021-09-22',32.00,2,'2021-09-16 09:06:55','2021-09-22 08:16:20'),(2220,319,1,'2021-09-21',0.00,6,'2021-09-21 08:03:36','2021-09-21 08:07:00'),(2221,319,1,'2021-09-21',1.92,7,'2021-09-21 08:08:49','2021-09-21 08:11:46'),(2222,319,1,'2021-09-21',46.77,8,'2021-09-21 08:12:35','2021-09-21 08:27:42'),(2223,319,1,'2021-09-21',35.29,3,'2021-09-21 08:28:07','2021-09-21 08:33:34'),(2224,319,1,'2021-09-21',12.50,3,'2021-09-21 08:33:53','2021-09-21 08:35:50'),(2225,319,1,'2021-09-22',13.64,3,'2021-09-22 08:11:06','2021-09-22 08:16:39'),(2226,319,1,'2021-09-22',36.00,4,'2021-09-22 08:16:52','2021-09-22 08:19:42'),(2227,320,1,'2021-09-22',43.33,3,'2021-09-22 08:16:54','2021-09-22 08:26:42'),(2228,319,1,'2021-09-22',3.70,3,'2021-09-22 08:20:13','2021-09-22 08:23:42'),(2229,319,1,'2021-09-22',12.90,3,'2021-09-22 08:23:49','2021-09-22 08:26:01'),(2230,319,1,'2021-09-22',0.00,3,'2021-09-22 08:26:21','2021-09-22 08:33:56'),(2231,320,1,'2021-09-22',12.00,2,'2021-09-22 08:27:03','2021-09-22 08:35:23'),(2232,319,1,'2021-09-22',6.45,3,'2021-09-22 08:34:36','2021-09-22 08:36:14'),(2233,320,1,'2021-09-22',16.13,3,'2021-09-22 08:35:40','2021-09-22 08:37:28'),(2234,319,1,'2021-09-22',12.12,3,'2021-09-22 08:36:50','2021-09-22 08:39:46'),(2235,320,1,'2021-09-22',7.69,3,'2021-09-22 08:38:07','2021-09-22 08:39:45'),(2236,320,1,'2021-09-22',5.66,3,'2021-09-22 08:39:54','2021-09-22 08:44:12'),(2237,320,1,'2021-09-22',0.00,5,'2021-09-22 08:44:20','2021-09-22 08:50:37'),(2238,320,1,'2021-09-22',14.71,6,'2021-09-22 08:50:56','2021-09-22 08:57:42'),(2239,320,1,'2021-09-22',20.51,7,'2021-09-22 08:58:06','2021-09-22 09:00:17'),(2240,320,1,'2021-09-22',5.17,4,'2021-09-22 09:00:25','2021-09-22 09:03:12'),(2241,319,1,'2021-09-24',16.13,3,'2021-09-23 09:14:06','2021-09-24 07:35:23'),(2242,320,1,'2021-09-23',10.26,8,'2021-09-23 09:15:01','2021-09-23 09:19:52'),(2243,320,1,'2021-09-23',56.00,2,'2021-09-23 09:20:02','2021-09-23 09:29:48'),(2244,320,1,'2021-09-29',20.00,2,'2021-09-23 09:29:55','2021-09-29 07:58:18'),(2245,319,1,'2021-09-24',31.58,3,'2021-09-24 07:35:34','2021-09-24 07:40:46'),(2246,319,1,'2021-09-24',60.27,4,'2021-09-24 07:41:02','2021-09-24 07:45:34'),(2247,319,1,'2021-09-28',8.00,2,'2021-09-28 06:42:05','2021-09-28 06:55:19'),(2248,319,1,'2021-09-28',8.33,3,'2021-09-28 06:56:54','2021-09-28 07:00:41'),(2249,319,1,'2021-09-28',7.32,3,'2021-09-28 07:00:56','2021-09-28 07:05:04'),(2250,319,1,'2021-09-29',0.00,4,'2021-09-29 07:42:56','2021-09-29 07:51:54'),(2251,319,1,'2021-09-29',3.33,5,'2021-09-29 07:52:03','2021-09-29 07:56:44'),(2252,319,1,'2021-09-29',15.38,4,'2021-09-29 07:56:56','2021-09-29 07:57:59'),(2253,319,1,'2021-09-29',12.77,3,'2021-09-29 07:58:06','2021-09-29 07:58:49'),(2254,320,1,'2021-09-29',40.63,3,'2021-09-29 07:58:23','2021-09-29 08:41:05'),(2255,319,1,'2021-09-29',1.89,6,'2021-09-29 07:58:55','2021-09-29 07:59:45'),(2256,319,1,'2021-09-29',4.76,4,'2021-09-29 07:59:51','2021-09-29 08:00:59'),(2257,319,1,'2021-09-29',9.09,5,'2021-09-29 08:01:03','2021-09-29 08:01:53'),(2258,319,1,'2021-09-29',4.65,6,'2021-09-29 08:01:59','2021-09-29 08:03:12'),(2259,319,1,'2021-09-29',1.18,7,'2021-09-29 08:04:04','2021-09-29 08:06:14'),(2260,319,1,'2021-09-29',2.02,9,'2021-09-29 08:06:18','2021-09-29 08:07:54'),(2261,319,1,'2021-09-29',5.41,10,'2021-09-29 08:09:09','2021-09-29 08:11:07'),(2262,319,1,'2021-09-29',0.00,11,'2021-09-29 08:11:16','2021-09-29 08:12:39'),(2263,319,1,'2021-09-29',0.82,10,'2021-09-29 08:12:44','2021-09-29 08:13:25'),(2264,319,1,'2021-09-29',0.00,12,'2021-09-29 08:13:33','2021-09-29 08:15:07'),(2265,319,1,'2021-11-26',4.64,13,'2021-09-29 08:33:41','2021-11-26 06:16:43'),(2266,320,1,'2021-09-29',13.16,4,'2021-09-29 08:41:13','2021-09-29 08:45:53'),(2267,320,1,'2021-09-29',0.00,5,'2021-09-29 08:45:59','2021-09-29 08:50:28'),(2268,320,1,'2021-09-29',9.68,6,'2021-09-29 08:50:33','2021-09-29 08:57:17'),(2269,320,1,'2021-10-14',10.00,7,'2021-09-29 08:57:22','2021-10-14 07:40:57'),(2270,320,1,'2021-10-14',9.41,7,'2021-10-14 07:41:26','2021-10-14 07:47:34'),(2271,320,1,'2021-10-14',6.12,8,'2021-10-14 07:47:52','2021-10-14 07:52:19'),(2272,320,1,'2021-10-14',0.89,9,'2021-10-14 07:52:42','2021-10-14 07:57:03'),(2273,320,1,'2021-10-14',7.44,10,'2021-10-14 07:57:13','2021-10-14 07:58:41'),(2274,320,1,'2021-10-14',1.39,11,'2021-10-14 07:58:56','2021-10-14 08:00:24'),(2275,320,1,'2021-10-14',2.00,12,'2021-10-14 08:00:29','2021-10-14 08:01:35'),(2276,320,1,'2021-10-14',7.32,13,'2021-10-14 08:02:38','2021-10-14 08:07:11'),(2277,320,1,'2021-10-14',7.03,7,'2021-10-14 08:07:29','2021-10-14 08:09:53'),(2278,320,1,'2021-10-14',0.00,9,'2021-10-14 08:10:07','2021-10-14 08:14:05'),(2279,320,1,'2021-10-14',1.33,8,'2021-10-14 08:14:11','2021-10-14 08:16:18'),(2280,319,1,'2021-11-26',32.86,14,'2021-11-26 06:16:48','2021-11-26 06:49:47'),(2281,320,1,'2021-11-26',5.78,9,'2021-11-26 06:50:34','2021-11-26 06:53:39'),(2282,320,1,'2021-11-26',1.66,10,'2021-11-26 06:55:09','2021-11-26 07:02:00'),(2283,320,1,'2021-11-26',2.14,13,'2021-11-26 07:02:12','2021-11-26 07:10:00'),(2284,320,1,'2021-11-26',11.56,11,'2021-11-26 07:10:34','2021-11-26 07:19:22'),(2285,320,1,'2021-11-26',3.24,12,'2021-11-26 07:20:04','2021-11-26 07:29:31'),(2286,320,1,'2021-11-26',0.44,13,'2021-11-26 07:29:45','2021-11-26 07:33:44'),(2287,320,1,'2021-11-30',33.47,14,'2021-11-26 07:33:54','2021-11-30 05:58:22'),(2288,320,1,'2021-11-30',28.00,2,'2021-11-30 05:58:37','2021-11-30 06:09:59'),(2289,320,1,'2021-11-30',0.00,3,'2021-11-30 06:10:06','2021-11-30 06:12:51'),(2290,320,1,'2021-11-30',9.76,3,'2021-11-30 06:13:07','2021-11-30 06:15:38'),(2291,320,1,'2021-11-30',11.54,4,'2021-11-30 06:15:47','2021-11-30 06:24:06'),(2292,319,1,'2021-11-30',18.64,4,'2021-11-30 06:25:38','2021-11-30 06:57:28');

--
