(2267,'sharon.tan1@ibm.com\'s 09/29/2021 test','sharon.tan1@ibm.com\'s 09/29/2021 Test',0,NULL,'2021-09-28 00:00:00','2022-09-29 00:00:00','0000-00-00 00:00:00',2,'highest',1,2,'2021-09-29 08:45:59','2021-09-29 08:45:59',5,0.00,0),(2268,'sharon.tan1@ibm.com\'s 09/29/2021 test','sharon.tan1@ibm.com\'s 09/29/2021 Test',0,NULL,'2021-09-28 00:00:00','2022-09-29 00:00:00','0000-00-00 00:00:00',2,'highest',1,2,'2021-09-29 08:50:33','2021-09-29 08:50:33',5,0.00,0),(2269,'sharon.tan1@ibm.com\'s 09/29/2021 test','sharon.tan1@ibm.com\'s 09/29/2021 Test',0,NULL,'2021-09-28 00:00:00','2022-09-29 00:00:00','0000-00-00 00:00:00',2,'highest',1,2,'2021-09-29 08:57:22','2021-09-29 08:57:22',5,0.00,0),(2270,'sharon.tan1@ibm.com\'s 10/14/2021 test','sharon.tan1@ibm.com\'s 10/14/2021 Test',0,NULL,'2021-10-13 00:00:00','2022-10-14 00:00:00','0000-00-00 00:00:00',2,'highest',1,2,'2021-10-14 07:41:26','2021-10-14 07:47:34',5,500.00,2),(2271,'sharon.tan1@ibm.com\'s 10/14/2021 test','sharon.tan1@ibm.com\'s 10/14/2021 Test',0,NULL,'2021-10-13 00:00:00','2022-10-14 00:00:00','0000-00-00 00:00:00',2,'highest',1,2,'2021-10-14 07:47:52','2021-10-14 07:47:52',5,0.00,0),(2272,'sharon.tan1@ibm.com\'s 10/14/2021 test','sharon.tan1@ibm.com\'s 10/14/2021 Test',0,NULL,'2021-10-13 00:00:00','2022-10-14 00:00:00','0000-00-00 00:00:00',2,'highest',1,2,'2021-10-14 07:52:42','2021-10-14 07:52:42',5,0.00,0),(2273,'sharon.tan1@ibm.com\'s 10/14/2021 test','sharon.tan1@ibm.com\'s 10/14/2021 Test',0,NULL,'2021-10-13 00:00:00','2022-10-14 00:00:00','0000-00-00 00:00:00',2,'highest',1,2,'2021-10-14 07:57:13','2021-10-14 07:57:13',5,0.00,0),(2274,'sharon.tan1@ibm.com\'s 10/14/2021 test','sharon.tan1@ibm.com\'s 10/14/2021 Test',0,NULL,'2021-10-13 00:00:00','2022-10-14 00:00:00','0000-00-00 00:00:00',2,'highest',1,2,'2021-10-14 07:58:56','2021-10-14 07:58:56',5,0.00,0),(2275,'sharon.tan1@ibm.com\'s 10/14/2021 test','sharon.tan1@ibm.com\'s 10/14/2021 Test',0,NULL,'2021-10-13 00:00:00','2022-10-14 00:00:00','0000-00-00 00:00:00',2,'highest',1,2,'2021-10-14 08:00:29','2021-10-14 08:00:29',5,0.00,0),(2276,'sharon.tan1@ibm.com\'s 10/14/2021 test','sharon.tan1@ibm.com\'s 10/14/2021 Test',0,NULL,'2021-10-13 00:00:00','2022-10-14 00:00:00','0000-00-00 00:00:00',2,'highest',1,2,'2021-10-14 08:02:38','2021-10-14 08:07:11',5,500.00,4),(2277,'sharon.tan1@ibm.com\'s 10/14/2021 test','sharon.tan1@ibm.com\'s 10/14/2021 Test',0,NULL,'2021-10-13 00:00:00','2022-10-14 00:00:00','0000-00-00 00:00:00',2,'highest',1,2,'2021-10-14 08:07:29','2021-10-14 08:08:43',5,500.00,1),(2278,'sharon.tan1@ibm.com\'s 10/14/2021 test','sharon.tan1@ibm.com\'s 10/14/2021 Test',0,NULL,'2021-10-13 00:00:00','2022-10-14 00:00:00','0000-00-00 00:00:00',2,'highest',1,2,'2021-10-14 08:10:07','2021-10-14 08:10:07',5,0.00,0),(2279,'sharon.tan1@ibm.com\'s 10/14/2021 test','sharon.tan1@ibm.com\'s 10/14/2021 Test',0,NULL,'2021-10-13 00:00:00','2022-10-14 00:00:00','0000-00-00 00:00:00',2,'highest',1,2,'2021-10-14 08:14:11','2021-10-14 08:14:11',5,0.00,0),(2280,'sharon.shiling.tan@gmail.com\'s 11/26/2021 test','sharon.shiling.tan@gmail.com\'s 11/26/2021 Test',0,NULL,'2021-11-25 00:00:00','2022-11-26 00:00:00','0000-00-00 00:00:00',2,'highest',1,2,'2021-11-26 06:16:48','2021-11-26 06:16:48',6,0.00,0),(2281,'sharon.tan1@ibm.com\'s 11/26/2021 test','sharon.tan1@ibm.com\'s 11/26/2021 Test',0,NULL,'2021-11-25 00:00:00','2022-11-26 00:00:00','0000-00-00 00:00:00',2,'highest',1,2,'2021-11-26 06:50:34','2021-11-26 06:51:14',5,500.00,1),(2282,'sharon.tan1@ibm.com\'s 11/26/2021 test','sharon.tan1@ibm.com\'s 11/26/2021 Test',0,NULL,'2021-11-25 00:00:00','2022-11-26 00:00:00','0000-00-00 00:00:00',2,'highest',1,2,'2021-11-26 06:55:09','2021-11-26 06:55:09',5,0.00,0),(2283,'sharon.tan1@ibm.com\'s 11/26/2021 test','sharon.tan1@ibm.com\'s 11/26/2021 Test',0,NULL,'2021-11-25 00:00:00','2022-11-26 00:00:00','0000-00-00 00:00:00',2,'highest',1,2,'2021-11-26 07:02:12','2021-11-26 07:02:12',5,0.00,0),(2284,'sharon.tan1@ibm.com\'s 11/26/2021 test','sharon.tan1@ibm.com\'s 11/26/2021 Test',0,NULL,'2021-11-25 00:00:00','2022-11-26 00:00:00','0000-00-00 00:00:00',2,'highest',1,2,'2021-11-26 07:10:34','2021-11-26 07:10:34',5,0.00,0),(2285,'sharon.tan1@ibm.com\'s 11/26/2021 test','sharon.tan1@ibm.com\'s 11/26/2021 Test',0,NULL,'2021-11-25 00:00:00','2022-11-26 00:00:00','0000-00-00 00:00:00',2,'highest',1,2,'2021-11-26 07:20:04','2021-11-26 07:20:04',5,0.00,0),(2286,'sharon.tan1@ibm.com\'s 11/26/2021 test','sharon.tan1@ibm.com\'s 11/26/2021 Test',0,NULL,'2021-11-25 00:00:00','2022-11-26 00:00:00','0000-00-00 00:00:00',2,'highest',1,2,'2021-11-26 07:29:44','2021-11-26 07:29:45',5,0.00,0),(2287,'sharon.tan1@ibm.com\'s 11/26/2021 test','sharon.tan1@ibm.com\'s 11/26/2021 Test',0,NULL,'2021-11-25 00:00:00','2022-11-26 00:00:00','0000-00-00 00:00:00',2,'highest',1,2,'2021-11-26 07:33:54','2021-11-30 05:54:03',5,500.00,5),(2288,'sharon.tan1@ibm.com\'s 11/30/2021 test','sharon.tan1@ibm.com\'s 11/30/2021 Test',0,NULL,'2021-11-29 00:00:00','2022-11-30 00:00:00','0000-00-00 00:00:00',2,'highest',1,2,'2021-11-30 05:58:37','2021-11-30 06:03:46',6,600.00,3),(2289,'sharon.tan1@ibm.com\'s 11/30/2021 test','sharon.tan1@ibm.com\'s 11/30/2021 Test',0,NULL,'2021-11-29 00:00:00','2022-11-30 00:00:00','0000-00-00 00:00:00',2,'highest',1,2,'2021-11-30 06:10:06','2021-11-30 06:10:06',6,0.00,0),(2290,'sharon.tan1@ibm.com\'s 11/30/2021 test','sharon.tan1@ibm.com\'s 11/30/2021 Test',0,NULL,'2021-11-29 00:00:00','2022-11-30 00:00:00','0000-00-00 00:00:00',2,'highest',1,2,'2021-11-30 06:13:07','2021-11-30 06:13:07',6,0.00,0),(2291,'sharon.tan1@ibm.com\'s 11/30/2021 test','sharon.tan1@ibm.com\'s 11/30/2021 Test',0,NULL,'2021-11-29 00:00:00','2022-11-30 00:00:00','0000-00-00 00:00:00',2,'highest',1,2,'2021-11-30 06:15:46','2021-11-30 06:15:47',6,0.00,0),(2292,'sharon.shiling.tan@gmail.com\'s 11/30/2021 test','sharon.shiling.tan@gmail.com\'s 11/30/2021 Test',0,NULL,'2021-11-29 00:00:00','2022-11-30 00:00:00','0000-00-00 00:00:00',2,'highest',1,2,'2021-11-30 06:25:38','2021-11-30 06:25:38',6,0.00,0),(2293,'pamelaliusm@gmail.com\'s 06/09/2023 test','pamelaliusm@gmail.com\'s 06/09/2023 Test',0,NULL,'2023-06-08 00:00:00','2024-06-09 00:00:00','0000-00-00 00:00:00',2,'highest',1,2,'2023-06-09 01:45:27','2023-06-09 01:45:27',4,0.00,0),(2294,'japher_lim@yahoo.com.sg\'s Diagnostic test','japher_lim@yahoo.com.sg\'s diagnostic test 2023-06-13',1,NULL,'2023-06-12 00:00:00','2024-06-13 00:00:00','0000-00-00 00:00:00',2,'highest',1,2,'2023-06-13 06:47:41','2023-06-13 07:43:03',3,0.00,0),(2295,'japher_lim@yahoo.com.sg\'s 06/13/2023 test','japher_lim@yahoo.com.sg\'s 06/13/2023 Test',0,NULL,'2023-06-12 00:00:00','2024-06-13 00:00:00','0000-00-00 00:00:00',2,'highest',1,2,'2023-06-13 07:43:07','2023-06-13 07:43:07',3,0.00,0),(2296,'japher_lim@yahoo.com.sg\'s 06/13/2023 test','japher_lim@yahoo.com.sg\'s 06/13/2023 Test',0,NULL,'2023-06-12 00:00:00','2024-06-13 00:00:00','0000-00-00 00:00:00',2,'highest',1,2,'2023-06-13 21:37:30','2023-06-13 22:03:37',3,300.00,4),(2297,'japher_lim@yahoo.com.sg\'s 06/19/2023 test','japher_lim@yahoo.com.sg\'s 06/19/2023 Test',0,NULL,'2023-06-18 00:00:00','2024-06-19 00:00:00','0000-00-00 00:00:00',2,'highest',1,2,'2023-06-19 07:34:08','2023-06-19 07:34:08',3,0.00,0),(2298,'Free Diagnostic for suki@suki.com on 2024-04-10','Automatically generated free diagnostic test',1,NULL,'2024-04-10 23:30:44','2025-04-10 23:30:44','2025-04-10 23:30:44',2,'highest',2,2,'2024-04-10 23:30:44','2024-04-10 23:30:44',NULL,0.00,0),(2299,'suki@suki.com\'s Addition and Subtraction to 100 tracktest','suki@suki.com\'s 04/10/2024 Addition and Subtraction to 100 tracktest',0,NULL,'2024-04-09 00:00:00','2025-04-10 00:00:00','0000-00-00 00:00:00',2,'highest',1,2,'2024-04-10 23:39:28','2024-04-10 23:39:28',NULL,0.00,0),(2300,'limkangsong94@gmail.com\'s Numbers up to 100 tracktest','limkangsong94@gmail.com\'s 04/11/2024 Numbers up to 100 tracktest',0,NULL,'2024-04-10 00:00:00','2025-04-11 00:00:00','0000-00-00 00:00:00',2,'highest',1,2,'2024-04-11 00:43:37','2024-04-11 00:43:37',NULL,0.00,0),(2301,'limkangsong94@gmail.com\'s Addition and Subtraction to 100 tracktest','limkangsong94@gmail.com\'s 04/11/2024 Addition and Subtraction to 100 tracktest',0,NULL,'2024-04-10 00:00:00','2025-04-11 00:00:00','0000-00-00 00:00:00',2,'highest',1,2,'2024-04-11 00:46:09','2024-04-11 00:46:09',NULL,0.00,0),(2302,'limkangsong94@gmail.com\'s Length Year 1 tracktest','limkangsong94@gmail.com\'s 04/11/2024 Length Year 1 tracktest',0,NULL,'2024-04-10 00:00:00','2025-04-11 00:00:00','0000-00-00 00:00:00',2,'highest',1,2,'2024-04-11 00:46:26','2024-04-11 00:46:26',NULL,0.00,0),(2303,'limkangsong94@gmail.com\'s Time Year 1 tracktest','limkangsong94@gmail.com\'s 04/11/2024 Time Year 1 tracktest',0,NULL,'2024-04-10 00:00:00','2025-04-11 00:00:00','0000-00-00 00:00:00',2,'highest',1,2,'2024-04-11 00:47:41','2024-04-11 00:50:53',2,0.00,0),(2304,'suki@suki.com\'s Length Year 1 tracktest','suki@suki.com\'s 04/11/2024 Length Year 1 tracktest',0,NULL,'2024-04-10 00:00:00','2025-04-11 00:00:00','0000-00-00 00:00:00',2,'highest',1,2,'2024-04-11 00:48:22','2024-04-11 14:18:38',2,0.00,0),(2305,'suki@suki.com\'s Numbers up to 100 tracktest','suki@suki.com\'s 04/11/2024 Numbers up to 100 tracktest',0,NULL,'2024-04-10 00:00:00','2025-04-11 00:00:00','0000-00-00 00:00:00',2,'highest',1,2,'2024-04-11 00:49:38','2024-04-11 00:49:38',NULL,0.00,0),(2306,'limkangsong94@gmail.com\'s Numbers up to 1000 tracktest','limkangsong94@gmail.com\'s 04/11/2024 Numbers up to 1000 tracktest',0,NULL,'2024-04-10 00:00:00','2025-04-11 00:00:00','0000-00-00 00:00:00',2,'highest',1,2,'2024-04-11 14:03:08','2024-04-11 14:03:08',NULL,0.00,0),(2307,'limkangsong94@gmail.com\'s Money Year 1 tracktest','limkangsong94@gmail.com\'s 04/11/2024 Money Year 1 tracktest',0,NULL,'2024-04-10 00:00:00','2025-04-11 00:00:00','0000-00-00 00:00:00',2,'highest',1,2,'2024-04-11 14:03:31','2024-04-11 14:03:31',NULL,0.00,0),(2308,'limkangsong94@gmail.com\'s Money Year 3 tracktest','limkangsong94@gmail.com\'s 04/11/2024 Money Year 3 tracktest',0,NULL,'2024-04-10 00:00:00','2025-04-11 00:00:00','0000-00-00 00:00:00',2,'highest',1,2,'2024-04-11 14:04:41','2024-04-11 14:06:17',2,0.00,0),(2309,'suki@suki.com\'s Money Year 2 tracktest','suki@suki.com\'s 04/11/2024 Money Year 2 tracktest',0,NULL,'2024-04-10 00:00:00','2025-04-11 00:00:00','0000-00-00 00:00:00',2,'highest',1,2,'2024-04-11 15:37:12','2024-04-11 15:50:23',2,300.00,19),(2310,'K-6 Maths\'s 04/11/2024 Test','K-6 Maths\'s 04/11/2024 Test',1,NULL,'2024-04-10 00:00:00','2024-05-11 00:00:00','0000-00-00 00:00:00',2,'highest',1,2,'2024-04-11 15:50:45','2024-04-11 15:50:45',2,0.00,0),(2311,'K-6 Maths\'s 04/11/2024 Test','K-6 Maths\'s 04/11/2024 Test',1,NULL,'2024-04-10 00:00:00','2024-05-11 00:00:00','0000-00-00 00:00:00',2,'highest',1,2,'2024-04-11 15:50:46','2024-04-11 15:50:46',2,0.00,0),(2312,'K-6 Maths\'s 04/11/2024 Test','K-6 Maths\'s 04/11/2024 Test',1,NULL,'2024-04-10 00:00:00','2024-05-11 00:00:00','0000-00-00 00:00:00',2,'highest',1,2,'2024-04-11 15:50:48','2024-04-11 15:50:48',2,0.00,0),(2313,'K-6 Maths\'s 04/11/2024 Test','K-6 Maths\'s 04/11/2024 Test',1,NULL,'2024-04-10 00:00:00','2024-05-11 00:00:00','0000-00-00 00:00:00',2,'highest',1,2,'2024-04-11 15:50:58','2024-04-11 15:50:58',2,0.00,0),(2314,'K-6 Maths\'s 04/11/2024 Test','K-6 Maths\'s 04/11/2024 Test',1,NULL,'2024-04-10 00:00:00','2024-05-11 00:00:00','0000-00-00 00:00:00',2,'highest',1,2,'2024-04-11 15:50:59','2024-04-11 15:50:59',2,0.00,0),(2315,'K-6 Maths\'s 04/11/2024 Test','K-6 Maths\'s 04/11/2024 Test',1,NULL,'2024-04-10 00:00:00','2024-05-11 00:00:00','0000-00-00 00:00:00',2,'highest',1,2,'2024-04-11 15:50:59','2024-04-11 15:50:59',2,0.00,0),(2316,'suki@suki.com\'s Money Year 1 tracktest','suki@suki.com\'s 04/11/2024 Money Year 1 tracktest',0,NULL,'2024-04-10 00:00:00','2025-04-11 00:00:00','0000-00-00 00:00:00',2,'highest',1,2,'2024-04-11 21:38:15','2024-04-11 21:42:19',2,0.00,0),(2317,'suki@suki.com diagnostic 04/12/2024 Test','suki@suki.com diagnostic 04/12/2024 Test',1,NULL,'2024-04-11 00:00:00','2024-05-12 00:00:00','0000-00-00 00:00:00',2,'highest',1,2,'2024-04-12 02:37:50','2024-04-12 02:37:50',2,0.00,0),(2318,'suki@suki.com diagnostic 04/12/2024 Test','suki@suki.com diagnostic 04/12/2024 Test',1,NULL,'2024-04-11 00:00:00','2024-05-12 00:00:00','0000-00-00 00:00:00',2,'highest',1,2,'2024-04-12 02:42:05','2024-04-12 02:42:05',2,0.00,0),(2319,'limkangsong94@gmail.com\'s Money Year 2 tracktest','limkangsong94@gmail.com\'s 04/12/2024 Money Year 2 tracktest',0,NULL,'2024-04-11 00:00:00','2025-04-12 00:00:00','0000-00-00 00:00:00',2,'highest',1,2,'2024-04-12 02:42:53','2024-04-12 02:42:53',NULL,0.00,0),(2320,'limkangsong94@gmail.com diagnostic 04/12/2024 Test','limkangsong94@gmail.com diagnostic 04/12/2024 Test',1,NULL,'2024-04-11 00:00:00','2024-05-12 00:00:00','0000-00-00 00:00:00',2,'highest',1,2,'2024-04-12 03:43:04','2024-04-12 03:43:04',2,0.00,0),(2321,'limkangsong94@gmail.com\'s Money Year 3 tracktest','limkangsong94@gmail.com\'s 04/12/2024 Money Year 3 tracktest',0,NULL,'2024-04-11 00:00:00','2025-04-12 00:00:00','0000-00-00 00:00:00',2,'highest',1,2,'2024-04-12 03:44:01','2024-04-12 03:46:19',NULL,400.00,3),(2322,'','',0,NULL,'2018-05-03 00:00:00','2019-05-04 00:00:00','0000-00-00 00:00:00',2,'highest',1,2,'2024-04-23 05:46:12','2024-04-23 05:46:12',NULL,0.00,0),(2323,'pamelaliusm@gmail.com standard 04/23/2024 Test for ','pamelaliusm@gmail.com standard 04/23/2024 Test for ',0,NULL,'2024-04-22 00:00:00','2024-05-23 00:00:00','0000-00-00 00:00:00',2,'highest',1,2,'2024-04-23 05:46:12','2024-04-23 05:46:12',2,0.00,0),(2324,'','',0,NULL,'2018-05-03 00:00:00','2019-05-04 00:00:00','0000-00-00 00:00:00',2,'highest',1,2,'2024-04-23 05:46:17','2024-04-23 05:46:17',NULL,0.00,0),(2325,'Random 04/23/2024 Test for pamelaliusm@gmail.com','Random 04/23/2024 Test',0,NULL,'2024-04-22 00:00:00','2024-05-23 00:00:00','0000-00-00 00:00:00',2,'highest',1,2,'2024-04-23 05:46:17','2024-04-23 05:46:17',NULL,0.00,0),(2326,'pamelaliusm@gmail.com\'s Numbers up to 100 tracktest','pamelaliusm@gmail.com\'s 04/23/2024 Numbers up to 100 tracktest',0,NULL,'2024-04-22 00:00:00','2025-04-23 00:00:00','0000-00-00 00:00:00',2,'highest',1,2,'2024-04-23 05:46:23','2024-04-23 05:46:23',NULL,0.00,0),(2327,'','',0,NULL,'2018-05-03 00:00:00','2019-05-04 00:00:00','0000-00-00 00:00:00',2,'highest',1,2,'2024-04-23 11:43:48','2024-04-23 11:43:48',NULL,0.00,0),(2328,'','',0,NULL,'2018-05-03 00:00:00','2019-05-04 00:00:00','0000-00-00 00:00:00',2,'highest',1,2,'2024-04-23 11:44:04','2024-04-23 11:44:04',NULL,0.00,0),(2329,'pamelaliusm@gmail.com standard 04/23/2024 Test for ','pamelaliusm@gmail.com standard 04/23/2024 Test for ',0,NULL,'2024-04-22 00:00:00','2024-05-23 00:00:00','0000-00-00 00:00:00',2,'highest',1,2,'2024-04-23 11:44:04','2024-04-23 11:44:04',2,0.00,0),(2330,'','',0,NULL,'2018-05-03 00:00:00','2019-05-04 00:00:00','0000-00-00 00:00:00',2,'highest',1,2,'2024-04-23 11:49:50','2024-04-23 11:49:50',NULL,0.00,0),(2331,'pamelaliusm@gmail.com standard 04/23/2024 Test for ','pamelaliusm@gmail.com standard 04/23/2024 Test for ',0,NULL,'2024-04-22 00:00:00','2024-05-23 00:00:00','0000-00-00 00:00:00',2,'highest',1,2,'2024-04-23 11:49:50','2024-04-23 12:01:58',2,200.00,1),(2332,'','',0,NULL,'2018-05-03 00:00:00','2019-05-04 00:00:00','0000-00-00 00:00:00',2,'highest',1,2,'2024-04-23 12:06:52','2024-04-23 12:06:52',NULL,0.00,0),(2333,'pamelaliusm@gmail.com standard 04/23/2024 Test for ','pamelaliusm@gmail.com standard 04/23/2024 Test for ',0,NULL,'2024-04-22 00:00:00','2024-05-23 00:00:00','0000-00-00 00:00:00',2,'highest',1,2,'2024-04-23 12:06:52','2024-04-23 12:06:52',2,0.00,0),(2334,'','',0,NULL,'2018-05-03 00:00:00','2019-05-04 00:00:00','0000-00-00 00:00:00',2,'highest',1,2,'2024-04-23 12:08:18','2024-04-23 12:08:18',NULL,0.00,0),(2335,'pamelaliusm@gmail.com standard 04/23/2024 Test for ','pamelaliusm@gmail.com standard 04/23/2024 Test for ',0,NULL,'2024-04-22 00:00:00','2024-05-23 00:00:00','0000-00-00 00:00:00',2,'highest',1,2,'2024-04-23 12:08:18','2024-04-23 12:08:18',2,0.00,0),(2336,'','',0,NULL,'2018-05-03 00:00:00','2019-05-04 00:00:00','0000-00-00 00:00:00',2,'highest',1,2,'2024-04-24 05:27:22','2024-04-24 05:27:22',NULL,0.00,0),(2337,'Random 04/24/2024 Test for limkangsong94@gmail.com','Random 04/24/2024 Test',0,NULL,'2024-04-23 00:00:00','2024-05-24 00:00:00','0000-00-00 00:00:00',2,'highest',1,2,'2024-04-24 05:27:22','2024-04-24 05:27:22',NULL,0.00,0),(2338,'','',0,NULL,'2018-05-03 00:00:00','2019-05-04 00:00:00','0000-00-00 00:00:00',2,'highest',1,2,'2024-04-24 05:59:09','2024-04-24 05:59:09',NULL,0.00,0),(2339,'pamelaliusm@gmail.com standard 04/24/2024 Test for ','pamelaliusm@gmail.com standard 04/24/2024 Test for ',0,NULL,'2024-04-23 00:00:00','2024-05-24 00:00:00','0000-00-00 00:00:00',2,'highest',1,2,'2024-04-24 05:59:09','2024-04-24 05:59:09',2,0.00,0),(2340,'','',0,NULL,'2018-05-03 00:00:00','2019-05-04 00:00:00','0000-00-00 00:00:00',2,'highest',1,2,'2024-04-24 05:59:38','2024-04-24 05:59:38',NULL,0.00,0),(2341,'pamelaliusm@gmail.com standard 04/24/2024 Test for ','pamelaliusm@gmail.com standard 04/24/2024 Test for ',0,NULL,'2024-04-23 00:00:00','2024-05-24 00:00:00','0000-00-00 00:00:00',2,'highest',1,2,'2024-04-24 05:59:38','2024-04-24 05:59:38',2,0.00,0),(2342,'','',0,NULL,'2018-05-03 00:00:00','2019-05-04 00:00:00','0000-00-00 00:00:00',2,'highest',1,2,'2024-04-24 22:55:22','2024-04-24 22:55:22',NULL,0.00,0),(2343,'pamelaliusm@gmail.com standard 04/24/2024 Test for ','pamelaliusm@gmail.com standard 04/24/2024 Test for ',0,NULL,'2024-04-23 00:00:00','2024-05-24 00:00:00','0000-00-00 00:00:00',2,'highest',1,2,'2024-04-24 22:55:22','2024-04-24 22:55:22',2,0.00,0),(2344,'Free Diagnostic for Japher Lim on 2024-04-25','Automatically generated free diagnostic test',1,NULL,'2024-04-25 04:32:17','2025-04-25 04:32:17','2025-04-25 04:32:17',2,'highest',2,2,'2024-04-25 04:32:17','2024-04-25 04:32:17',NULL,0.00,0),(2345,'','',0,NULL,'2018-05-03 00:00:00','2019-05-04 00:00:00','0000-00-00 00:00:00',2,'highest',1,2,'2024-04-25 06:14:46','2024-04-25 06:14:46',NULL,0.00,0),(2346,'pamelaliusm@gmail.com standard 04/25/2024 Test for ','pamelaliusm@gmail.com standard 04/25/2024 Test for ',0,NULL,'2024-04-24 00:00:00','2024-05-25 00:00:00','0000-00-00 00:00:00',2,'highest',1,2,'2024-04-25 06:14:46','2024-04-25 06:14:46',2,0.00,0),(2347,'','',0,NULL,'2018-05-03 00:00:00','2019-05-04 00:00:00','0000-00-00 00:00:00',2,'highest',1,2,'2024-04-25 08:56:52','2024-04-25 08:56:52',NULL,0.00,0),(2348,'japher_lim@yahoo.com.sg standard 04/25/2024 Test for ','japher_lim@yahoo.com.sg standard 04/25/2024 Test for ',0,NULL,'2024-04-24 00:00:00','2024-05-25 00:00:00','0000-00-00 00:00:00',2,'highest',1,2,'2024-04-25 08:56:52','2024-04-25 08:56:52',2,0.00,0),(2349,'japher_lim@yahoo.com.sg\'s Numbers up to 100 tracktest','japher_lim@yahoo.com.sg\'s 04/25/2024 Numbers up to 100 tracktest',0,NULL,'2024-04-24 00:00:00','2025-04-25 00:00:00','0000-00-00 00:00:00',2,'highest',1,2,'2024-04-25 08:59:41','2024-04-25 08:59:41',NULL,0.00,0),(2350,'japher_lim@yahoo.com.sg\'s Addition and Subtraction to 100 tracktest','japher_lim@yahoo.com.sg\'s 04/26/2024 Addition and Subtraction to 100 tracktest',0,NULL,'2024-04-25 00:00:00','2025-04-26 00:00:00','0000-00-00 00:00:00',2,'highest',1,2,'2024-04-26 02:47:00','2024-04-26 02:47:00',NULL,0.00,0),(2351,'','',0,NULL,'2018-05-03 00:00:00','2019-05-04 00:00:00','0000-00-00 00:00:00',2,'highest',1,2,'2024-04-26 02:54:16','2024-04-26 02:54:16',NULL,0.00,0),(2352,'pamelaliusm@gmail.com standard 04/26/2024 Test for ','pamelaliusm@gmail.com standard 04/26/2024 Test for ',0,NULL,'2024-04-25 00:00:00','2024-05-26 00:00:00','0000-00-00 00:00:00',2,'highest',1,2,'2024-04-26 02:54:16','2024-04-26 02:54:16',2,0.00,0),(2353,'','',0,NULL,'2018-05-03 00:00:00','2019-05-04 00:00:00','0000-00-00 00:00:00',2,'highest',1,2,'2024-04-26 10:56:03','2024-04-26 10:56:03',NULL,0.00,0),(2354,'pamelaliusm@gmail.com standard 04/26/2024 Test for ','pamelaliusm@gmail.com standard 04/26/2024 Test for ',0,NULL,'2024-04-25 00:00:00','2024-05-26 00:00:00','0000-00-00 00:00:00',2,'highest',1,2,'2024-04-26 10:56:03','2024-04-26 10:56:03',2,0.00,0),(2355,'','',0,NULL,'2018-05-03 00:00:00','2019-05-04 00:00:00','0000-00-00 00:00:00',2,'highest',1,2,'2024-04-26 10:57:52','2024-04-26 10:57:52',NULL,0.00,0),(2356,'pamelaliusm@gmail.com standard 04/26/2024 Test for ','pamelaliusm@gmail.com standard 04/26/2024 Test for ',0,NULL,'2024-04-25 00:00:00','2024-05-26 00:00:00','0000-00-00 00:00:00',2,'highest',1,2,'2024-04-26 10:57:52','2024-04-26 10:57:52',2,0.00,0),(2357,'','',0,NULL,'2018-05-03 00:00:00','2019-05-04 00:00:00','0000-00-00 00:00:00',2,'highest',1,2,'2024-04-26 10:57:57','2024-04-26 10:57:57',NULL,0.00,0),(2358,'','',0,NULL,'2018-05-03 00:00:00','2019-05-04 00:00:00','0000-00-00 00:00:00',2,'highest',1,2,'2024-04-26 10:59:38','2024-04-26 10:59:38',NULL,0.00,0),(2359,'pamelaliusm@gmail.com standard 04/26/2024 Test for ','pamelaliusm@gmail.com standard 04/26/2024 Test for ',0,NULL,'2024-04-25 00:00:00','2024-05-26 00:00:00','0000-00-00 00:00:00',2,'highest',1,2,'2024-04-26 10:59:38','2024-04-26 10:59:38',2,0.00,0),(2360,'','',0,NULL,'2018-05-03 00:00:00','2019-05-04 00:00:00','0000-00-00 00:00:00',2,'highest',1,2,'2024-04-26 11:20:11','2024-04-26 11:20:11',NULL,0.00,0),(2361,'pamelaliusm@gmail.com standard 04/26/2024 Test for ','pamelaliusm@gmail.com standard 04/26/2024 Test for ',0,NULL,'2024-04-25 00:00:00','2024-05-26 00:00:00','0000-00-00 00:00:00',2,'highest',1,2,'2024-04-26 11:20:11','2024-04-26 11:20:11',2,0.00,0),(2362,'Free Diagnostic for aqibchdev@gmail.com on 2024-04-26','Automatically generated free diagnostic test',1,NULL,'2024-04-26 11:22:06','2025-04-26 11:22:06','2025-04-26 11:22:06',2,'highest',2,2,'2024-04-26 11:22:06','2024-04-26 11:22:06',NULL,0.00,0),(2363,'Free Diagnostic for TALHA FAROOQI on 2024-04-26','Automatically generated free diagnostic test',1,NULL,'2024-04-26 12:26:22','2025-04-26 12:26:22','2025-04-26 12:26:22',2,'highest',2,2,'2024-04-26 12:26:22','2024-04-26 12:26:22',NULL,0.00,0),(2364,'','',0,NULL,'2018-05-03 00:00:00','2019-05-04 00:00:00','0000-00-00 00:00:00',2,'highest',1,2,'2024-04-30 11:59:47','2024-04-30 11:59:47',NULL,0.00,0),(2365,'pamelaliusm@gmail.com standard 04/30/2024 Test for ','pamelaliusm@gmail.com standard 04/30/2024 Test for ',0,NULL,'2024-04-29 00:00:00','2024-05-30 00:00:00','0000-00-00 00:00:00',2,'highest',1,2,'2024-04-30 11:59:47','2024-04-30 11:59:47',2,0.00,0),(2366,'','',0,NULL,'2018-05-03 00:00:00','2019-05-04 00:00:00','0000-00-00 00:00:00',2,'highest',1,2,'2024-04-30 12:02:44','2024-04-30 12:02:44',NULL,0.00,0),(2367,'','',0,NULL,'2018-05-03 00:00:00','2019-05-04 00:00:00','0000-00-00 00:00:00',2,'highest',1,2,'2024-04-30 12:03:47','2024-04-30 12:03:47',NULL,0.00,0),(2368,'','',0,NULL,'2018-05-03 00:00:00','2019-05-04 00:00:00','0000-00-00 00:00:00',2,'highest',1,2,'2024-04-30 17:34:26','2024-04-30 17:34:26',NULL,0.00,0),(2369,'','',0,NULL,'2018-05-03 00:00:00','2019-05-04 00:00:00','0000-00-00 00:00:00',2,'highest',1,2,'2024-04-30 17:34:58','2024-04-30 17:34:58',NULL,0.00,0),(2370,'','',0,NULL,'2018-05-03 00:00:00','2019-05-04 00:00:00','0000-00-00 00:00:00',2,'highest',1,2,'2024-04-30 17:34:58','2024-04-30 17:34:58',NULL,0.00,0),(2371,'','',0,NULL,'2018-05-03 00:00:00','2019-05-04 00:00:00','0000-00-00 00:00:00',2,'highest',1,2,'2024-04-30 17:34:58','2024-04-30 17:34:58',NULL,0.00,0),(2372,'','',0,NULL,'2018-05-03 00:00:00','2019-05-04 00:00:00','0000-00-00 00:00:00',2,'highest',1,2,'2024-04-30 17:34:58','2024-04-30 17:34:58',NULL,0.00,0),(2373,'','',0,NULL,'2018-05-03 00:00:00','2019-05-04 00:00:00','0000-00-00 00:00:00',2,'highest',1,2,'2024-04-30 17:34:59','2024-04-30 17:34:59',NULL,0.00,0),(2374,'','',0,NULL,'2018-05-03 00:00:00','2019-05-04 00:00:00','0000-00-00 00:00:00',2,'highest',1,2,'2024-04-30 17:34:59','2024-04-30 17:34:59',NULL,0.00,0),(2375,'','',0,NULL,'2018-05-03 00:00:00','2019-05-04 00:00:00','0000-00-00 00:00:00',2,'highest',1,2,'2024-04-30 17:34:59','2024-04-30 17:34:59',NULL,0.00,0),(2376,'','',0,NULL,'2018-05-03 00:00:00','2019-05-04 00:00:00','0000-00-00 00:00:00',2,'highest',1,2,'2024-05-01 15:12:54','2024-05-01 15:12:54',NULL,0.00,0),(2377,'','',0,NULL,'2018-05-03 00:00:00','2019-05-04 00:00:00','0000-00-00 00:00:00',2,'highest',1,2,'2024-05-01 15:12:55','2024-05-01 15:12:55',NULL,0.00,0),(2378,'','',0,NULL,'2018-05-03 00:00:00','2019-05-04 00:00:00','0000-00-00 00:00:00',2,'highest',1,2,'2024-05-01 15:13:03','2024-05-01 15:13:03',NULL,0.00,0),(2379,'','',0,NULL,'2018-05-03 00:00:00','2019-05-04 00:00:00','0000-00-00 00:00:00',2,'highest',1,2,'2024-05-01 15:13:04','2024-05-01 15:13:04',NULL,0.00,0),(2380,'','',0,NULL,'2018-05-03 00:00:00','2019-05-04 00:00:00','0000-00-00 00:00:00',2,'highest',1,2,'2024-05-01 15:13:07','2024-05-01 15:13:07',NULL,0.00,0),(2381,'','',0,NULL,'2018-05-03 00:00:00','2019-05-04 00:00:00','0000-00-00 00:00:00',2,'highest',1,2,'2024-05-01 15:13:08','2024-05-01 15:13:08',NULL,0.00,0),(2382,'','',0,NULL,'2018-05-03 00:00:00','2019-05-04 00:00:00','0000-00-00 00:00:00',2,'highest',1,2,'2024-05-01 15:13:09','2024-05-01 15:13:09',NULL,0.00,0),(2383,'','',0,NULL,'2018-05-03 00:00:00','2019-05-04 00:00:00','0000-00-00 00:00:00',2,'highest',1,2,'2024-05-01 15:19:39','2024-05-01 15:19:39',NULL,0.00,0),(2384,'','',0,NULL,'2018-05-03 00:00:00','2019-05-04 00:00:00','0000-00-00 00:00:00',2,'highest',1,2,'2024-05-01 15:19:40','2024-05-01 15:19:40',NULL,0.00,0),(2385,'','',0,NULL,'2018-05-03 00:00:00','2019-05-04 00:00:00','0000-00-00 00:00:00',2,'highest',1,2,'2024-05-03 10:36:28','2024-05-03 10:36:28',NULL,0.00,0),(2386,'','',0,NULL,'2018-05-03 00:00:00','2019-05-04 00:00:00','0000-00-00 00:00:00',2,'highest',1,2,'2024-05-03 17:38:05','2024-05-03 17:38:05',NULL,0.00,0),(2387,'','',0,NULL,'2018-05-03 00:00:00','2019-05-04 00:00:00','0000-00-00 00:00:00',2,'highest',1,2,'2024-05-03 17:57:07','2024-05-03 17:57:07',NULL,0.00,0),(2388,'','',0,NULL,'2018-05-03 00:00:00','2019-05-04 00:00:00','0000-00-00 00:00:00',2,'highest',1,2,'2024-05-04 00:42:37','2024-05-04 00:42:37',NULL,0.00,0),(2389,'pamelaliusm@gmail.com standard 05/04/2024 Test for ','pamelaliusm@gmail.com standard 05/04/2024 Test for ',0,NULL,'2024-05-03 00:00:00','2024-06-04 00:00:00','0000-00-00 00:00:00',2,'highest',1,2,'2024-05-04 00:42:37','2024-05-04 00:42:37',2,0.00,0),(2390,'pamelaliusm@gmail.com\'s Decimals up to 3 decimal places tracktest','pamelaliusm@gmail.com\'s 05/04/2024 Decimals up to 3 decimal places tracktest',0,NULL,'2024-05-03 00:00:00','2025-05-04 00:00:00','0000-00-00 00:00:00',2,'highest',1,2,'2024-05-04 00:43:30','2024-05-04 00:43:30',NULL,0.00,0),(2391,'','',0,NULL,'2018-05-03 00:00:00','2019-05-04 00:00:00','0000-00-00 00:00:00',2,'highest',1,2,'2024-05-04 23:09:02','2024-05-04 23:09:02',NULL,0.00,0),(2392,'pamelaliusm@gmail.com standard 05/04/2024 Test for ','pamelaliusm@gmail.com standard 05/04/2024 Test for ',0,NULL,'2024-05-03 00:00:00','2024-06-04 00:00:00','0000-00-00 00:00:00',2,'highest',1,2,'2024-05-04 23:09:02','2024-05-04 23:09:02',2,0.00,0),(2393,'','',0,NULL,'2018-05-03 00:00:00','2019-05-04 00:00:00','0000-00-00 00:00:00',2,'highest',1,2,'2024-05-04 23:11:20','2024-05-04 23:11:20',NULL,0.00,0),(2394,'pamelaliusm@gmail.com standard 05/04/2024 Test for ','pamelaliusm@gmail.com standard 05/04/2024 Test for ',0,NULL,'2024-05-03 00:00:00','2024-06-04 00:00:00','0000-00-00 00:00:00',2,'highest',1,2,'2024-05-04 23:11:20','2024-05-04 23:11:20',2,0.00,0),(2395,'','',0,NULL,'2018-05-03 00:00:00','2019-05-04 00:00:00','0000-00-00 00:00:00',2,'highest',1,2,'2024-05-05 09:15:06','2024-05-05 09:15:06',NULL,0.00,0),(2396,'','',0,NULL,'2018-05-03 00:00:00','2019-05-04 00:00:00','0000-00-00 00:00:00',2,'highest',1,2,'2024-05-05 09:16:36','2024-05-05 09:16:36',NULL,0.00,0),(2397,'','',0,NULL,'2018-05-03 00:00:00','2019-05-04 00:00:00','0000-00-00 00:00:00',2,'highest',1,2,'2024-05-05 09:17:01','2024-05-05 09:17:01',NULL,0.00,0),(2398,'','',0,NULL,'2018-05-03 00:00:00','2019-05-04 00:00:00','0000-00-00 00:00:00',2,'highest',1,2,'2024-05-05 09:17:31','2024-05-05 09:17:31',NULL,0.00,0),(2399,'','',0,NULL,'2018-05-03 00:00:00','2019-05-04 00:00:00','0000-00-00 00:00:00',2,'highest',1,2,'2024-05-06 08:18:07','2024-05-06 08:18:07',NULL,0.00,0),(2400,'','',0,NULL,'2018-05-03 00:00:00','2019-05-04 00:00:00','0000-00-00 00:00:00',2,'highest',1,2,'2024-05-06 08:18:16','2024-05-06 08:18:16',NULL,0.00,0),(2401,'','',0,NULL,'2018-05-03 00:00:00','2019-05-04 00:00:00','0000-00-00 00:00:00',2,'highest',1,2,'2024-05-06 08:18:30','2024-05-06 08:18:30',NULL,0.00,0),(2402,'','',0,NULL,'2018-05-03 00:00:00','2019-05-04 00:00:00','0000-00-00 00:00:00',2,'highest',1,2,'2024-05-06 08:18:34','2024-05-06 08:18:34',NULL,0.00,0),(2403,'','',0,NULL,'2018-05-03 00:00:00','2019-05-04 00:00:00','0000-00-00 00:00:00',2,'highest',1,2,'2024-05-06 08:18:39','2024-05-06 08:18:39',NULL,0.00,0),(2404,'','',0,NULL,'2018-05-03 00:00:00','2019-05-04 00:00:00','0000-00-00 00:00:00',2,'highest',1,2,'2024-05-06 08:22:08','2024-05-06 08:22:08',NULL,0.00,0),(2405,'','',0,NULL,'2018-05-03 00:00:00','2019-05-04 00:00:00','0000-00-00 00:00:00',2,'highest',1,2,'2024-05-06 09:05:29','2024-05-06 09:05:29',NULL,0.00,0),(2406,'','',0,NULL,'2018-05-03 00:00:00','2019-05-04 00:00:00','0000-00-00 00:00:00',2,'highest',1,2,'2024-05-06 10:55:43','2024-05-06 10:55:43',NULL,0.00,0),(2407,'','',0,NULL,'2018-05-03 00:00:00','2019-05-04 00:00:00','0000-00-00 00:00:00',2,'highest',1,2,'2024-05-06 10:56:43','2024-05-06 10:56:43',NULL,0.00,0),(2408,'','',0,NULL,'2018-05-03 00:00:00','2019-05-04 00:00:00','0000-00-00 00:00:00',2,'highest',1,2,'2024-05-06 10:56:48','2024-05-06 10:56:48',NULL,0.00,0),(2409,'','',0,NULL,'2018-05-03 00:00:00','2019-05-04 00:00:00','0000-00-00 00:00:00',2,'highest',1,2,'2024-05-08 04:00:23','2024-05-08 04:00:23',NULL,0.00,0),(2410,'pamelaliusm@gmail.com standard 05/08/2024 Test for ','pamelaliusm@gmail.com standard 05/08/2024 Test for ',0,NULL,'2024-05-07 00:00:00','2024-06-08 00:00:00','0000-00-00 00:00:00',2,'highest',1,2,'2024-05-08 04:00:23','2024-05-08 04:00:23',2,0.00,0),(2411,'','',0,NULL,'2018-05-03 00:00:00','2019-05-04 00:00:00','0000-00-00 00:00:00',2,'highest',1,2,'2024-05-09 04:56:54','2024-05-09 04:56:54',NULL,0.00,0),(2412,'pamelaliusm@gmail.com standard 05/09/2024 Test for ','pamelaliusm@gmail.com standard 05/09/2024 Test for ',0,NULL,'2024-05-08 00:00:00','2024-06-09 00:00:00','0000-00-00 00:00:00',2,'highest',1,2,'2024-05-09 04:56:54','2024-05-09 04:56:54',2,0.00,0),(2413,'','',0,NULL,'2018-05-03 00:00:00','2019-05-04 00:00:00','0000-00-00 00:00:00',2,'highest',1,2,'2024-05-09 14:41:06','2024-05-09 14:41:06',NULL,0.00,0),(2414,'pamelaliusm@gmail.com standard 05/09/2024 Test for ','pamelaliusm@gmail.com standard 05/09/2024 Test for ',0,NULL,'2024-05-08 00:00:00','2024-06-09 00:00:00','0000-00-00 00:00:00',2,'highest',1,2,'2024-05-09 14:41:06','2024-05-09 14:41:06',2,0.00,0),(2415,'','',0,NULL,'2018-05-03 00:00:00','2019-05-04 00:00:00','0000-00-00 00:00:00',2,'highest',1,2,'2024-05-11 06:13:05','2024-05-11 06:13:05',NULL,0.00,0),(2416,'pamelaliusm@gmail.com standard 05/11/2024 Test for ','pamelaliusm@gmail.com standard 05/11/2024 Test for ',0,NULL,'2024-05-10 00:00:00','2024-06-11 00:00:00','0000-00-00 00:00:00',2,'highest',1,2,'2024-05-11 06:13:05','2024-05-11 06:13:05',2,0.00,0),(2417,'','',0,NULL,'2018-05-03 00:00:00','2019-05-04 00:00:00','0000-00-00 00:00:00',2,'highest',1,2,'2024-05-11 08:51:31','2024-05-11 08:51:31',NULL,0.00,0),(2418,'pamelaliusm@gmail.com standard 05/11/2024 Test for ','pamelaliusm@gmail.com standard 05/11/2024 Test for ',0,NULL,'2024-05-10 00:00:00','2024-06-11 00:00:00','0000-00-00 00:00:00',2,'highest',1,2,'2024-05-11 08:51:31','2024-05-11 08:51:31',2,0.00,0),(2419,'','',0,NULL,'2018-05-03 00:00:00','2019-05-04 00:00:00','0000-00-00 00:00:00',2,'highest',1,2,'2024-05-22 10:45:15','2024-05-22 10:45:15',NULL,0.00,0),(2420,'','',0,NULL,'2018-05-03 00:00:00','2019-05-04 00:00:00','0000-00-00 00:00:00',2,'highest',1,2,'2024-05-22 10:45:16','2024-05-22 10:45:16',NULL,0.00,0),(2421,'','',0,NULL,'2018-05-03 00:00:00','2019-05-04 00:00:00','0000-00-00 00:00:00',2,'highest',1,2,'2024-05-22 10:45:16','2024-05-22 10:45:16',NULL,0.00,0),(2422,'','',0,NULL,'2018-05-03 00:00:00','2019-05-04 00:00:00','0000-00-00 00:00:00',2,'highest',1,2,'2024-05-22 12:06:46','2024-05-22 12:06:46',NULL,0.00,0),(2423,'','',0,NULL,'2018-05-03 00:00:00','2019-05-04 00:00:00','0000-00-00 00:00:00',2,'highest',1,2,'2024-05-22 12:06:46','2024-05-22 12:06:46',NULL,0.00,0),(2424,'','',0,NULL,'2018-05-03 00:00:00','2019-05-04 00:00:00','0000-00-00 00:00:00',2,'highest',1,2,'2024-05-22 18:35:55','2024-05-22 18:35:55',NULL,0.00,0),(2425,'','',0,NULL,'2018-05-03 00:00:00','2019-05-04 00:00:00','0000-00-00 00:00:00',2,'highest',1,2,'2024-05-22 18:36:15','2024-05-22 18:36:15',NULL,0.00,0),(2426,'','',0,NULL,'2018-05-03 00:00:00','2019-05-04 00:00:00','0000-00-00 00:00:00',2,'highest',1,2,'2024-05-22 18:41:48','2024-05-22 18:41:48',NULL,0.00,0),(2427,'','',0,NULL,'2018-05-03 00:00:00','2019-05-04 00:00:00','0000-00-00 00:00:00',2,'highest',1,2,'2024-05-22 18:41:53','2024-05-22 18:41:53',NULL,0.00,0),(2428,'','',0,NULL,'2018-05-03 00:00:00','2019-05-04 00:00:00','0000-00-00 00:00:00',2,'highest',1,2,'2024-05-22 18:42:38','2024-05-22 18:42:38',NULL,0.00,0),(2429,'','',0,NULL,'2018-05-03 00:00:00','2019-05-04 00:00:00','0000-00-00 00:00:00',2,'highest',1,2,'2024-05-22 18:42:49','2024-05-22 18:42:49',NULL,0.00,0),(2430,'','',0,NULL,'2018-05-03 00:00:00','2019-05-04 00:00:00','0000-00-00 00:00:00',2,'highest',1,2,'2024-05-22 18:42:56','2024-05-22 18:42:56',NULL,0.00,0),(2431,'','',0,NULL,'2018-05-03 00:00:00','2019-05-04 00:00:00','0000-00-00 00:00:00',2,'highest',1,2,'2024-05-22 19:02:56','2024-05-22 19:02:56',NULL,0.00,0),(2432,'','',0,NULL,'2018-05-03 00:00:00','2019-05-04 00:00:00','0000-00-00 00:00:00',2,'highest',1,2,'2024-05-22 19:04:24','2024-05-22 19:04:24',NULL,0.00,0),(2433,'','',0,NULL,'2018-05-03 00:00:00','2019-05-04 00:00:00','0000-00-00 00:00:00',2,'highest',1,2,'2024-05-22 21:12:34','2024-05-22 21:12:34',NULL,0.00,0),(2434,'','',0,NULL,'2018-05-03 00:00:00','2019-05-04 00:00:00','0000-00-00 00:00:00',2,'highest',1,2,'2024-05-22 21:12:35','2024-05-22 21:12:35',NULL,0.00,0),(2435,'','',0,NULL,'2018-05-03 00:00:00','2019-05-04 00:00:00','0000-00-00 00:00:00',2,'highest',1,2,'2024-05-23 08:31:40','2024-05-23 08:31:40',NULL,0.00,0),(2436,'','',0,NULL,'2018-05-03 00:00:00','2019-05-04 00:00:00','0000-00-00 00:00:00',2,'highest',1,2,'2024-05-23 09:13:31','2024-05-23 09:13:31',NULL,0.00,0),(2437,'','',0,NULL,'2018-05-03 00:00:00','2019-05-04 00:00:00','0000-00-00 00:00:00',2,'highest',1,2,'2024-05-23 17:34:52','2024-05-23 17:34:52',NULL,0.00,0);

--
-- Table structure for table `track_track`
--

CREATE TABLE `track_track` (
  `preReq_track_id` int(10) unsigned NOT NULL,
  `track_id` int(10) unsigned NOT NULL,
  `created_at` timestamp NULL DEFAULT NULL,
  `updated_at` timestamp NULL DEFAULT NULL,
  PRIMARY KEY (`preReq_track_id`,`track_id`),
  KEY `track_track_track_id_foreign` (`track_id`),
  CONSTRAINT `track_track_prereq_track_id_foreign` FOREIGN KEY (`preReq_track_id`) REFERENCES `tracks` (`id`) ON DELETE CASCADE,
  CONSTRAINT `track_track_track_id_foreign` FOREIGN KEY (`track_id`) REFERENCES `tracks` (`id`) ON DELETE CASCADE
) ENGINE=InnoDB DEFAULT CHARSET=utf8 COLLATE=utf8_unicode_ci;

--
-- Dumping data for table `track_track`
--

INSERT INTO `track_track` VALUES (1,2,'2018-05-03 21:17:14','2018-05-03 21:17:14'),(2,3,'2018-05-03 21:17:14','2018-05-03 21:17:14'),(3,4,'2018-05-03 21:17:14','2018-05-03 21:17:14'),(4,5,'2018-05-03 21:17:14','2018-05-03 21:17:14'),(5,6,'2018-05-03 21:17:14','2018-05-03 21:17:14'),(6,7,'2018-05-03 21:17:14','2018-05-03 21:17:14');

--
-- Table structure for table `track_user`
--

CREATE TABLE `track_user` (
  `track_id` int(10) unsigned NOT NULL,
  `user_id` int(10) unsigned NOT NULL,
  `track_maxile` decimal(6,2) NOT NULL DEFAULT '0.00',
  `track_passed` tinyint(1) NOT NULL DEFAULT '0',
  `track_test_date` datetime DEFAULT NULL,
  `created_at` timestamp NULL DEFAULT NULL,
  `updated_at` timestamp NULL DEFAULT NULL,
  `doneNess` decimal(5,2) NOT NULL DEFAULT '0.00',
  PRIMARY KEY (`track_id`,`user_id`),
  KEY `track_user_user_id_foreign` (`user_id`),
  CONSTRAINT `track_user_track_id_foreign` FOREIGN KEY (`track_id`) REFERENCES `tracks` (`id`) ON DELETE CASCADE,
  CONSTRAINT `track_user_user_id_foreign` FOREIGN KEY (`user_id`) REFERENCES `users` (`id`) ON DELETE CASCADE
) ENGINE=InnoDB DEFAULT CHARSET=utf8 COLLATE=utf8_unicode_ci;

--
-- Dumping data for table `track_user`
--

INSERT INTO `track_user` VALUES (1,2,0.00,0,'2024-04-30 12:02:09','2024-04-23 05:46:12','2024-04-30 12:02:09',0.00),(2,3,200.00,1,'2024-04-26 02:47:20','2024-04-26 02:47:20','2024-04-26 02:47:20',0.00),(3,324,200.00,1,'2024-04-12 00:20:27','2024-04-12 00:18:04','2024-04-12 00:20:27',0.00),(4,324,200.00,1,'2024-04-12 00:20:27','2024-04-11 21:39:17','2024-04-12 00:20:27',0.00),(5,324,200.00,1,'2024-04-12 00:20:27','2024-04-11 14:18:38','2024-04-12 00:20:27',0.00),(6,324,200.00,1,'2024-04-12 00:20:27','2024-04-12 00:20:27','2024-04-12 00:20:27',0.00),(7,324,200.00,1,'2024-04-12 00:20:27','2024-04-12 00:20:27','2024-04-12 00:20:27',0.00),(8,324,0.00,0,'2024-04-12 00:20:27','2024-04-12 00:20:27','2024-04-12 00:20:27',0.00),(9,3,300.00,1,'2023-06-13 21:37:16','2023-06-13 07:43:07','2023-06-13 21:37:16',0.00),(10,41,0.00,0,'2024-04-24 12:11:48','2024-04-24 12:11:48','2024-04-24 12:11:48',0.00),(11,3,300.00,1,'2023-06-13 22:03:37','2023-06-13 07:43:07','2023-06-13 22:03:37',0.00),(12,3,300.00,1,'2023-06-19 09:48:05','2023-06-13 07:43:07','2023-06-19 09:48:05',0.00),(13,3,0.00,0,NULL,'2023-06-13 07:43:07','2023-06-13 07:43:07',0.00),(13,320,0.00,0,'2021-09-16 08:55:07','2021-09-10 03:44:50','2021-09-16 08:55:07',0.00),(14,41,300.00,1,'2024-04-24 12:11:48','2024-04-24 12:11:48','2024-04-24 12:11:48',0.00),(15,3,0.00,0,NULL,'2023-06-13 07:43:07','2023-06-13 07:43:07',0.00),(15,320,0.00,0,'2021-09-16 08:54:28','2021-09-10 03:44:50','2021-09-16 08:54:28',0.00),(16,3,0.00,0,NULL,'2023-06-13 07:43:07','2023-06-13 07:43:07',0.00),(16,320,300.00,1,'2021-09-16 08:50:03','2021-09-10 03:44:50','2021-09-16 08:50:03',0.00),(17,3,0.00,0,NULL,'2023-06-13 07:43:07','2023-06-13 07:43:07',0.00),(17,319,0.00,0,'2021-08-21 22:41:56','2021-08-20 06:33:10','2021-08-21 22:41:56',0.00),(17,320,0.00,0,NULL,'2021-09-10 03:44:50','2021-09-10 03:44:50',0.00),(18,3,0.00,0,NULL,'2023-06-13 07:43:07','2023-06-13 07:43:07',0.00),(18,319,0.00,0,'2021-08-21 22:39:57','2021-08-20 06:33:10','2021-08-21 22:39:57',0.00),(18,320,0.00,0,NULL,'2021-09-10 03:44:50','2021-09-10 03:44:50',0.00),(19,3,0.00,0,NULL,'2023-06-13 07:43:07','2023-06-13 07:43:07',0.00),(19,319,0.00,0,'2021-08-21 22:50:01','2021-08-20 06:33:10','2021-08-21 22:50:01',0.00),(19,320,0.00,0,NULL,'2021-09-10 03:44:50','2021-09-10 03:44:50',0.00),(20,2,0.00,0,'2023-06-17 08:57:50','2023-06-09 01:45:27','2023-06-17 08:57:50',0.00),(21,2,0.00,0,NULL,'2023-06-09 01:45:27','2023-06-09 01:45:27',0.00),(21,320,400.00,1,'2021-09-22 08:16:19','2021-09-16 08:55:18','2021-09-22 08:16:19',0.00),(22,41,400.00,1,'2024-04-24 12:11:48','2024-04-24 12:10:26','2024-04-24 12:11:48',0.00),(23,2,0.00,0,NULL,'2023-06-09 01:45:27','2023-06-09 01:45:27',0.00),(23,320,0.00,0,'2021-09-23 09:19:52','2021-09-16 08:55:18','2021-09-23 09:19:52',0.00),(24,2,0.00,0,NULL,'2023-06-09 01:45:27','2023-06-09 01:45:27',0.00),(24,320,0.00,0,'2021-09-23 09:19:25','2021-09-16 08:55:18','2021-09-23 09:19:25',0.00),(25,41,400.00,1,'2024-04-12 03:46:19','2024-04-11 14:06:17','2024-04-12 03:46:19',0.00),(26,2,0.00,0,NULL,'2023-06-09 01:45:27','2023-06-09 01:45:27',0.00),(26,320,400.00,1,'2021-09-22 08:58:56','2021-09-16 08:55:18','2021-09-22 08:58:56',0.00),(27,41,400.00,1,'2024-04-24 12:11:48','2024-04-24 12:10:26','2024-04-24 12:11:48',0.00),(28,2,0.00,0,NULL,'2023-06-09 01:45:27','2023-06-09 01:45:27',0.00),(28,320,0.00,0,'2021-09-23 09:18:18','2021-09-16 08:55:18','2021-09-23 09:18:18',0.00),(29,2,0.00,0,NULL,'2021-08-15 09:18:28','2021-08-15 09:18:28',0.00),(29,194,0.00,0,'2021-08-11 23:03:49','2020-09-04 02:12:27','2021-08-11 23:03:49',0.00),(29,319,0.00,0,NULL,'2021-08-21 22:50:44','2021-08-21 22:50:44',0.00),(29,320,0.00,0,NULL,'2021-09-16 08:55:18','2021-09-16 08:55:18',0.00),(30,2,0.00,0,NULL,'2021-08-15 09:18:28','2021-08-15 09:18:28',0.00),(30,194,400.00,1,'2021-08-05 23:25:48','2020-09-04 02:40:17','2021-08-05 23:25:48',0.00),(30,319,0.00,0,NULL,'2021-08-21 22:50:44','2021-08-21 22:50:44',0.00),(30,320,0.00,0,NULL,'2021-09-16 08:55:18','2021-09-16 08:55:18',0.00),(31,2,0.00,0,NULL,'2021-08-15 09:18:28','2021-08-15 09:18:28',0.00),(31,194,400.00,1,'2021-08-12 22:57:47','2020-09-04 00:48:49','2021-08-12 22:57:47',0.00),(31,319,0.00,0,NULL,'2021-08-21 22:50:44','2021-08-21 22:50:44',0.00),(31,320,0.00,0,NULL,'2021-09-16 08:55:18','2021-09-16 08:55:18',0.00),(32,320,0.00,0,'2021-10-14 08:07:11','2021-09-29 07:58:23','2021-10-14 08:07:11',0.00),(33,320,0.00,0,'2021-11-30 05:58:21','2021-09-23 09:20:02','2021-11-30 05:58:21',0.00),(34,320,500.00,1,'2021-09-29 07:46:28','2021-09-23 09:20:02','2021-09-29 07:46:28',0.00),(35,320,500.00,1,'2021-10-14 08:00:51','2021-09-23 09:20:02','2021-10-14 08:00:51',0.00),(36,320,500.00,1,'2021-10-14 08:09:26','2021-09-23 09:20:02','2021-10-14 08:09:26',0.00),(37,320,500.00,1,'2021-10-14 08:08:43','2021-09-23 09:20:02','2021-10-14 08:08:43',0.00),(38,320,500.00,1,'2021-11-26 06:52:30','2021-09-23 09:20:02','2021-11-26 06:52:30',0.00),(39,320,500.00,1,'2021-11-26 07:01:05','2021-09-29 07:58:23','2021-11-26 07:01:05',0.00),(40,320,500.00,1,'2021-11-26 07:15:55','2021-09-23 09:20:02','2021-11-26 07:15:55',0.00),(41,320,500.00,1,'2021-11-26 07:28:58','2021-09-23 09:20:02','2021-11-26 07:28:58',0.00),(42,320,0.00,0,'2021-11-30 05:40:47','2021-09-29 07:58:23','2021-11-30 05:40:47',0.00),(43,319,500.00,1,'2021-09-23 09:15:11','2021-09-13 09:49:12','2021-09-23 09:15:11',0.00),(43,320,0.00,0,NULL,'2021-09-23 09:20:02','2021-09-23 09:20:02',0.00),(44,84,0.00,0,NULL,'2019-11-04 00:29:10','2019-11-04 00:29:10',0.00),(44,112,0.00,0,NULL,'2019-10-01 06:45:20','2019-10-01 06:45:20',0.00),(44,115,0.00,0,NULL,'2020-01-31 17:27:40','2020-01-31 17:27:40',0.00),(44,126,0.00,0,NULL,'2019-07-21 03:09:20','2019-07-21 03:09:20',0.00),(44,149,0.00,0,NULL,'2019-06-19 13:13:15','2019-06-19 13:13:15',0.00),(44,152,0.00,0,NULL,'2019-07-24 07:37:31','2019-07-24 07:37:31',0.00),(44,155,0.00,0,NULL,'2019-09-18 14:15:14','2019-09-18 14:15:14',0.00),(44,159,0.00,0,NULL,'2020-02-24 09:58:44','2020-02-24 09:58:44',0.00),(44,164,0.00,0,NULL,'2020-02-02 06:20:45','2020-02-02 06:20:45',0.00),(44,167,0.00,0,NULL,'2020-04-19 05:35:18','2020-04-19 05:35:18',0.00),(44,174,0.00,0,NULL,'2020-01-27 13:10:08','2020-01-27 13:10:08',0.00),(44,180,0.00,0,NULL,'2020-02-08 04:13:04','2020-02-08 04:13:04',0.00),(44,194,0.00,0,NULL,'2020-05-15 10:02:25','2020-05-15 10:02:25',0.00),(44,197,0.00,0,NULL,'2020-08-21 07:23:17','2020-08-21 07:23:17',0.00),(44,319,0.00,0,NULL,'2021-09-13 09:49:12','2021-09-13 09:49:12',0.00),(44,320,0.00,0,NULL,'2021-09-23 09:20:02','2021-09-23 09:20:02',0.00),(45,194,500.00,1,'2021-08-05 23:26:38','2020-05-15 10:02:25','2021-08-05 23:26:38',0.00),(45,319,0.00,0,NULL,'2021-09-13 09:49:12','2021-09-13 09:49:12',0.00),(45,320,0.00,0,NULL,'2021-09-23 09:20:02','2021-09-23 09:20:02',0.00),(46,319,0.00,0,'2021-08-21 22:50:01','2021-08-21 22:50:01','2021-08-21 22:50:01',0.00),(46,320,0.00,0,NULL,'2021-09-23 09:20:02','2021-09-23 09:20:02',0.00),(47,319,600.00,1,'2021-11-30 06:57:28','2021-11-30 06:25:38','2021-11-30 06:57:28',0.00),(48,319,0.00,0,'2021-11-30 06:57:02','2021-11-30 06:25:38','2021-11-30 06:57:02',0.00),(49,319,0.00,0,NULL,'2021-11-30 06:25:38','2021-11-30 06:25:38',0.00),(49,320,0.00,0,'2021-11-30 06:22:06','2021-11-30 05:58:37','2021-11-30 06:22:06',0.00),(50,319,0.00,0,NULL,'2021-11-30 06:25:38','2021-11-30 06:25:38',0.00),(50,320,0.00,0,'2021-11-30 06:21:32','2021-11-30 05:58:37','2021-11-30 06:21:32',0.00),(51,319,600.00,1,'2021-09-29 07:58:24','2021-08-21 22:46:37','2021-09-29 07:58:24',0.00),(51,320,0.00,0,NULL,'2021-11-30 05:58:37','2021-11-30 05:58:37',0.00),(52,319,600.00,1,'2021-10-14 08:11:54','2021-09-28 06:42:05','2021-10-14 08:11:54',0.00),(52,320,0.00,0,NULL,'2021-11-30 05:58:37','2021-11-30 05:58:37',0.00),(53,319,600.00,1,'2021-09-29 08:09:55','2021-09-28 06:42:05','2021-09-29 08:09:55',0.00),(53,320,0.00,0,NULL,'2021-11-30 05:58:37','2021-11-30 05:58:37',0.00),(54,319,600.00,1,'2021-11-26 06:44:31','2021-09-28 06:42:05','2021-11-26 06:44:31',0.00),(54,320,0.00,0,NULL,'2021-11-30 05:58:37','2021-11-30 05:58:37',0.00),(55,113,0.00,0,NULL,'2019-02-21 13:16:01','2019-02-21 13:16:01',0.00),(55,114,0.00,0,NULL,'2019-02-19 13:02:22','2019-02-19 13:02:22',0.00),(55,115,0.00,0,NULL,'2019-02-20 10:18:47','2019-02-20 10:18:47',0.00),(55,116,0.00,0,NULL,'2019-02-21 08:14:06','2019-02-21 08:14:06',0.00),(55,117,0.00,0,NULL,'2019-02-20 03:59:34','2019-02-20 03:59:34',0.00),(55,118,0.00,0,NULL,'2019-02-23 09:38:56','2019-02-23 09:38:56',0.00),(55,119,0.00,0,NULL,'2019-02-22 10:24:55','2019-02-22 10:24:55',0.00),(55,120,0.00,0,NULL,'2019-02-20 14:53:39','2019-02-20 14:53:39',0.00),(55,121,0.00,0,NULL,'2019-02-21 07:04:07','2019-02-21 07:04:07',0.00),(55,122,0.00,0,NULL,'2019-02-22 00:31:25','2019-02-22 00:31:25',0.00),(55,123,0.00,0,NULL,'2019-02-22 05:37:45','2019-02-22 05:37:45',0.00),(55,124,0.00,0,NULL,'2019-02-23 07:16:47','2019-02-23 07:16:47',0.00),(55,126,0.00,0,NULL,'2019-08-04 03:14:07','2019-08-04 03:14:07',0.00),(55,128,0.00,0,NULL,'2019-02-24 09:22:43','2019-02-24 09:22:43',0.00),(55,130,0.00,0,NULL,'2019-02-25 18:54:11','2019-02-25 18:54:11',0.00),(55,131,0.00,0,NULL,'2019-03-10 06:57:41','2019-03-10 06:57:41',0.00),(55,132,0.00,0,NULL,'2019-03-11 09:06:12','2019-03-11 09:06:12',0.00),(55,133,0.00,0,NULL,'2019-03-01 15:07:10','2019-03-01 15:07:10',0.00),(55,144,0.00,0,NULL,'2019-05-21 13:02:53','2019-05-21 13:02:53',0.00),(55,164,0.00,0,NULL,'2020-04-18 06:13:27','2020-04-18 06:13:27',0.00),(55,194,0.00,0,NULL,'2020-05-18 02:06:11','2020-05-18 02:06:11',0.00),(55,319,0.00,0,NULL,'2021-09-28 06:42:05','2021-09-28 06:42:05',0.00),(55,320,0.00,0,NULL,'2021-11-30 05:58:37','2021-11-30 05:58:37',0.00),(56,194,600.00,1,'2021-08-10 00:45:30','2020-07-13 03:05:09','2021-08-10 00:45:30',0.00),(56,319,0.00,0,NULL,'2021-09-28 06:42:05','2021-09-28 06:42:05',0.00),(56,320,0.00,0,NULL,'2021-11-30 05:58:37','2021-11-30 05:58:37',0.00),(57,194,600.00,1,'2021-08-11 23:05:03','2020-07-15 04:56:51','2021-08-11 23:05:03',0.00),(57,319,0.00,0,NULL,'2021-09-28 06:42:05','2021-09-28 06:42:05',0.00),(57,320,0.00,0,NULL,'2021-11-30 05:58:37','2021-11-30 05:58:37',0.00),(58,194,0.00,0,'2021-08-02 23:04:57','2020-05-18 02:06:11','2021-08-02 23:04:57',0.00),(58,319,0.00,0,NULL,'2021-09-28 06:42:05','2021-09-28 06:42:05',0.00),(58,320,0.00,0,NULL,'2021-11-30 05:58:37','2021-11-30 05:58:37',0.00),(59,194,600.00,1,'2021-07-20 23:20:10','2020-05-18 02:06:11','2021-07-20 23:20:10',0.00),(59,319,0.00,0,NULL,'2021-09-28 06:42:05','2021-09-28 06:42:05',0.00),(59,320,0.00,0,NULL,'2021-11-30 05:58:37','2021-11-30 05:58:37',0.00),(60,194,600.00,1,'2021-08-07 23:14:39','2020-05-18 02:06:11','2021-08-07 23:14:39',0.00),(60,319,0.00,0,NULL,'2021-09-28 06:42:05','2021-09-28 06:42:05',0.00),(60,320,0.00,0,NULL,'2021-11-30 05:58:37','2021-11-30 05:58:37',0.00),(61,319,0.00,0,'2021-08-21 22:46:37','2021-08-21 22:46:37','2021-08-21 22:46:37',0.00),(61,320,0.00,0,NULL,'2021-11-30 05:58:37','2021-11-30 05:58:37',0.00),(62,194,600.00,1,'2021-08-08 23:39:21','2020-05-18 02:06:11','2021-08-08 23:39:21',0.00),(62,319,0.00,0,NULL,'2021-09-28 06:42:05','2021-09-28 06:42:05',0.00),(62,320,0.00,0,NULL,'2021-11-30 05:58:37','2021-11-30 05:58:37',0.00),(63,194,0.00,0,'2021-08-10 22:56:05','2020-08-02 23:34:00','2021-08-10 22:56:05',0.00),(64,194,0.00,0,'2021-08-05 06:16:45','2020-08-02 23:34:00','2021-08-05 06:16:45',0.00),(65,194,700.00,1,'2021-08-12 22:55:18','2020-08-02 23:34:00','2021-08-12 22:55:18',0.00),(66,194,0.00,0,'2021-08-10 00:46:22','2020-08-02 23:34:00','2021-08-10 00:46:22',0.00),(67,194,700.00,1,'2021-08-12 22:57:08','2020-08-02 23:34:00','2021-08-12 22:57:08',0.00),(68,194,0.00,0,'2021-07-22 22:58:29','2020-08-02 23:34:00','2021-07-22 22:58:29',0.00),(69,194,0.00,0,'2021-07-26 03:25:41','2020-08-02 23:34:00','2021-07-26 03:25:41',0.00),(70,319,0.00,0,'2021-08-21 22:48:06','2021-08-21 22:48:06','2021-08-21 22:48:06',0.00),(71,194,700.00,1,'2021-08-10 00:27:59','2020-08-02 23:34:00','2021-08-10 00:27:59',0.00),(72,41,0.00,0,'2024-04-24 12:11:48','2024-04-24 12:10:26','2024-04-24 12:11:48',0.00),(105,3,200.00,1,'2024-04-25 08:59:03','2024-04-25 08:57:25','2024-04-25 08:59:03',0.00),(111,3,0.00,0,'2023-06-13 07:42:38','2023-06-13 06:47:41','2023-06-13 07:42:38',0.00),(112,3,0.00,0,'2023-06-13 07:42:47','2023-06-13 06:47:41','2023-06-13 07:42:47',0.00),(113,3,200.00,1,'2023-06-13 07:42:47','2023-06-13 06:47:41','2023-06-13 07:42:47',0.00),(114,3,0.00,0,'2023-06-13 07:42:47','2023-06-13 06:47:41','2023-06-13 07:42:47',0.00),(115,41,200.00,1,'2024-04-24 12:11:48','2024-04-24 12:10:26','2024-04-24 12:11:48',0.00),(116,3,0.00,0,'2023-06-13 07:42:47','2023-06-13 06:47:41','2023-06-13 07:42:47',0.00),(117,3,0.00,0,'2023-06-13 07:42:56','2023-06-13 06:47:41','2023-06-13 07:42:56',0.00),(118,3,0.00,0,'2023-06-13 07:42:56','2023-06-13 06:47:41','2023-06-13 07:42:56',0.00),(119,3,0.00,0,'2023-06-13 07:42:56','2023-06-13 06:47:41','2023-06-13 07:42:56',0.00),(120,3,0.00,0,'2023-06-13 07:42:56','2023-06-13 06:47:41','2023-06-13 07:42:56',0.00),(121,3,0.00,0,'2023-06-13 07:42:56','2023-06-13 06:47:41','2023-06-13 07:42:56',0.00),(122,3,0.00,0,'2023-06-13 07:43:02','2023-06-13 06:47:41','2023-06-13 07:43:02',0.00),(123,3,200.00,1,'2023-06-13 07:43:03','2023-06-13 06:47:41','2023-06-13 07:43:03',0.00),(124,2,0.00,0,NULL,'2021-08-15 09:11:19','2021-08-15 09:11:19',0.00),(124,3,0.00,0,NULL,'2023-06-13 06:47:41','2023-06-13 06:47:41',0.00),(124,319,0.00,0,NULL,'2021-08-20 06:20:19','2021-08-20 06:20:19',0.00),(124,320,0.00,0,NULL,'2021-09-09 09:00:32','2021-09-09 09:00:32',0.00),(125,2,0.00,0,NULL,'2021-08-15 09:11:19','2021-08-15 09:11:19',0.00),(125,3,0.00,0,NULL,'2023-06-13 06:47:41','2023-06-13 06:47:41',0.00),(125,319,0.00,0,NULL,'2021-08-20 06:20:19','2021-08-20 06:20:19',0.00),(125,320,0.00,0,NULL,'2021-09-09 09:00:32','2021-09-09 09:00:32',0.00),(126,2,0.00,0,NULL,'2021-08-15 09:11:19','2021-08-15 09:11:19',0.00),(126,3,0.00,0,NULL,'2023-06-13 06:47:41','2023-06-13 06:47:41',0.00),(126,319,0.00,0,NULL,'2021-08-20 06:20:19','2021-08-20 06:20:19',0.00),(126,320,0.00,0,NULL,'2021-09-09 09:00:32','2021-09-09 09:00:32',0.00),(127,2,0.00,0,NULL,'2021-08-15 09:11:19','2021-08-15 09:11:19',0.00),(127,3,0.00,0,NULL,'2023-06-13 06:47:41','2023-06-13 06:47:41',0.00),(127,319,0.00,0,NULL,'2021-08-20 06:20:19','2021-08-20 06:20:19',0.00),(127,320,0.00,0,NULL,'2021-09-09 09:00:32','2021-09-09 09:00:32',0.00),(128,3,0.00,0,'2023-06-13 07:43:03','2023-06-13 06:47:41','2023-06-13 07:43:03',0.00),(129,3,0.00,0,'2023-06-13 07:43:03','2023-06-13 06:47:41','2023-06-13 07:43:03',0.00),(130,2,0.00,0,NULL,'2021-08-15 09:11:19','2021-08-15 09:11:19',0.00),(130,3,0.00,0,NULL,'2023-06-13 06:47:41','2023-06-13 06:47:41',0.00),(130,319,0.00,0,NULL,'2021-08-20 06:20:19','2021-08-20 06:20:19',0.00),(130,320,0.00,0,NULL,'2021-09-09 09:00:32','2021-09-09 09:00:32',0.00),(131,2,0.00,0,NULL,'2024-04-23 05:46:12','2024-04-23 05:46:12',0.00),(131,3,0.00,0,NULL,'2024-04-25 08:56:52','2024-04-25 08:56:52',0.00),(131,41,0.00,0,NULL,'2024-04-11 00:43:37','2024-04-11 00:43:37',0.00),(131,323,0.00,0,NULL,'2024-04-25 04:32:17','2024-04-25 04:32:17',0.00),(131,324,0.00,0,NULL,'2024-04-10 23:30:44','2024-04-10 23:30:44',0.00),(131,325,0.00,0,NULL,'2024-04-26 11:22:06','2024-04-26 11:22:06',0.00),(131,330,0.00,0,NULL,'2024-04-26 12:26:23','2024-04-26 12:26:23',0.00);

--
-- Table structure for table `tracks`
--

CREATE TABLE `tracks` (
  `id` int(10) unsigned NOT NULL AUTO_INCREMENT,
  `track` varchar(255) COLLATE utf8_unicode_ci NOT NULL,
  `description` varchar(255) COLLATE utf8_unicode_ci DEFAULT NULL,
  `user_id` int(10) unsigned NOT NULL DEFAULT '1',
  `image` varchar(255) COLLATE utf8_unicode_ci DEFAULT NULL,
  `status_id` int(10) unsigned NOT NULL DEFAULT '1',
  `field_id` int(10) unsigned NOT NULL,
  `level_id` int(10) unsigned NOT NULL,
  `created_at` timestamp NULL DEFAULT NULL,
  `updated_at` timestamp NULL DEFAULT NULL,
  PRIMARY KEY (`id`),
  KEY `tracks_user_id_foreign` (`user_id`),
  KEY `tracks_status_id_foreign` (`status_id`),
  KEY `tracks_field_id_foreign` (`field_id`),
  KEY `tracks_level_id_foreign` (`level_id`),
  CONSTRAINT `tracks_field_id_foreign` FOREIGN KEY (`field_id`) REFERENCES `fields` (`id`),
  CONSTRAINT `tracks_level_id_foreign` FOREIGN KEY (`level_id`) REFERENCES `levels` (`id`),
  CONSTRAINT `tracks_status_id_foreign` FOREIGN KEY (`status_id`) REFERENCES `statuses` (`id`),
  CONSTRAINT `tracks_user_id_foreign` FOREIGN KEY (`user_id`) REFERENCES `users` (`id`)
) ENGINE=InnoDB AUTO_INCREMENT=148 DEFAULT CHARSET=utf8 COLLATE=utf8_unicode_ci;

--
-- Dumping data for table `tracks`
--

INSERT INTO `tracks` VALUES (1,'Numbers up to 100','Numbers up to 100',1,NULL,3,1,2,'2018-05-03 21:17:12','2018-05-03 21:17:12'),(2,'Addition and Subtraction to 100','Addition and Subtraction to 100',1,NULL,3,1,2,'2018-05-03 21:17:12','2018-05-03 21:17:12'),(3,'Multiplication and Division to 100','Multiplication and Division to 100',1,NULL,3,1,2,'2018-05-03 21:17:12','2018-05-03 21:17:12'),(4,'Money Year 1','Money Year 1',1,NULL,3,6,2,'2018-05-03 21:17:12','2018-05-03 21:17:12'),(5,'Length Year 1','Length Year 1',1,NULL,3,14,2,'2018-05-03 21:17:12','2024-04-26 03:12:46'),(6,'Time Year 1','Time Year 1',1,NULL,3,6,2,'2018-05-03 21:17:12','2018-05-03 21:17:12'),(7,'2D Shapes','2D Shapes',1,NULL,3,7,2,'2018-05-03 21:17:12','2018-05-03 21:17:12'),(8,'Picture Graphs','Picture Graphs',1,NULL,3,5,2,'2018-05-03 21:17:12','2018-05-03 21:17:12'),(9,'Numbers up to 1000','Numbers up to 1000',1,NULL,3,1,3,'2018-05-03 21:17:12','2018-05-03 21:17:12'),(10,'Addition and Subtraction to 1000','Addition and Subtraction to 1000',1,NULL,3,1,3,'2018-05-03 21:17:12','2018-05-03 21:17:12'),(11,'Multiplication and Division to 1000','Multiplication and Division to 1000',1,NULL,3,1,3,'2018-05-03 21:17:12','2018-05-03 21:17:12'),(12,'Fraction of a Whole','Fraction of a Whole',1,NULL,3,1,3,'2018-05-03 21:17:12','2018-05-03 21:17:12'),(13,'Addition and Subtraction of fraction of a whole','Addition and Subtraction of fraction of a whole',1,NULL,3,1,3,'2018-05-03 21:17:12','2018-05-03 21:17:12'),(14,'Money Year 2','Money Year 2',1,NULL,3,6,3,'2018-05-03 21:17:12','2018-05-03 21:17:12'),(15,'Length, Mass Volume','Length, Mass Volume',1,NULL,3,6,3,'2018-05-03 21:17:12','2018-05-03 21:17:12'),(16,'Time Year 2','Time Year 2',1,NULL,3,6,3,'2018-05-03 21:17:12','2018-05-03 21:17:12'),(17,'2D Shapes Year 2','2D Shapes Year 2',1,NULL,3,7,3,'2018-05-03 21:17:12','2018-05-03 21:17:12'),(18,'3D Shapes','3D Shapes',1,NULL,3,7,3,'2018-05-03 21:17:12','2018-05-03 21:17:12'),(19,'Picture Graphs with Scales','Picture Graphs with Scales',1,NULL,3,5,3,'2018-05-03 21:17:12','2018-05-03 21:17:12'),(20,'Numbers up to 10000','Numbers up to 10000',1,NULL,3,1,4,'2018-05-03 21:17:12','2018-05-03 21:17:12'),(21,'Addition and Subtraction to 10000','Addition and Subtraction to 10000',1,NULL,3,1,4,'2018-05-03 21:17:12','2018-05-03 21:17:12'),(22,'Multiplication and Dvision to 10000','Multiplication and Dvision to 10000',1,NULL,3,1,4,'2018-05-03 21:17:12','2018-05-03 21:17:12'),(23,'Equivalent Fractions','Equivalent Fractions',1,NULL,3,1,4,'2018-05-03 21:17:12','2018-05-03 21:17:12'),(24,'Addition and Subtraction of equivalent fractions','Addition and Subtraction of equivalent fractions',1,NULL,3,1,4,'2018-05-03 21:17:12','2018-05-03 21:17:12'),(25,'Money Year 3','Money Year 3',1,NULL,3,6,4,'2018-05-03 21:17:12','2018-05-03 21:17:12'),(26,'Length, Mass and Volume Year 3','Length, Mass and Volume Year 3',1,NULL,3,6,4,'2018-05-03 21:17:12','2018-05-03 21:17:12'),(27,'Time Year 3','Time Year 3',1,NULL,3,6,4,'2018-05-03 21:17:12','2018-05-03 21:17:12'),(28,'Area and Perimeter','Area and Perimeter',1,NULL,3,7,4,'2018-05-03 21:17:12','2018-05-03 21:17:12'),(29,'Angles Year 3','Angles Year 3',1,NULL,3,7,4,'2018-05-03 21:17:12','2018-05-03 21:17:12'),(30,'Perpendicular and Parallel Lines','Perpendicular and Parallel Lines',1,NULL,3,7,4,'2018-05-03 21:17:12','2018-05-03 21:17:12'),(31,'Bar Graphs','Bar Graphs',1,NULL,3,5,4,'2018-05-03 21:17:12','2018-05-03 21:17:12'),(32,'Numbers up to 100000','Numbers up to 100000',1,NULL,3,1,5,'2018-05-03 21:17:12','2018-05-03 21:17:12'),(33,'Factors and Multiples','Factors and Multiples',1,NULL,3,1,5,'2018-05-03 21:17:12','2018-05-03 21:17:12'),(34,'Four Operations','Four Operations',1,NULL,3,1,5,'2018-05-03 21:17:12','2018-05-03 21:17:12'),(35,'Mixed Numbers and Improper Fractions','Mixed Numbers and Improper Fractions',1,NULL,3,1,5,'2018-05-03 21:17:12','2018-05-03 21:17:12'),(36,'Fraction of a Set of Objects','Fraction of a Set of Objects',1,NULL,3,1,5,'2018-05-03 21:17:12','2018-05-03 21:17:12'),(37,'Addition and subtraction of fractions','Addition and subtraction of fractions',1,NULL,3,1,5,'2018-05-03 21:17:12','2018-05-03 21:17:12'),(38,'Decimals up to 3 decimal places','Decimals up to 3 decimal places',1,NULL,3,1,5,'2018-05-03 21:17:12','2018-05-03 21:17:12'),(39,'Addition and Subtraction of Decimals','Addition and Subtraction of Decimals',1,NULL,3,1,5,'2018-05-03 21:17:12','2018-05-03 21:17:12'),(40,'Multiplication and Division of decimals','Multiplication and Division of decimals',1,NULL,3,1,5,'2018-05-03 21:17:12','2018-05-03 21:17:12'),(41,'Time Year 4','Time Year 4',1,NULL,3,6,5,'2018-05-03 21:17:12','2018-05-03 21:17:12'),(42,'Area and Perimeter Year 4','Area and Perimeter Year 4',1,NULL,3,7,5,'2018-05-03 21:17:12','2018-05-03 21:17:12'),(43,'Angles Year 4','Angles Year 4',1,NULL,3,7,5,'2018-05-03 21:17:12','2018-05-03 21:17:12'),(44,'Rectangle and Square','Rectangle and Square',1,NULL,3,7,5,'2018-05-03 21:17:12','2018-05-03 21:17:12'),(45,'Line Symmetry','Line Symmetry',1,NULL,3,7,5,'2018-05-03 21:17:12','2018-05-03 21:17:12'),(46,'Tables and Line Graphs','Tables and Line Graphs',1,NULL,3,5,5,'2018-05-03 21:17:12','2018-05-03 21:17:12'),(47,'Numbers up to 10\nmillion \nFour Operations','Numbers up to 10\nmillion \nFour Operations',1,NULL,3,1,6,'2018-05-03 21:17:12','2018-05-03 21:17:12'),(48,'Four Operations to 10 million','Four Operations to 10 million',1,NULL,3,1,6,'2018-05-03 21:17:12','2018-05-03 21:17:12'),(49,'Order of Operations to 10 million','Order of Operations to 10 million',1,NULL,3,1,6,'2018-05-03 21:17:12','2018-05-03 21:17:12'),(50,'Concept of fraction as division','Concept of fraction as division',1,NULL,3,1,6,'2018-05-03 21:17:12','2018-05-03 21:17:12'),(51,'Four operations of fractions','Four operations of fractions',1,NULL,3,1,6,'2018-05-03 21:17:12','2018-05-03 21:17:12'),(52,'Four operations of decimals','Four operations of decimals',1,NULL,3,1,6,'2018-05-03 21:17:12','2018-05-03 21:17:12'),(53,'Percentage Year 5','Percentage Year 5',1,NULL,3,1,6,'2018-05-03 21:17:12','2018-05-03 21:17:12'),(54,'Ratio Year 5','Ratio Year 5',1,NULL,3,1,6,'2018-05-03 21:17:12','2018-05-03 21:17:12'),(55,'Length, mass and volume Year 5','Length, mass and volume Year 5',1,NULL,3,6,6,'2018-05-03 21:17:12','2018-05-03 21:17:12'),(56,'Area of triangle','Area of triangle',1,NULL,3,6,6,'2018-05-03 21:17:12','2018-05-03 21:17:12'),(57,'Volume of cube and cuboid Year 5','Volume of cube and cuboid Year 5',1,NULL,3,6,6,'2018-05-03 21:17:12','2018-05-03 21:17:12'),(58,'Angles Year 5','Angles Year 5',1,NULL,3,7,6,'2018-05-03 21:17:12','2018-05-03 21:17:12'),(59,'Triangles','Triangles',1,NULL,3,7,6,'2018-05-03 21:17:12','2018-05-03 21:17:12'),(60,'Parallelogram, rhombus and trapezium','Parallelogram, rhombus and trapezium',1,NULL,3,7,6,'2018-05-03 21:17:12','2018-05-03 21:17:12'),(61,'Average of a set of data','Average of a set of data',1,NULL,3,5,6,'2018-05-03 21:17:12','2018-05-03 21:17:12'),(62,'Four operations of fractions Year 6','Four operations of fractions Year 6',1,NULL,3,1,6,'2018-05-03 21:17:12','2018-05-03 21:17:12'),(63,'Percentage Year 6','Percentage Year 6',1,NULL,3,1,7,'2018-05-03 21:17:12','2018-05-03 21:17:12'),(64,'Ratio Year 6','Ratio Year 6',1,NULL,3,1,7,'2018-05-03 21:17:12','2018-05-03 21:17:12'),(65,'Speed','Speed',1,NULL,3,3,7,'2018-05-03 21:17:12','2018-05-03 21:17:12'),(66,'Area and circumference of circle','Area and circumference of circle',1,NULL,3,6,7,'2018-05-03 21:17:12','2018-05-03 21:17:12'),(67,'Area and perimeter of composite figure','Area and perimeter of composite figure',1,NULL,3,6,7,'2018-05-03 21:17:12','2018-05-03 21:17:12'),(68,'Volume of cube and cuboid Year 6','Volume of cube and cuboid Year 6',1,NULL,3,6,7,'2018-05-03 21:17:12','2018-05-03 21:17:12'),(69,'Geometrical Figures','Geometrical Figures',1,NULL,3,7,7,'2018-05-03 21:17:12','2018-05-03 21:17:12'),(70,'Nets','Nets',1,NULL,3,7,7,'2018-05-03 21:17:12','2018-05-03 21:17:12'),(71,'Pie charts','Pie charts',1,NULL,3,5,7,'2018-05-03 21:17:12','2018-05-03 21:17:12'),(72,'Algebraic expessions in one variable','Algebraic expessions in one variable',1,NULL,3,2,7,'2018-05-03 21:17:12','2018-05-03 21:17:12'),(73,'Operations with signed numbers','Operations with signed numbers',1,NULL,3,1,11,'2018-05-03 21:17:12','2018-05-03 21:17:12'),(74,'Mathematical properties','Mathematical properties',1,NULL,3,1,11,'2018-05-03 21:17:12','2018-05-03 21:17:12'),(75,'Variable and Formulas','Variable and Formulas',1,NULL,3,1,11,'2018-05-03 21:17:12','2018-05-03 21:17:12'),(76,'Monomials and polynomials','Monomials and polynomials',1,NULL,3,2,11,'2018-05-03 21:17:12','2018-05-03 21:17:12'),(77,'Basic operations with monomials and polynomials','Basic operations with monomials and polynomials',1,NULL,3,2,11,'2018-05-03 21:17:12','2018-05-03 21:17:12'),(78,'Multiplying binomials','Multiplying binomials',1,NULL,3,2,11,'2018-05-03 21:17:12','2018-05-03 21:17:12'),(79,'Dividing Monomials','Dividing Monomials',1,NULL,3,2,11,'2018-05-03 21:17:12','2018-05-03 21:17:12'),(80,'Dividing Polynomials','Dividing Polynomials',1,NULL,3,2,11,'2018-05-03 21:17:12','2018-05-03 21:17:12'),(81,'Equations with one Unknown','Equations with one Unknown',1,NULL,3,2,11,'2018-05-03 21:17:12','2018-05-03 21:17:12'),(82,'Simplying equations','Simplying equations',1,NULL,3,2,11,'2018-05-03 21:17:12','2018-05-03 21:17:12'),(83,'Solving equations with 2 unknowns','Solving equations with 2 unknowns',1,NULL,3,2,11,'2018-05-03 21:17:12','2018-05-03 21:17:12'),(84,'Inequalities and one unknown','Inequalities and one unknown',1,NULL,3,2,11,'2018-05-03 21:17:12','2018-05-03 21:17:12'),(85,'The rectangular coordinate system','The rectangular coordinate system',1,NULL,3,2,11,'2018-05-03 21:17:12','2018-05-03 21:17:12'),(86,'Graphing lines','Graphing lines',1,NULL,3,3,11,'2018-05-03 21:17:12','2018-05-03 21:17:12'),(87,'The slope of a line','The slope of a line',1,NULL,3,3,11,'2018-05-03 21:17:12','2018-05-03 21:17:12'),(88,'graphing linear equations','graphing linear equations',1,NULL,3,3,11,'2018-05-03 21:17:12','2018-05-03 21:17:12'),(89,'Exponents','Exponents',1,NULL,3,1,11,'2018-05-03 21:17:12','2018-05-03 21:17:12'),(90,'Roots','Roots',1,NULL,3,1,11,'2018-05-03 21:17:12','2018-05-03 21:17:12'),(91,'The Pythagorean Theorem','The Pythagorean Theorem',1,NULL,3,1,11,'2018-05-03 21:17:12','2018-05-03 21:17:12'),(92,'The basics of factoring','The basics of factoring',1,NULL,3,2,11,'2018-05-03 21:17:12','2018-05-03 21:17:12'),(93,'Quadratic Equations','Quadratic Equations',1,NULL,3,2,11,'2018-05-03 21:17:13','2018-05-03 21:17:13'),(94,'Algebra Introducation','Algebra Introducation',1,NULL,3,2,11,'2018-05-03 21:17:13','2018-05-03 21:17:13'),(95,'Algebraic fractions','Algebraic fractions',1,NULL,3,2,11,'2018-05-03 21:17:13','2018-05-03 21:17:13'),(96,'Multiplying fractions','Multiplying fractions',1,NULL,3,1,11,'2018-05-03 21:17:13','2018-05-03 21:17:13'),(97,'Dividing fractions','Dividing fractions',1,NULL,3,1,11,'2018-05-03 21:17:13','2018-05-03 21:17:13'),(98,'Like and unlike fractions','Like and unlike fractions',1,NULL,3,1,11,'2018-05-03 21:17:13','2018-05-03 21:17:13'),(99,'Adding and subtracting fractions','Adding and subtracting fractions',1,NULL,3,1,11,'2018-05-03 21:17:13','2018-05-03 21:17:13'),(100,'Complex Fractions','Complex Fractions',1,NULL,3,1,11,'2018-05-03 21:17:13','2018-05-03 21:17:13'),(101,'Linear Equations and Containing  Fractions','Linear Equations and Containing  Fractions',1,NULL,3,2,11,'2018-05-03 21:17:13','2018-05-03 21:17:13'),(102,'THis is a new track','A new descriptioin',4,NULL,1,9,12,'2018-05-05 03:03:55','2018-05-05 03:04:14'),(103,'Operations with signed numbers',NULL,4,NULL,3,1,12,'2018-05-07 01:30:16','2018-05-07 01:30:16'),(104,'Operational',NULL,4,NULL,3,1,12,'2018-05-07 01:32:34','2018-05-07 01:32:34'),(105,'Numbers up to 100',NULL,58,NULL,1,1,2,'2018-10-07 21:04:24','2018-10-07 21:04:24'),(109,'Track 2','Track 2',69,NULL,1,2,1,'2019-04-22 02:25:54','2019-04-22 02:25:54'),(111,'K1T1W1','K1T1 Week 1 track',4,NULL,3,1,2,'2020-09-16 09:09:30','2020-09-16 14:47:17'),(112,'K1T1W2','K1T1 Week 2 track',41,NULL,3,1,2,'2020-09-16 14:48:24','2020-09-16 14:48:24'),(113,'K1T1W3','K1 T1 Week 3 track',41,NULL,3,1,2,'2020-09-16 14:49:30','2020-09-16 14:49:30'),(114,'K1T1W4','K1 T1 Week 4 track',41,NULL,3,1,2,'2020-09-16 14:50:09','2020-09-16 14:50:09'),(115,'K1T1W5','K1 Term 1 Week 5 track',41,NULL,3,1,2,'2020-09-16 14:50:57','2020-09-16 14:50:57'),(116,'K1T1W6','K1 Term 1 Week 6 track',41,NULL,3,1,2,'2020-09-16 14:51:44','2020-09-16 14:51:44'),(117,'K1T1W7','K1 Term 1 Week 7 track',41,NULL,3,1,2,'2020-09-16 14:52:31','2020-09-16 14:52:31'),(118,'K1T1W8','K1 Term 1 Week 8 track',41,NULL,3,1,2,'2020-09-16 14:53:42','2020-09-16 14:53:42'),(119,'K1T1W9','K1 Term 1 week 9 track',41,NULL,3,1,2,'2020-09-16 14:54:25','2020-09-16 14:54:25'),(120,'K1T1W10','K1 Term 1 week 10 track',41,NULL,3,1,2,'2020-09-16 14:55:05','2020-09-16 14:55:05'),(121,'K1T1W11','K1 Term1 Week 11 track.   Bonus topic if progress is good.  Else revise previous tough topic',41,NULL,3,1,2,'2020-09-16 14:55:45','2020-09-16 14:58:02'),(122,'K1T1W12','K1 Term1 Week 12 track',41,NULL,3,1,2,'2020-09-16 14:56:28','2020-09-17 00:42:17'),(123,'Comparing and measuring lengths','Comparing, ordering and measuring, estimating length',41,NULL,3,1,2,'2020-12-10 16:00:55','2020-12-10 16:00:55'),(124,'Counting to 40','Counting to 40',41,NULL,3,1,2,'2020-12-10 16:11:45','2020-12-10 16:11:45'),(125,'Addition within 40 without regrouping','Addiiton within 40 without regrouping',41,NULL,3,1,2,'2020-12-10 16:12:52','2020-12-10 16:12:52'),(126,'Addition within 40 with regrouping','Addition within 40 with regrouping',41,NULL,3,1,2,'2020-12-10 16:13:51','2020-12-10 16:13:51'),(127,'Telling time','Telling time',41,NULL,3,1,2,'2020-12-10 16:14:47','2020-12-10 16:14:47'),(128,'Comparing and ordering within 40','Comparing and ordering within 40',41,NULL,3,1,2,'2020-12-10 16:15:58','2020-12-10 16:15:58'),(129,'Adding 3 numbers','Adding 3 numbers',41,NULL,3,1,2,'2020-12-10 16:16:35','2020-12-10 16:16:35'),(130,'Money','Money for Primary One',41,NULL,3,1,2,'2020-12-10 16:17:03','2024-04-29 05:10:49'),(131,'Primary School Counting ','Counting Skills for Primary School (Primary 1-6)',3,NULL,3,1,5,'2023-06-19 07:03:21','2023-06-20 09:11:34'),(132,'Primary School Addition and Subtraction','Primary School Addition and Subtraction Track (Primary 1-6)',3,NULL,3,1,7,'2023-06-20 05:07:14','2023-06-20 05:07:14'),(133,'Primary School Multiplication and Division','Singapore Primary School Multiplication and Division (Primary 1-6)\n-Multiplication and Division of Integers ONLY',3,NULL,3,1,7,'2023-06-20 07:32:15','2023-06-20 07:38:33'),(134,'Primary School Time ','Primary School Time Subjects (Primary 1-6)\nPrimary 1-6 Subjects for Time',3,NULL,3,6,6,'2023-06-20 07:40:31','2023-06-20 07:40:31'),(135,'Primary School Measurement ','Primary School (Primary 1-6) Measurement Topics',3,NULL,3,6,9,'2023-06-20 07:46:19','2023-06-20 07:46:19'),(136,'Primary School Rate','Singapore Primary School Rate Syllabus',3,NULL,3,6,9,'2023-06-20 07:48:52','2023-06-20 07:48:52'),(137,'Primary School Reading, Writing, and Classifying Numbers','Singapore Primary School Reading, Writing, and Classifying Numbers\n\n',3,NULL,3,10,5,'2023-06-20 07:50:00','2023-06-20 07:51:05'),(138,'Primary School Geometry','Singapore Primary School Geometry (Primary 1-6)\n',3,NULL,3,7,9,'2023-06-20 08:03:27','2023-06-20 08:03:27'),(139,'Primary School Averages','Singapore Primary School Averages (Primary 1-6)',3,NULL,3,5,7,'2023-06-20 08:04:10','2023-06-20 08:04:10'),(140,'Primary School Money','Singapore Primary School Money (Primary 1-6)',3,NULL,3,3,5,'2023-06-20 08:05:48','2023-06-20 08:05:48'),(141,'Primary School Combined Order of Operations','Singapore Primary School Order of Operations (Primary 1-6)\n',3,NULL,3,1,6,'2023-06-20 08:10:05','2023-06-20 08:40:07'),(142,'Primary School Fractions','Singapore Primary School Fractions (Primary 1-6)\n',3,NULL,3,1,9,'2023-06-20 08:10:50','2023-06-20 08:10:50'),(143,'Primary School Decimals','Singapore Primary School Decimals (Primary 1-6)',3,NULL,3,1,7,'2023-06-20 08:12:40','2023-06-20 08:44:09'),(144,'Primary School Estimation','Singapore Primary School Estimation (Primary 1-6)\n',3,NULL,3,4,8,'2023-06-20 08:16:47','2023-06-20 08:16:47'),(145,'Primary School Graphs','Singapore Primary School Graphs',3,NULL,3,3,9,'2023-06-20 08:37:24','2023-06-20 08:37:24'),(146,'Primary School Decimals and Fractions','Singapore Primary School Decimals and Fractions',3,NULL,3,1,7,'2023-06-20 08:44:57','2023-06-20 08:44:57');

--
-- Table structure for table `types`
--

CREATE TABLE `types` (
  `id` int(10) unsigned NOT NULL AUTO_INCREMENT,
  `type` varchar(255) COLLATE utf8_unicode_ci NOT NULL,
  `description` varchar(255) COLLATE utf8_unicode_ci NOT NULL,
  `created_at` timestamp NULL DEFAULT NULL,
  `updated_at` timestamp NULL DEFAULT NULL,
  PRIMARY KEY (`id`)
) ENGINE=InnoDB AUTO_INCREMENT=8 DEFAULT CHARSET=utf8 COLLATE=utf8_unicode_ci;

--
-- Dumping data for table `types`
--

INSERT INTO `types` VALUES (1,'MCQ','Multiple choice questions','2018-05-03 21:15:37','2018-05-03 21:15:37'),(2,'Number','Fill in the blanks with numbers','2018-05-03 21:15:37','2018-05-03 21:15:37'),(3,'DAD','Drag and drop','2018-05-03 21:15:37','2018-05-03 21:15:37'),(4,'FIB','Fill in the Blanks','2018-05-03 21:15:37','2018-05-03 21:15:37'),(5,'MS','Multi-select','2018-05-03 21:15:37','2018-05-03 21:15:37'),(6,'Essay','Essay','2018-05-03 21:15:37','2018-05-03 21:15:37');

--
-- Table structure for table `units`
--

CREATE TABLE `units` (
  `id` int(10) unsigned NOT NULL AUTO_INCREMENT,
  `unit` varchar(255) COLLATE utf8_unicode_ci NOT NULL,
  `description` varchar(255) COLLATE utf8_unicode_ci NOT NULL,
  `created_at` timestamp NULL DEFAULT NULL,
  `updated_at` timestamp NULL DEFAULT NULL,
  PRIMARY KEY (`id`)
) ENGINE=InnoDB AUTO_INCREMENT=6 DEFAULT CHARSET=utf8 COLLATE=utf8_unicode_ci;

--
-- Dumping data for table `units`
--

INSERT INTO `units` VALUES (1,'hours','hours','2018-05-03 21:15:38','2018-05-03 21:15:38'),(2,'days','24 hours','2018-05-03 21:15:38','2018-05-03 21:15:38'),(3,'months','12 months in a year','2018-05-03 21:15:38','2018-05-03 21:15:38'),(4,'years','12 months in a year','2018-05-03 21:15:38','2018-05-03 21:15:38');

--
-- Table structure for table `videos`
--

CREATE TABLE `videos` (
  `id` int(10) unsigned NOT NULL AUTO_INCREMENT,
  `video_link` varchar(255) COLLATE utf8_unicode_ci NOT NULL,
  `description` varchar(255) COLLATE utf8_unicode_ci NOT NULL,
  `created_at` timestamp NULL DEFAULT NULL,
  `updated_at` timestamp NULL DEFAULT NULL,
  `status_id` int(10) unsigned DEFAULT '4',
  `user_id` int(10) unsigned DEFAULT '1',
  PRIMARY KEY (`id`),
  KEY `videos_status_id_foreign` (`status_id`),
  KEY `videos_user_id_foreign` (`user_id`),
  CONSTRAINT `videos_status_id_foreign` FOREIGN KEY (`status_id`) REFERENCES `statuses` (`id`) ON DELETE CASCADE,
  CONSTRAINT `videos_user_id_foreign` FOREIGN KEY (`user_id`) REFERENCES `users` (`id`) ON DELETE CASCADE
) ENGINE=InnoDB DEFAULT CHARSET=utf8 COLLATE=utf8_unicode_ci;

--
-- Dumping data for table `videos`
--



