(2188,'sharon.shiling.tan@gmail.com\'s 08/24/2021 test','sharon.shiling.tan@gmail.com\'s 08/24/2021 Test',0,NULL,'2021-08-23 00:00:00','2022-08-24 00:00:00','0000-00-00 00:00:00',2,'highest',1,2,'2021-08-24 03:34:50','2021-08-24 03:34:50',4,0.00,0,0.00,0,0),(2189,'sharon.shiling.tan@gmail.com\'s 08/26/2021 test','sharon.shiling.tan@gmail.com\'s 08/26/2021 Test',0,NULL,'2021-08-25 00:00:00','2022-08-26 00:00:00','0000-00-00 00:00:00',2,'highest',1,2,'2021-08-26 03:57:09','2021-08-26 03:57:09',4,0.00,0,0.00,0,0),(2190,'sharon.shiling.tan@gmail.com\'s 08/26/2021 test','sharon.shiling.tan@gmail.com\'s 08/26/2021 Test',0,NULL,'2021-08-25 00:00:00','2022-08-26 00:00:00','0000-00-00 00:00:00',2,'highest',1,2,'2021-08-26 04:12:19','2021-08-26 04:12:19',4,0.00,0,0.00,0,0),(2191,'sharon.shiling.tan@gmail.com\'s 08/27/2021 test','sharon.shiling.tan@gmail.com\'s 08/27/2021 Test',0,NULL,'2021-08-26 00:00:00','2022-08-27 00:00:00','0000-00-00 00:00:00',2,'highest',1,2,'2021-08-27 05:29:47','2021-08-27 05:31:39',4,400.00,0,0.00,0,0),(2192,'sharon.shiling.tan@gmail.com\'s 08/27/2021 test','sharon.shiling.tan@gmail.com\'s 08/27/2021 Test',0,NULL,'2021-08-26 00:00:00','2022-08-27 00:00:00','0000-00-00 00:00:00',2,'highest',1,2,'2021-08-27 05:32:45','2021-08-27 05:32:45',4,0.00,0,0.00,0,0),(2193,'sharon.shiling.tan@gmail.com\'s 09/03/2021 test','sharon.shiling.tan@gmail.com\'s 09/03/2021 Test',0,NULL,'2021-09-02 00:00:00','2022-09-03 00:00:00','0000-00-00 00:00:00',2,'highest',1,2,'2021-09-03 23:06:22','2021-09-03 23:06:22',4,0.00,0,0.00,0,0),(2194,'sharon.tan1@ibm.com\'s Diagnostic test','sharon.tan1@ibm.com\'s diagnostic test 2021-09-09',1,NULL,'2021-09-08 00:00:00','2022-09-09 00:00:00','0000-00-00 00:00:00',2,'highest',1,2,'2021-09-09 09:00:32','2021-09-10 03:44:27',3,0.00,0,0.00,0,0),(2195,'sharon.tan1@ibm.com\'s 09/10/2021 test','sharon.tan1@ibm.com\'s 09/10/2021 Test',0,NULL,'2021-09-09 00:00:00','2022-09-10 00:00:00','0000-00-00 00:00:00',2,'highest',1,2,'2021-09-10 03:44:50','2021-09-10 03:44:50',3,0.00,0,0.00,0,0),(2196,'sharon.tan1@ibm.com\'s 09/10/2021 test','sharon.tan1@ibm.com\'s 09/10/2021 Test',0,NULL,'2021-09-09 00:00:00','2022-09-10 00:00:00','0000-00-00 00:00:00',2,'highest',1,2,'2021-09-10 03:47:20','2021-09-10 03:47:20',3,0.00,0,0.00,0,0),(2197,'sharon.tan1@ibm.com\'s 09/10/2021 test','sharon.tan1@ibm.com\'s 09/10/2021 Test',0,NULL,'2021-09-09 00:00:00','2022-09-10 00:00:00','0000-00-00 00:00:00',2,'highest',1,2,'2021-09-10 03:58:19','2021-09-10 07:52:05',3,300.00,0,0.00,0,0),(2198,'sharon.tan1@ibm.com\'s 09/10/2021 test','sharon.tan1@ibm.com\'s 09/10/2021 Test',0,NULL,'2021-09-09 00:00:00','2022-09-10 00:00:00','0000-00-00 00:00:00',2,'highest',1,2,'2021-09-10 07:54:26','2021-09-10 07:54:26',3,0.00,0,0.00,0,0),(2199,'sharon.tan1@ibm.com\'s 09/10/2021 test','sharon.tan1@ibm.com\'s 09/10/2021 Test',0,NULL,'2021-09-09 00:00:00','2022-09-10 00:00:00','0000-00-00 00:00:00',2,'highest',1,2,'2021-09-10 08:09:39','2021-09-10 08:09:39',3,0.00,0,0.00,0,0),(2200,'sharon.shiling.tan@gmail.com\'s 09/10/2021 test','sharon.shiling.tan@gmail.com\'s 09/10/2021 Test',0,NULL,'2021-09-09 00:00:00','2022-09-10 00:00:00','0000-00-00 00:00:00',2,'highest',1,2,'2021-09-10 08:15:52','2021-09-10 08:15:52',4,0.00,0,0.00,0,0),(2201,'sharon.shiling.tan@gmail.com\'s 09/10/2021 test','sharon.shiling.tan@gmail.com\'s 09/10/2021 Test',0,NULL,'2021-09-09 00:00:00','2022-09-10 00:00:00','0000-00-00 00:00:00',2,'highest',1,2,'2021-09-10 08:24:45','2021-09-10 08:24:45',4,0.00,0,0.00,0,0),(2202,'sharon.shiling.tan@gmail.com\'s 09/10/2021 test','sharon.shiling.tan@gmail.com\'s 09/10/2021 Test',0,NULL,'2021-09-09 00:00:00','2022-09-10 00:00:00','0000-00-00 00:00:00',2,'highest',1,2,'2021-09-10 08:26:30','2021-09-10 08:26:30',4,0.00,0,0.00,0,0),(2203,'sharon.shiling.tan@gmail.com\'s 09/10/2021 test','sharon.shiling.tan@gmail.com\'s 09/10/2021 Test',0,NULL,'2021-09-09 00:00:00','2022-09-10 00:00:00','0000-00-00 00:00:00',2,'highest',1,2,'2021-09-10 08:28:13','2021-09-10 08:28:13',4,0.00,0,0.00,0,0),(2204,'sharon.shiling.tan@gmail.com\'s 09/10/2021 test','sharon.shiling.tan@gmail.com\'s 09/10/2021 Test',0,NULL,'2021-09-09 00:00:00','2022-09-10 00:00:00','0000-00-00 00:00:00',2,'highest',1,2,'2021-09-10 08:29:53','2021-09-10 08:30:59',4,400.00,0,0.00,0,0),(2205,'sharon.shiling.tan@gmail.com\'s 09/10/2021 test','sharon.shiling.tan@gmail.com\'s 09/10/2021 Test',0,NULL,'2021-09-09 00:00:00','2022-09-10 00:00:00','0000-00-00 00:00:00',2,'highest',1,2,'2021-09-10 08:31:35','2021-09-10 08:31:35',4,0.00,0,0.00,0,0),(2206,'sharon.shiling.tan@gmail.com\'s 09/10/2021 test','sharon.shiling.tan@gmail.com\'s 09/10/2021 Test',0,NULL,'2021-09-09 00:00:00','2022-09-10 00:00:00','0000-00-00 00:00:00',2,'highest',1,2,'2021-09-10 08:34:09','2021-09-10 08:34:09',4,0.00,0,0.00,0,0),(2207,'sharon.tan1@ibm.com\'s 09/10/2021 test','sharon.tan1@ibm.com\'s 09/10/2021 Test',0,NULL,'2021-09-09 00:00:00','2022-09-10 00:00:00','0000-00-00 00:00:00',2,'highest',1,2,'2021-09-10 09:18:09','2021-09-10 09:18:09',3,0.00,0,0.00,0,0),(2208,'sharon.tan1@ibm.com\'s 09/10/2021 test','sharon.tan1@ibm.com\'s 09/10/2021 Test',0,NULL,'2021-09-09 00:00:00','2022-09-10 00:00:00','0000-00-00 00:00:00',2,'highest',1,2,'2021-09-10 09:27:51','2021-09-10 09:27:51',3,0.00,0,0.00,0,0),(2209,'sharon.shiling.tan@gmail.com\'s 09/13/2021 test','sharon.shiling.tan@gmail.com\'s 09/13/2021 Test',0,NULL,'2021-09-12 00:00:00','2022-09-13 00:00:00','0000-00-00 00:00:00',2,'highest',1,2,'2021-09-13 09:27:20','2021-09-13 09:47:18',4,400.00,0,0.00,0,0),(2210,'sharon.shiling.tan@gmail.com\'s 09/13/2021 test','sharon.shiling.tan@gmail.com\'s 09/13/2021 Test',0,NULL,'2021-09-12 00:00:00','2022-09-13 00:00:00','0000-00-00 00:00:00',2,'highest',1,2,'2021-09-13 09:49:12','2021-09-13 10:07:14',5,500.00,0,0.00,0,0),(2211,'sharon.shiling.tan@gmail.com\'s 09/14/2021 test','sharon.shiling.tan@gmail.com\'s 09/14/2021 Test',0,NULL,'2021-09-13 00:00:00','2022-09-14 00:00:00','0000-00-00 00:00:00',2,'highest',1,2,'2021-09-14 09:40:05','2021-09-14 09:40:05',5,0.00,0,0.00,0,0),(2212,'sharon.shiling.tan@gmail.com\'s 09/14/2021 test','sharon.shiling.tan@gmail.com\'s 09/14/2021 Test',0,NULL,'2021-09-13 00:00:00','2022-09-14 00:00:00','0000-00-00 00:00:00',2,'highest',1,2,'2021-09-14 09:44:41','2021-09-14 09:44:41',5,0.00,0,0.00,0,0),(2213,'sharon.shiling.tan@gmail.com\'s 09/14/2021 test','sharon.shiling.tan@gmail.com\'s 09/14/2021 Test',0,NULL,'2021-09-13 00:00:00','2022-09-14 00:00:00','0000-00-00 00:00:00',2,'highest',1,2,'2021-09-14 09:49:13','2021-09-14 09:49:13',5,0.00,0,0.00,0,0),(2214,'sharon.shiling.tan@gmail.com\'s 09/14/2021 test','sharon.shiling.tan@gmail.com\'s 09/14/2021 Test',0,NULL,'2021-09-13 00:00:00','2022-09-14 00:00:00','0000-00-00 00:00:00',2,'highest',1,2,'2021-09-14 09:54:59','2021-09-14 09:57:47',5,500.00,0,0.00,0,0),(2215,'sharon.shiling.tan@gmail.com\'s 09/14/2021 test','sharon.shiling.tan@gmail.com\'s 09/14/2021 Test',0,NULL,'2021-09-13 00:00:00','2022-09-14 00:00:00','0000-00-00 00:00:00',2,'highest',1,2,'2021-09-14 09:58:47','2021-09-14 09:58:47',5,0.00,0,0.00,0,0),(2216,'pamelaliusm@gmail.com\'s 09/16/2021 test','pamelaliusm@gmail.com\'s 09/16/2021 Test',0,NULL,'2021-09-15 00:00:00','2022-09-16 00:00:00','0000-00-00 00:00:00',2,'highest',1,2,'2021-09-16 03:05:11','2021-09-16 03:05:11',4,0.00,0,0.00,0,0),(2217,'sharon.tan1@ibm.com\'s 09/16/2021 test','sharon.tan1@ibm.com\'s 09/16/2021 Test',0,NULL,'2021-09-15 00:00:00','2022-09-16 00:00:00','0000-00-00 00:00:00',2,'highest',1,2,'2021-09-16 08:46:01','2021-09-16 08:55:07',3,300.00,0,0.00,0,0),(2218,'sharon.tan1@ibm.com\'s 09/16/2021 test','sharon.tan1@ibm.com\'s 09/16/2021 Test',0,NULL,'2021-09-15 00:00:00','2022-09-16 00:00:00','0000-00-00 00:00:00',2,'highest',1,2,'2021-09-16 08:55:18','2021-09-16 08:55:18',4,0.00,0,0.00,0,0),(2219,'sharon.tan1@ibm.com\'s 09/16/2021 test','sharon.tan1@ibm.com\'s 09/16/2021 Test',0,NULL,'2021-09-15 00:00:00','2022-09-16 00:00:00','0000-00-00 00:00:00',2,'highest',1,2,'2021-09-16 09:06:55','2021-09-16 09:06:55',4,0.00,0,0.00,0,0),(2220,'sharon.shiling.tan@gmail.com\'s 09/21/2021 test','sharon.shiling.tan@gmail.com\'s 09/21/2021 Test',0,NULL,'2021-09-20 00:00:00','2022-09-21 00:00:00','0000-00-00 00:00:00',2,'highest',1,2,'2021-09-21 08:03:36','2021-09-21 08:03:36',5,0.00,0,0.00,0,0),(2221,'sharon.shiling.tan@gmail.com\'s 09/21/2021 test','sharon.shiling.tan@gmail.com\'s 09/21/2021 Test',0,NULL,'2021-09-20 00:00:00','2022-09-21 00:00:00','0000-00-00 00:00:00',2,'highest',1,2,'2021-09-21 08:08:49','2021-09-21 08:08:49',5,0.00,0,0.00,0,0),(2222,'sharon.shiling.tan@gmail.com\'s 09/21/2021 test','sharon.shiling.tan@gmail.com\'s 09/21/2021 Test',0,NULL,'2021-09-20 00:00:00','2022-09-21 00:00:00','0000-00-00 00:00:00',2,'highest',1,2,'2021-09-21 08:12:35','2021-09-21 08:25:19',5,500.00,0,0.00,0,0),(2223,'sharon.shiling.tan@gmail.com\'s 09/21/2021 test','sharon.shiling.tan@gmail.com\'s 09/21/2021 Test',0,NULL,'2021-09-20 00:00:00','2022-09-21 00:00:00','0000-00-00 00:00:00',2,'highest',1,2,'2021-09-21 08:28:07','2021-09-21 08:33:34',5,500.00,0,0.00,0,0),(2224,'sharon.shiling.tan@gmail.com\'s 09/21/2021 test','sharon.shiling.tan@gmail.com\'s 09/21/2021 Test',0,NULL,'2021-09-20 00:00:00','2022-09-21 00:00:00','0000-00-00 00:00:00',2,'highest',1,2,'2021-09-21 08:33:53','2021-09-21 08:33:53',5,0.00,0,0.00,0,0),(2225,'sharon.shiling.tan@gmail.com\'s 09/22/2021 test','sharon.shiling.tan@gmail.com\'s 09/22/2021 Test',0,NULL,'2021-09-21 00:00:00','2022-09-22 00:00:00','0000-00-00 00:00:00',2,'highest',1,2,'2021-09-22 08:11:06','2021-09-22 08:11:06',5,0.00,0,0.00,0,0),(2226,'sharon.shiling.tan@gmail.com\'s 09/22/2021 test','sharon.shiling.tan@gmail.com\'s 09/22/2021 Test',0,NULL,'2021-09-21 00:00:00','2022-09-22 00:00:00','0000-00-00 00:00:00',2,'highest',1,2,'2021-09-22 08:16:52','2021-09-22 08:18:41',5,500.00,0,0.00,0,0),(2227,'sharon.tan1@ibm.com\'s 09/22/2021 test','sharon.tan1@ibm.com\'s 09/22/2021 Test',0,NULL,'2021-09-21 00:00:00','2022-09-22 00:00:00','0000-00-00 00:00:00',2,'highest',1,2,'2021-09-22 08:16:54','2021-09-22 08:16:54',4,0.00,0,0.00,0,0),(2228,'sharon.shiling.tan@gmail.com\'s 09/22/2021 test','sharon.shiling.tan@gmail.com\'s 09/22/2021 Test',0,NULL,'2021-09-21 00:00:00','2022-09-22 00:00:00','0000-00-00 00:00:00',2,'highest',1,2,'2021-09-22 08:20:13','2021-09-22 08:20:13',5,0.00,0,0.00,0,0),(2229,'sharon.shiling.tan@gmail.com\'s 09/22/2021 test','sharon.shiling.tan@gmail.com\'s 09/22/2021 Test',0,NULL,'2021-09-21 00:00:00','2022-09-22 00:00:00','0000-00-00 00:00:00',2,'highest',1,2,'2021-09-22 08:23:49','2021-09-22 08:26:01',5,500.00,0,0.00,0,0),(2230,'sharon.shiling.tan@gmail.com\'s 09/22/2021 test','sharon.shiling.tan@gmail.com\'s 09/22/2021 Test',0,NULL,'2021-09-21 00:00:00','2022-09-22 00:00:00','0000-00-00 00:00:00',2,'highest',1,2,'2021-09-22 08:26:21','2021-09-22 08:26:21',5,0.00,0,0.00,0,0),(2231,'sharon.tan1@ibm.com\'s 09/22/2021 test','sharon.tan1@ibm.com\'s 09/22/2021 Test',0,NULL,'2021-09-21 00:00:00','2022-09-22 00:00:00','0000-00-00 00:00:00',2,'highest',1,2,'2021-09-22 08:27:03','2021-09-22 08:27:03',4,0.00,0,0.00,0,0),(2232,'sharon.shiling.tan@gmail.com\'s 09/22/2021 test','sharon.shiling.tan@gmail.com\'s 09/22/2021 Test',0,NULL,'2021-09-21 00:00:00','2022-09-22 00:00:00','0000-00-00 00:00:00',2,'highest',1,2,'2021-09-22 08:34:36','2021-09-22 08:34:36',5,0.00,0,0.00,0,0),(2233,'sharon.tan1@ibm.com\'s 09/22/2021 test','sharon.tan1@ibm.com\'s 09/22/2021 Test',0,NULL,'2021-09-21 00:00:00','2022-09-22 00:00:00','0000-00-00 00:00:00',2,'highest',1,2,'2021-09-22 08:35:40','2021-09-22 08:36:25',4,400.00,0,0.00,0,0),(2234,'sharon.shiling.tan@gmail.com\'s 09/22/2021 test','sharon.shiling.tan@gmail.com\'s 09/22/2021 Test',0,NULL,'2021-09-21 00:00:00','2022-09-22 00:00:00','0000-00-00 00:00:00',2,'highest',1,2,'2021-09-22 08:36:50','2021-09-22 08:36:50',5,0.00,0,0.00,0,0),(2235,'sharon.tan1@ibm.com\'s 09/22/2021 test','sharon.tan1@ibm.com\'s 09/22/2021 Test',0,NULL,'2021-09-21 00:00:00','2022-09-22 00:00:00','0000-00-00 00:00:00',2,'highest',1,2,'2021-09-22 08:38:07','2021-09-22 08:38:07',4,0.00,0,0.00,0,0),(2236,'sharon.tan1@ibm.com\'s 09/22/2021 test','sharon.tan1@ibm.com\'s 09/22/2021 Test',0,NULL,'2021-09-21 00:00:00','2022-09-22 00:00:00','0000-00-00 00:00:00',2,'highest',1,2,'2021-09-22 08:39:54','2021-09-22 08:39:54',4,0.00,0,0.00,0,0),(2237,'sharon.tan1@ibm.com\'s 09/22/2021 test','sharon.tan1@ibm.com\'s 09/22/2021 Test',0,NULL,'2021-09-21 00:00:00','2022-09-22 00:00:00','0000-00-00 00:00:00',2,'highest',1,2,'2021-09-22 08:44:20','2021-09-22 08:44:20',4,0.00,0,0.00,0,0),(2238,'sharon.tan1@ibm.com\'s 09/22/2021 test','sharon.tan1@ibm.com\'s 09/22/2021 Test',0,NULL,'2021-09-21 00:00:00','2022-09-22 00:00:00','0000-00-00 00:00:00',2,'highest',1,2,'2021-09-22 08:50:56','2021-09-22 08:50:56',4,0.00,0,0.00,0,0),(2239,'sharon.tan1@ibm.com\'s 09/22/2021 test','sharon.tan1@ibm.com\'s 09/22/2021 Test',0,NULL,'2021-09-21 00:00:00','2022-09-22 00:00:00','0000-00-00 00:00:00',2,'highest',1,2,'2021-09-22 08:58:06','2021-09-22 09:00:04',4,400.00,0,0.00,0,0),(2240,'sharon.tan1@ibm.com\'s 09/22/2021 test','sharon.tan1@ibm.com\'s 09/22/2021 Test',0,NULL,'2021-09-21 00:00:00','2022-09-22 00:00:00','0000-00-00 00:00:00',2,'highest',1,2,'2021-09-22 09:00:25','2021-09-22 09:00:25',4,0.00,0,0.00,0,0),(2241,'sharon.shiling.tan@gmail.com\'s 09/23/2021 test','sharon.shiling.tan@gmail.com\'s 09/23/2021 Test',0,NULL,'2021-09-22 00:00:00','2022-09-23 00:00:00','0000-00-00 00:00:00',2,'highest',1,2,'2021-09-23 09:14:06','2021-09-23 09:14:06',5,0.00,0,0.00,0,0),(2242,'sharon.tan1@ibm.com\'s 09/23/2021 test','sharon.tan1@ibm.com\'s 09/23/2021 Test',0,NULL,'2021-09-22 00:00:00','2022-09-23 00:00:00','0000-00-00 00:00:00',2,'highest',1,2,'2021-09-23 09:15:01','2021-09-23 09:16:35',4,400.00,0,0.00,0,0),(2243,'sharon.tan1@ibm.com\'s 09/23/2021 test','sharon.tan1@ibm.com\'s 09/23/2021 Test',0,NULL,'2021-09-22 00:00:00','2022-09-23 00:00:00','0000-00-00 00:00:00',2,'highest',1,2,'2021-09-23 09:20:02','2021-09-23 09:29:48',5,500.00,0,0.00,0,0),(2244,'sharon.tan1@ibm.com\'s 09/23/2021 test','sharon.tan1@ibm.com\'s 09/23/2021 Test',0,NULL,'2021-09-22 00:00:00','2022-09-23 00:00:00','0000-00-00 00:00:00',2,'highest',1,2,'2021-09-23 09:29:55','2021-09-23 09:29:55',5,0.00,0,0.00,0,0),(2245,'sharon.shiling.tan@gmail.com\'s 09/24/2021 test','sharon.shiling.tan@gmail.com\'s 09/24/2021 Test',0,NULL,'2021-09-23 00:00:00','2022-09-24 00:00:00','0000-00-00 00:00:00',2,'highest',1,2,'2021-09-24 07:35:34','2021-09-24 07:35:34',5,0.00,0,0.00,0,0),(2246,'sharon.shiling.tan@gmail.com\'s 09/24/2021 test','sharon.shiling.tan@gmail.com\'s 09/24/2021 Test',0,NULL,'2021-09-23 00:00:00','2022-09-24 00:00:00','0000-00-00 00:00:00',2,'highest',1,2,'2021-09-24 07:41:02','2021-09-24 07:45:34',5,500.00,0,0.00,0,0),(2247,'sharon.shiling.tan@gmail.com\'s 09/28/2021 test','sharon.shiling.tan@gmail.com\'s 09/28/2021 Test',0,NULL,'2021-09-27 00:00:00','2022-09-28 00:00:00','0000-00-00 00:00:00',2,'highest',1,2,'2021-09-28 06:42:05','2021-09-28 06:42:05',6,0.00,0,0.00,0,0),(2248,'sharon.shiling.tan@gmail.com\'s 09/28/2021 test','sharon.shiling.tan@gmail.com\'s 09/28/2021 Test',0,NULL,'2021-09-27 00:00:00','2022-09-28 00:00:00','0000-00-00 00:00:00',2,'highest',1,2,'2021-09-28 06:56:54','2021-09-28 06:56:54',6,0.00,0,0.00,0,0),(2249,'sharon.shiling.tan@gmail.com\'s 09/28/2021 test','sharon.shiling.tan@gmail.com\'s 09/28/2021 Test',0,NULL,'2021-09-27 00:00:00','2022-09-28 00:00:00','0000-00-00 00:00:00',2,'highest',1,2,'2021-09-28 07:00:56','2021-09-28 07:00:56',6,0.00,0,0.00,0,0),(2250,'sharon.shiling.tan@gmail.com\'s 09/29/2021 test','sharon.shiling.tan@gmail.com\'s 09/29/2021 Test',0,NULL,'2021-09-28 00:00:00','2022-09-29 00:00:00','0000-00-00 00:00:00',2,'highest',1,2,'2021-09-29 07:42:56','2021-09-29 07:42:56',6,0.00,0,0.00,0,0),(2251,'sharon.shiling.tan@gmail.com\'s 09/29/2021 test','sharon.shiling.tan@gmail.com\'s 09/29/2021 Test',0,NULL,'2021-09-28 00:00:00','2022-09-29 00:00:00','0000-00-00 00:00:00',2,'highest',1,2,'2021-09-29 07:52:03','2021-09-29 07:52:03',6,0.00,0,0.00,0,0),(2252,'sharon.shiling.tan@gmail.com\'s 09/29/2021 test','sharon.shiling.tan@gmail.com\'s 09/29/2021 Test',0,NULL,'2021-09-28 00:00:00','2022-09-29 00:00:00','0000-00-00 00:00:00',2,'highest',1,2,'2021-09-29 07:56:56','2021-09-29 07:56:56',6,0.00,0,0.00,0,0),(2253,'sharon.shiling.tan@gmail.com\'s 09/29/2021 test','sharon.shiling.tan@gmail.com\'s 09/29/2021 Test',0,NULL,'2021-09-28 00:00:00','2022-09-29 00:00:00','0000-00-00 00:00:00',2,'highest',1,2,'2021-09-29 07:58:06','2021-09-29 07:58:06',6,0.00,0,0.00,0,0),(2254,'sharon.tan1@ibm.com\'s 09/29/2021 test','sharon.tan1@ibm.com\'s 09/29/2021 Test',0,NULL,'2021-09-28 00:00:00','2022-09-29 00:00:00','0000-00-00 00:00:00',2,'highest',1,2,'2021-09-29 07:58:23','2021-09-29 08:41:05',5,500.00,0,0.00,0,0),(2255,'sharon.shiling.tan@gmail.com\'s 09/29/2021 test','sharon.shiling.tan@gmail.com\'s 09/29/2021 Test',0,NULL,'2021-09-28 00:00:00','2022-09-29 00:00:00','0000-00-00 00:00:00',2,'highest',1,2,'2021-09-29 07:58:55','2021-09-29 07:58:55',6,0.00,0,0.00,0,0),(2256,'sharon.shiling.tan@gmail.com\'s 09/29/2021 test','sharon.shiling.tan@gmail.com\'s 09/29/2021 Test',0,NULL,'2021-09-28 00:00:00','2022-09-29 00:00:00','0000-00-00 00:00:00',2,'highest',1,2,'2021-09-29 07:59:51','2021-09-29 08:00:40',6,600.00,0,0.00,0,0),(2257,'sharon.shiling.tan@gmail.com\'s 09/29/2021 test','sharon.shiling.tan@gmail.com\'s 09/29/2021 Test',0,NULL,'2021-09-28 00:00:00','2022-09-29 00:00:00','0000-00-00 00:00:00',2,'highest',1,2,'2021-09-29 08:01:03','2021-09-29 08:01:34',6,600.00,0,0.00,0,0),(2258,'sharon.shiling.tan@gmail.com\'s 09/29/2021 test','sharon.shiling.tan@gmail.com\'s 09/29/2021 Test',0,NULL,'2021-09-28 00:00:00','2022-09-29 00:00:00','0000-00-00 00:00:00',2,'highest',1,2,'2021-09-29 08:01:59','2021-09-29 08:02:50',6,600.00,0,0.00,0,0),(2259,'sharon.shiling.tan@gmail.com\'s 09/29/2021 test','sharon.shiling.tan@gmail.com\'s 09/29/2021 Test',0,NULL,'2021-09-28 00:00:00','2022-09-29 00:00:00','0000-00-00 00:00:00',2,'highest',1,2,'2021-09-29 08:04:04','2021-09-29 08:04:04',6,0.00,0,0.00,0,0),(2260,'sharon.shiling.tan@gmail.com\'s 09/29/2021 test','sharon.shiling.tan@gmail.com\'s 09/29/2021 Test',0,NULL,'2021-09-28 00:00:00','2022-09-29 00:00:00','0000-00-00 00:00:00',2,'highest',1,2,'2021-09-29 08:06:18','2021-09-29 08:06:18',6,0.00,0,0.00,0,0),(2261,'sharon.shiling.tan@gmail.com\'s 09/29/2021 test','sharon.shiling.tan@gmail.com\'s 09/29/2021 Test',0,NULL,'2021-09-28 00:00:00','2022-09-29 00:00:00','0000-00-00 00:00:00',2,'highest',1,2,'2021-09-29 08:09:09','2021-09-29 08:09:09',6,0.00,0,0.00,0,0),(2262,'sharon.shiling.tan@gmail.com\'s 09/29/2021 test','sharon.shiling.tan@gmail.com\'s 09/29/2021 Test',0,NULL,'2021-09-28 00:00:00','2022-09-29 00:00:00','0000-00-00 00:00:00',2,'highest',1,2,'2021-09-29 08:11:16','2021-09-29 08:11:16',6,0.00,0,0.00,0,0),(2263,'sharon.shiling.tan@gmail.com\'s 09/29/2021 test','sharon.shiling.tan@gmail.com\'s 09/29/2021 Test',0,NULL,'2021-09-28 00:00:00','2022-09-29 00:00:00','0000-00-00 00:00:00',2,'highest',1,2,'2021-09-29 08:12:44','2021-09-29 08:12:44',6,0.00,0,0.00,0,0),(2264,'sharon.shiling.tan@gmail.com\'s 09/29/2021 test','sharon.shiling.tan@gmail.com\'s 09/29/2021 Test',0,NULL,'2021-09-28 00:00:00','2022-09-29 00:00:00','0000-00-00 00:00:00',2,'highest',1,2,'2021-09-29 08:13:33','2021-09-29 08:13:33',6,0.00,0,0.00,0,0),(2265,'sharon.shiling.tan@gmail.com\'s 09/29/2021 test','sharon.shiling.tan@gmail.com\'s 09/29/2021 Test',0,NULL,'2021-09-28 00:00:00','2022-09-29 00:00:00','0000-00-00 00:00:00',2,'highest',1,2,'2021-09-29 08:33:41','2021-10-14 08:11:54',6,600.00,0,0.00,0,0),(2266,'sharon.tan1@ibm.com\'s 09/29/2021 test','sharon.tan1@ibm.com\'s 09/29/2021 Test',0,NULL,'2021-09-28 00:00:00','2022-09-29 00:00:00','0000-00-00 00:00:00',2,'highest',1,2,'2021-09-29 08:41:13','2021-09-29 08:42:32',5,500.00,0,0.00,0,0),(2267,'sharon.tan1@ibm.com\'s 09/29/2021 test','sharon.tan1@ibm.com\'s 09/29/2021 Test',0,NULL,'2021-09-28 00:00:00','2022-09-29 00:00:00','0000-00-00 00:00:00',2,'highest',1,2,'2021-09-29 08:45:59','2021-09-29 08:45:59',5,0.00,0,0.00,0,0),(2268,'sharon.tan1@ibm.com\'s 09/29/2021 test','sharon.tan1@ibm.com\'s 09/29/2021 Test',0,NULL,'2021-09-28 00:00:00','2022-09-29 00:00:00','0000-00-00 00:00:00',2,'highest',1,2,'2021-09-29 08:50:33','2021-09-29 08:50:33',5,0.00,0,0.00,0,0),(2269,'sharon.tan1@ibm.com\'s 09/29/2021 test','sharon.tan1@ibm.com\'s 09/29/2021 Test',0,NULL,'2021-09-28 00:00:00','2022-09-29 00:00:00','0000-00-00 00:00:00',2,'highest',1,2,'2021-09-29 08:57:22','2021-09-29 08:57:22',5,0.00,0,0.00,0,0),(2270,'sharon.tan1@ibm.com\'s 10/14/2021 test','sharon.tan1@ibm.com\'s 10/14/2021 Test',0,NULL,'2021-10-13 00:00:00','2022-10-14 00:00:00','0000-00-00 00:00:00',2,'highest',1,2,'2021-10-14 07:41:26','2021-10-14 07:47:34',5,500.00,0,0.00,0,0),(2271,'sharon.tan1@ibm.com\'s 10/14/2021 test','sharon.tan1@ibm.com\'s 10/14/2021 Test',0,NULL,'2021-10-13 00:00:00','2022-10-14 00:00:00','0000-00-00 00:00:00',2,'highest',1,2,'2021-10-14 07:47:52','2021-10-14 07:47:52',5,0.00,0,0.00,0,0),(2272,'sharon.tan1@ibm.com\'s 10/14/2021 test','sharon.tan1@ibm.com\'s 10/14/2021 Test',0,NULL,'2021-10-13 00:00:00','2022-10-14 00:00:00','0000-00-00 00:00:00',2,'highest',1,2,'2021-10-14 07:52:42','2021-10-14 07:52:42',5,0.00,0,0.00,0,0),(2273,'sharon.tan1@ibm.com\'s 10/14/2021 test','sharon.tan1@ibm.com\'s 10/14/2021 Test',0,NULL,'2021-10-13 00:00:00','2022-10-14 00:00:00','0000-00-00 00:00:00',2,'highest',1,2,'2021-10-14 07:57:13','2021-10-14 07:57:13',5,0.00,0,0.00,0,0),(2274,'sharon.tan1@ibm.com\'s 10/14/2021 test','sharon.tan1@ibm.com\'s 10/14/2021 Test',0,NULL,'2021-10-13 00:00:00','2022-10-14 00:00:00','0000-00-00 00:00:00',2,'highest',1,2,'2021-10-14 07:58:56','2021-10-14 07:58:56',5,0.00,0,0.00,0,0),(2275,'sharon.tan1@ibm.com\'s 10/14/2021 test','sharon.tan1@ibm.com\'s 10/14/2021 Test',0,NULL,'2021-10-13 00:00:00','2022-10-14 00:00:00','0000-00-00 00:00:00',2,'highest',1,2,'2021-10-14 08:00:29','2021-10-14 08:00:29',5,0.00,0,0.00,0,0),(2276,'sharon.tan1@ibm.com\'s 10/14/2021 test','sharon.tan1@ibm.com\'s 10/14/2021 Test',0,NULL,'2021-10-13 00:00:00','2022-10-14 00:00:00','0000-00-00 00:00:00',2,'highest',1,2,'2021-10-14 08:02:38','2021-10-14 08:07:11',5,500.00,0,0.00,0,0),(2277,'sharon.tan1@ibm.com\'s 10/14/2021 test','sharon.tan1@ibm.com\'s 10/14/2021 Test',0,NULL,'2021-10-13 00:00:00','2022-10-14 00:00:00','0000-00-00 00:00:00',2,'highest',1,2,'2021-10-14 08:07:29','2021-10-14 08:08:43',5,500.00,0,0.00,0,0),(2278,'sharon.tan1@ibm.com\'s 10/14/2021 test','sharon.tan1@ibm.com\'s 10/14/2021 Test',0,NULL,'2021-10-13 00:00:00','2022-10-14 00:00:00','0000-00-00 00:00:00',2,'highest',1,2,'2021-10-14 08:10:07','2021-10-14 08:10:07',5,0.00,0,0.00,0,0),(2279,'sharon.tan1@ibm.com\'s 10/14/2021 test','sharon.tan1@ibm.com\'s 10/14/2021 Test',0,NULL,'2021-10-13 00:00:00','2022-10-14 00:00:00','0000-00-00 00:00:00',2,'highest',1,2,'2021-10-14 08:14:11','2021-10-14 08:14:11',5,0.00,0,0.00,0,0),(2280,'sharon.shiling.tan@gmail.com\'s 11/26/2021 test','sharon.shiling.tan@gmail.com\'s 11/26/2021 Test',0,NULL,'2021-11-25 00:00:00','2022-11-26 00:00:00','0000-00-00 00:00:00',2,'highest',1,2,'2021-11-26 06:16:48','2021-11-26 06:16:48',6,0.00,0,0.00,0,0),(2281,'sharon.tan1@ibm.com\'s 11/26/2021 test','sharon.tan1@ibm.com\'s 11/26/2021 Test',0,NULL,'2021-11-25 00:00:00','2022-11-26 00:00:00','0000-00-00 00:00:00',2,'highest',1,2,'2021-11-26 06:50:34','2021-11-26 06:51:14',5,500.00,0,0.00,0,0),(2282,'sharon.tan1@ibm.com\'s 11/26/2021 test','sharon.tan1@ibm.com\'s 11/26/2021 Test',0,NULL,'2021-11-25 00:00:00','2022-11-26 00:00:00','0000-00-00 00:00:00',2,'highest',1,2,'2021-11-26 06:55:09','2021-11-26 06:55:09',5,0.00,0,0.00,0,0),(2283,'sharon.tan1@ibm.com\'s 11/26/2021 test','sharon.tan1@ibm.com\'s 11/26/2021 Test',0,NULL,'2021-11-25 00:00:00','2022-11-26 00:00:00','0000-00-00 00:00:00',2,'highest',1,2,'2021-11-26 07:02:12','2021-11-26 07:02:12',5,0.00,0,0.00,0,0),(2284,'sharon.tan1@ibm.com\'s 11/26/2021 test','sharon.tan1@ibm.com\'s 11/26/2021 Test',0,NULL,'2021-11-25 00:00:00','2022-11-26 00:00:00','0000-00-00 00:00:00',2,'highest',1,2,'2021-11-26 07:10:34','2021-11-26 07:10:34',5,0.00,0,0.00,0,0),(2285,'sharon.tan1@ibm.com\'s 11/26/2021 test','sharon.tan1@ibm.com\'s 11/26/2021 Test',0,NULL,'2021-11-25 00:00:00','2022-11-26 00:00:00','0000-00-00 00:00:00',2,'highest',1,2,'2021-11-26 07:20:04','2021-11-26 07:20:04',5,0.00,0,0.00,0,0),(2286,'sharon.tan1@ibm.com\'s 11/26/2021 test','sharon.tan1@ibm.com\'s 11/26/2021 Test',0,NULL,'2021-11-25 00:00:00','2022-11-26 00:00:00','0000-00-00 00:00:00',2,'highest',1,2,'2021-11-26 07:29:44','2021-11-26 07:29:45',5,0.00,0,0.00,0,0),(2287,'sharon.tan1@ibm.com\'s 11/26/2021 test','sharon.tan1@ibm.com\'s 11/26/2021 Test',0,NULL,'2021-11-25 00:00:00','2022-11-26 00:00:00','0000-00-00 00:00:00',2,'highest',1,2,'2021-11-26 07:33:54','2021-11-30 05:54:03',5,500.00,0,0.00,0,0),(2288,'sharon.tan1@ibm.com\'s 11/30/2021 test','sharon.tan1@ibm.com\'s 11/30/2021 Test',0,NULL,'2021-11-29 00:00:00','2022-11-30 00:00:00','0000-00-00 00:00:00',2,'highest',1,2,'2021-11-30 05:58:37','2021-11-30 06:03:46',6,600.00,0,0.00,0,0),(2289,'sharon.tan1@ibm.com\'s 11/30/2021 test','sharon.tan1@ibm.com\'s 11/30/2021 Test',0,NULL,'2021-11-29 00:00:00','2022-11-30 00:00:00','0000-00-00 00:00:00',2,'highest',1,2,'2021-11-30 06:10:06','2021-11-30 06:10:06',6,0.00,0,0.00,0,0),(2290,'sharon.tan1@ibm.com\'s 11/30/2021 test','sharon.tan1@ibm.com\'s 11/30/2021 Test',0,NULL,'2021-11-29 00:00:00','2022-11-30 00:00:00','0000-00-00 00:00:00',2,'highest',1,2,'2021-11-30 06:13:07','2021-11-30 06:13:07',6,0.00,0,0.00,0,0),(2291,'sharon.tan1@ibm.com\'s 11/30/2021 test','sharon.tan1@ibm.com\'s 11/30/2021 Test',0,NULL,'2021-11-29 00:00:00','2022-11-30 00:00:00','0000-00-00 00:00:00',2,'highest',1,2,'2021-11-30 06:15:46','2021-11-30 06:15:47',6,0.00,0,0.00,0,0),(2292,'sharon.shiling.tan@gmail.com\'s 11/30/2021 test','sharon.shiling.tan@gmail.com\'s 11/30/2021 Test',0,NULL,'2021-11-29 00:00:00','2022-11-30 00:00:00','0000-00-00 00:00:00',2,'highest',1,2,'2021-11-30 06:25:38','2021-11-30 06:25:38',6,0.00,0,0.00,0,0),(2293,'pamelaliusm@gmail.com\'s 06/09/2023 test','pamelaliusm@gmail.com\'s 06/09/2023 Test',0,NULL,'2023-06-08 00:00:00','2024-06-09 00:00:00','0000-00-00 00:00:00',2,'highest',1,2,'2023-06-09 01:45:27','2023-06-09 01:45:27',4,0.00,0,0.00,0,0),(2294,'japher_lim@yahoo.com.sg\'s Diagnostic test','japher_lim@yahoo.com.sg\'s diagnostic test 2023-06-13',1,NULL,'2023-06-12 00:00:00','2024-06-13 00:00:00','0000-00-00 00:00:00',2,'highest',1,2,'2023-06-13 06:47:41','2023-06-13 07:43:03',3,0.00,0,0.00,0,0),(2295,'japher_lim@yahoo.com.sg\'s 06/13/2023 test','japher_lim@yahoo.com.sg\'s 06/13/2023 Test',0,NULL,'2023-06-12 00:00:00','2024-06-13 00:00:00','0000-00-00 00:00:00',2,'highest',1,2,'2023-06-13 07:43:07','2023-06-13 07:43:07',3,0.00,0,0.00,0,0),(2296,'japher_lim@yahoo.com.sg\'s 06/13/2023 test','japher_lim@yahoo.com.sg\'s 06/13/2023 Test',0,NULL,'2023-06-12 00:00:00','2024-06-13 00:00:00','0000-00-00 00:00:00',2,'highest',1,2,'2023-06-13 21:37:30','2023-06-13 22:03:37',3,300.00,0,0.00,0,0),(2297,'japher_lim@yahoo.com.sg\'s 06/19/2023 test','japher_lim@yahoo.com.sg\'s 06/19/2023 Test',0,NULL,'2023-06-18 00:00:00','2024-06-19 00:00:00','0000-00-00 00:00:00',2,'highest',1,2,'2023-06-19 07:34:08','2023-06-19 07:34:08',3,0.00,0,0.00,0,0),(2298,'Free Diagnostic for suki@suki.com on 2024-04-10','Automatically generated free diagnostic test',1,NULL,'2024-04-10 23:30:44','2025-04-10 23:30:44','2025-04-10 23:30:44',2,'highest',2,2,'2024-04-10 23:30:44','2024-04-10 23:30:44',NULL,0.00,0,0.00,0,0),(2299,'suki@suki.com\'s Addition and Subtraction to 100 tracktest','suki@suki.com\'s 04/10/2024 Addition and Subtraction to 100 tracktest',0,NULL,'2024-04-09 00:00:00','2025-04-10 00:00:00','0000-00-00 00:00:00',2,'highest',1,2,'2024-04-10 23:39:28','2024-04-10 23:39:28',NULL,0.00,0,0.00,0,0),(2300,'limkangsong94@gmail.com\'s Numbers up to 100 tracktest','limkangsong94@gmail.com\'s 04/11/2024 Numbers up to 100 tracktest',0,NULL,'2024-04-10 00:00:00','2025-04-11 00:00:00','0000-00-00 00:00:00',2,'highest',1,2,'2024-04-11 00:43:37','2024-04-11 00:43:37',NULL,0.00,0,0.00,0,0),(2301,'limkangsong94@gmail.com\'s Addition and Subtraction to 100 tracktest','limkangsong94@gmail.com\'s 04/11/2024 Addition and Subtraction to 100 tracktest',0,NULL,'2024-04-10 00:00:00','2025-04-11 00:00:00','0000-00-00 00:00:00',2,'highest',1,2,'2024-04-11 00:46:09','2024-04-11 00:46:09',NULL,0.00,0,0.00,0,0),(2302,'limkangsong94@gmail.com\'s Length Year 1 tracktest','limkangsong94@gmail.com\'s 04/11/2024 Length Year 1 tracktest',0,NULL,'2024-04-10 00:00:00','2025-04-11 00:00:00','0000-00-00 00:00:00',2,'highest',1,2,'2024-04-11 00:46:26','2024-04-11 00:46:26',NULL,0.00,0,0.00,0,0),(2303,'limkangsong94@gmail.com\'s Time Year 1 tracktest','limkangsong94@gmail.com\'s 04/11/2024 Time Year 1 tracktest',0,NULL,'2024-04-10 00:00:00','2025-04-11 00:00:00','0000-00-00 00:00:00',2,'highest',1,2,'2024-04-11 00:47:41','2024-04-11 00:50:53',2,0.00,0,0.00,0,0),(2304,'suki@suki.com\'s Length Year 1 tracktest','suki@suki.com\'s 04/11/2024 Length Year 1 tracktest',0,NULL,'2024-04-10 00:00:00','2025-04-11 00:00:00','0000-00-00 00:00:00',2,'highest',1,2,'2024-04-11 00:48:22','2024-04-11 14:18:38',2,0.00,0,0.00,0,0),(2305,'suki@suki.com\'s Numbers up to 100 tracktest','suki@suki.com\'s 04/11/2024 Numbers up to 100 tracktest',0,NULL,'2024-04-10 00:00:00','2025-04-11 00:00:00','0000-00-00 00:00:00',2,'highest',1,2,'2024-04-11 00:49:38','2024-04-11 00:49:38',NULL,0.00,0,0.00,0,0),(2306,'limkangsong94@gmail.com\'s Numbers up to 1000 tracktest','limkangsong94@gmail.com\'s 04/11/2024 Numbers up to 1000 tracktest',0,NULL,'2024-04-10 00:00:00','2025-04-11 00:00:00','0000-00-00 00:00:00',2,'highest',1,2,'2024-04-11 14:03:08','2024-04-11 14:03:08',NULL,0.00,0,0.00,0,0),(2307,'limkangsong94@gmail.com\'s Money Year 1 tracktest','limkangsong94@gmail.com\'s 04/11/2024 Money Year 1 tracktest',0,NULL,'2024-04-10 00:00:00','2025-04-11 00:00:00','0000-00-00 00:00:00',2,'highest',1,2,'2024-04-11 14:03:31','2024-04-11 14:03:31',NULL,0.00,0,0.00,0,0),(2308,'limkangsong94@gmail.com\'s Money Year 3 tracktest','limkangsong94@gmail.com\'s 04/11/2024 Money Year 3 tracktest',0,NULL,'2024-04-10 00:00:00','2025-04-11 00:00:00','0000-00-00 00:00:00',2,'highest',1,2,'2024-04-11 14:04:41','2024-04-11 14:06:17',2,0.00,0,0.00,0,0),(2309,'suki@suki.com\'s Money Year 2 tracktest','suki@suki.com\'s 04/11/2024 Money Year 2 tracktest',0,NULL,'2024-04-10 00:00:00','2025-04-11 00:00:00','0000-00-00 00:00:00',2,'highest',1,2,'2024-04-11 15:37:12','2024-04-11 15:50:23',2,300.00,0,0.00,0,0),(2310,'K-6 Maths\'s 04/11/2024 Test','K-6 Maths\'s 04/11/2024 Test',1,NULL,'2024-04-10 00:00:00','2024-05-11 00:00:00','0000-00-00 00:00:00',2,'highest',1,2,'2024-04-11 15:50:45','2024-04-11 15:50:45',2,0.00,0,0.00,0,0),(2311,'K-6 Maths\'s 04/11/2024 Test','K-6 Maths\'s 04/11/2024 Test',1,NULL,'2024-04-10 00:00:00','2024-05-11 00:00:00','0000-00-00 00:00:00',2,'highest',1,2,'2024-04-11 15:50:46','2024-04-11 15:50:46',2,0.00,0,0.00,0,0),(2312,'K-6 Maths\'s 04/11/2024 Test','K-6 Maths\'s 04/11/2024 Test',1,NULL,'2024-04-10 00:00:00','2024-05-11 00:00:00','0000-00-00 00:00:00',2,'highest',1,2,'2024-04-11 15:50:48','2024-04-11 15:50:48',2,0.00,0,0.00,0,0),(2313,'K-6 Maths\'s 04/11/2024 Test','K-6 Maths\'s 04/11/2024 Test',1,NULL,'2024-04-10 00:00:00','2024-05-11 00:00:00','0000-00-00 00:00:00',2,'highest',1,2,'2024-04-11 15:50:58','2024-04-11 15:50:58',2,0.00,0,0.00,0,0),(2314,'K-6 Maths\'s 04/11/2024 Test','K-6 Maths\'s 04/11/2024 Test',1,NULL,'2024-04-10 00:00:00','2024-05-11 00:00:00','0000-00-00 00:00:00',2,'highest',1,2,'2024-04-11 15:50:59','2024-04-11 15:50:59',2,0.00,0,0.00,0,0),(2315,'K-6 Maths\'s 04/11/2024 Test','K-6 Maths\'s 04/11/2024 Test',1,NULL,'2024-04-10 00:00:00','2024-05-11 00:00:00','0000-00-00 00:00:00',2,'highest',1,2,'2024-04-11 15:50:59','2024-04-11 15:50:59',2,0.00,0,0.00,0,0),(2316,'suki@suki.com\'s Money Year 1 tracktest','suki@suki.com\'s 04/11/2024 Money Year 1 tracktest',0,NULL,'2024-04-10 00:00:00','2025-04-11 00:00:00','0000-00-00 00:00:00',2,'highest',1,2,'2024-04-11 21:38:15','2024-04-11 21:42:19',2,0.00,0,0.00,0,0),(2317,'suki@suki.com diagnostic 04/12/2024 Test','suki@suki.com diagnostic 04/12/2024 Test',1,NULL,'2024-04-11 00:00:00','2024-05-12 00:00:00','0000-00-00 00:00:00',2,'highest',1,2,'2024-04-12 02:37:50','2024-04-12 02:37:50',2,0.00,0,0.00,0,0),(2318,'suki@suki.com diagnostic 04/12/2024 Test','suki@suki.com diagnostic 04/12/2024 Test',1,NULL,'2024-04-11 00:00:00','2024-05-12 00:00:00','0000-00-00 00:00:00',2,'highest',1,2,'2024-04-12 02:42:05','2024-04-12 02:42:05',2,0.00,0,0.00,0,0),(2319,'limkangsong94@gmail.com\'s Money Year 2 tracktest','limkangsong94@gmail.com\'s 04/12/2024 Money Year 2 tracktest',0,NULL,'2024-04-11 00:00:00','2025-04-12 00:00:00','0000-00-00 00:00:00',2,'highest',1,2,'2024-04-12 02:42:53','2024-04-12 02:42:53',NULL,0.00,0,0.00,0,0),(2320,'limkangsong94@gmail.com diagnostic 04/12/2024 Test','limkangsong94@gmail.com diagnostic 04/12/2024 Test',1,NULL,'2024-04-11 00:00:00','2024-05-12 00:00:00','0000-00-00 00:00:00',2,'highest',1,2,'2024-04-12 03:43:04','2024-04-12 03:43:04',2,0.00,0,0.00,0,0),(2321,'limkangsong94@gmail.com\'s Money Year 3 tracktest','limkangsong94@gmail.com\'s 04/12/2024 Money Year 3 tracktest',0,NULL,'2024-04-11 00:00:00','2025-04-12 00:00:00','0000-00-00 00:00:00',2,'highest',1,2,'2024-04-12 03:44:01','2024-04-12 03:46:19',NULL,400.00,0,0.00,0,0),(2322,'','',0,NULL,'2018-05-03 00:00:00','2019-05-04 00:00:00','0000-00-00 00:00:00',2,'highest',1,2,'2024-04-23 05:46:12','2024-04-23 05:46:12',NULL,0.00,0,0.00,0,0),(2323,'pamelaliusm@gmail.com standard 04/23/2024 Test for ','pamelaliusm@gmail.com standard 04/23/2024 Test for ',0,NULL,'2024-04-22 00:00:00','2024-05-23 00:00:00','0000-00-00 00:00:00',2,'highest',1,2,'2024-04-23 05:46:12','2024-04-23 05:46:12',2,0.00,0,0.00,0,0),(2324,'','',0,NULL,'2018-05-03 00:00:00','2019-05-04 00:00:00','0000-00-00 00:00:00',2,'highest',1,2,'2024-04-23 05:46:17','2024-04-23 05:46:17',NULL,0.00,0,0.00,0,0),(2325,'Random 04/23/2024 Test for pamelaliusm@gmail.com','Random 04/23/2024 Test',0,NULL,'2024-04-22 00:00:00','2024-05-23 00:00:00','0000-00-00 00:00:00',2,'highest',1,2,'2024-04-23 05:46:17','2024-04-23 05:46:17',NULL,0.00,0,0.00,0,0),(2326,'pamelaliusm@gmail.com\'s Numbers up to 100 tracktest','pamelaliusm@gmail.com\'s 04/23/2024 Numbers up to 100 tracktest',0,NULL,'2024-04-22 00:00:00','2025-04-23 00:00:00','0000-00-00 00:00:00',2,'highest',1,2,'2024-04-23 05:46:23','2025-04-20 16:48:27',2,200.00,0,0.00,0,0),(2327,'','',0,NULL,'2018-05-03 00:00:00','2019-05-04 00:00:00','0000-00-00 00:00:00',2,'highest',1,2,'2024-04-23 11:43:48','2024-04-23 11:43:48',NULL,0.00,0,0.00,0,0),(2328,'','',0,NULL,'2018-05-03 00:00:00','2019-05-04 00:00:00','0000-00-00 00:00:00',2,'highest',1,2,'2024-04-23 11:44:04','2024-04-23 11:44:04',NULL,0.00,0,0.00,0,0),(2329,'pamelaliusm@gmail.com standard 04/23/2024 Test for ','pamelaliusm@gmail.com standard 04/23/2024 Test for ',0,NULL,'2024-04-22 00:00:00','2024-05-23 00:00:00','0000-00-00 00:00:00',2,'highest',1,2,'2024-04-23 11:44:04','2024-04-23 11:44:04',2,0.00,0,0.00,0,0),(2330,'','',0,NULL,'2018-05-03 00:00:00','2019-05-04 00:00:00','0000-00-00 00:00:00',2,'highest',1,2,'2024-04-23 11:49:50','2024-04-23 11:49:50',NULL,0.00,0,0.00,0,0),(2331,'pamelaliusm@gmail.com standard 04/23/2024 Test for ','pamelaliusm@gmail.com standard 04/23/2024 Test for ',0,NULL,'2024-04-22 00:00:00','2024-05-23 00:00:00','0000-00-00 00:00:00',2,'highest',1,2,'2024-04-23 11:49:50','2024-04-23 12:01:58',2,200.00,0,0.00,0,0),(2332,'','',0,NULL,'2018-05-03 00:00:00','2019-05-04 00:00:00','0000-00-00 00:00:00',2,'highest',1,2,'2024-04-23 12:06:52','2024-04-23 12:06:52',NULL,0.00,0,0.00,0,0),(2333,'pamelaliusm@gmail.com standard 04/23/2024 Test for ','pamelaliusm@gmail.com standard 04/23/2024 Test for ',0,NULL,'2024-04-22 00:00:00','2024-05-23 00:00:00','0000-00-00 00:00:00',2,'highest',1,2,'2024-04-23 12:06:52','2024-04-23 12:06:52',2,0.00,0,0.00,0,0),(2334,'','',0,NULL,'2018-05-03 00:00:00','2019-05-04 00:00:00','0000-00-00 00:00:00',2,'highest',1,2,'2024-04-23 12:08:18','2024-04-23 12:08:18',NULL,0.00,0,0.00,0,0),(2335,'pamelaliusm@gmail.com standard 04/23/2024 Test for ','pamelaliusm@gmail.com standard 04/23/2024 Test for ',0,NULL,'2024-04-22 00:00:00','2024-05-23 00:00:00','0000-00-00 00:00:00',2,'highest',1,2,'2024-04-23 12:08:18','2024-04-23 12:08:18',2,0.00,0,0.00,0,0),(2336,'','',0,NULL,'2018-05-03 00:00:00','2019-05-04 00:00:00','0000-00-00 00:00:00',2,'highest',1,2,'2024-04-24 05:27:22','2024-04-24 05:27:22',NULL,0.00,0,0.00,0,0),(2337,'Random 04/24/2024 Test for limkangsong94@gmail.com','Random 04/24/2024 Test',0,NULL,'2024-04-23 00:00:00','2024-05-24 00:00:00','0000-00-00 00:00:00',2,'highest',1,2,'2024-04-24 05:27:22','2024-04-24 05:27:22',NULL,0.00,0,0.00,0,0),(2338,'','',0,NULL,'2018-05-03 00:00:00','2019-05-04 00:00:00','0000-00-00 00:00:00',2,'highest',1,2,'2024-04-24 05:59:09','2024-04-24 05:59:09',NULL,0.00,0,0.00,0,0),(2339,'pamelaliusm@gmail.com standard 04/24/2024 Test for ','pamelaliusm@gmail.com standard 04/24/2024 Test for ',0,NULL,'2024-04-23 00:00:00','2024-05-24 00:00:00','0000-00-00 00:00:00',2,'highest',1,2,'2024-04-24 05:59:09','2024-04-24 05:59:09',2,0.00,0,0.00,0,0),(2340,'','',0,NULL,'2018-05-03 00:00:00','2019-05-04 00:00:00','0000-00-00 00:00:00',2,'highest',1,2,'2024-04-24 05:59:38','2024-04-24 05:59:38',NULL,0.00,0,0.00,0,0),(2341,'pamelaliusm@gmail.com standard 04/24/2024 Test for ','pamelaliusm@gmail.com standard 04/24/2024 Test for ',0,NULL,'2024-04-23 00:00:00','2024-05-24 00:00:00','0000-00-00 00:00:00',2,'highest',1,2,'2024-04-24 05:59:38','2024-04-24 05:59:38',2,0.00,0,0.00,0,0),(2342,'','',0,NULL,'2018-05-03 00:00:00','2019-05-04 00:00:00','0000-00-00 00:00:00',2,'highest',1,2,'2024-04-24 22:55:22','2024-04-24 22:55:22',NULL,0.00,0,0.00,0,0),(2343,'pamelaliusm@gmail.com standard 04/24/2024 Test for ','pamelaliusm@gmail.com standard 04/24/2024 Test for ',0,NULL,'2024-04-23 00:00:00','2024-05-24 00:00:00','0000-00-00 00:00:00',2,'highest',1,2,'2024-04-24 22:55:22','2024-04-24 22:55:22',2,0.00,0,0.00,0,0),(2344,'Free Diagnostic for Japher Lim on 2024-04-25','Automatically generated free diagnostic test',1,NULL,'2024-04-25 04:32:17','2025-04-25 04:32:17','2025-04-25 04:32:17',2,'highest',2,2,'2024-04-25 04:32:17','2024-04-25 04:32:17',NULL,0.00,0,0.00,0,0),(2345,'','',0,NULL,'2018-05-03 00:00:00','2019-05-04 00:00:00','0000-00-00 00:00:00',2,'highest',1,2,'2024-04-25 06:14:46','2024-04-25 06:14:46',NULL,0.00,0,0.00,0,0),(2346,'pamelaliusm@gmail.com standard 04/25/2024 Test for ','pamelaliusm@gmail.com standard 04/25/2024 Test for ',0,NULL,'2024-04-24 00:00:00','2024-05-25 00:00:00','0000-00-00 00:00:00',2,'highest',1,2,'2024-04-25 06:14:46','2024-04-25 06:14:46',2,0.00,0,0.00,0,0),(2347,'','',0,NULL,'2018-05-03 00:00:00','2019-05-04 00:00:00','0000-00-00 00:00:00',2,'highest',1,2,'2024-04-25 08:56:52','2024-04-25 08:56:52',NULL,0.00,0,0.00,0,0),(2348,'japher_lim@yahoo.com.sg standard 04/25/2024 Test for ','japher_lim@yahoo.com.sg standard 04/25/2024 Test for ',0,NULL,'2024-04-24 00:00:00','2024-05-25 00:00:00','0000-00-00 00:00:00',2,'highest',1,2,'2024-04-25 08:56:52','2024-04-25 08:56:52',2,0.00,0,0.00,0,0),(2349,'japher_lim@yahoo.com.sg\'s Numbers up to 100 tracktest','japher_lim@yahoo.com.sg\'s 04/25/2024 Numbers up to 100 tracktest',0,NULL,'2024-04-24 00:00:00','2025-04-25 00:00:00','0000-00-00 00:00:00',2,'highest',1,2,'2024-04-25 08:59:41','2024-04-25 08:59:41',NULL,0.00,0,0.00,0,0),(2350,'japher_lim@yahoo.com.sg\'s Addition and Subtraction to 100 tracktest','japher_lim@yahoo.com.sg\'s 04/26/2024 Addition and Subtraction to 100 tracktest',0,NULL,'2024-04-25 00:00:00','2025-04-26 00:00:00','0000-00-00 00:00:00',2,'highest',1,2,'2024-04-26 02:47:00','2024-04-26 02:47:00',NULL,0.00,0,0.00,0,0),(2351,'','',0,NULL,'2018-05-03 00:00:00','2019-05-04 00:00:00','0000-00-00 00:00:00',2,'highest',1,2,'2024-04-26 02:54:16','2024-04-26 02:54:16',NULL,0.00,0,0.00,0,0),(2352,'pamelaliusm@gmail.com standard 04/26/2024 Test for ','pamelaliusm@gmail.com standard 04/26/2024 Test for ',0,NULL,'2024-04-25 00:00:00','2024-05-26 00:00:00','0000-00-00 00:00:00',2,'highest',1,2,'2024-04-26 02:54:16','2024-04-26 02:54:16',2,0.00,0,0.00,0,0),(2353,'','',0,NULL,'2018-05-03 00:00:00','2019-05-04 00:00:00','0000-00-00 00:00:00',2,'highest',1,2,'2024-04-26 10:56:03','2024-04-26 10:56:03',NULL,0.00,0,0.00,0,0),(2354,'pamelaliusm@gmail.com standard 04/26/2024 Test for ','pamelaliusm@gmail.com standard 04/26/2024 Test for ',0,NULL,'2024-04-25 00:00:00','2024-05-26 00:00:00','0000-00-00 00:00:00',2,'highest',1,2,'2024-04-26 10:56:03','2024-04-26 10:56:03',2,0.00,0,0.00,0,0),(2355,'','',0,NULL,'2018-05-03 00:00:00','2019-05-04 00:00:00','0000-00-00 00:00:00',2,'highest',1,2,'2024-04-26 10:57:52','2024-04-26 10:57:52',NULL,0.00,0,0.00,0,0),(2356,'pamelaliusm@gmail.com standard 04/26/2024 Test for ','pamelaliusm@gmail.com standard 04/26/2024 Test for ',0,NULL,'2024-04-25 00:00:00','2024-05-26 00:00:00','0000-00-00 00:00:00',2,'highest',1,2,'2024-04-26 10:57:52','2024-04-26 10:57:52',2,0.00,0,0.00,0,0),(2357,'','',0,NULL,'2018-05-03 00:00:00','2019-05-04 00:00:00','0000-00-00 00:00:00',2,'highest',1,2,'2024-04-26 10:57:57','2024-04-26 10:57:57',NULL,0.00,0,0.00,0,0),(2358,'','',0,NULL,'2018-05-03 00:00:00','2019-05-04 00:00:00','0000-00-00 00:00:00',2,'highest',1,2,'2024-04-26 10:59:38','2024-04-26 10:59:38',NULL,0.00,0,0.00,0,0),(2359,'pamelaliusm@gmail.com standard 04/26/2024 Test for ','pamelaliusm@gmail.com standard 04/26/2024 Test for ',0,NULL,'2024-04-25 00:00:00','2024-05-26 00:00:00','0000-00-00 00:00:00',2,'highest',1,2,'2024-04-26 10:59:38','2024-04-26 10:59:38',2,0.00,0,0.00,0,0),(2360,'','',0,NULL,'2018-05-03 00:00:00','2019-05-04 00:00:00','0000-00-00 00:00:00',2,'highest',1,2,'2024-04-26 11:20:11','2024-04-26 11:20:11',NULL,0.00,0,0.00,0,0),(2361,'pamelaliusm@gmail.com standard 04/26/2024 Test for ','pamelaliusm@gmail.com standard 04/26/2024 Test for ',0,NULL,'2024-04-25 00:00:00','2024-05-26 00:00:00','0000-00-00 00:00:00',2,'highest',1,2,'2024-04-26 11:20:11','2024-04-26 11:20:11',2,0.00,0,0.00,0,0),(2362,'Free Diagnostic for aqibchdev@gmail.com on 2024-04-26','Automatically generated free diagnostic test',1,NULL,'2024-04-26 11:22:06','2025-04-26 11:22:06','2025-04-26 11:22:06',2,'highest',2,2,'2024-04-26 11:22:06','2024-04-26 11:22:06',NULL,0.00,0,0.00,0,0),(2363,'Free Diagnostic for TALHA FAROOQI on 2024-04-26','Automatically generated free diagnostic test',1,NULL,'2024-04-26 12:26:22','2025-04-26 12:26:22','2025-04-26 12:26:22',2,'highest',2,2,'2024-04-26 12:26:22','2024-04-26 12:26:22',NULL,0.00,0,0.00,0,0),(2364,'','',0,NULL,'2018-05-03 00:00:00','2019-05-04 00:00:00','0000-00-00 00:00:00',2,'highest',1,2,'2024-04-30 11:59:47','2024-04-30 11:59:47',NULL,0.00,0,0.00,0,0),(2365,'pamelaliusm@gmail.com standard 04/30/2024 Test for ','pamelaliusm@gmail.com standard 04/30/2024 Test for ',0,NULL,'2024-04-29 00:00:00','2024-05-30 00:00:00','0000-00-00 00:00:00',2,'highest',1,2,'2024-04-30 11:59:47','2024-04-30 11:59:47',2,0.00,0,0.00,0,0),(2366,'','',0,NULL,'2018-05-03 00:00:00','2019-05-04 00:00:00','0000-00-00 00:00:00',2,'highest',1,2,'2024-04-30 12:02:44','2024-04-30 12:02:44',NULL,0.00,0,0.00,0,0),(2367,'','',0,NULL,'2018-05-03 00:00:00','2019-05-04 00:00:00','0000-00-00 00:00:00',2,'highest',1,2,'2024-04-30 12:03:47','2024-04-30 12:03:47',NULL,0.00,0,0.00,0,0),(2368,'','',0,NULL,'2018-05-03 00:00:00','2019-05-04 00:00:00','0000-00-00 00:00:00',2,'highest',1,2,'2024-04-30 17:34:26','2024-04-30 17:34:26',NULL,0.00,0,0.00,0,0),(2369,'','',0,NULL,'2018-05-03 00:00:00','2019-05-04 00:00:00','0000-00-00 00:00:00',2,'highest',1,2,'2024-04-30 17:34:58','2024-04-30 17:34:58',NULL,0.00,0,0.00,0,0),(2370,'','',0,NULL,'2018-05-03 00:00:00','2019-05-04 00:00:00','0000-00-00 00:00:00',2,'highest',1,2,'2024-04-30 17:34:58','2024-04-30 17:34:58',NULL,0.00,0,0.00,0,0),(2371,'','',0,NULL,'2018-05-03 00:00:00','2019-05-04 00:00:00','0000-00-00 00:00:00',2,'highest',1,2,'2024-04-30 17:34:58','2024-04-30 17:34:58',NULL,0.00,0,0.00,0,0),(2372,'','',0,NULL,'2018-05-03 00:00:00','2019-05-04 00:00:00','0000-00-00 00:00:00',2,'highest',1,2,'2024-04-30 17:34:58','2024-04-30 17:34:58',NULL,0.00,0,0.00,0,0),(2373,'','',0,NULL,'2018-05-03 00:00:00','2019-05-04 00:00:00','0000-00-00 00:00:00',2,'highest',1,2,'2024-04-30 17:34:59','2024-04-30 17:34:59',NULL,0.00,0,0.00,0,0),(2374,'','',0,NULL,'2018-05-03 00:00:00','2019-05-04 00:00:00','0000-00-00 00:00:00',2,'highest',1,2,'2024-04-30 17:34:59','2024-04-30 17:34:59',NULL,0.00,0,0.00,0,0),(2375,'','',0,NULL,'2018-05-03 00:00:00','2019-05-04 00:00:00','0000-00-00 00:00:00',2,'highest',1,2,'2024-04-30 17:34:59','2024-04-30 17:34:59',NULL,0.00,0,0.00,0,0),(2376,'','',0,NULL,'2018-05-03 00:00:00','2019-05-04 00:00:00','0000-00-00 00:00:00',2,'highest',1,2,'2024-05-01 15:12:54','2024-05-01 15:12:54',NULL,0.00,0,0.00,0,0),(2377,'','',0,NULL,'2018-05-03 00:00:00','2019-05-04 00:00:00','0000-00-00 00:00:00',2,'highest',1,2,'2024-05-01 15:12:55','2024-05-01 15:12:55',NULL,0.00,0,0.00,0,0),(2378,'','',0,NULL,'2018-05-03 00:00:00','2019-05-04 00:00:00','0000-00-00 00:00:00',2,'highest',1,2,'2024-05-01 15:13:03','2024-05-01 15:13:03',NULL,0.00,0,0.00,0,0),(2379,'','',0,NULL,'2018-05-03 00:00:00','2019-05-04 00:00:00','0000-00-00 00:00:00',2,'highest',1,2,'2024-05-01 15:13:04','2024-05-01 15:13:04',NULL,0.00,0,0.00,0,0),(2380,'','',0,NULL,'2018-05-03 00:00:00','2019-05-04 00:00:00','0000-00-00 00:00:00',2,'highest',1,2,'2024-05-01 15:13:07','2024-05-01 15:13:07',NULL,0.00,0,0.00,0,0),(2381,'','',0,NULL,'2018-05-03 00:00:00','2019-05-04 00:00:00','0000-00-00 00:00:00',2,'highest',1,2,'2024-05-01 15:13:08','2024-05-01 15:13:08',NULL,0.00,0,0.00,0,0),(2382,'','',0,NULL,'2018-05-03 00:00:00','2019-05-04 00:00:00','0000-00-00 00:00:00',2,'highest',1,2,'2024-05-01 15:13:09','2024-05-01 15:13:09',NULL,0.00,0,0.00,0,0),(2383,'','',0,NULL,'2018-05-03 00:00:00','2019-05-04 00:00:00','0000-00-00 00:00:00',2,'highest',1,2,'2024-05-01 15:19:39','2024-05-01 15:19:39',NULL,0.00,0,0.00,0,0),(2384,'','',0,NULL,'2018-05-03 00:00:00','2019-05-04 00:00:00','0000-00-00 00:00:00',2,'highest',1,2,'2024-05-01 15:19:40','2024-05-01 15:19:40',NULL,0.00,0,0.00,0,0),(2385,'','',0,NULL,'2018-05-03 00:00:00','2019-05-04 00:00:00','0000-00-00 00:00:00',2,'highest',1,2,'2024-05-03 10:36:28','2024-05-03 10:36:28',NULL,0.00,0,0.00,0,0),(2386,'','',0,NULL,'2018-05-03 00:00:00','2019-05-04 00:00:00','0000-00-00 00:00:00',2,'highest',1,2,'2024-05-03 17:38:05','2024-05-03 17:38:05',NULL,0.00,0,0.00,0,0),(2387,'','',0,NULL,'2018-05-03 00:00:00','2019-05-04 00:00:00','0000-00-00 00:00:00',2,'highest',1,2,'2024-05-03 17:57:07','2024-05-03 17:57:07',NULL,0.00,0,0.00,0,0),(2388,'','',0,NULL,'2018-05-03 00:00:00','2019-05-04 00:00:00','0000-00-00 00:00:00',2,'highest',1,2,'2024-05-04 00:42:37','2024-05-04 00:42:37',NULL,0.00,0,0.00,0,0),(2389,'pamelaliusm@gmail.com standard 05/04/2024 Test for ','pamelaliusm@gmail.com standard 05/04/2024 Test for ',0,NULL,'2024-05-03 00:00:00','2024-06-04 00:00:00','0000-00-00 00:00:00',2,'highest',1,2,'2024-05-04 00:42:37','2024-05-04 00:42:37',2,0.00,0,0.00,0,0),(2390,'pamelaliusm@gmail.com\'s Decimals up to 3 decimal places tracktest','pamelaliusm@gmail.com\'s 05/04/2024 Decimals up to 3 decimal places tracktest',0,NULL,'2024-05-03 00:00:00','2025-05-04 00:00:00','0000-00-00 00:00:00',2,'highest',1,2,'2024-05-04 00:43:30','2024-05-04 00:43:30',NULL,0.00,0,0.00,0,0),(2391,'','',0,NULL,'2018-05-03 00:00:00','2019-05-04 00:00:00','0000-00-00 00:00:00',2,'highest',1,2,'2024-05-04 23:09:02','2024-05-04 23:09:02',NULL,0.00,0,0.00,0,0),(2392,'pamelaliusm@gmail.com standard 05/04/2024 Test for ','pamelaliusm@gmail.com standard 05/04/2024 Test for ',0,NULL,'2024-05-03 00:00:00','2024-06-04 00:00:00','0000-00-00 00:00:00',2,'highest',1,2,'2024-05-04 23:09:02','2024-05-04 23:09:02',2,0.00,0,0.00,0,0),(2393,'','',0,NULL,'2018-05-03 00:00:00','2019-05-04 00:00:00','0000-00-00 00:00:00',2,'highest',1,2,'2024-05-04 23:11:20','2024-05-04 23:11:20',NULL,0.00,0,0.00,0,0),(2394,'pamelaliusm@gmail.com standard 05/04/2024 Test for ','pamelaliusm@gmail.com standard 05/04/2024 Test for ',0,NULL,'2024-05-03 00:00:00','2024-06-04 00:00:00','0000-00-00 00:00:00',2,'highest',1,2,'2024-05-04 23:11:20','2024-05-04 23:11:20',2,0.00,0,0.00,0,0),(2395,'','',0,NULL,'2018-05-03 00:00:00','2019-05-04 00:00:00','0000-00-00 00:00:00',2,'highest',1,2,'2024-05-05 09:15:06','2024-05-05 09:15:06',NULL,0.00,0,0.00,0,0),(2396,'','',0,NULL,'2018-05-03 00:00:00','2019-05-04 00:00:00','0000-00-00 00:00:00',2,'highest',1,2,'2024-05-05 09:16:36','2024-05-05 09:16:36',NULL,0.00,0,0.00,0,0),(2397,'','',0,NULL,'2018-05-03 00:00:00','2019-05-04 00:00:00','0000-00-00 00:00:00',2,'highest',1,2,'2024-05-05 09:17:01','2024-05-05 09:17:01',NULL,0.00,0,0.00,0,0),(2398,'','',0,NULL,'2018-05-03 00:00:00','2019-05-04 00:00:00','0000-00-00 00:00:00',2,'highest',1,2,'2024-05-05 09:17:31','2024-05-05 09:17:31',NULL,0.00,0,0.00,0,0),(2399,'','',0,NULL,'2018-05-03 00:00:00','2019-05-04 00:00:00','0000-00-00 00:00:00',2,'highest',1,2,'2024-05-06 08:18:07','2024-05-06 08:18:07',NULL,0.00,0,0.00,0,0),(2400,'','',0,NULL,'2018-05-03 00:00:00','2019-05-04 00:00:00','0000-00-00 00:00:00',2,'highest',1,2,'2024-05-06 08:18:16','2024-05-06 08:18:16',NULL,0.00,0,0.00,0,0),(2401,'','',0,NULL,'2018-05-03 00:00:00','2019-05-04 00:00:00','0000-00-00 00:00:00',2,'highest',1,2,'2024-05-06 08:18:30','2024-05-06 08:18:30',NULL,0.00,0,0.00,0,0),(2402,'','',0,NULL,'2018-05-03 00:00:00','2019-05-04 00:00:00','0000-00-00 00:00:00',2,'highest',1,2,'2024-05-06 08:18:34','2024-05-06 08:18:34',NULL,0.00,0,0.00,0,0),(2403,'','',0,NULL,'2018-05-03 00:00:00','2019-05-04 00:00:00','0000-00-00 00:00:00',2,'highest',1,2,'2024-05-06 08:18:39','2024-05-06 08:18:39',NULL,0.00,0,0.00,0,0),(2404,'','',0,NULL,'2018-05-03 00:00:00','2019-05-04 00:00:00','0000-00-00 00:00:00',2,'highest',1,2,'2024-05-06 08:22:08','2024-05-06 08:22:08',NULL,0.00,0,0.00,0,0),(2405,'','',0,NULL,'2018-05-03 00:00:00','2019-05-04 00:00:00','0000-00-00 00:00:00',2,'highest',1,2,'2024-05-06 09:05:29','2024-05-06 09:05:29',NULL,0.00,0,0.00,0,0),(2406,'','',0,NULL,'2018-05-03 00:00:00','2019-05-04 00:00:00','0000-00-00 00:00:00',2,'highest',1,2,'2024-05-06 10:55:43','2024-05-06 10:55:43',NULL,0.00,0,0.00,0,0),(2407,'','',0,NULL,'2018-05-03 00:00:00','2019-05-04 00:00:00','0000-00-00 00:00:00',2,'highest',1,2,'2024-05-06 10:56:43','2024-05-06 10:56:43',NULL,0.00,0,0.00,0,0),(2408,'','',0,NULL,'2018-05-03 00:00:00','2019-05-04 00:00:00','0000-00-00 00:00:00',2,'highest',1,2,'2024-05-06 10:56:48','2024-05-06 10:56:48',NULL,0.00,0,0.00,0,0),(2409,'','',0,NULL,'2018-05-03 00:00:00','2019-05-04 00:00:00','0000-00-00 00:00:00',2,'highest',1,2,'2024-05-08 04:00:23','2024-05-08 04:00:23',NULL,0.00,0,0.00,0,0),(2410,'pamelaliusm@gmail.com standard 05/08/2024 Test for ','pamelaliusm@gmail.com standard 05/08/2024 Test for ',0,NULL,'2024-05-07 00:00:00','2024-06-08 00:00:00','0000-00-00 00:00:00',2,'highest',1,2,'2024-05-08 04:00:23','2024-05-08 04:00:23',2,0.00,0,0.00,0,0),(2411,'','',0,NULL,'2018-05-03 00:00:00','2019-05-04 00:00:00','0000-00-00 00:00:00',2,'highest',1,2,'2024-05-09 04:56:54','2024-05-09 04:56:54',NULL,0.00,0,0.00,0,0),(2412,'pamelaliusm@gmail.com standard 05/09/2024 Test for ','pamelaliusm@gmail.com standard 05/09/2024 Test for ',0,NULL,'2024-05-08 00:00:00','2024-06-09 00:00:00','0000-00-00 00:00:00',2,'highest',1,2,'2024-05-09 04:56:54','2024-05-09 04:56:54',2,0.00,0,0.00,0,0),(2413,'','',0,NULL,'2018-05-03 00:00:00','2019-05-04 00:00:00','0000-00-00 00:00:00',2,'highest',1,2,'2024-05-09 14:41:06','2024-05-09 14:41:06',NULL,0.00,0,0.00,0,0),(2414,'pamelaliusm@gmail.com standard 05/09/2024 Test for ','pamelaliusm@gmail.com standard 05/09/2024 Test for ',0,NULL,'2024-05-08 00:00:00','2024-06-09 00:00:00','0000-00-00 00:00:00',2,'highest',1,2,'2024-05-09 14:41:06','2024-05-09 14:41:06',2,0.00,0,0.00,0,0),(2415,'','',0,NULL,'2018-05-03 00:00:00','2019-05-04 00:00:00','0000-00-00 00:00:00',2,'highest',1,2,'2024-05-11 06:13:05','2024-05-11 06:13:05',NULL,0.00,0,0.00,0,0),(2416,'pamelaliusm@gmail.com standard 05/11/2024 Test for ','pamelaliusm@gmail.com standard 05/11/2024 Test for ',0,NULL,'2024-05-10 00:00:00','2024-06-11 00:00:00','0000-00-00 00:00:00',2,'highest',1,2,'2024-05-11 06:13:05','2024-05-11 06:13:05',2,0.00,0,0.00,0,0),(2417,'','',0,NULL,'2018-05-03 00:00:00','2019-05-04 00:00:00','0000-00-00 00:00:00',2,'highest',1,2,'2024-05-11 08:51:31','2024-05-11 08:51:31',NULL,0.00,0,0.00,0,0),(2418,'pamelaliusm@gmail.com standard 05/11/2024 Test for ','pamelaliusm@gmail.com standard 05/11/2024 Test for ',0,NULL,'2024-05-10 00:00:00','2024-06-11 00:00:00','0000-00-00 00:00:00',2,'highest',1,2,'2024-05-11 08:51:31','2024-05-11 08:51:31',2,0.00,0,0.00,0,0),(2419,'','',0,NULL,'2018-05-03 00:00:00','2019-05-04 00:00:00','0000-00-00 00:00:00',2,'highest',1,2,'2024-05-22 10:45:15','2024-05-22 10:45:15',NULL,0.00,0,0.00,0,0),(2420,'','',0,NULL,'2018-05-03 00:00:00','2019-05-04 00:00:00','0000-00-00 00:00:00',2,'highest',1,2,'2024-05-22 10:45:16','2024-05-22 10:45:16',NULL,0.00,0,0.00,0,0),(2421,'','',0,NULL,'2018-05-03 00:00:00','2019-05-04 00:00:00','0000-00-00 00:00:00',2,'highest',1,2,'2024-05-22 10:45:16','2024-05-22 10:45:16',NULL,0.00,0,0.00,0,0),(2422,'','',0,NULL,'2018-05-03 00:00:00','2019-05-04 00:00:00','0000-00-00 00:00:00',2,'highest',1,2,'2024-05-22 12:06:46','2024-05-22 12:06:46',NULL,0.00,0,0.00,0,0),(2423,'','',0,NULL,'2018-05-03 00:00:00','2019-05-04 00:00:00','0000-00-00 00:00:00',2,'highest',1,2,'2024-05-22 12:06:46','2024-05-22 12:06:46',NULL,0.00,0,0.00,0,0),(2424,'','',0,NULL,'2018-05-03 00:00:00','2019-05-04 00:00:00','0000-00-00 00:00:00',2,'highest',1,2,'2024-05-22 18:35:55','2024-05-22 18:35:55',NULL,0.00,0,0.00,0,0),(2425,'','',0,NULL,'2018-05-03 00:00:00','2019-05-04 00:00:00','0000-00-00 00:00:00',2,'highest',1,2,'2024-05-22 18:36:15','2024-05-22 18:36:15',NULL,0.00,0,0.00,0,0),(2426,'','',0,NULL,'2018-05-03 00:00:00','2019-05-04 00:00:00','0000-00-00 00:00:00',2,'highest',1,2,'2024-05-22 18:41:48','2024-05-22 18:41:48',NULL,0.00,0,0.00,0,0),(2427,'','',0,NULL,'2018-05-03 00:00:00','2019-05-04 00:00:00','0000-00-00 00:00:00',2,'highest',1,2,'2024-05-22 18:41:53','2024-05-22 18:41:53',NULL,0.00,0,0.00,0,0),(2428,'','',0,NULL,'2018-05-03 00:00:00','2019-05-04 00:00:00','0000-00-00 00:00:00',2,'highest',1,2,'2024-05-22 18:42:38','2024-05-22 18:42:38',NULL,0.00,0,0.00,0,0),(2429,'','',0,NULL,'2018-05-03 00:00:00','2019-05-04 00:00:00','0000-00-00 00:00:00',2,'highest',1,2,'2024-05-22 18:42:49','2024-05-22 18:42:49',NULL,0.00,0,0.00,0,0),(2430,'','',0,NULL,'2018-05-03 00:00:00','2019-05-04 00:00:00','0000-00-00 00:00:00',2,'highest',1,2,'2024-05-22 18:42:56','2024-05-22 18:42:56',NULL,0.00,0,0.00,0,0),(2431,'','',0,NULL,'2018-05-03 00:00:00','2019-05-04 00:00:00','0000-00-00 00:00:00',2,'highest',1,2,'2024-05-22 19:02:56','2024-05-22 19:02:56',NULL,0.00,0,0.00,0,0),(2432,'','',0,NULL,'2018-05-03 00:00:00','2019-05-04 00:00:00','0000-00-00 00:00:00',2,'highest',1,2,'2024-05-22 19:04:24','2024-05-22 19:04:24',NULL,0.00,0,0.00,0,0),(2433,'','',0,NULL,'2018-05-03 00:00:00','2019-05-04 00:00:00','0000-00-00 00:00:00',2,'highest',1,2,'2024-05-22 21:12:34','2024-05-22 21:12:34',NULL,0.00,0,0.00,0,0),(2434,'','',0,NULL,'2018-05-03 00:00:00','2019-05-04 00:00:00','0000-00-00 00:00:00',2,'highest',1,2,'2024-05-22 21:12:35','2024-05-22 21:12:35',NULL,0.00,0,0.00,0,0),(2435,'','',0,NULL,'2018-05-03 00:00:00','2019-05-04 00:00:00','0000-00-00 00:00:00',2,'highest',1,2,'2024-05-23 08:31:40','2024-05-23 08:31:40',NULL,0.00,0,0.00,0,0),(2436,'','',0,NULL,'2018-05-03 00:00:00','2019-05-04 00:00:00','0000-00-00 00:00:00',2,'highest',1,2,'2024-05-23 09:13:31','2024-05-23 09:13:31',NULL,0.00,0,0.00,0,0),(2437,'','',0,NULL,'2018-05-03 00:00:00','2019-05-04 00:00:00','0000-00-00 00:00:00',2,'highest',1,2,'2024-05-23 17:34:52','2024-05-23 17:34:52',NULL,0.00,0,0.00,0,0),(2438,'Free Diagnostic for mimi@mimi.com on 2024-06-28','Automatically generated free diagnostic test',1,NULL,'2024-06-28 18:32:10','2025-06-28 18:32:10','2025-06-28 18:32:10',2,'highest',2,2,'2024-06-28 08:32:10','2024-06-28 08:32:10',NULL,0.00,0,0.00,0,0),(2439,'','',0,NULL,'2018-05-03 00:00:00','2019-05-04 00:00:00','0000-00-00 00:00:00',2,'highest',1,2,'2024-07-15 04:17:57','2024-07-15 04:17:57',NULL,0.00,0,0.00,0,0),(2440,'mimi@mimi.com standard diagnostic 07/15/2024 Test for Mimi','mimi@mimi.com standard diagnostic 07/15/2024 Test for Mimi',1,NULL,'2024-07-14 00:00:00','2024-08-15 00:00:00','0000-00-00 00:00:00',2,'highest',1,2,'2024-07-15 04:17:57','2024-07-15 04:17:57',2,0.00,0,0.00,0,0),(2441,'','',0,NULL,'2018-05-03 00:00:00','2019-05-04 00:00:00','0000-00-00 00:00:00',2,'highest',1,2,'2024-07-22 11:18:53','2024-07-22 11:18:53',NULL,0.00,0,0.00,0,0),(2442,'mimi@mimi.com standard diagnostic 07/22/2024 Test for Mimi','mimi@mimi.com standard diagnostic 07/22/2024 Test for Mimi',1,NULL,'2024-07-21 00:00:00','2024-08-22 00:00:00','0000-00-00 00:00:00',2,'highest',1,2,'2024-07-22 11:18:53','2024-07-22 11:18:53',2,0.00,0,0.00,0,0),(2443,'','',0,NULL,'2018-05-03 00:00:00','2019-05-04 00:00:00','0000-00-00 00:00:00',2,'highest',1,2,'2024-07-22 11:19:08','2024-07-22 11:19:08',NULL,0.00,0,0.00,0,0),(2444,'mimi@mimi.com standard diagnostic 07/22/2024 Test for Mimi','mimi@mimi.com standard diagnostic 07/22/2024 Test for Mimi',1,NULL,'2024-07-21 00:00:00','2024-08-22 00:00:00','0000-00-00 00:00:00',2,'highest',1,2,'2024-07-22 11:19:08','2024-07-22 11:19:08',2,0.00,0,0.00,0,0),(2445,'','',0,NULL,'2018-05-03 00:00:00','2019-05-04 00:00:00','0000-00-00 00:00:00',2,'highest',1,2,'2024-07-22 11:19:30','2024-07-22 11:19:30',NULL,0.00,0,0.00,0,0),(2446,'Random 07/22/2024 Test for mimi@mimi.com','Random 07/22/2024 Test',0,NULL,'2024-07-21 00:00:00','2024-08-22 00:00:00','0000-00-00 00:00:00',2,'highest',1,2,'2024-07-22 11:19:30','2024-07-22 11:19:30',NULL,0.00,0,0.00,0,0),(2447,'','',0,NULL,'2018-05-03 00:00:00','2019-05-04 00:00:00','0000-00-00 00:00:00',2,'highest',1,2,'2024-07-22 11:34:51','2024-07-22 11:34:51',NULL,0.00,0,0.00,0,0),(2448,'mimi@mimi.com standard diagnostic 07/22/2024 Test for Mimi','mimi@mimi.com standard diagnostic 07/22/2024 Test for Mimi',1,NULL,'2024-07-21 00:00:00','2024-08-22 00:00:00','0000-00-00 00:00:00',2,'highest',1,2,'2024-07-22 11:34:51','2024-07-22 11:34:51',2,0.00,0,0.00,0,0),(2449,'','',0,NULL,'2018-05-03 00:00:00','2019-05-04 00:00:00','0000-00-00 00:00:00',2,'highest',1,2,'2024-07-22 11:35:28','2024-07-22 11:35:28',NULL,0.00,0,0.00,0,0),(2450,'mimi@mimi.com standard diagnostic 07/22/2024 Test for Mimi','mimi@mimi.com standard diagnostic 07/22/2024 Test for Mimi',1,NULL,'2024-07-21 00:00:00','2024-08-22 00:00:00','0000-00-00 00:00:00',2,'highest',1,2,'2024-07-22 11:35:28','2024-07-22 11:35:28',2,0.00,0,0.00,0,0),(2451,'','',0,NULL,'2018-05-03 00:00:00','2019-05-04 00:00:00','0000-00-00 00:00:00',2,'highest',1,2,'2024-07-22 12:08:50','2024-07-22 12:08:50',NULL,0.00,0,0.00,0,0),(2452,'mimi@mimi.com standard diagnostic 07/22/2024 Test for Mimi','mimi@mimi.com standard diagnostic 07/22/2024 Test for Mimi',1,NULL,'2024-07-21 00:00:00','2024-08-22 00:00:00','0000-00-00 00:00:00',2,'highest',1,2,'2024-07-22 12:08:50','2024-07-22 12:08:50',2,0.00,0,0.00,0,0),(2453,'','',0,NULL,'2018-05-03 00:00:00','2019-05-04 00:00:00','0000-00-00 00:00:00',2,'highest',1,2,'2024-07-25 23:19:57','2024-07-25 23:19:57',NULL,0.00,0,0.00,0,0),(2454,'mimi@mimi.com standard diagnostic 07/26/2024 Test for Mimi','mimi@mimi.com standard diagnostic 07/26/2024 Test for Mimi',1,NULL,'2024-07-25 00:00:00','2024-08-26 00:00:00','0000-00-00 00:00:00',2,'highest',1,2,'2024-07-25 23:19:58','2024-07-25 23:19:58',2,0.00,0,0.00,0,0),(2455,'','',0,NULL,'2018-05-03 00:00:00','2019-05-04 00:00:00','0000-00-00 00:00:00',2,'highest',1,2,'2024-07-26 01:12:42','2024-07-26 01:12:42',NULL,0.00,0,0.00,0,0),(2456,'mimi@mimi.com standard diagnostic 07/26/2024 Test for Mimi','mimi@mimi.com standard diagnostic 07/26/2024 Test for Mimi',1,NULL,'2024-07-25 00:00:00','2024-08-26 00:00:00','0000-00-00 00:00:00',2,'highest',1,2,'2024-07-26 01:12:42','2024-07-26 01:12:42',2,0.00,0,0.00,0,0),(2457,'','',0,NULL,'2018-05-03 00:00:00','2019-05-04 00:00:00','0000-00-00 00:00:00',2,'highest',1,2,'2024-07-26 01:12:43','2024-07-26 01:12:43',NULL,0.00,0,0.00,0,0),(2458,'mimi@mimi.com standard diagnostic 07/26/2024 Test for Mimi','mimi@mimi.com standard diagnostic 07/26/2024 Test for Mimi',1,NULL,'2024-07-25 00:00:00','2024-08-26 00:00:00','0000-00-00 00:00:00',2,'highest',1,2,'2024-07-26 01:12:43','2024-07-26 01:12:43',2,0.00,0,0.00,0,0),(2459,'Pamela Lim\'s Addition and Subtraction to 100 tracktest','Pamela Lim\'s 04/18/2025 Addition and Subtraction to 100 tracktest',0,NULL,'2025-04-17 00:00:00','2026-04-18 00:00:00','0000-00-00 00:00:00',2,'highest',1,2,'2025-04-18 05:09:34','2025-05-04 06:04:23',NULL,200.00,0,0.00,0,0),(2460,'Pamela Lim\'s K1T1W11 tracktest','Pamela Lim\'s 04/18/2025 K1T1W11 tracktest',0,NULL,'2025-04-17 00:00:00','2026-04-18 00:00:00','0000-00-00 00:00:00',2,'highest',1,2,'2025-04-18 05:10:12','2025-04-18 05:10:12',NULL,0.00,0,0.00,0,0),(2461,'Pamela Lim\'s Picture Graphs tracktest','Pamela Lim\'s 04/18/2025 Picture Graphs tracktest',0,NULL,'2025-04-17 00:00:00','2026-04-18 00:00:00','0000-00-00 00:00:00',2,'highest',1,2,'2025-04-18 05:58:29','2025-04-18 05:58:29',NULL,0.00,0,0.00,0,0),(2462,'Pamela Lim\'s Length Year 1 tracktest','Pamela Lim\'s 04/18/2025 Length Year 1 tracktest',0,NULL,'2025-04-17 00:00:00','2026-04-18 00:00:00','0000-00-00 00:00:00',2,'highest',1,2,'2025-04-18 06:50:21','2025-04-18 06:50:21',NULL,0.00,0,0.00,0,0),(2463,'Pamela Lim\'s K1T1W1 tracktest','Pamela Lim\'s 04/18/2025 K1T1W1 tracktest',0,NULL,'2025-04-17 00:00:00','2026-04-18 00:00:00','0000-00-00 00:00:00',2,'highest',1,2,'2025-04-18 07:01:59','2025-04-18 07:01:59',NULL,0.00,0,0.00,0,0),(2464,'Pamela Lim\'s Angles Year 5 tracktest','Pamela Lim\'s 04/18/2025 Angles Year 5 tracktest',0,NULL,'2025-04-17 00:00:00','2026-04-18 00:00:00','0000-00-00 00:00:00',2,'highest',1,2,'2025-04-18 07:46:40','2025-04-18 07:46:40',NULL,0.00,0,0.00,0,0),(2465,'Pamela Lim\'s K1T1W2 tracktest','Pamela Lim\'s 04/18/2025 K1T1W2 tracktest',0,NULL,'2025-04-17 00:00:00','2026-04-18 00:00:00','0000-00-00 00:00:00',2,'highest',1,2,'2025-04-18 07:54:50','2025-04-18 07:54:50',NULL,0.00,0,0.00,0,0),(2466,'Pamela Lim\'s K1T1W8 tracktest','Pamela Lim\'s 04/18/2025 K1T1W8 tracktest',0,NULL,'2025-04-17 00:00:00','2026-04-18 00:00:00','0000-00-00 00:00:00',2,'highest',1,2,'2025-04-18 07:54:59','2025-04-18 07:54:59',NULL,0.00,0,0.00,0,0),(2467,'Pamela Lim\'s Money Year 1 tracktest','Pamela Lim\'s 04/18/2025 Money Year 1 tracktest',0,NULL,'2025-04-17 00:00:00','2026-04-18 00:00:00','0000-00-00 00:00:00',2,'highest',1,2,'2025-04-18 07:55:07','2025-04-18 07:55:07',NULL,0.00,0,0.00,0,0),(2468,'Pamela Lim\'s Multiplication and Division to 100 tracktest','Pamela Lim\'s 04/20/2025 Multiplication and Division to 100 tracktest',0,NULL,'2025-04-19 00:00:00','2026-04-20 00:00:00','0000-00-00 00:00:00',2,'highest',1,2,'2025-04-20 07:39:30','2025-04-20 07:39:30',NULL,0.00,0,0.00,0,0),(2469,'Pamela Lim\'s Comparing and measuring lengths tracktest','Pamela Lim\'s 04/20/2025 Comparing and measuring lengths tracktest',0,NULL,'2025-04-19 00:00:00','2026-04-20 00:00:00','0000-00-00 00:00:00',2,'highest',1,2,'2025-04-20 07:40:13','2025-04-20 07:40:13',NULL,0.00,0,0.00,0,0),(2470,'Pamela Lim\'s K1T1W12 tracktest','Pamela Lim\'s 04/20/2025 K1T1W12 tracktest',0,NULL,'2025-04-19 00:00:00','2026-04-20 00:00:00','0000-00-00 00:00:00',2,'highest',1,2,'2025-04-20 07:40:20','2025-04-20 07:40:20',NULL,0.00,0,0.00,0,0),(2471,'Pamela Lim\'s Percentage Year 6 tracktest','Pamela Lim\'s 04/20/2025 Percentage Year 6 tracktest',0,NULL,'2025-04-19 00:00:00','2026-04-20 00:00:00','0000-00-00 00:00:00',2,'highest',1,2,'2025-04-20 07:40:30','2025-04-20 07:40:30',NULL,0.00,0,0.00,0,0),(2472,'Pamela Lim\'s Time Year 1 tracktest','Pamela Lim\'s 04/20/2025 Time Year 1 tracktest',0,NULL,'2025-04-19 00:00:00','2026-04-20 00:00:00','0000-00-00 00:00:00',2,'highest',1,2,'2025-04-20 07:47:53','2025-04-20 07:47:53',NULL,0.00,0,0.00,0,0),(2473,'Pamela Lim\'s Numbers up to 100 tracktest','Pamela Lim\'s 04/21/2025 Numbers up to 100 tracktest',0,NULL,'2025-04-20 00:00:00','2026-04-21 00:00:00','0000-00-00 00:00:00',2,'highest',1,2,'2025-04-20 17:04:32','2025-04-20 18:51:18',2,200.00,0,0.00,0,0),(2474,'Pamela Lim\'s Numbers up to 100 tracktest','Pamela Lim\'s 04/21/2025 Numbers up to 100 tracktest',0,NULL,'2025-04-20 00:00:00','2026-04-21 00:00:00','0000-00-00 00:00:00',2,'highest',1,2,'2025-04-20 19:05:46','2025-04-20 19:06:21',NULL,200.00,0,0.00,0,0),(2475,'Pamela Lim\'s Numbers up to 100 tracktest','Pamela Lim\'s 04/21/2025 Numbers up to 100 tracktest',0,NULL,'2025-04-20 00:00:00','2026-04-21 00:00:00','0000-00-00 00:00:00',2,'highest',1,2,'2025-04-20 19:06:55','2025-04-20 19:07:03',NULL,200.00,0,0.00,0,0),(2476,'Pamela Lim\'s Numbers up to 100 tracktest','Pamela Lim\'s 04/21/2025 Numbers up to 100 tracktest',0,NULL,'2025-04-20 00:00:00','2026-04-21 00:00:00','0000-00-00 00:00:00',2,'highest',1,2,'2025-04-20 19:14:41','2025-04-20 19:14:47',NULL,200.00,0,0.00,0,0),(2477,'Pamela Lim\'s Numbers up to 100 tracktest','Pamela Lim\'s 04/21/2025 Numbers up to 100 tracktest',0,NULL,'2025-04-20 00:00:00','2026-04-21 00:00:00','0000-00-00 00:00:00',2,'highest',1,2,'2025-04-20 19:29:46','2025-04-20 19:29:54',NULL,200.00,0,0.00,0,0),(2478,'Pamela Lim\'s Numbers up to 100 tracktest','Pamela Lim\'s 04/21/2025 Numbers up to 100 tracktest',0,NULL,'2025-04-20 00:00:00','2026-04-21 00:00:00','0000-00-00 00:00:00',2,'highest',1,2,'2025-04-20 19:33:34','2025-04-20 19:33:40',NULL,200.00,0,0.00,0,0),(2479,'Pamela Lim\'s Numbers up to 100 tracktest','Pamela Lim\'s 04/21/2025 Numbers up to 100 tracktest',0,NULL,'2025-04-20 00:00:00','2026-04-21 00:00:00','0000-00-00 00:00:00',2,'highest',1,2,'2025-04-20 20:22:20','2025-04-20 20:22:20',NULL,0.00,0,0.00,0,0),(2480,'User-WPFwgx\'s Numbers up to 100 tracktest','User-WPFwgx\'s 04/22/2025 Numbers up to 100 tracktest',0,NULL,'2025-04-21 00:00:00','2026-04-22 00:00:00','0000-00-00 00:00:00',2,'highest',1,2,'2025-04-21 17:20:41','2025-05-20 03:27:39',NULL,0.00,20,100.00,1,5),(2481,'User-WPFwgx\'s Length Year 1 tracktest','User-WPFwgx\'s 04/22/2025 Length Year 1 tracktest',0,NULL,'2025-04-21 00:00:00','2026-04-22 00:00:00','0000-00-00 00:00:00',2,'highest',1,2,'2025-04-21 17:23:17','2025-04-21 17:23:17',NULL,0.00,0,0.00,0,0),(2482,'User-WPFwgx\'s Addition and Subtraction to 100 tracktest','User-WPFwgx\'s 04/22/2025 Addition and Subtraction to 100 tracktest',0,NULL,'2025-04-21 00:00:00','2026-04-22 00:00:00','0000-00-00 00:00:00',2,'highest',1,2,'2025-04-21 18:00:27','2025-04-21 18:00:27',NULL,0.00,0,0.00,0,0),(2483,'User-WPFwgx\'s Addition and Subtraction of fraction of a whole tracktest','User-WPFwgx\'s 04/22/2025 Addition and Subtraction of fraction of a whole tracktest',0,NULL,'2025-04-21 00:00:00','2026-04-22 00:00:00','0000-00-00 00:00:00',2,'highest',1,2,'2025-04-21 18:08:18','2025-04-30 19:00:17',NULL,300.00,0,0.00,0,0),(2484,'User-WPFwgx\'s Addition within 40 with regrouping tracktest','User-WPFwgx\'s 04/22/2025 Addition within 40 with regrouping tracktest',0,NULL,'2025-04-21 00:00:00','2026-04-22 00:00:00','0000-00-00 00:00:00',2,'highest',1,2,'2025-04-21 18:08:38','2025-04-21 18:08:38',NULL,0.00,0,0.00,0,0),(2485,'User-WPFwgx\'s Addition within 40 without regrouping tracktest','User-WPFwgx\'s 04/22/2025 Addition within 40 without regrouping tracktest',0,NULL,'2025-04-21 00:00:00','2026-04-22 00:00:00','0000-00-00 00:00:00',2,'highest',1,2,'2025-04-21 18:08:44','2025-04-21 18:08:44',NULL,0.00,0,0.00,0,0),(2486,'User-WPFwgx\'s Comparing and ordering within 40 tracktest','User-WPFwgx\'s 04/22/2025 Comparing and ordering within 40 tracktest',0,NULL,'2025-04-21 00:00:00','2026-04-22 00:00:00','0000-00-00 00:00:00',2,'highest',1,2,'2025-04-21 18:18:34','2025-04-21 18:18:34',NULL,0.00,0,0.00,0,0),(2487,'User-WPFwgx\'s Primary School Addition and Subtraction tracktest','User-WPFwgx\'s 04/22/2025 Primary School Addition and Subtraction tracktest',0,NULL,'2025-04-21 00:00:00','2026-04-22 00:00:00','0000-00-00 00:00:00',2,'highest',1,2,'2025-04-21 18:19:07','2025-04-21 18:19:07',NULL,0.00,0,0.00,0,0),(2488,'User-WPFwgx\'s Primary School Money tracktest','User-WPFwgx\'s 04/22/2025 Primary School Money tracktest',0,NULL,'2025-04-21 00:00:00','2026-04-22 00:00:00','0000-00-00 00:00:00',2,'highest',1,2,'2025-04-21 18:19:37','2025-04-21 18:19:37',NULL,0.00,0,0.00,0,0),(2489,'User-WPFwgx\'s Equivalent Fractions tracktest','User-WPFwgx\'s 04/22/2025 Equivalent Fractions tracktest',0,NULL,'2025-04-21 00:00:00','2026-04-22 00:00:00','0000-00-00 00:00:00',2,'highest',1,2,'2025-04-21 18:29:53','2025-04-21 18:29:53',NULL,0.00,0,0.00,0,0),(2490,'Pamela Lim\'s 2D Shapes tracktest','Pamela Lim\'s 04/24/2025 2D Shapes tracktest',0,NULL,'2025-04-23 00:00:00','2026-04-24 00:00:00','0000-00-00 00:00:00',2,'highest',1,2,'2025-04-23 21:16:11','2025-04-23 21:16:11',NULL,0.00,0,0.00,0,0),(2491,'Pamela Lim\'s Multiplication and Division tracktest','Pamela Lim\'s 04/24/2025 Multiplication and Division tracktest',0,NULL,'2025-04-23 00:00:00','2026-04-24 00:00:00','0000-00-00 00:00:00',2,'highest',1,2,'2025-04-23 21:16:57','2025-05-08 02:46:43',NULL,200.00,0,0.00,0,0),(2492,'User-WPFwgx\'s K1T1W1 tracktest','User-WPFwgx\'s 04/30/2025 K1T1W1 tracktest',0,NULL,'2025-04-29 00:00:00','2026-04-30 00:00:00','0000-00-00 00:00:00',2,'highest',1,2,'2025-04-30 06:32:25','2025-04-30 06:32:25',NULL,0.00,0,0.00,0,0),(2493,'User-WPFwgx\'s Numbers up to 1000 tracktest','User-WPFwgx\'s 04/30/2025 Numbers up to 1000 tracktest',0,NULL,'2025-04-29 00:00:00','2026-04-30 00:00:00','0000-00-00 00:00:00',2,'highest',1,2,'2025-04-30 07:36:35','2025-05-20 03:49:47',NULL,0.00,12,100.00,1,5),(2494,'User-WPFwgx\'s Speed - ? tracktest','User-WPFwgx\'s 05/01/2025 Speed - ? tracktest',0,NULL,'2025-04-30 00:00:00','2026-05-01 00:00:00','0000-00-00 00:00:00',2,'highest',1,2,'2025-04-30 17:05:50','2025-04-30 17:05:50',NULL,0.00,0,0.00,0,0),(2495,'User-WPFwgx\'s Algebra tracktest','User-WPFwgx\'s 05/01/2025 Algebra tracktest',0,NULL,'2025-04-30 00:00:00','2026-05-01 00:00:00','0000-00-00 00:00:00',2,'highest',1,2,'2025-04-30 17:07:03','2025-04-30 17:07:03',NULL,0.00,0,0.00,0,0),(2496,'User-WPFwgx\'s Area and Perimeter Year 4 tracktest','User-WPFwgx\'s 05/01/2025 Area and Perimeter Year 4 tracktest',0,NULL,'2025-04-30 00:00:00','2026-05-01 00:00:00','0000-00-00 00:00:00',2,'highest',1,2,'2025-04-30 19:01:30','2025-04-30 19:01:30',NULL,0.00,0,0.00,0,0),(2497,'User-WPFwgx\'s Primary School Time  tracktest','User-WPFwgx\'s 05/01/2025 Primary School Time  tracktest',0,NULL,'2025-04-30 00:00:00','2026-05-01 00:00:00','0000-00-00 00:00:00',2,'highest',1,2,'2025-04-30 19:20:43','2025-04-30 19:20:43',NULL,0.00,0,0.00,0,0),(2498,'User-WPFwgx\'s Fraction of a Whole tracktest','User-WPFwgx\'s 05/01/2025 Fraction of a Whole tracktest',0,NULL,'2025-04-30 00:00:00','2026-05-01 00:00:00','0000-00-00 00:00:00',2,'highest',1,2,'2025-04-30 19:36:52','2025-04-30 19:36:52',NULL,0.00,0,0.00,0,0),(2499,'User-WPFwgx\'s Angles Year 3 tracktest','User-WPFwgx\'s 05/01/2025 Angles Year 3 tracktest',0,NULL,'2025-04-30 00:00:00','2026-05-01 00:00:00','0000-00-00 00:00:00',2,'highest',1,2,'2025-04-30 19:36:58','2025-04-30 19:36:58',NULL,0.00,0,0.00,0,0),(2500,'User-WPFwgx\'s Fraction of a Set tracktest','User-WPFwgx\'s 05/01/2025 Fraction of a Set tracktest',0,NULL,'2025-04-30 00:00:00','2026-05-01 00:00:00','0000-00-00 00:00:00',2,'highest',1,2,'2025-04-30 19:37:18','2025-04-30 19:37:18',NULL,0.00,0,0.00,0,0),(2501,'User-WPFwgx\'s Fraction and Division tracktest','User-WPFwgx\'s 05/01/2025 Fraction and Division tracktest',0,NULL,'2025-04-30 00:00:00','2026-05-01 00:00:00','0000-00-00 00:00:00',2,'highest',1,2,'2025-04-30 19:43:36','2025-04-30 19:43:36',NULL,0.00,0,0.00,0,0),(2502,'User-WPFwgx\'s Addition and Subtraction of fraction of a whole tracktest','User-WPFwgx\'s 05/01/2025 Addition and Subtraction of fraction of a whole tracktest',0,NULL,'2025-04-30 00:00:00','2026-05-01 00:00:00','0000-00-00 00:00:00',2,'highest',1,2,'2025-04-30 19:44:23','2025-04-30 19:45:56',NULL,300.00,0,0.00,0,0),(2503,'User-WPFwgx\'s Length, Mass and Volume Year 3 tracktest','User-WPFwgx\'s 05/01/2025 Length, Mass and Volume Year 3 tracktest',0,NULL,'2025-04-30 00:00:00','2026-05-01 00:00:00','0000-00-00 00:00:00',2,'highest',1,2,'2025-04-30 20:02:43','2025-04-30 20:02:43',NULL,0.00,0,0.00,0,0),(2504,'User-WPFwgx\'s Four operations of fractions tracktest','User-WPFwgx\'s 05/01/2025 Four operations of fractions tracktest',0,NULL,'2025-04-30 00:00:00','2026-05-01 00:00:00','0000-00-00 00:00:00',2,'highest',1,2,'2025-04-30 20:02:57','2025-04-30 20:02:57',NULL,0.00,0,0.00,0,0),(2505,'User-WPFwgx\'s Area and circumference of circle tracktest','User-WPFwgx\'s 05/01/2025 Area and circumference of circle tracktest',0,NULL,'2025-04-30 00:00:00','2026-05-01 00:00:00','0000-00-00 00:00:00',2,'highest',1,2,'2025-04-30 20:03:05','2025-04-30 20:03:05',NULL,0.00,0,0.00,0,0),(2506,'User-WPFwgx\'s Picture Graphs tracktest','User-WPFwgx\'s 05/01/2025 Picture Graphs tracktest',0,NULL,'2025-04-30 00:00:00','2026-05-01 00:00:00','0000-00-00 00:00:00',2,'highest',1,2,'2025-04-30 20:03:11','2025-04-30 20:03:11',NULL,0.00,0,0.00,0,0),(2507,'User-WPFwgx\'s 2D Shapes tracktest','User-WPFwgx\'s 05/01/2025 2D Shapes tracktest',0,NULL,'2025-04-30 00:00:00','2026-05-01 00:00:00','0000-00-00 00:00:00',2,'highest',1,2,'2025-04-30 20:03:14','2025-04-30 20:03:14',NULL,0.00,0,0.00,0,0),(2508,'User-WPFwgx\'s Multiplication and Division tracktest','User-WPFwgx\'s 05/01/2025 Multiplication and Division tracktest',0,NULL,'2025-04-30 00:00:00','2026-05-01 00:00:00','0000-00-00 00:00:00',2,'highest',1,2,'2025-04-30 20:03:17','2025-04-30 20:03:17',NULL,0.00,0,0.00,0,0),(2509,'User-WPFwgx\'s Picture Graphs with Scales tracktest','User-WPFwgx\'s 05/01/2025 Picture Graphs with Scales tracktest',0,NULL,'2025-04-30 00:00:00','2026-05-01 00:00:00','0000-00-00 00:00:00',2,'highest',1,2,'2025-04-30 20:03:46','2025-04-30 20:03:46',NULL,0.00,0,0.00,0,0),(2510,'User-WPFwgx\'s Rectangle and Square tracktest','User-WPFwgx\'s 05/01/2025 Rectangle and Square tracktest',0,NULL,'2025-04-30 00:00:00','2026-05-01 00:00:00','0000-00-00 00:00:00',2,'highest',1,2,'2025-04-30 20:18:18','2025-04-30 20:18:18',NULL,0.00,0,0.00,0,0),(2511,'User-WPFwgx\'s Telling time tracktest','User-WPFwgx\'s 05/01/2025 Telling time tracktest',0,NULL,'2025-04-30 00:00:00','2026-05-01 00:00:00','0000-00-00 00:00:00',2,'highest',1,2,'2025-04-30 20:52:03','2025-04-30 20:52:03',NULL,0.00,0,0.00,0,0),(2512,'User-WPFwgx\'s Money Year 1 tracktest','User-WPFwgx\'s 05/01/2025 Money Year 1 tracktest',0,NULL,'2025-04-30 00:00:00','2026-05-01 00:00:00','0000-00-00 00:00:00',2,'highest',1,2,'2025-04-30 20:54:33','2025-04-30 20:54:33',NULL,0.00,0,0.00,0,0),(2513,'User-WPFwgx\'s Counting to 40 tracktest','User-WPFwgx\'s 05/01/2025 Counting to 40 tracktest',0,NULL,'2025-04-30 00:00:00','2026-05-01 00:00:00','0000-00-00 00:00:00',2,'highest',1,2,'2025-04-30 20:54:37','2025-04-30 20:54:37',NULL,0.00,0,0.00,0,0),(2514,'User-WPFwgx\'s Time Year 2 tracktest','User-WPFwgx\'s 05/01/2025 Time Year 2 tracktest',0,NULL,'2025-04-30 00:00:00','2026-05-01 00:00:00','0000-00-00 00:00:00',2,'highest',1,2,'2025-04-30 21:10:50','2025-04-30 21:10:50',NULL,0.00,0,0.00,0,0),(2515,'User-WPFwgx\'s Multiplication and Dvision to 10000 tracktest','User-WPFwgx\'s 05/01/2025 Multiplication and Dvision to 10000 tracktest',0,NULL,'2025-04-30 00:00:00','2026-05-01 00:00:00','0000-00-00 00:00:00',2,'highest',1,2,'2025-04-30 21:11:04','2025-04-30 21:11:04',NULL,0.00,0,0.00,0,0),(2516,'User-WPFwgx\'s Addition and Subtraction of Decimals tracktest','User-WPFwgx\'s 05/01/2025 Addition and Subtraction of Decimals tracktest',0,NULL,'2025-04-30 00:00:00','2026-05-01 00:00:00','0000-00-00 00:00:00',2,'highest',1,2,'2025-04-30 21:11:08','2025-04-30 21:11:08',NULL,0.00,0,0.00,0,0),(2517,'User-WPFwgx\'s Angles Year 4 tracktest','User-WPFwgx\'s 05/01/2025 Angles Year 4 tracktest',0,NULL,'2025-04-30 00:00:00','2026-05-01 00:00:00','0000-00-00 00:00:00',2,'highest',1,2,'2025-04-30 21:11:12','2025-04-30 21:11:12',NULL,0.00,0,0.00,0,0),(2518,'User-WPFwgx\'s Nets tracktest','User-WPFwgx\'s 05/01/2025 Nets tracktest',0,NULL,'2025-04-30 00:00:00','2026-05-01 00:00:00','0000-00-00 00:00:00',2,'highest',1,2,'2025-04-30 21:11:16','2025-04-30 21:11:16',NULL,0.00,0,0.00,0,0),(2519,'User-WPFwgx\'s Percentage Year 5 tracktest','User-WPFwgx\'s 05/01/2025 Percentage Year 5 tracktest',0,NULL,'2025-04-30 00:00:00','2026-05-01 00:00:00','0000-00-00 00:00:00',2,'highest',1,2,'2025-04-30 21:11:20','2025-04-30 21:11:20',NULL,0.00,0,0.00,0,0),(2520,'User-WPFwgx\'s Triangles tracktest','User-WPFwgx\'s 05/01/2025 Triangles tracktest',0,NULL,'2025-04-30 00:00:00','2026-05-01 00:00:00','0000-00-00 00:00:00',2,'highest',1,2,'2025-04-30 21:11:26','2025-04-30 21:11:26',NULL,0.00,0,0.00,0,0),(2521,'User-WPFwgx\'s Mixed Numbers and Improper Fractions tracktest','User-WPFwgx\'s 05/01/2025 Mixed Numbers and Improper Fractions tracktest',0,NULL,'2025-04-30 00:00:00','2026-05-01 00:00:00','0000-00-00 00:00:00',2,'highest',1,2,'2025-04-30 22:37:48','2025-04-30 22:37:48',NULL,0.00,0,0.00,0,0),(2522,'User-WPFwgx\'s Addition and Subtraction to 1000 tracktest','User-WPFwgx\'s 05/01/2025 Addition and Subtraction to 1000 tracktest',0,NULL,'2025-04-30 00:00:00','2026-05-01 00:00:00','0000-00-00 00:00:00',2,'highest',1,2,'2025-04-30 22:38:38','2025-04-30 22:38:38',NULL,0.00,0,0.00,0,0),(2523,'User-WPFwgx\'s Decimals up to 3 decimal places tracktest','User-WPFwgx\'s 05/01/2025 Decimals up to 3 decimal places tracktest',0,NULL,'2025-04-30 00:00:00','2026-05-01 00:00:00','0000-00-00 00:00:00',2,'highest',1,2,'2025-05-01 01:31:08','2025-05-01 01:31:08',NULL,0.00,0,0.00,0,0),(2524,'User-WPFwgx\'s Four Operations to 10 million tracktest','User-WPFwgx\'s 05/01/2025 Four Operations to 10 million tracktest',0,NULL,'2025-04-30 00:00:00','2026-05-01 00:00:00','0000-00-00 00:00:00',2,'highest',1,2,'2025-05-01 01:31:18','2025-05-01 01:31:18',NULL,0.00,0,0.00,0,0),(2525,'User-WPFwgx\'s Numbers up to 10000 tracktest','User-WPFwgx\'s 05/01/2025 Numbers up to 10000 tracktest',0,NULL,'2025-04-30 00:00:00','2026-05-01 00:00:00','0000-00-00 00:00:00',2,'highest',1,2,'2025-05-01 01:31:39','2025-05-01 01:31:39',NULL,0.00,0,0.00,0,0),(2526,'User-WPFwgx\'s Length, Mass Volume tracktest','User-WPFwgx\'s 05/01/2025 Length, Mass Volume tracktest',0,NULL,'2025-04-30 00:00:00','2026-05-01 00:00:00','0000-00-00 00:00:00',2,'highest',1,2,'2025-05-01 02:31:52','2025-05-01 02:31:52',NULL,0.00,0,0.00,0,0),(2527,'User-WPFwgx\'s Perpendicular and Parallel Lines tracktest','User-WPFwgx\'s 05/01/2025 Perpendicular and Parallel Lines tracktest',0,NULL,'2025-04-30 00:00:00','2026-05-01 00:00:00','0000-00-00 00:00:00',2,'highest',1,2,'2025-05-01 02:32:06','2025-05-01 02:32:06',NULL,0.00,0,0.00,0,0),(2528,'User-WPFwgx\'s Area and Perimeter tracktest','User-WPFwgx\'s 05/01/2025 Area and Perimeter tracktest',0,NULL,'2025-04-30 00:00:00','2026-05-01 00:00:00','0000-00-00 00:00:00',2,'highest',1,2,'2025-05-01 02:32:10','2025-05-01 02:32:10',NULL,0.00,0,0.00,0,0),(2529,'User-WPFwgx\'s Money Year 3 tracktest','User-WPFwgx\'s 05/01/2025 Money Year 3 tracktest',0,NULL,'2025-04-30 00:00:00','2026-05-01 00:00:00','0000-00-00 00:00:00',2,'highest',1,2,'2025-05-01 02:32:25','2025-05-01 02:32:25',NULL,0.00,0,0.00,0,0),(2530,'User-WPFwgx\'s Money Year 2 tracktest','User-WPFwgx\'s 05/01/2025 Money Year 2 tracktest',0,NULL,'2025-04-30 00:00:00','2026-05-01 00:00:00','0000-00-00 00:00:00',2,'highest',1,2,'2025-05-01 03:09:38','2025-05-01 03:09:38',NULL,0.00,0,0.00,0,0),(2531,'User-WPFwgx\'s Multiplication and Division to 1000 tracktest','User-WPFwgx\'s 05/02/2025 Multiplication and Division to 1000 tracktest',0,NULL,'2025-05-01 00:00:00','2026-05-02 00:00:00','0000-00-00 00:00:00',2,'highest',1,2,'2025-05-01 16:13:34','2025-05-01 16:13:34',NULL,0.00,0,0.00,0,0),(2532,'User-WPFwgx\'s 2D Shapes Year 2 tracktest','User-WPFwgx\'s 05/02/2025 2D Shapes Year 2 tracktest',0,NULL,'2025-05-01 00:00:00','2026-05-02 00:00:00','0000-00-00 00:00:00',2,'highest',1,2,'2025-05-01 20:48:25','2025-05-01 20:48:25',NULL,0.00,0,0.00,0,0),(2533,'User-WPFwgx\'s Comparing and measuring lengths tracktest','User-WPFwgx\'s 05/02/2025 Comparing and measuring lengths tracktest',0,NULL,'2025-05-01 00:00:00','2026-05-02 00:00:00','0000-00-00 00:00:00',2,'highest',1,2,'2025-05-01 21:25:53','2025-05-01 21:25:53',NULL,0.00,0,0.00,0,0),(2534,'User-WPFwgx\'s Four operations of decimals tracktest','User-WPFwgx\'s 05/02/2025 Four operations of decimals tracktest',0,NULL,'2025-05-01 00:00:00','2026-05-02 00:00:00','0000-00-00 00:00:00',2,'highest',1,2,'2025-05-01 21:31:04','2025-05-01 21:31:04',NULL,0.00,0,0.00,0,0),(2535,'User-WPFwgx\'s Four Operations tracktest','User-WPFwgx\'s 05/02/2025 Four Operations tracktest',0,NULL,'2025-05-01 00:00:00','2026-05-02 00:00:00','0000-00-00 00:00:00',2,'highest',1,2,'2025-05-01 22:38:48','2025-05-01 22:38:48',NULL,0.00,0,0.00,0,0),(2536,'User-WPFwgx\'s Numbers up to 100000 tracktest','User-WPFwgx\'s 05/02/2025 Numbers up to 100000 tracktest',0,NULL,'2025-05-01 00:00:00','2026-05-02 00:00:00','0000-00-00 00:00:00',2,'highest',1,2,'2025-05-01 22:40:51','2025-05-01 22:40:51',NULL,0.00,0,0.00,0,0),(2537,'User-WPFwgx\'s Primary School Decimals and Fractions tracktest','User-WPFwgx\'s 05/02/2025 Primary School Decimals and Fractions tracktest',0,NULL,'2025-05-01 00:00:00','2026-05-02 00:00:00','0000-00-00 00:00:00',2,'highest',1,2,'2025-05-01 22:53:57','2025-05-01 22:53:57',NULL,0.00,0,0.00,0,0),(2538,'User-WPFwgx\'s Bar Graphs tracktest','User-WPFwgx\'s 05/03/2025 Bar Graphs tracktest',0,NULL,'2025-05-02 00:00:00','2026-05-03 00:00:00','0000-00-00 00:00:00',2,'highest',1,2,'2025-05-03 04:29:56','2025-05-03 04:29:56',NULL,0.00,0,0.00,0,0),(2539,'User-WPFwgx\'s Primary School Counting  tracktest','User-WPFwgx\'s 05/03/2025 Primary School Counting  tracktest',0,NULL,'2025-05-02 00:00:00','2026-05-03 00:00:00','0000-00-00 00:00:00',2,'highest',1,2,'2025-05-03 04:34:20','2025-05-03 04:34:20',NULL,0.00,0,0.00,0,0),(2540,'Pamela Lim\'s Fraction of a Whole tracktest','Pamela Lim\'s 05/04/2025 Fraction of a Whole tracktest',0,NULL,'2025-05-03 00:00:00','2026-05-04 00:00:00','0000-00-00 00:00:00',2,'highest',1,2,'2025-05-03 20:48:57','2025-05-03 20:48:57',NULL,0.00,0,0.00,0,0),(2541,'Pamela Lim\'s Numbers up to 1000 tracktest','Pamela Lim\'s 05/04/2025 Numbers up to 1000 tracktest',0,NULL,'2025-05-03 00:00:00','2026-05-04 00:00:00','0000-00-00 00:00:00',2,'highest',1,2,'2025-05-03 20:49:41','2025-05-03 22:22:01',NULL,300.00,0,0.00,0,0),(2542,'Pamela Lim\'s Numbers up to 10000 tracktest','Pamela Lim\'s 05/04/2025 Numbers up to 10000 tracktest',0,NULL,'2025-05-03 00:00:00','2026-05-04 00:00:00','0000-00-00 00:00:00',2,'highest',1,2,'2025-05-03 20:53:55','2025-05-05 03:10:43',NULL,400.00,0,0.00,0,0),(2543,'Pamela Lim\'s Counting to 40 tracktest','Pamela Lim\'s 05/04/2025 Counting to 40 tracktest',0,NULL,'2025-05-03 00:00:00','2026-05-04 00:00:00','0000-00-00 00:00:00',2,'highest',1,2,'2025-05-03 20:54:08','2025-05-13 04:20:05',NULL,200.00,0,0.00,0,0),(2544,'Pamela Lim\'s Multiplication and Division to 1000 tracktest','Pamela Lim\'s 05/04/2025 Multiplication and Division to 1000 tracktest',0,NULL,'2025-05-03 00:00:00','2026-05-04 00:00:00','0000-00-00 00:00:00',2,'highest',1,2,'2025-05-03 20:55:22','2025-05-03 20:55:22',NULL,0.00,0,0.00,0,0),(2545,'Pamela Lim\'s Money Year 2 tracktest','Pamela Lim\'s 05/04/2025 Money Year 2 tracktest',0,NULL,'2025-05-03 00:00:00','2026-05-04 00:00:00','0000-00-00 00:00:00',2,'highest',1,2,'2025-05-03 20:55:27','2025-05-03 20:55:27',NULL,0.00,0,0.00,0,0),(2546,'Pamela Lim\'s Picture Graphs with Scales tracktest','Pamela Lim\'s 05/04/2025 Picture Graphs with Scales tracktest',0,NULL,'2025-05-03 00:00:00','2026-05-04 00:00:00','0000-00-00 00:00:00',2,'highest',1,2,'2025-05-03 21:52:26','2025-05-12 05:37:35',NULL,300.00,0,0.00,0,0),(2547,'Pamela Lim\'s 3D Shapes tracktest','Pamela Lim\'s 05/04/2025 3D Shapes tracktest',0,NULL,'2025-05-03 00:00:00','2026-05-04 00:00:00','0000-00-00 00:00:00',2,'highest',1,2,'2025-05-03 22:09:06','2025-05-03 22:09:06',NULL,0.00,0,0.00,0,0),(2548,'Pamela Lim\'s Money tracktest','Pamela Lim\'s 05/04/2025 Money tracktest',0,NULL,'2025-05-03 00:00:00','2026-05-04 00:00:00','0000-00-00 00:00:00',2,'highest',1,2,'2025-05-03 22:09:13','2025-05-03 22:09:13',NULL,0.00,0,0.00,0,0),(2549,'Pamela Lim\'s Addition and Subtraction to 1000 tracktest','Pamela Lim\'s 05/04/2025 Addition and Subtraction to 1000 tracktest',0,NULL,'2025-05-03 00:00:00','2026-05-04 00:00:00','0000-00-00 00:00:00',2,'highest',1,2,'2025-05-03 22:23:22','2025-05-03 22:23:22',NULL,0.00,0,0.00,0,0),(2550,'Pamela Lim\'s Multiplication and Division of decimals tracktest','Pamela Lim\'s 05/04/2025 Multiplication and Division of decimals tracktest',0,NULL,'2025-05-03 00:00:00','2026-05-04 00:00:00','0000-00-00 00:00:00',2,'highest',1,2,'2025-05-03 23:44:16','2025-05-03 23:44:16',NULL,0.00,0,0.00,0,0),(2551,'Pamela Lim\'s Numbers up to 10 \nmillion tracktest','Pamela Lim\'s 05/04/2025 Numbers up to 10 \nmillion tracktest',0,NULL,'2025-05-03 00:00:00','2026-05-04 00:00:00','0000-00-00 00:00:00',2,'highest',1,2,'2025-05-03 23:53:31','2025-05-03 23:53:31',NULL,0.00,0,0.00,0,0),(2552,'Pamela Lim\'s Numbers up to 100000 tracktest','Pamela Lim\'s 05/04/2025 Numbers up to 100000 tracktest',0,NULL,'2025-05-03 00:00:00','2026-05-04 00:00:00','0000-00-00 00:00:00',2,'highest',1,2,'2025-05-04 00:11:06','2025-05-13 03:19:45',NULL,500.00,0,0.00,0,0),(2553,'Pamela Lim\'s Numbers up to 100 tracktest','Pamela Lim\'s 05/04/2025 Numbers up to 100 tracktest',0,NULL,'2025-05-03 13:22:18','2026-05-04 13:22:18','0000-00-00 00:00:00',2,'highest',1,2,'2025-05-04 03:22:18','2025-05-04 03:22:18',NULL,0.00,0,0.00,0,0),(2554,'Pamela Lim\'s Numbers up to 100 tracktest','Pamela Lim\'s 05/04/2025 Numbers up to 100 tracktest',0,NULL,'2025-05-03 13:47:43','2026-05-04 13:47:43','0000-00-00 00:00:00',2,'highest',1,2,'2025-05-04 03:47:43','2025-05-04 03:47:43',NULL,0.00,0,0.00,0,0),(2555,'Pamela Lim\'s Numbers up to 100 tracktest','Pamela Lim\'s 05/04/2025 Numbers up to 100 tracktest',0,NULL,'2025-05-03 13:56:04','2026-05-04 13:56:04','0000-00-00 00:00:00',2,'highest',1,2,'2025-05-04 03:56:04','2025-05-04 05:10:27',NULL,200.00,0,0.00,0,0),(2556,'Pamela Lim\'s Numbers up to 100 tracktest','Pamela Lim\'s 05/04/2025 Numbers up to 100 tracktest',0,NULL,'2025-05-03 15:46:30','2026-05-04 15:46:30','0000-00-00 00:00:00',2,'highest',1,2,'2025-05-04 05:46:30','2025-05-04 05:46:37',NULL,200.00,0,0.00,0,0),(2557,'Pamela Lim\'s Numbers up to 100 tracktest','Pamela Lim\'s 05/04/2025 Numbers up to 100 tracktest',0,NULL,'2025-05-03 15:51:04','2026-05-04 15:51:04','0000-00-00 00:00:00',2,'highest',1,2,'2025-05-04 05:51:04','2025-05-04 05:51:10',NULL,200.00,0,0.00,0,0),(2558,'Pamela Lim\'s Numbers up to 100 tracktest','Pamela Lim\'s 05/04/2025 Numbers up to 100 tracktest',0,NULL,'2025-05-03 15:51:55','2026-05-04 15:51:55','0000-00-00 00:00:00',2,'highest',1,2,'2025-05-04 05:51:55','2025-05-04 05:52:03',NULL,200.00,0,0.00,0,0),(2559,'Pamela Lim\'s Numbers up to 100 tracktest','Pamela Lim\'s 05/04/2025 Numbers up to 100 tracktest',0,NULL,'2025-05-03 15:53:30','2026-05-04 15:53:30','0000-00-00 00:00:00',2,'highest',1,2,'2025-05-04 05:53:30','2025-05-04 05:55:04',NULL,200.00,0,0.00,0,0),(2560,'Pamela Lim\'s Numbers up to 100 tracktest','Pamela Lim\'s 05/04/2025 Numbers up to 100 tracktest',0,NULL,'2025-05-03 16:01:31','2026-05-04 16:01:31','0000-00-00 00:00:00',2,'highest',1,2,'2025-05-04 06:01:31','2025-05-04 06:02:07',NULL,200.00,0,0.00,0,0),(2561,'Pamela Lim\'s Numbers up to 100 tracktest','Pamela Lim\'s 05/04/2025 Numbers up to 100 tracktest',0,NULL,'2025-05-03 16:44:15','2026-05-04 16:44:15','0000-00-00 00:00:00',2,'highest',1,2,'2025-05-04 06:44:15','2025-05-04 06:55:26',NULL,200.00,0,0.00,0,0),(2562,'Pamela Lim\'s Numbers up to 1000 tracktest','Pamela Lim\'s 05/04/2025 Numbers up to 1000 tracktest',0,NULL,'2025-05-03 16:45:36','2026-05-04 16:45:36','0000-00-00 00:00:00',2,'highest',1,2,'2025-05-04 06:45:36','2025-05-04 06:45:36',NULL,0.00,0,0.00,0,0),(2563,'Pamela Lim\'s Numbers up to 100 tracktest','Pamela Lim\'s 05/04/2025 Numbers up to 100 tracktest',0,NULL,'2025-05-03 16:56:18','2026-05-04 16:56:18','0000-00-00 00:00:00',2,'highest',1,2,'2025-05-04 06:56:18','2025-05-10 21:52:10',NULL,200.00,0,0.00,0,0),(2564,'Pamela Lim\'s Addition and Subtraction to 100 tracktest','Pamela Lim\'s 05/05/2025 Addition and Subtraction to 100 tracktest',0,NULL,'2025-05-04 09:05:20','2026-05-05 09:05:20','0000-00-00 00:00:00',2,'highest',1,2,'2025-05-04 23:05:20','2025-05-05 05:19:28',NULL,200.00,0,0.00,0,0),(2565,'Pamela Lim\'s Numbers up to 1000 tracktest','Pamela Lim\'s 05/05/2025 Numbers up to 1000 tracktest',0,NULL,'2025-05-04 10:00:42','2026-05-05 10:00:42','0000-00-00 00:00:00',2,'highest',1,2,'2025-05-05 00:00:42','2025-05-05 05:34:22',NULL,300.00,0,0.00,0,0),(2566,'Pamela Lim\'s 2D Shapes Year 2 tracktest','Pamela Lim\'s 05/05/2025 2D Shapes Year 2 tracktest',0,NULL,'2025-05-04 13:39:20','2026-05-05 13:39:20','0000-00-00 00:00:00',2,'highest',1,2,'2025-05-05 03:39:20','2025-05-05 03:39:20',NULL,0.00,0,0.00,0,0),(2567,'Pamela Lim\'s Addition and Subtraction of fraction of a whole tracktest','Pamela Lim\'s 05/05/2025 Addition and Subtraction of fraction of a whole tracktest',0,NULL,'2025-05-04 14:52:19','2026-05-05 14:52:19','0000-00-00 00:00:00',2,'highest',1,2,'2025-05-05 04:52:19','2025-05-05 04:52:19',NULL,0.00,0,0.00,0,0),(2568,'Pamela Lim\'s Area and Perimeter Year 4 tracktest','Pamela Lim\'s 05/05/2025 Area and Perimeter Year 4 tracktest',0,NULL,'2025-05-04 14:55:36','2026-05-05 14:55:36','0000-00-00 00:00:00',2,'highest',1,2,'2025-05-05 04:55:36','2025-05-05 04:55:36',NULL,0.00,0,0.00,0,0),(2569,'Pamela Lim\'s Numbers up to 1000 tracktest','Pamela Lim\'s 05/05/2025 Numbers up to 1000 tracktest',0,NULL,'2025-05-04 15:41:13','2026-05-05 15:41:13','0000-00-00 00:00:00',2,'highest',1,2,'2025-05-05 05:41:13','2025-05-05 05:41:13',NULL,0.00,0,0.00,0,0),(2570,'Pamela Lim\'s Addition and Subtraction of equivalent fractions tracktest','Pamela Lim\'s 05/08/2025 Addition and Subtraction of equivalent fractions tracktest',0,NULL,'2025-05-07 12:03:51','2026-05-08 12:03:51','0000-00-00 00:00:00',2,'highest',1,2,'2025-05-08 02:03:51','2025-05-08 02:03:51',NULL,0.00,0,0.00,0,0),(2571,'Pamela Lim\'s Telling time tracktest','Pamela Lim\'s 05/08/2025 Telling time tracktest',0,NULL,'2025-05-07 12:11:04','2026-05-08 12:11:04','0000-00-00 00:00:00',2,'highest',1,2,'2025-05-08 02:11:04','2025-05-08 02:11:04',NULL,0.00,0,0.00,0,0),(2572,'Pamela Lim\'s Average of a set of data tracktest','Pamela Lim\'s 05/08/2025 Average of a set of data tracktest',0,NULL,'2025-05-07 12:52:20','2026-05-08 12:52:20','0000-00-00 00:00:00',2,'highest',1,2,'2025-05-08 02:52:20','2025-05-08 02:52:20',NULL,0.00,0,0.00,0,0),(2573,'Pamela Lim\'s Numbers up to 100 tracktest','Pamela Lim\'s 05/11/2025 Numbers up to 100 tracktest',0,NULL,'2025-05-10 07:52:21','2026-05-11 07:52:21','0000-00-00 00:00:00',2,'highest',1,2,'2025-05-10 21:52:21','2025-05-10 21:52:21',NULL,0.00,0,0.00,0,0),(2574,'Pamela Lim\'s Numbers up to 100 tracktest','Pamela Lim\'s 05/11/2025 Numbers up to 100 tracktest',0,NULL,'2025-05-10 07:52:24','2026-05-11 07:52:24','0000-00-00 00:00:00',2,'highest',1,2,'2025-05-10 21:52:24','2025-05-10 21:52:24',NULL,0.00,0,0.00,0,0),(2575,'Pamela Lim\'s Numbers up to 100 tracktest','Pamela Lim\'s 05/11/2025 Numbers up to 100 tracktest',0,NULL,'2025-05-10 07:55:53','2026-05-11 07:55:53','0000-00-00 00:00:00',2,'highest',1,2,'2025-05-10 21:55:53','2025-05-10 21:55:53',NULL,0.00,0,0.00,0,0),(2576,'Pamela Lim\'s Numbers up to 100 tracktest','Pamela Lim\'s 05/11/2025 Numbers up to 100 tracktest',0,NULL,'2025-05-10 07:56:04','2026-05-11 07:56:04','0000-00-00 00:00:00',2,'highest',1,2,'2025-05-10 21:56:04','2025-05-10 21:56:04',NULL,0.00,0,0.00,0,0),(2577,'Pamela Lim\'s Numbers up to 100 tracktest','Pamela Lim\'s 05/11/2025 Numbers up to 100 tracktest',0,NULL,'2025-05-10 07:56:23','2026-05-11 07:56:23','0000-00-00 00:00:00',2,'highest',1,2,'2025-05-10 21:56:23','2025-05-10 21:56:23',NULL,0.00,0,0.00,0,0),(2578,'Pamela Lim\'s Numbers up to 100 tracktest','Pamela Lim\'s 05/11/2025 Numbers up to 100 tracktest',0,NULL,'2025-05-10 08:01:15','2026-05-11 08:01:15','0000-00-00 00:00:00',2,'highest',1,2,'2025-05-10 22:01:15','2025-05-10 22:01:15',NULL,0.00,0,0.00,0,0),(2579,'Pamela Lim\'s Numbers up to 100 tracktest','Pamela Lim\'s 05/11/2025 Numbers up to 100 tracktest',0,NULL,'2025-05-10 08:04:45','2026-05-11 08:04:45','0000-00-00 00:00:00',2,'highest',1,2,'2025-05-10 22:04:45','2025-05-10 22:09:50',NULL,200.00,0,0.00,0,0),(2580,'Pamela Lim\'s Numbers up to 100 tracktest','Pamela Lim\'s 05/11/2025 Numbers up to 100 tracktest',0,NULL,'2025-05-10 10:58:32','2026-05-11 10:58:32','0000-00-00 00:00:00',2,'highest',1,2,'2025-05-11 00:58:32','2025-05-11 00:58:32',NULL,0.00,0,0.00,0,0),(2581,'Pamela Lim\'s Numbers up to 100 tracktest','Pamela Lim\'s 05/11/2025 Numbers up to 100 tracktest',0,NULL,'2025-05-10 11:10:53','2026-05-11 11:10:53','0000-00-00 00:00:00',2,'highest',1,2,'2025-05-11 01:10:53','2025-05-11 01:10:53',NULL,0.00,0,0.00,0,0),(2582,'Pamela Lim\'s Numbers up to 100 tracktest','Pamela Lim\'s 05/11/2025 Numbers up to 100 tracktest',0,NULL,'2025-05-10 11:15:44','2026-05-11 11:15:44','0000-00-00 00:00:00',2,'highest',1,2,'2025-05-11 01:15:44','2025-05-11 01:15:44',NULL,0.00,0,0.00,0,0),(2583,'Pamela Lim\'s Numbers up to 100 tracktest','Pamela Lim\'s 05/11/2025 Numbers up to 100 tracktest',0,NULL,'2025-05-10 11:28:18','2026-05-11 11:28:18','0000-00-00 00:00:00',2,'highest',1,2,'2025-05-11 01:28:18','2025-05-11 01:28:18',NULL,0.00,0,0.00,0,0),(2584,'Pamela Lim\'s Numbers up to 100 tracktest','Pamela Lim\'s 05/11/2025 Numbers up to 100 tracktest',0,NULL,'2025-05-10 11:28:52','2026-05-11 11:28:52','0000-00-00 00:00:00',2,'highest',1,2,'2025-05-11 01:28:52','2025-05-11 01:28:52',NULL,0.00,0,0.00,0,0),(2585,'Pamela Lim\'s Numbers up to 100 tracktest','Pamela Lim\'s 05/11/2025 Numbers up to 100 tracktest',0,NULL,'2025-05-10 11:33:13','2026-05-11 11:33:13','0000-00-00 00:00:00',2,'highest',1,2,'2025-05-11 01:33:13','2025-05-11 01:33:13',NULL,0.00,0,0.00,0,0),(2586,'Pamela Lim\'s Numbers up to 100 tracktest','Pamela Lim\'s 05/11/2025 Numbers up to 100 tracktest',0,NULL,'2025-05-10 11:34:23','2026-05-11 11:34:23','0000-00-00 00:00:00',2,'highest',1,2,'2025-05-11 01:34:23','2025-05-11 01:34:23',NULL,0.00,0,0.00,0,0),(2587,'Pamela Lim\'s Numbers up to 100 tracktest','Pamela Lim\'s 05/11/2025 Numbers up to 100 tracktest',0,NULL,'2025-05-10 11:34:42','2026-05-11 11:34:42','0000-00-00 00:00:00',2,'highest',1,2,'2025-05-11 01:34:42','2025-05-11 01:34:42',NULL,0.00,0,0.00,0,0),(2588,'Pamela Lim\'s Numbers up to 100 tracktest','Pamela Lim\'s 05/11/2025 Numbers up to 100 tracktest',0,NULL,'2025-05-10 13:00:17','2026-05-11 13:00:17','0000-00-00 00:00:00',2,'highest',1,2,'2025-05-11 03:00:17','2025-05-11 03:00:17',NULL,0.00,0,0.00,0,0),(2589,'Pamela Lim\'s Numbers up to 100 tracktest','Pamela Lim\'s 05/11/2025 Numbers up to 100 tracktest',0,NULL,'2025-05-10 13:02:24','2026-05-11 13:02:24','0000-00-00 00:00:00',2,'highest',1,2,'2025-05-11 03:02:24','2025-05-11 03:02:24',NULL,0.00,0,0.00,0,0),(2590,'Pamela Lim\'s Numbers up to 100 tracktest','Pamela Lim\'s 05/11/2025 Numbers up to 100 tracktest',0,NULL,'2025-05-10 13:02:42','2026-05-11 13:02:42','0000-00-00 00:00:00',2,'highest',1,2,'2025-05-11 03:02:42','2025-05-11 03:02:42',NULL,0.00,0,0.00,0,0),(2591,'Pamela Lim\'s Numbers up to 100 tracktest','Pamela Lim\'s 05/11/2025 Numbers up to 100 tracktest',0,NULL,'2025-05-10 13:03:27','2026-05-11 13:03:27','0000-00-00 00:00:00',2,'highest',1,2,'2025-05-11 03:03:27','2025-05-11 03:03:27',NULL,0.00,0,0.00,0,0),(2592,'Pamela Lim\'s Numbers up to 100 tracktest','Pamela Lim\'s 05/11/2025 Numbers up to 100 tracktest',0,NULL,'2025-05-10 13:05:28','2026-05-11 13:05:28','0000-00-00 00:00:00',2,'highest',1,2,'2025-05-11 03:05:28','2025-05-11 03:05:28',NULL,0.00,0,0.00,0,0),(2593,'Pamela Lim\'s Numbers up to 100 tracktest','Pamela Lim\'s 05/11/2025 Numbers up to 100 tracktest',0,NULL,'2025-05-10 13:24:49','2026-05-11 13:24:49','0000-00-00 00:00:00',2,'highest',1,2,'2025-05-11 03:24:49','2025-05-11 03:24:49',NULL,0.00,0,0.00,0,0),(2594,'Pamela Lim\'s Numbers up to 100 tracktest','Pamela Lim\'s 05/11/2025 Numbers up to 100 tracktest',0,NULL,'2025-05-10 13:25:08','2026-05-11 13:25:08','0000-00-00 00:00:00',2,'highest',1,2,'2025-05-11 03:25:08','2025-05-11 03:25:08',NULL,0.00,0,0.00,0,0),(2595,'Pamela Lim\'s Numbers up to 100 tracktest','Pamela Lim\'s 05/11/2025 Numbers up to 100 tracktest',0,NULL,'2025-05-10 13:50:55','2026-05-11 13:50:55','0000-00-00 00:00:00',2,'highest',1,2,'2025-05-11 03:50:55','2025-05-11 03:50:55',NULL,0.00,0,0.00,0,0),(2596,'Pamela Lim\'s Numbers up to 100 tracktest','Pamela Lim\'s 05/11/2025 Numbers up to 100 tracktest',0,NULL,'2025-05-10 13:50:55','2026-05-11 13:50:55','0000-00-00 00:00:00',2,'highest',1,2,'2025-05-11 03:50:55','2025-05-11 03:50:55',NULL,0.00,0,0.00,0,0),(2597,'Pamela Lim\'s Numbers up to 100 tracktest','Pamela Lim\'s 05/11/2025 Numbers up to 100 tracktest',0,NULL,'2025-05-10 14:22:50','2026-05-11 14:22:50','0000-00-00 00:00:00',2,'highest',1,2,'2025-05-11 04:22:50','2025-05-11 04:22:50',NULL,0.00,0,0.00,0,0),(2598,'Pamela Lim\'s Numbers up to 100 tracktest','Pamela Lim\'s 05/11/2025 Numbers up to 100 tracktest',0,NULL,'2025-05-10 14:24:59','2026-05-11 14:24:59','0000-00-00 00:00:00',2,'highest',1,2,'2025-05-11 04:24:59','2025-05-11 04:24:59',NULL,0.00,0,0.00,0,0),(2599,'Pamela Lim\'s Numbers up to 100 tracktest','Pamela Lim\'s 05/11/2025 Numbers up to 100 tracktest',0,NULL,'2025-05-10 14:39:32','2026-05-11 14:39:32','0000-00-00 00:00:00',2,'highest',1,2,'2025-05-11 04:39:32','2025-05-11 04:39:32',NULL,0.00,0,0.00,0,0),(2600,'Pamela Lim\'s Numbers up to 100 tracktest','Pamela Lim\'s 05/11/2025 Numbers up to 100 tracktest',0,NULL,'2025-05-10 14:39:38','2026-05-11 14:39:38','0000-00-00 00:00:00',2,'highest',1,2,'2025-05-11 04:39:38','2025-05-11 04:39:38',NULL,0.00,0,0.00,0,0),(2601,'Pamela Lim\'s Addition and subtraction of fractions tracktest','Pamela Lim\'s 05/11/2025 Addition and subtraction of fractions tracktest',0,NULL,'2025-05-10 14:42:10','2026-05-11 14:42:10','0000-00-00 00:00:00',2,'highest',1,2,'2025-05-11 04:42:10','2025-05-11 04:42:10',NULL,0.00,0,0.00,0,0),(2602,'Pamela Lim\'s Pie charts tracktest','Pamela Lim\'s 05/11/2025 Pie charts tracktest',0,NULL,'2025-05-10 14:42:47','2026-05-11 14:42:47','0000-00-00 00:00:00',2,'highest',1,2,'2025-05-11 04:42:47','2025-05-11 04:42:47',NULL,0.00,0,0.00,0,0),(2603,'Pamela Lim\'s Special Quadrilaterals tracktest','Pamela Lim\'s 05/11/2025 Special Quadrilaterals tracktest',0,NULL,'2025-05-10 14:42:48','2026-05-11 14:42:48','0000-00-00 00:00:00',2,'highest',1,2,'2025-05-11 04:42:48','2025-05-11 04:42:48',NULL,0.00,0,0.00,0,0),(2604,'Pamela Lim\'s Volume of cube and cuboid Year 6 tracktest','Pamela Lim\'s 05/11/2025 Volume of cube and cuboid Year 6 tracktest',0,NULL,'2025-05-10 14:42:50','2026-05-11 14:42:50','0000-00-00 00:00:00',2,'highest',1,2,'2025-05-11 04:42:50','2025-05-11 04:42:50',NULL,0.00,0,0.00,0,0),(2605,'Pamela Lim\'s Speed - ? tracktest','Pamela Lim\'s 05/11/2025 Speed - ? tracktest',0,NULL,'2025-05-10 14:42:51','2026-05-11 14:42:51','0000-00-00 00:00:00',2,'highest',1,2,'2025-05-11 04:42:51','2025-05-11 04:42:51',NULL,0.00,0,0.00,0,0),(2606,'Pamela Lim\'s Area and circumference of circle tracktest','Pamela Lim\'s 05/11/2025 Area and circumference of circle tracktest',0,NULL,'2025-05-10 14:42:53','2026-05-11 14:42:53','0000-00-00 00:00:00',2,'highest',1,2,'2025-05-11 04:42:53','2025-05-11 04:42:53',NULL,0.00,0,0.00,0,0),(2607,'Pamela Lim\'s Length, Mass and Volume Year 3 tracktest','Pamela Lim\'s 05/11/2025 Length, Mass and Volume Year 3 tracktest',0,NULL,'2025-05-10 14:43:09','2026-05-11 14:43:09','0000-00-00 00:00:00',2,'highest',1,2,'2025-05-11 04:43:09','2025-05-11 04:43:09',NULL,0.00,0,0.00,0,0),(2608,'Pamela Lim\'s Nets tracktest','Pamela Lim\'s 05/11/2025 Nets tracktest',0,NULL,'2025-05-10 14:43:39','2026-05-11 14:43:39','0000-00-00 00:00:00',2,'highest',1,2,'2025-05-11 04:43:39','2025-05-11 04:43:39',NULL,0.00,0,0.00,0,0),(2609,'Pamela Lim\'s Numbers up to 100 tracktest','Pamela Lim\'s 05/12/2025 Numbers up to 100 tracktest',0,NULL,'2025-05-11 15:07:48','2026-05-12 15:07:48','0000-00-00 00:00:00',2,'highest',1,2,'2025-05-12 05:07:48','2025-05-12 05:07:48',NULL,0.00,0,0.00,0,0),(2610,'Pamela Lim\'s Numbers up to 100 tracktest','Pamela Lim\'s 05/12/2025 Numbers up to 100 tracktest',0,NULL,'2025-05-11 15:08:01','2026-05-12 15:08:01','0000-00-00 00:00:00',2,'highest',1,2,'2025-05-12 05:08:01','2025-05-12 05:08:01',NULL,0.00,0,0.00,0,0),(2611,'Pamela Lim\'s Numbers up to 100 tracktest','Pamela Lim\'s 05/12/2025 Numbers up to 100 tracktest',0,NULL,'2025-05-11 15:22:57','2026-05-12 15:22:57','0000-00-00 00:00:00',2,'highest',1,2,'2025-05-12 05:22:57','2025-05-12 05:22:57',NULL,0.00,0,0.00,0,0),(2612,'Pamela Lim\'s Numbers up to 100 tracktest','Pamela Lim\'s 05/13/2025 Numbers up to 100 tracktest',0,NULL,'2025-05-12 11:06:20','2026-05-13 11:06:20','0000-00-00 00:00:00',2,'highest',1,2,'2025-05-13 01:06:20','2025-05-13 01:06:20',NULL,0.00,0,0.00,0,0),(2613,'Pamela Lim\'s Length, Mass Volume tracktest','Pamela Lim\'s 05/13/2025 Length, Mass Volume tracktest',0,NULL,'2025-05-12 11:09:23','2026-05-13 11:09:23','0000-00-00 00:00:00',2,'highest',1,2,'2025-05-13 01:09:23','2025-05-13 01:09:23',NULL,0.00,0,0.00,0,0),(2614,'Pamela Lim\'s Multiplication and Dvision to 10000 tracktest','Pamela Lim\'s 05/13/2025 Multiplication and Dvision to 10000 tracktest',0,NULL,'2025-05-12 12:00:30','2026-05-13 12:00:30','0000-00-00 00:00:00',2,'highest',1,2,'2025-05-13 02:00:30','2025-05-13 02:00:30',NULL,0.00,0,0.00,0,0),(2615,'Pamela Lim\'s Multiplication and Division tracktest','Pamela Lim\'s 05/13/2025 Multiplication and Division tracktest',0,NULL,'2025-05-12 12:00:56','2026-05-13 12:00:56','0000-00-00 00:00:00',2,'highest',1,2,'2025-05-13 02:00:56','2025-05-13 02:00:56',NULL,0.00,0,0.00,0,0),(2616,'Pamela Lim\'s Multiplication and Division tracktest','Pamela Lim\'s 05/13/2025 Multiplication and Division tracktest',0,NULL,'2025-05-12 12:00:58','2026-05-13 12:00:58','0000-00-00 00:00:00',2,'highest',1,2,'2025-05-13 02:00:58','2025-05-13 02:00:58',NULL,0.00,0,0.00,0,0),(2617,'Pamela Lim\'s Algebra tracktest','Pamela Lim\'s 05/13/2025 Algebra tracktest',0,NULL,'2025-05-12 12:32:30','2026-05-13 12:32:30','0000-00-00 00:00:00',2,'highest',1,2,'2025-05-13 02:32:30','2025-05-13 02:32:30',NULL,0.00,0,0.00,0,0),(2618,'Pamela Lim\'s Angles Year 3 tracktest','Pamela Lim\'s 05/13/2025 Angles Year 3 tracktest',0,NULL,'2025-05-12 12:32:47','2026-05-13 12:32:47','0000-00-00 00:00:00',2,'highest',1,2,'2025-05-13 02:32:47','2025-05-13 02:32:47',NULL,0.00,0,0.00,0,0),(2619,'Pamela Lim\'s Perpendicular and Parallel Lines tracktest','Pamela Lim\'s 05/13/2025 Perpendicular and Parallel Lines tracktest',0,NULL,'2025-05-12 12:32:49','2026-05-13 12:32:49','0000-00-00 00:00:00',2,'highest',1,2,'2025-05-13 02:32:49','2025-05-13 02:32:49',NULL,0.00,0,0.00,0,0),(2620,'Pamela Lim\'s Angles Year 4 tracktest','Pamela Lim\'s 05/13/2025 Angles Year 4 tracktest',0,NULL,'2025-05-12 12:32:52','2026-05-13 12:32:52','0000-00-00 00:00:00',2,'highest',1,2,'2025-05-13 02:32:52','2025-05-13 02:32:52',NULL,0.00,0,0.00,0,0),(2621,'Pamela Lim\'s Bar Graphs tracktest','Pamela Lim\'s 05/13/2025 Bar Graphs tracktest',0,NULL,'2025-05-12 12:36:48','2026-05-13 12:36:48','0000-00-00 00:00:00',2,'highest',1,2,'2025-05-13 02:36:48','2025-05-13 02:36:48',NULL,0.00,0,0.00,0,0),(2622,'Pamela Lim\'s Angles Year 4 tracktest','Pamela Lim\'s 05/13/2025 Angles Year 4 tracktest',0,NULL,'2025-05-12 12:36:56','2026-05-13 12:36:56','0000-00-00 00:00:00',2,'highest',1,2,'2025-05-13 02:36:56','2025-05-13 02:36:56',NULL,0.00,0,0.00,0,0),(2623,'Pamela Lim\'s Numbers up to 100 tracktest','Pamela Lim\'s 05/13/2025 Numbers up to 100 tracktest',0,NULL,'2025-05-12 12:43:54','2026-05-13 12:43:54','0000-00-00 00:00:00',2,'highest',1,2,'2025-05-13 02:43:54','2025-05-13 02:43:54',NULL,0.00,0,0.00,0,0),(2624,'Pamela Lim\'s Numbers up to 100 tracktest','Pamela Lim\'s 05/13/2025 Numbers up to 100 tracktest',0,NULL,'2025-05-12 12:51:35','2026-05-13 12:51:35','0000-00-00 00:00:00',2,'highest',1,2,'2025-05-13 02:51:35','2025-05-13 02:51:35',NULL,0.00,0,0.00,0,0),(2625,'Pamela Lim\'s Numbers up to 100 tracktest','Pamela Lim\'s 05/13/2025 Numbers up to 100 tracktest',0,NULL,'2025-05-12 12:52:40','2026-05-13 12:52:40','0000-00-00 00:00:00',2,'highest',1,2,'2025-05-13 02:52:40','2025-05-13 02:52:40',NULL,0.00,0,0.00,0,0),(2626,'Pamela Lim\'s Numbers up to 100 tracktest','Pamela Lim\'s 05/13/2025 Numbers up to 100 tracktest',0,NULL,'2025-05-12 12:52:44','2026-05-13 12:52:44','0000-00-00 00:00:00',2,'highest',1,2,'2025-05-13 02:52:44','2025-05-13 02:52:44',NULL,0.00,0,0.00,0,0),(2627,'Pamela Lim\'s Numbers up to 100 tracktest','Pamela Lim\'s 05/13/2025 Numbers up to 100 tracktest',0,NULL,'2025-05-12 12:53:10','2026-05-13 12:53:10','0000-00-00 00:00:00',2,'highest',1,2,'2025-05-13 02:53:10','2025-05-13 02:53:10',NULL,0.00,0,0.00,0,0),(2628,'Pamela Lim\'s Numbers up to 100 tracktest','Pamela Lim\'s 05/13/2025 Numbers up to 100 tracktest',0,NULL,'2025-05-12 12:53:14','2026-05-13 12:53:14','0000-00-00 00:00:00',2,'highest',1,2,'2025-05-13 02:53:14','2025-05-13 02:53:14',NULL,0.00,0,0.00,0,0),(2629,'Pamela Lim\'s Numbers up to 100 tracktest','Pamela Lim\'s 05/13/2025 Numbers up to 100 tracktest',0,NULL,'2025-05-12 12:53:50','2026-05-13 12:53:50','0000-00-00 00:00:00',2,'highest',1,2,'2025-05-13 02:53:50','2025-05-13 02:53:50',NULL,0.00,0,0.00,0,0),(2630,'Pamela Lim\'s Numbers up to 100 tracktest','Pamela Lim\'s 05/13/2025 Numbers up to 100 tracktest',0,NULL,'2025-05-12 12:54:26','2026-05-13 12:54:26','0000-00-00 00:00:00',2,'highest',1,2,'2025-05-13 02:54:26','2025-05-13 02:54:26',NULL,0.00,0,0.00,0,0),(2631,'Pamela Lim\'s Numbers up to 100 tracktest','Pamela Lim\'s 05/13/2025 Numbers up to 100 tracktest',0,NULL,'2025-05-12 12:55:06','2026-05-13 12:55:06','0000-00-00 00:00:00',2,'highest',1,2,'2025-05-13 02:55:06','2025-05-13 02:55:06',NULL,0.00,0,0.00,0,0),(2632,'Pamela Lim\'s Numbers up to 100000 tracktest','Pamela Lim\'s 05/13/2025 Numbers up to 100000 tracktest',0,NULL,'2025-05-12 13:19:54','2026-05-13 13:19:54','0000-00-00 00:00:00',2,'highest',1,2,'2025-05-13 03:19:54','2025-05-13 03:19:54',NULL,0.00,0,0.00,0,0),(2633,'Pamela Lim\'s Numbers up to 100000 tracktest','Pamela Lim\'s 05/13/2025 Numbers up to 100000 tracktest',0,NULL,'2025-05-12 13:26:11','2026-05-13 13:26:11','0000-00-00 00:00:00',2,'highest',1,2,'2025-05-13 03:26:11','2025-05-13 03:26:11',NULL,0.00,0,0.00,0,0),(2634,'Pamela Lim\'s Numbers up to 100 tracktest','Pamela Lim\'s 05/13/2025 Numbers up to 100 tracktest',0,NULL,'2025-05-12 13:50:03','2026-05-13 13:50:03','0000-00-00 00:00:00',2,'highest',1,2,'2025-05-13 03:50:03','2025-05-13 21:01:21',NULL,200.00,0,0.00,0,0),(2635,'Pamela Lim\'s Counting to 40 tracktest','Pamela Lim\'s 05/14/2025 Counting to 40 tracktest',0,NULL,'2025-05-13 00:19:57','2026-05-14 00:19:57','0000-00-00 00:00:00',2,'highest',1,2,'2025-05-13 14:19:57','2025-05-13 21:36:26',NULL,200.00,0,0.00,0,0),(2636,'Pamela Lim\'s Numbers up to 100 tracktest','Pamela Lim\'s 05/14/2025 Numbers up to 100 tracktest',0,NULL,'2025-05-13 09:34:44','2026-05-14 09:34:44','0000-00-00 00:00:00',2,'highest',1,2,'2025-05-13 23:34:44','2025-05-13 23:34:44',NULL,0.00,0,0.00,0,0),(2637,'Pamela Lim\'s Numbers up to 100 tracktest','Pamela Lim\'s 05/16/2025 Numbers up to 100 tracktest',0,NULL,'2025-05-15 08:08:36','2026-05-16 08:08:36','0000-00-00 00:00:00',2,'highest',1,2,'2025-05-15 22:08:36','2025-05-15 22:08:36',NULL,0.00,0,0.00,0,0),(2638,'Pamela Lim\'s Numbers up to 100 tracktest','Pamela Lim\'s 05/19/2025 Numbers up to 100 tracktest',0,NULL,'2025-05-18 12:26:49','2026-05-19 12:26:49','0000-00-00 00:00:00',2,'highest',1,2,'2025-05-19 02:26:49','2025-05-19 02:26:49',NULL,0.00,0,0.00,0,0),(2639,'Pamela Lim\'s Numbers up to 100 tracktest','Pamela Lim\'s 05/19/2025 Numbers up to 100 tracktest',0,NULL,'2025-05-18 12:27:33','2026-05-19 12:27:33','0000-00-00 00:00:00',2,'highest',1,2,'2025-05-19 02:27:33','2025-05-19 19:12:31',NULL,0.00,11,95.00,1,5),(2640,'User-WPFwgx\'s Angles Year 5 tracktest','User-WPFwgx\'s 05/20/2025 Angles Year 5 tracktest',0,NULL,'2025-05-19 13:50:53','2026-05-20 13:50:53','0000-00-00 00:00:00',2,'highest',1,2,'2025-05-20 03:50:53','2025-05-20 03:50:53',NULL,0.00,0,0.00,0,0),(2641,'Pamela Lim\'s Numbers up to 100 tracktest','Pamela Lim\'s 07/03/2025 Numbers up to 100 tracktest',0,NULL,'2025-07-02 08:32:21','2026-07-03 08:32:21','0000-00-00 00:00:00',2,'highest',1,2,'2025-07-02 22:32:21','2025-07-13 18:50:31',NULL,0.00,14,85.00,1,5),(2642,'Pamela Lim\'s Addition and Subtraction of Decimals tracktest','Pamela Lim\'s 07/04/2025 Addition and Subtraction of Decimals tracktest',0,NULL,'2025-07-03 00:06:51','2026-07-04 00:06:51','0000-00-00 00:00:00',2,'highest',1,2,'2025-07-03 14:06:51','2025-07-03 14:06:51',NULL,0.00,0,0.00,0,0),(2643,'Pamela Lim\'s Multiplication and Division tracktest','Pamela Lim\'s 07/04/2025 Multiplication and Division tracktest',0,NULL,'2025-07-03 00:06:52','2026-07-04 00:06:52','0000-00-00 00:00:00',2,'highest',1,2,'2025-07-03 14:06:52','2025-07-03 14:06:52',NULL,0.00,0,0.00,0,0),(2644,'Pamela Lim\'s Numbers up to 100 tracktest','Pamela Lim\'s 07/18/2025 Numbers up to 100 tracktest',0,NULL,'2025-07-17 09:59:49','2026-07-18 09:59:49','0000-00-00 00:00:00',2,'highest',1,2,'2025-07-17 23:59:49','2025-07-17 23:59:49',NULL,0.00,0,0.00,0,0),(2645,'Pamela Lim\'s Addition within 40 without regrouping tracktest','Pamela Lim\'s 07/20/2025 Addition within 40 without regrouping tracktest',0,NULL,'2025-07-19 07:22:10','2026-07-20 07:22:10','0000-00-00 00:00:00',2,'highest',1,2,'2025-07-19 21:22:10','2025-07-19 21:22:10',NULL,0.00,0,0.00,0,0),(2646,'Pamela Lim\'s Addition within 40 with regrouping tracktest','Pamela Lim\'s 07/20/2025 Addition within 40 with regrouping tracktest',0,NULL,'2025-07-19 07:22:56','2026-07-20 07:22:56','0000-00-00 00:00:00',2,'highest',1,2,'2025-07-19 21:22:56','2025-07-19 21:22:56',NULL,0.00,0,0.00,0,0);

--
-- Table structure for table `track_track`
--

CREATE TABLE `track_track` (
  `preReq_track_id` int unsigned NOT NULL,
  `track_id` int unsigned NOT NULL,
  `created_at` timestamp NULL DEFAULT NULL,
  `updated_at` timestamp NULL DEFAULT NULL,
  PRIMARY KEY (`preReq_track_id`,`track_id`),
  KEY `track_track_track_id_foreign` (`track_id`),
  CONSTRAINT `track_track_prereq_track_id_foreign` FOREIGN KEY (`preReq_track_id`) REFERENCES `tracks` (`id`) ON DELETE CASCADE,
  CONSTRAINT `track_track_track_id_foreign` FOREIGN KEY (`track_id`) REFERENCES `tracks` (`id`) ON DELETE CASCADE
) ENGINE=InnoDB DEFAULT CHARSET=utf8mb3 COLLATE=utf8mb3_unicode_ci;

--
-- Dumping data for table `track_track`
--

INSERT INTO `track_track` VALUES (1,2,'2018-05-03 21:17:14','2018-05-03 21:17:14'),(2,3,'2018-05-03 21:17:14','2018-05-03 21:17:14'),(3,4,'2018-05-03 21:17:14','2018-05-03 21:17:14'),(4,5,'2018-05-03 21:17:14','2018-05-03 21:17:14'),(5,6,'2018-05-03 21:17:14','2018-05-03 21:17:14'),(6,7,'2018-05-03 21:17:14','2018-05-03 21:17:14');

--
-- Table structure for table `track_user`
--

CREATE TABLE `track_user` (
  `track_id` int unsigned NOT NULL,
  `user_id` int unsigned NOT NULL,
  `track_maxile` decimal(6,2) NOT NULL DEFAULT '0.00',
  `track_passed` tinyint(1) NOT NULL DEFAULT '0',
  `track_test_date` datetime DEFAULT NULL,
  `created_at` timestamp NULL DEFAULT NULL,
  `updated_at` timestamp NULL DEFAULT NULL,
  `doneNess` decimal(5,2) NOT NULL DEFAULT '0.00',
  PRIMARY KEY (`track_id`,`user_id`),
  KEY `track_user_user_id_foreign` (`user_id`),
  CONSTRAINT `track_user_track_id_foreign` FOREIGN KEY (`track_id`) REFERENCES `tracks` (`id`) ON DELETE CASCADE,
  CONSTRAINT `track_user_user_id_foreign` FOREIGN KEY (`user_id`) REFERENCES `users` (`id`) ON DELETE CASCADE
) ENGINE=InnoDB DEFAULT CHARSET=utf8mb3 COLLATE=utf8mb3_unicode_ci;

--
-- Dumping data for table `track_user`
--

INSERT INTO `track_user` VALUES (1,2,133.33,0,'2025-07-20 08:34:24','2025-07-19 21:22:56','2025-07-19 22:34:24',0.00),(1,343,133.33,0,'2025-05-20 13:27:39','2025-05-20 03:25:26','2025-05-20 03:27:39',0.00),(2,2,0.00,0,'2025-07-18 10:01:45','2025-07-18 00:01:45','2025-07-18 00:01:45',0.00),(2,343,0.00,0,'2025-05-14 01:16:31','2025-05-13 15:16:31','2025-05-13 15:16:31',0.00),(3,2,0.00,0,'2025-07-04 00:06:52','2025-07-03 14:06:52','2025-07-03 14:06:52',0.00),(4,2,100.00,0,'2025-05-20 07:45:14','2025-05-19 21:40:40','2025-05-19 21:45:14',0.00),(4,324,200.00,1,'2024-04-12 00:20:27','2024-04-11 21:39:17','2024-04-12 00:20:27',0.00),(5,2,200.00,1,'2025-05-08 13:05:23','2025-05-08 03:01:26','2025-05-08 03:05:23',0.00),(6,324,200.00,1,'2024-04-12 00:20:27','2024-04-12 00:20:27','2024-04-12 00:20:27',0.00),(7,324,200.00,1,'2024-04-12 00:20:27','2024-04-12 00:20:27','2024-04-12 00:20:27',0.00),(8,324,0.00,0,'2024-04-12 00:20:27','2024-04-12 00:20:27','2024-04-12 00:20:27',0.00),(9,2,0.00,0,'2025-05-13 13:14:48','2025-05-03 22:22:01','2025-05-13 03:14:48',0.00),(9,343,216.67,0,'2025-05-20 13:49:47','2025-05-20 03:48:12','2025-05-20 03:49:47',0.00),(10,2,200.00,0,'2025-07-04 00:23:33','2025-07-03 14:23:33','2025-07-03 14:23:33',0.00),(10,41,0.00,0,'2024-04-24 12:11:48','2024-04-24 12:11:48','2024-04-24 12:11:48',0.00),(11,3,300.00,1,'2023-06-13 22:03:37','2023-06-13 07:43:07','2023-06-13 22:03:37',0.00),(12,3,300.00,1,'2023-06-19 09:48:05','2023-06-13 07:43:07','2023-06-19 09:48:05',0.00),(13,343,300.00,1,'2025-05-01 05:45:56','2025-04-30 17:05:15','2025-04-30 19:45:56',0.00),(14,41,300.00,1,'2024-04-24 12:11:48','2024-04-24 12:11:48','2024-04-24 12:11:48',0.00),(15,3,0.00,0,NULL,'2023-06-13 07:43:07','2023-06-13 07:43:07',0.00),(15,320,0.00,0,'2021-09-16 08:54:28','2021-09-10 03:44:50','2021-09-16 08:54:28',0.00),(16,3,0.00,0,NULL,'2023-06-13 07:43:07','2023-06-13 07:43:07',0.00),(16,320,300.00,1,'2021-09-16 08:50:03','2021-09-10 03:44:50','2021-09-16 08:50:03',0.00),(17,3,0.00,0,NULL,'2023-06-13 07:43:07','2023-06-13 07:43:07',0.00),(17,319,0.00,0,'2021-08-21 22:41:56','2021-08-20 06:33:10','2021-08-21 22:41:56',0.00),(17,320,0.00,0,NULL,'2021-09-10 03:44:50','2021-09-10 03:44:50',0.00),(18,3,0.00,0,NULL,'2023-06-13 07:43:07','2023-06-13 07:43:07',0.00),(18,319,0.00,0,'2021-08-21 22:39:57','2021-08-20 06:33:10','2021-08-21 22:39:57',0.00),(18,320,0.00,0,NULL,'2021-09-10 03:44:50','2021-09-10 03:44:50',0.00),(19,2,300.00,1,'2025-05-13 12:25:30','2025-05-12 05:20:19','2025-05-13 02:25:30',0.00),(20,2,300.00,0,'2025-05-20 07:06:13','2023-06-09 01:45:27','2025-05-19 21:06:13',0.00),(21,2,0.00,0,NULL,'2023-06-09 01:45:27','2023-06-09 01:45:27',0.00),(21,320,400.00,1,'2021-09-22 08:16:19','2021-09-16 08:55:18','2021-09-22 08:16:19',0.00),(22,41,400.00,1,'2024-04-24 12:11:48','2024-04-24 12:10:26','2024-04-24 12:11:48',0.00),(23,2,0.00,0,NULL,'2023-06-09 01:45:27','2023-06-09 01:45:27',0.00),(23,320,0.00,0,'2021-09-23 09:19:52','2021-09-16 08:55:18','2021-09-23 09:19:52',0.00),(24,2,0.00,0,NULL,'2023-06-09 01:45:27','2023-06-09 01:45:27',0.00),(24,320,0.00,0,'2021-09-23 09:19:25','2021-09-16 08:55:18','2021-09-23 09:19:25',0.00),(25,41,400.00,1,'2024-04-12 03:46:19','2024-04-11 14:06:17','2024-04-12 03:46:19',0.00),(26,2,0.00,0,NULL,'2023-06-09 01:45:27','2023-06-09 01:45:27',0.00),(26,320,400.00,1,'2021-09-22 08:58:56','2021-09-16 08:55:18','2021-09-22 08:58:56',0.00),(27,41,400.00,1,'2024-04-24 12:11:48','2024-04-24 12:10:26','2024-04-24 12:11:48',0.00),(28,2,0.00,0,NULL,'2023-06-09 01:45:27','2023-06-09 01:45:27',0.00),(28,320,0.00,0,'2021-09-23 09:18:18','2021-09-16 08:55:18','2021-09-23 09:18:18',0.00),(29,2,0.00,0,NULL,'2021-08-15 09:18:28','2021-08-15 09:18:28',0.00),(29,194,0.00,0,'2021-08-11 23:03:49','2020-09-04 02:12:27','2021-08-11 23:03:49',0.00),(29,319,0.00,0,NULL,'2021-08-21 22:50:44','2021-08-21 22:50:44',0.00),(29,320,0.00,0,NULL,'2021-09-16 08:55:18','2021-09-16 08:55:18',0.00),(30,2,0.00,0,NULL,'2021-08-15 09:18:28','2021-08-15 09:18:28',0.00),(30,194,400.00,1,'2021-08-05 23:25:48','2020-09-04 02:40:17','2021-08-05 23:25:48',0.00),(30,319,0.00,0,NULL,'2021-08-21 22:50:44','2021-08-21 22:50:44',0.00),(30,320,0.00,0,NULL,'2021-09-16 08:55:18','2021-09-16 08:55:18',0.00),(31,2,0.00,0,NULL,'2021-08-15 09:18:28','2021-08-15 09:18:28',0.00),(31,194,400.00,1,'2021-08-12 22:57:47','2020-09-04 00:48:49','2021-08-12 22:57:47',0.00),(31,319,0.00,0,NULL,'2021-08-21 22:50:44','2021-08-21 22:50:44',0.00),(31,320,0.00,0,NULL,'2021-09-16 08:55:18','2021-09-16 08:55:18',0.00),(32,2,0.00,0,'2025-05-13 13:26:12','2025-05-13 03:15:10','2025-05-13 03:26:12',0.00),(33,320,0.00,0,'2021-11-30 05:58:21','2021-09-23 09:20:02','2021-11-30 05:58:21',0.00),(34,320,500.00,1,'2021-09-29 07:46:28','2021-09-23 09:20:02','2021-09-29 07:46:28',0.00),(35,320,500.00,1,'2021-10-14 08:00:51','2021-09-23 09:20:02','2021-10-14 08:00:51',0.00),(36,320,500.00,1,'2021-10-14 08:09:26','2021-09-23 09:20:02','2021-10-14 08:09:26',0.00),(37,320,500.00,1,'2021-10-14 08:08:43','2021-09-23 09:20:02','2021-10-14 08:08:43',0.00),(38,320,500.00,1,'2021-11-26 06:52:30','2021-09-23 09:20:02','2021-11-26 06:52:30',0.00),(39,2,0.00,0,'2025-07-04 00:06:52','2025-07-03 14:06:52','2025-07-03 14:06:52',0.00),(39,320,500.00,1,'2021-11-26 07:01:05','2021-09-29 07:58:23','2021-11-26 07:01:05',0.00),(40,320,500.00,1,'2021-11-26 07:15:55','2021-09-23 09:20:02','2021-11-26 07:15:55',0.00),(41,320,500.00,1,'2021-11-26 07:28:58','2021-09-23 09:20:02','2021-11-26 07:28:58',0.00),(42,320,0.00,0,'2021-11-30 05:40:47','2021-09-29 07:58:23','2021-11-30 05:40:47',0.00),(43,319,500.00,1,'2021-09-23 09:15:11','2021-09-13 09:49:12','2021-09-23 09:15:11',0.00),(43,320,0.00,0,NULL,'2021-09-23 09:20:02','2021-09-23 09:20:02',0.00),(44,84,0.00,0,NULL,'2019-11-04 00:29:10','2019-11-04 00:29:10',0.00),(44,112,0.00,0,NULL,'2019-10-01 06:45:20','2019-10-01 06:45:20',0.00),(44,115,0.00,0,NULL,'2020-01-31 17:27:40','2020-01-31 17:27:40',0.00),(44,126,0.00,0,NULL,'2019-07-21 03:09:20','2019-07-21 03:09:20',0.00),(44,149,0.00,0,NULL,'2019-06-19 13:13:15','2019-06-19 13:13:15',0.00),(44,152,0.00,0,NULL,'2019-07-24 07:37:31','2019-07-24 07:37:31',0.00),(44,155,0.00,0,NULL,'2019-09-18 14:15:14','2019-09-18 14:15:14',0.00),(44,159,0.00,0,NULL,'2020-02-24 09:58:44','2020-02-24 09:58:44',0.00),(44,164,0.00,0,NULL,'2020-02-02 06:20:45','2020-02-02 06:20:45',0.00),(44,167,0.00,0,NULL,'2020-04-19 05:35:18','2020-04-19 05:35:18',0.00),(44,174,0.00,0,NULL,'2020-01-27 13:10:08','2020-01-27 13:10:08',0.00),(44,180,0.00,0,NULL,'2020-02-08 04:13:04','2020-02-08 04:13:04',0.00),(44,194,0.00,0,NULL,'2020-05-15 10:02:25','2020-05-15 10:02:25',0.00),(44,197,0.00,0,NULL,'2020-08-21 07:23:17','2020-08-21 07:23:17',0.00),(44,319,0.00,0,NULL,'2021-09-13 09:49:12','2021-09-13 09:49:12',0.00),(44,320,0.00,0,NULL,'2021-09-23 09:20:02','2021-09-23 09:20:02',0.00),(45,194,500.00,1,'2021-08-05 23:26:38','2020-05-15 10:02:25','2021-08-05 23:26:38',0.00),(45,319,0.00,0,NULL,'2021-09-13 09:49:12','2021-09-13 09:49:12',0.00),(45,320,0.00,0,NULL,'2021-09-23 09:20:02','2021-09-23 09:20:02',0.00),(46,319,0.00,0,'2021-08-21 22:50:01','2021-08-21 22:50:01','2021-08-21 22:50:01',0.00),(46,320,0.00,0,NULL,'2021-09-23 09:20:02','2021-09-23 09:20:02',0.00),(47,2,600.00,1,'2025-05-04 10:17:11','2025-05-04 00:17:11','2025-05-04 00:17:11',0.00),(48,319,0.00,0,'2021-11-30 06:57:02','2021-11-30 06:25:38','2021-11-30 06:57:02',0.00),(49,319,0.00,0,NULL,'2021-11-30 06:25:38','2021-11-30 06:25:38',0.00),(49,320,0.00,0,'2021-11-30 06:22:06','2021-11-30 05:58:37','2021-11-30 06:22:06',0.00),(50,319,0.00,0,NULL,'2021-11-30 06:25:38','2021-11-30 06:25:38',0.00),(50,320,0.00,0,'2021-11-30 06:21:32','2021-11-30 05:58:37','2021-11-30 06:21:32',0.00),(51,319,600.00,1,'2021-09-29 07:58:24','2021-08-21 22:46:37','2021-09-29 07:58:24',0.00),(51,320,0.00,0,NULL,'2021-11-30 05:58:37','2021-11-30 05:58:37',0.00),(52,319,600.00,1,'2021-10-14 08:11:54','2021-09-28 06:42:05','2021-10-14 08:11:54',0.00),(52,320,0.00,0,NULL,'2021-11-30 05:58:37','2021-11-30 05:58:37',0.00),(53,319,600.00,1,'2021-09-29 08:09:55','2021-09-28 06:42:05','2021-09-29 08:09:55',0.00),(53,320,0.00,0,NULL,'2021-11-30 05:58:37','2021-11-30 05:58:37',0.00),(54,319,600.00,1,'2021-11-26 06:44:31','2021-09-28 06:42:05','2021-11-26 06:44:31',0.00),(54,320,0.00,0,NULL,'2021-11-30 05:58:37','2021-11-30 05:58:37',0.00),(55,113,0.00,0,NULL,'2019-02-21 13:16:01','2019-02-21 13:16:01',0.00),(55,114,0.00,0,NULL,'2019-02-19 13:02:22','2019-02-19 13:02:22',0.00),(55,115,0.00,0,NULL,'2019-02-20 10:18:47','2019-02-20 10:18:47',0.00),(55,116,0.00,0,NULL,'2019-02-21 08:14:06','2019-02-21 08:14:06',0.00),(55,117,0.00,0,NULL,'2019-02-20 03:59:34','2019-02-20 03:59:34',0.00),(55,118,0.00,0,NULL,'2019-02-23 09:38:56','2019-02-23 09:38:56',0.00),(55,119,0.00,0,NULL,'2019-02-22 10:24:55','2019-02-22 10:24:55',0.00),(55,120,0.00,0,NULL,'2019-02-20 14:53:39','2019-02-20 14:53:39',0.00),(55,121,0.00,0,NULL,'2019-02-21 07:04:07','2019-02-21 07:04:07',0.00),(55,122,0.00,0,NULL,'2019-02-22 00:31:25','2019-02-22 00:31:25',0.00),(55,123,0.00,0,NULL,'2019-02-22 05:37:45','2019-02-22 05:37:45',0.00),(55,124,0.00,0,NULL,'2019-02-23 07:16:47','2019-02-23 07:16:47',0.00),(55,126,0.00,0,NULL,'2019-08-04 03:14:07','2019-08-04 03:14:07',0.00),(55,128,0.00,0,NULL,'2019-02-24 09:22:43','2019-02-24 09:22:43',0.00),(55,130,0.00,0,NULL,'2019-02-25 18:54:11','2019-02-25 18:54:11',0.00),(55,131,0.00,0,NULL,'2019-03-10 06:57:41','2019-03-10 06:57:41',0.00),(55,132,0.00,0,NULL,'2019-03-11 09:06:12','2019-03-11 09:06:12',0.00),(55,133,0.00,0,NULL,'2019-03-01 15:07:10','2019-03-01 15:07:10',0.00),(55,144,0.00,0,NULL,'2019-05-21 13:02:53','2019-05-21 13:02:53',0.00),(55,164,0.00,0,NULL,'2020-04-18 06:13:27','2020-04-18 06:13:27',0.00),(55,194,0.00,0,NULL,'2020-05-18 02:06:11','2020-05-18 02:06:11',0.00),(55,319,0.00,0,NULL,'2021-09-28 06:42:05','2021-09-28 06:42:05',0.00),(55,320,0.00,0,NULL,'2021-11-30 05:58:37','2021-11-30 05:58:37',0.00),(56,194,600.00,1,'2021-08-10 00:45:30','2020-07-13 03:05:09','2021-08-10 00:45:30',0.00),(56,319,0.00,0,NULL,'2021-09-28 06:42:05','2021-09-28 06:42:05',0.00),(56,320,0.00,0,NULL,'2021-11-30 05:58:37','2021-11-30 05:58:37',0.00),(57,194,600.00,1,'2021-08-11 23:05:03','2020-07-15 04:56:51','2021-08-11 23:05:03',0.00),(57,319,0.00,0,NULL,'2021-09-28 06:42:05','2021-09-28 06:42:05',0.00),(57,320,0.00,0,NULL,'2021-11-30 05:58:37','2021-11-30 05:58:37',0.00),(58,2,600.00,1,'2025-05-13 12:50:30','2025-05-13 02:50:30','2025-05-13 02:50:30',0.00),(58,343,500.00,0,'2025-05-20 13:51:51','2025-05-20 03:50:53','2025-05-20 03:51:51',0.00),(59,194,600.00,1,'2021-07-20 23:20:10','2020-05-18 02:06:11','2021-07-20 23:20:10',0.00),(59,319,0.00,0,NULL,'2021-09-28 06:42:05','2021-09-28 06:42:05',0.00),(59,320,0.00,0,NULL,'2021-11-30 05:58:37','2021-11-30 05:58:37',0.00),(60,194,600.00,1,'2021-08-07 23:14:39','2020-05-18 02:06:11','2021-08-07 23:14:39',0.00),(60,319,0.00,0,NULL,'2021-09-28 06:42:05','2021-09-28 06:42:05',0.00),(60,320,0.00,0,NULL,'2021-11-30 05:58:37','2021-11-30 05:58:37',0.00),(61,319,0.00,0,'2021-08-21 22:46:37','2021-08-21 22:46:37','2021-08-21 22:46:37',0.00),(61,320,0.00,0,NULL,'2021-11-30 05:58:37','2021-11-30 05:58:37',0.00),(62,194,600.00,1,'2021-08-08 23:39:21','2020-05-18 02:06:11','2021-08-08 23:39:21',0.00),(62,319,0.00,0,NULL,'2021-09-28 06:42:05','2021-09-28 06:42:05',0.00),(62,320,0.00,0,NULL,'2021-11-30 05:58:37','2021-11-30 05:58:37',0.00),(63,194,0.00,0,'2021-08-10 22:56:05','2020-08-02 23:34:00','2021-08-10 22:56:05',0.00),(64,194,0.00,0,'2021-08-05 06:16:45','2020-08-02 23:34:00','2021-08-05 06:16:45',0.00),(65,194,700.00,1,'2021-08-12 22:55:18','2020-08-02 23:34:00','2021-08-12 22:55:18',0.00),(66,194,0.00,0,'2021-08-10 00:46:22','2020-08-02 23:34:00','2021-08-10 00:46:22',0.00),(67,194,700.00,1,'2021-08-12 22:57:08','2020-08-02 23:34:00','2021-08-12 22:57:08',0.00),(68,194,0.00,0,'2021-07-22 22:58:29','2020-08-02 23:34:00','2021-07-22 22:58:29',0.00),(69,194,0.00,0,'2021-07-26 03:25:41','2020-08-02 23:34:00','2021-07-26 03:25:41',0.00),(70,319,0.00,0,'2021-08-21 22:48:06','2021-08-21 22:48:06','2021-08-21 22:48:06',0.00),(71,194,700.00,1,'2021-08-10 00:27:59','2020-08-02 23:34:00','2021-08-10 00:27:59',0.00),(72,41,0.00,0,'2024-04-24 12:11:48','2024-04-24 12:10:26','2024-04-24 12:11:48',0.00),(105,2,0.00,0,'2025-07-20 07:22:56','2025-07-19 21:22:56','2025-07-19 21:22:56',0.00),(105,3,200.00,1,'2024-04-25 08:59:03','2024-04-25 08:57:25','2024-04-25 08:59:03',0.00),(105,343,0.00,0,'2025-05-14 01:12:07','2025-05-13 15:12:07','2025-05-13 15:12:07',0.00),(111,3,0.00,0,'2023-06-13 07:42:38','2023-06-13 06:47:41','2023-06-13 07:42:38',0.00),(112,3,0.00,0,'2023-06-13 07:42:47','2023-06-13 06:47:41','2023-06-13 07:42:47',0.00),(113,3,200.00,1,'2023-06-13 07:42:47','2023-06-13 06:47:41','2023-06-13 07:42:47',0.00),(114,3,0.00,0,'2023-06-13 07:42:47','2023-06-13 06:47:41','2023-06-13 07:42:47',0.00),(115,41,200.00,1,'2024-04-24 12:11:48','2024-04-24 12:10:26','2024-04-24 12:11:48',0.00),(116,3,0.00,0,'2023-06-13 07:42:47','2023-06-13 06:47:41','2023-06-13 07:42:47',0.00),(117,3,0.00,0,'2023-06-13 07:42:56','2023-06-13 06:47:41','2023-06-13 07:42:56',0.00),(118,3,0.00,0,'2023-06-13 07:42:56','2023-06-13 06:47:41','2023-06-13 07:42:56',0.00),(119,3,0.00,0,'2023-06-13 07:42:56','2023-06-13 06:47:41','2023-06-13 07:42:56',0.00),(120,3,0.00,0,'2023-06-13 07:42:56','2023-06-13 06:47:41','2023-06-13 07:42:56',0.00),(121,3,0.00,0,'2023-06-13 07:42:56','2023-06-13 06:47:41','2023-06-13 07:42:56',0.00),(122,3,0.00,0,'2023-06-13 07:43:02','2023-06-13 06:47:41','2023-06-13 07:43:02',0.00),(123,3,200.00,1,'2023-06-13 07:43:03','2023-06-13 06:47:41','2023-06-13 07:43:03',0.00),(124,2,0.00,0,NULL,'2021-08-15 09:11:19','2021-08-15 09:11:19',0.00),(124,3,0.00,0,NULL,'2023-06-13 06:47:41','2023-06-13 06:47:41',0.00),(124,319,0.00,0,NULL,'2021-08-20 06:20:19','2021-08-20 06:20:19',0.00),(124,320,0.00,0,NULL,'2021-09-09 09:00:32','2021-09-09 09:00:32',0.00),(125,2,0.00,0,NULL,'2021-08-15 09:11:19','2021-08-15 09:11:19',0.00),(125,3,0.00,0,NULL,'2023-06-13 06:47:41','2023-06-13 06:47:41',0.00),(125,319,0.00,0,NULL,'2021-08-20 06:20:19','2021-08-20 06:20:19',0.00),(125,320,0.00,0,NULL,'2021-09-09 09:00:32','2021-09-09 09:00:32',0.00),(126,2,0.00,0,NULL,'2021-08-15 09:11:19','2021-08-15 09:11:19',0.00),(126,3,0.00,0,NULL,'2023-06-13 06:47:41','2023-06-13 06:47:41',0.00),(126,319,0.00,0,NULL,'2021-08-20 06:20:19','2021-08-20 06:20:19',0.00),(126,320,0.00,0,NULL,'2021-09-09 09:00:32','2021-09-09 09:00:32',0.00),(127,2,0.00,0,NULL,'2021-08-15 09:11:19','2021-08-15 09:11:19',0.00),(127,3,0.00,0,NULL,'2023-06-13 06:47:41','2023-06-13 06:47:41',0.00),(127,319,0.00,0,NULL,'2021-08-20 06:20:19','2021-08-20 06:20:19',0.00),(127,320,0.00,0,NULL,'2021-09-09 09:00:32','2021-09-09 09:00:32',0.00),(128,3,0.00,0,'2023-06-13 07:43:03','2023-06-13 06:47:41','2023-06-13 07:43:03',0.00),(129,3,0.00,0,'2023-06-13 07:43:03','2023-06-13 06:47:41','2023-06-13 07:43:03',0.00),(130,2,0.00,0,NULL,'2021-08-15 09:11:19','2021-08-15 09:11:19',0.00),(130,3,0.00,0,NULL,'2023-06-13 06:47:41','2023-06-13 06:47:41',0.00),(130,319,0.00,0,NULL,'2021-08-20 06:20:19','2021-08-20 06:20:19',0.00),(130,320,0.00,0,NULL,'2021-09-09 09:00:32','2021-09-09 09:00:32',0.00),(131,2,0.00,0,'2025-07-20 07:22:56','2025-07-19 21:22:56','2025-07-19 21:22:56',0.00),(131,3,0.00,0,NULL,'2024-04-25 08:56:52','2024-04-25 08:56:52',0.00),(131,41,0.00,0,NULL,'2024-04-11 00:43:37','2024-04-11 00:43:37',0.00),(131,323,0.00,0,NULL,'2024-04-25 04:32:17','2024-04-25 04:32:17',0.00),(131,324,0.00,0,NULL,'2024-04-10 23:30:44','2024-04-10 23:30:44',0.00),(131,325,0.00,0,NULL,'2024-04-26 11:22:06','2024-04-26 11:22:06',0.00),(131,326,0.00,0,NULL,'2024-06-28 08:32:11','2024-06-28 08:32:11',0.00),(131,330,0.00,0,NULL,'2024-04-26 12:26:23','2024-04-26 12:26:23',0.00),(131,343,0.00,0,'2025-05-20 13:25:26','2025-05-20 03:25:26','2025-05-20 03:25:26',0.00),(132,2,0.00,0,'2025-07-18 10:01:45','2025-07-18 00:01:45','2025-07-18 00:01:45',0.00),(132,343,0.00,0,'2025-05-14 01:16:31','2025-05-13 15:16:31','2025-05-13 15:16:31',0.00),(133,2,0.00,0,'2025-07-04 00:06:52','2025-07-03 14:06:52','2025-07-03 14:06:52',0.00),(137,2,0.00,0,'2025-07-20 07:22:56','2025-07-19 21:22:56','2025-07-19 21:22:56',0.00),(137,343,0.00,0,'2025-05-14 01:12:07','2025-05-13 15:12:07','2025-05-13 15:12:07',0.00),(138,343,0.00,0,'2025-05-20 13:50:53','2025-05-20 03:50:53','2025-05-20 03:50:53',0.00),(143,2,0.00,0,'2025-07-04 00:06:52','2025-07-03 14:06:52','2025-07-03 14:06:52',0.00);

--
-- Table structure for table `tracks`
--

CREATE TABLE `tracks` (
  `id` int unsigned NOT NULL AUTO_INCREMENT,
  `track` varchar(255) CHARACTER SET utf8mb3 COLLATE utf8mb3_unicode_ci NOT NULL,
  `description` varchar(255) CHARACTER SET utf8mb3 COLLATE utf8mb3_unicode_ci DEFAULT NULL,
  `user_id` int unsigned NOT NULL DEFAULT '1',
  `image` varchar(255) CHARACTER SET utf8mb3 COLLATE utf8mb3_unicode_ci DEFAULT NULL,
  `status_id` int unsigned NOT NULL DEFAULT '1',
  `field_id` int unsigned NOT NULL,
  `level_id` int unsigned NOT NULL,
  `created_at` timestamp NULL DEFAULT NULL,
  `updated_at` timestamp NULL DEFAULT NULL,
  PRIMARY KEY (`id`),
  KEY `tracks_user_id_foreign` (`user_id`),
  KEY `tracks_status_id_foreign` (`status_id`),
  KEY `tracks_field_id_foreign` (`field_id`),
  KEY `tracks_level_id_foreign` (`level_id`),
  CONSTRAINT `tracks_field_id_foreign` FOREIGN KEY (`field_id`) REFERENCES `fields` (`id`),
  CONSTRAINT `tracks_level_id_foreign` FOREIGN KEY (`level_id`) REFERENCES `levels` (`id`),
  CONSTRAINT `tracks_status_id_foreign` FOREIGN KEY (`status_id`) REFERENCES `statuses` (`id`),
  CONSTRAINT `tracks_user_id_foreign` FOREIGN KEY (`user_id`) REFERENCES `users` (`id`)
) ENGINE=InnoDB AUTO_INCREMENT=148 DEFAULT CHARSET=utf8mb3 COLLATE=utf8mb3_unicode_ci;

--
-- Dumping data for table `tracks`
--

INSERT INTO `tracks` VALUES (1,'Numbers up to 100','Numbers up to 100',1,NULL,3,15,2,'2018-05-03 21:17:12','2018-05-03 21:17:12'),(2,'Addition and Subtraction to 100','Addition and Subtraction to 100',1,NULL,3,17,2,'2018-05-03 21:17:12','2018-05-03 21:17:12'),(3,'Multiplication and Division','Multiplication and Division to 100',1,NULL,3,18,2,'2018-05-03 21:17:12','2018-05-03 21:17:12'),(4,'Money Year 1','Money Year 1',1,NULL,3,24,2,'2018-05-03 21:17:12','2018-05-03 21:17:12'),(5,'Length Year 1','Length Year 1',1,NULL,3,6,2,'2018-05-03 21:17:12','2024-04-26 03:12:46'),(6,'Time Year 1','Time Year 1',1,NULL,3,21,2,'2018-05-03 21:17:12','2018-05-03 21:17:12'),(7,'2D Shapes','2D Shapes',1,NULL,3,7,2,'2018-05-03 21:17:12','2018-05-03 21:17:12'),(8,'Picture Graphs','Picture Graphs',1,NULL,3,5,2,'2018-05-03 21:17:12','2018-05-03 21:17:12'),(9,'Numbers up to 1000','Numbers up to 1000',1,NULL,3,15,3,'2018-05-03 21:17:12','2018-05-03 21:17:12'),(10,'Addition and Subtraction to 1000','Addition and Subtraction to 1000',1,NULL,3,17,3,'2018-05-03 21:17:12','2018-05-03 21:17:12'),(11,'Multiplication and Division to 1000','Multiplication and Division to 1000',1,NULL,3,18,3,'2018-05-03 21:17:12','2018-05-03 21:17:12'),(12,'Fraction of a Whole','Fraction of a Whole',1,NULL,3,20,3,'2018-05-03 21:17:12','2018-05-03 21:17:12'),(13,'Addition and Subtraction of fraction of a whole','Addition and Subtraction of fraction of a whole',1,NULL,3,17,3,'2018-05-03 21:17:12','2018-05-03 21:17:12'),(14,'Money Year 2','Money Year 2',1,NULL,3,24,3,'2018-05-03 21:17:12','2018-05-03 21:17:12'),(15,'Length, Mass Volume','Length, Mass Volume',1,NULL,3,6,3,'2018-05-03 21:17:12','2018-05-03 21:17:12'),(16,'Time Year 2','Time Year 2',1,NULL,3,21,3,'2018-05-03 21:17:12','2018-05-03 21:17:12'),(17,'2D Shapes Year 2','2D Shapes Year 2',1,NULL,3,7,3,'2018-05-03 21:17:12','2018-05-03 21:17:12'),(18,'3D Shapes','3D Shapes',1,NULL,3,7,3,'2018-05-03 21:17:12','2018-05-03 21:17:12'),(19,'Picture Graphs with Scales','Picture Graphs with Scales',1,NULL,3,5,3,'2018-05-03 21:17:12','2018-05-03 21:17:12'),(20,'Numbers up to 10000','Numbers up to 10000',1,NULL,3,15,4,'2018-05-03 21:17:12','2018-05-03 21:17:12'),(21,'Addition and Subtraction to 10000','Addition and Subtraction to 10000',1,NULL,3,17,4,'2018-05-03 21:17:12','2018-05-03 21:17:12'),(22,'Multiplication and Dvision to 10000','Multiplication and Dvision to 10000',1,NULL,3,18,4,'2018-05-03 21:17:12','2018-05-03 21:17:12'),(23,'Equivalent Fractions','Equivalent Fractions',1,NULL,3,20,4,'2018-05-03 21:17:12','2018-05-03 21:17:12'),(24,'Addition and Subtraction of equivalent fractions','Addition and Subtraction of equivalent fractions',1,NULL,3,17,4,'2018-05-03 21:17:12','2018-05-03 21:17:12'),(25,'Money Year 3','Money Year 3',1,NULL,3,24,4,'2018-05-03 21:17:12','2018-05-03 21:17:12'),(26,'Length, Mass and Volume Year 3','Length, Mass and Volume Year 3',1,NULL,3,6,4,'2018-05-03 21:17:12','2018-05-03 21:17:12'),(27,'Time Year 3','Time Year 3',1,NULL,3,21,4,'2018-05-03 21:17:12','2018-05-03 21:17:12'),(28,'Area and Perimeter','Area and Perimeter',1,NULL,3,6,4,'2018-05-03 21:17:12','2018-05-03 21:17:12'),(29,'Angles Year 3','Angles Year 3',1,NULL,3,7,4,'2018-05-03 21:17:12','2018-05-03 21:17:12'),(30,'Perpendicular and Parallel Lines','Perpendicular and Parallel Lines',1,NULL,3,7,4,'2018-05-03 21:17:12','2018-05-03 21:17:12'),(31,'Bar Graphs','Bar Graphs',1,NULL,3,5,4,'2018-05-03 21:17:12','2018-05-03 21:17:12'),(32,'Numbers up to 100000','Numbers up to 100000',1,NULL,3,15,5,'2018-05-03 21:17:12','2018-05-03 21:17:12'),(33,'Factors and Multiples','Factors and Multiples',1,NULL,3,18,5,'2018-05-03 21:17:12','2018-05-03 21:17:12'),(34,'Four Operations','Four Operations',1,NULL,3,16,5,'2018-05-03 21:17:12','2018-05-03 21:17:12'),(35,'Mixed Numbers and Improper Fractions','Mixed Numbers and Improper Fractions',1,NULL,3,20,5,'2018-05-03 21:17:12','2018-05-03 21:17:12'),(36,'Fraction of a Set','Fraction of a Set of Objects',1,NULL,3,20,5,'2018-05-03 21:17:12','2018-05-03 21:17:12'),(37,'Addition and subtraction of fractions','Addition and subtraction of fractions',1,NULL,3,17,5,'2018-05-03 21:17:12','2018-05-03 21:17:12'),(38,'Decimals up to 3 decimal places','Decimals up to 3 decimal places',1,NULL,3,19,5,'2018-05-03 21:17:12','2018-05-03 21:17:12'),(39,'Addition and Subtraction of Decimals','Addition and Subtraction of Decimals',1,NULL,3,17,5,'2018-05-03 21:17:12','2018-05-03 21:17:12'),(40,'Multiplication and Division of decimals','Multiplication and Division of decimals',1,NULL,3,18,5,'2018-05-03 21:17:12','2018-05-03 21:17:12'),(41,'Time Year 4','Time Year 4',1,NULL,3,6,5,'2018-05-03 21:17:12','2018-05-03 21:17:12'),(42,'Area and Perimeter Year 4','Area and Perimeter Year 4',1,NULL,3,17,5,'2018-05-03 21:17:12','2018-05-03 21:17:12'),(43,'Angles Year 4','Angles Year 4',1,NULL,3,7,5,'2018-05-03 21:17:12','2018-05-03 21:17:12'),(44,'Rectangle and Square','Rectangle and Square',1,NULL,3,17,5,'2018-05-03 21:17:12','2018-05-03 21:17:12'),(45,'Line Symmetry','Line Symmetry',1,NULL,3,7,5,'2018-05-03 21:17:12','2018-05-03 21:17:12'),(46,'Tables, Line Graphs and Pie Charts','Tables and Line Graphs',1,NULL,3,5,5,'2018-05-03 21:17:12','2018-05-03 21:17:12'),(47,'Numbers up to 10 \nmillion','Numbers up to 10\nmillion \nFour Operations',1,NULL,3,15,6,'2018-05-03 21:17:12','2018-05-03 21:17:12'),(48,'Four Operations to 10 million','Four Operations to 10 million',1,NULL,3,16,6,'2018-05-03 21:17:12','2018-05-03 21:17:12'),(49,'Order of Operations to 10 million* Not in use','Order of Operations to 10 million',1,NULL,3,16,6,'2018-05-03 21:17:12','2018-05-03 21:17:12'),(50,'Fraction and Division','Concept of fraction as division',1,NULL,3,20,6,'2018-05-03 21:17:12','2018-05-03 21:17:12'),(51,'Four operations of fractions','Four operations of fractions',1,NULL,3,20,6,'2018-05-03 21:17:12','2018-05-03 21:17:12'),(52,'Four operations of decimals','Four operations of decimals',1,NULL,3,19,6,'2018-05-03 21:17:12','2018-05-03 21:17:12'),(53,'Percentage Year 5','Percentage Year 5',1,NULL,3,26,6,'2018-05-03 21:17:12','2018-05-03 21:17:12'),(54,'Ratio Year 5','Ratio Year 5',1,NULL,3,20,6,'2018-05-03 21:17:12','2018-05-03 21:17:12'),(55,'Length, mass and volume Year 5 - no more in use','Length, mass and volume Year 5',1,NULL,3,6,6,'2018-05-03 21:17:12','2018-05-03 21:17:12'),(56,'Area of triangle','Area of triangle',1,NULL,3,6,6,'2018-05-03 21:17:12','2018-05-03 21:17:12'),(57,'Volume of cube and cuboid Year 5','Volume of cube and cuboid Year 5',1,NULL,3,6,6,'2018-05-03 21:17:12','2018-05-03 21:17:12'),(58,'Angles Year 5','Angles Year 5',1,NULL,3,7,6,'2018-05-03 21:17:12','2018-05-03 21:17:12'),(59,'Triangles','Triangles',1,NULL,3,7,6,'2018-05-03 21:17:12','2018-05-03 21:17:12'),(60,'Parallelogram, rhombus and trapezium','Parallelogram, rhombus and trapezium',1,NULL,3,7,6,'2018-05-03 21:17:12','2018-05-03 21:17:12'),(61,'Average of a set of data','Average of a set of data',1,NULL,3,5,7,'2018-05-03 21:17:12','2018-05-03 21:17:12'),(62,'Four operations of fractions Year 6','Four operations of fractions Year 6',1,NULL,3,16,6,'2018-05-03 21:17:12','2018-05-03 21:17:12'),(63,'Percentage Year 6','Percentage Year 6',1,NULL,3,26,7,'2018-05-03 21:17:12','2018-05-03 21:17:12'),(64,'Ratio Year 6','Ratio Year 6',1,NULL,3,20,7,'2018-05-03 21:17:12','2018-05-03 21:17:12'),(65,'Speed - ?','Speed',1,NULL,3,22,7,'2018-05-03 21:17:12','2018-05-03 21:17:12'),(66,'Area and circumference of circle','Area and circumference of circle',1,NULL,3,6,7,'2018-05-03 21:17:12','2018-05-03 21:17:12'),(67,'Area and perimeter of composite figure - no longer in use?','Area and perimeter of composite figure',1,NULL,3,6,7,'2018-05-03 21:17:12','2018-05-03 21:17:12'),(68,'Volume of cube and cuboid Year 6','Volume of cube and cuboid Year 6',1,NULL,3,6,7,'2018-05-03 21:17:12','2018-05-03 21:17:12'),(69,'Special Quadrilaterals','Geometrical Figures',1,NULL,3,6,7,'2018-05-03 21:17:12','2018-05-03 21:17:12'),(70,'Nets','Nets',1,NULL,3,7,5,'2018-05-03 21:17:12','2018-05-03 21:17:12'),(71,'Pie charts','Pie charts',1,NULL,3,5,7,'2018-05-03 21:17:12','2018-05-03 21:17:12'),(72,'Algebra','Algebraic expessions in one variable',1,NULL,3,2,7,'2018-05-03 21:17:12','2018-05-03 21:17:12'),(73,'Operations with signed numbers','Operations with signed numbers',1,NULL,4,1,11,'2018-05-03 21:17:12','2018-05-03 21:17:12'),(74,'Mathematical properties','Mathematical properties',1,NULL,4,1,11,'2018-05-03 21:17:12','2018-05-03 21:17:12'),(75,'Variable and Formulas','Variable and Formulas',1,NULL,4,1,11,'2018-05-03 21:17:12','2018-05-03 21:17:12'),(76,'Monomials and polynomials','Monomials and polynomials',1,NULL,4,7,11,'2018-05-03 21:17:12','2018-05-03 21:17:12'),(77,'Basic operations with monomials and polynomials','Basic operations with monomials and polynomials',1,NULL,4,7,11,'2018-05-03 21:17:12','2018-05-03 21:17:12'),(78,'Multiplying binomials','Multiplying binomials',1,NULL,4,2,11,'2018-05-03 21:17:12','2018-05-03 21:17:12'),(79,'Dividing Monomials','Dividing Monomials',1,NULL,4,2,11,'2018-05-03 21:17:12','2018-05-03 21:17:12'),(80,'Dividing Polynomials','Dividing Polynomials',1,NULL,4,2,11,'2018-05-03 21:17:12','2018-05-03 21:17:12'),(81,'Equations with one Unknown','Equations with one Unknown',1,NULL,4,2,11,'2018-05-03 21:17:12','2018-05-03 21:17:12'),(82,'Simplying equations','Simplying equations',1,NULL,4,2,11,'2018-05-03 21:17:12','2018-05-03 21:17:12'),(83,'Solving equations with 2 unknowns','Solving equations with 2 unknowns',1,NULL,4,2,11,'2018-05-03 21:17:12','2018-05-03 21:17:12'),(84,'Inequalities and one unknown','Inequalities and one unknown',1,NULL,4,2,11,'2018-05-03 21:17:12','2018-05-03 21:17:12'),(85,'The rectangular coordinate system','The rectangular coordinate system',1,NULL,4,2,11,'2018-05-03 21:17:12','2018-05-03 21:17:12'),(86,'Graphing lines','Graphing lines',1,NULL,4,3,11,'2018-05-03 21:17:12','2018-05-03 21:17:12'),(87,'The slope of a line','The slope of a line',1,NULL,4,3,11,'2018-05-03 21:17:12','2018-05-03 21:17:12'),(88,'graphing linear equations','graphing linear equations',1,NULL,4,3,11,'2018-05-03 21:17:12','2018-05-03 21:17:12'),(89,'Exponents','Exponents',1,NULL,4,1,11,'2018-05-03 21:17:12','2018-05-03 21:17:12'),(90,'Roots','Roots',1,NULL,4,1,11,'2018-05-03 21:17:12','2018-05-03 21:17:12'),(91,'The Pythagorean Theorem','The Pythagorean Theorem',1,NULL,4,1,11,'2018-05-03 21:17:12','2018-05-03 21:17:12'),(92,'The basics of factoring','The basics of factoring',1,NULL,4,2,11,'2018-05-03 21:17:12','2018-05-03 21:17:12'),(93,'Quadratic Equations','Quadratic Equations',1,NULL,4,2,11,'2018-05-03 21:17:13','2018-05-03 21:17:13'),(94,'Algebra Introducation','Algebra Introducation',1,NULL,4,2,11,'2018-05-03 21:17:13','2018-05-03 21:17:13'),(95,'Algebraic fractions','Algebraic fractions',1,NULL,4,2,11,'2018-05-03 21:17:13','2018-05-03 21:17:13'),(96,'Multiplying fractions','Multiplying fractions',1,NULL,4,1,11,'2018-05-03 21:17:13','2018-05-03 21:17:13'),(97,'Dividing fractions','Dividing fractions',1,NULL,4,1,11,'2018-05-03 21:17:13','2018-05-03 21:17:13'),(98,'Like and unlike fractions','Like and unlike fractions',1,NULL,4,1,11,'2018-05-03 21:17:13','2018-05-03 21:17:13'),(99,'Adding and subtracting fractions','Adding and subtracting fractions',1,NULL,4,1,11,'2018-05-03 21:17:13','2018-05-03 21:17:13'),(100,'Complex Fractions','Complex Fractions',1,NULL,4,1,11,'2018-05-03 21:17:13','2018-05-03 21:17:13'),(101,'Linear Equations and Containing  Fractions','Linear Equations and Containing  Fractions',1,NULL,4,2,11,'2018-05-03 21:17:13','2018-05-03 21:17:13'),(103,'Operations with signed numbers',NULL,4,NULL,4,1,12,'2018-05-07 01:30:16','2018-05-07 01:30:16'),(104,'Operational',NULL,4,NULL,4,1,12,'2018-05-07 01:32:34','2018-05-07 01:32:34'),(105,'Numbers up to 100','Numbers up to 10',58,NULL,4,15,1,'2018-10-07 21:04:24','2018-10-07 21:04:24'),(109,'Track 2','Track 2',69,NULL,4,2,1,'2019-04-22 02:25:54','2019-04-22 02:25:54'),(111,'K1T1W1','K1T1 Week 1 track',4,NULL,2,1,1,'2020-09-16 09:09:30','2020-09-16 14:47:17'),(112,'K1T1W2','K1T1 Week 2 track',41,NULL,2,1,1,'2020-09-16 14:48:24','2020-09-16 14:48:24'),(113,'K1T1W3','K1 T1 Week 3 track',41,NULL,2,1,1,'2020-09-16 14:49:30','2020-09-16 14:49:30'),(114,'K1T1W4','K1 T1 Week 4 track',41,NULL,2,1,1,'2020-09-16 14:50:09','2020-09-16 14:50:09'),(115,'K1T1W5','K1 Term 1 Week 5 track',41,NULL,2,1,1,'2020-09-16 14:50:57','2020-09-16 14:50:57'),(116,'K1T1W6','K1 Term 1 Week 6 track',41,NULL,2,1,1,'2020-09-16 14:51:44','2020-09-16 14:51:44'),(117,'K1T1W7','K1 Term 1 Week 7 track',41,NULL,2,1,1,'2020-09-16 14:52:31','2020-09-16 14:52:31'),(118,'K1T1W8','K1 Term 1 Week 8 track',41,NULL,2,1,1,'2020-09-16 14:53:42','2020-09-16 14:53:42'),(119,'K1T1W9','K1 Term 1 week 9 track',41,NULL,2,1,1,'2020-09-16 14:54:25','2020-09-16 14:54:25'),(120,'K1T1W10','K1 Term 1 week 10 track',41,NULL,2,1,1,'2020-09-16 14:55:05','2020-09-16 14:55:05'),(121,'K1T1W11','K1 Term1 Week 11 track.   Bonus topic if progress is good.  Else revise previous tough topic',41,NULL,2,1,1,'2020-09-16 14:55:45','2020-09-16 14:58:02'),(122,'K1T1W12','K1 Term1 Week 12 track',41,NULL,2,1,1,'2020-09-16 14:56:28','2020-09-17 00:42:17'),(123,'Comparing and measuring lengths','Comparing, ordering and measuring, estimating length',41,NULL,2,1,2,'2020-12-10 16:00:55','2020-12-10 16:00:55'),(124,'Counting to 40','Counting to 40',41,NULL,2,15,2,'2020-12-10 16:11:45','2020-12-10 16:11:45'),(125,'Addition within 40 without regrouping','Addiiton within 40 without regrouping',41,NULL,2,1,2,'2020-12-10 16:12:52','2020-12-10 16:12:52'),(126,'Addition within 40 with regrouping','Addition within 40 with regrouping',41,NULL,2,1,2,'2020-12-10 16:13:51','2020-12-10 16:13:51'),(127,'Telling time','Telling time',41,NULL,2,1,2,'2020-12-10 16:14:47','2020-12-10 16:14:47'),(128,'Comparing and ordering within 40','Comparing and ordering within 40',41,NULL,2,1,2,'2020-12-10 16:15:58','2020-12-10 16:15:58'),(129,'Adding 3 numbers','Adding 3 numbers',41,NULL,2,1,2,'2020-12-10 16:16:35','2020-12-10 16:16:35'),(130,'Money','Money for Primary One',41,NULL,2,1,2,'2020-12-10 16:17:03','2024-04-29 05:10:49'),(131,'Primary School Counting ','Counting Skills for Primary School (Primary 1-6)',3,NULL,4,15,11,'2023-06-19 07:03:21','2023-06-20 09:11:34'),(132,'Primary School Addition and Subtraction','Primary School Addition and Subtraction Track (Primary 1-6)',3,NULL,4,1,11,'2023-06-20 05:07:14','2023-06-20 05:07:14'),(133,'Primary School Multiplication and Division','Singapore Primary School Multiplication and Division (Primary 1-6)\n-Multiplication and Division of Integers ONLY',3,NULL,4,1,11,'2023-06-20 07:32:15','2023-06-20 07:38:33'),(134,'Primary School Time ','Primary School Time Subjects (Primary 1-6)\nPrimary 1-6 Subjects for Time',3,NULL,4,6,11,'2023-06-20 07:40:31','2023-06-20 07:40:31'),(135,'Primary School Measurement ','Primary School (Primary 1-6) Measurement Topics',3,NULL,4,6,11,'2023-06-20 07:46:19','2023-06-20 07:46:19'),(136,'Primary School Rate','Singapore Primary School Rate Syllabus',3,NULL,4,6,11,'2023-06-20 07:48:52','2023-06-20 07:48:52'),(137,'Primary School Reading, Writing, and Classifying Numbers','Singapore Primary School Reading, Writing, and Classifying Numbers\n\n',3,NULL,4,10,11,'2023-06-20 07:50:00','2023-06-20 07:51:05'),(138,'Primary School Geometry','Singapore Primary School Geometry (Primary 1-6)\n',3,NULL,4,7,11,'2023-06-20 08:03:27','2023-06-20 08:03:27'),(139,'Primary School Averages','Singapore Primary School Averages (Primary 1-6)',3,NULL,4,1,11,'2023-06-20 08:04:10','2023-06-20 08:04:10'),(140,'Primary School Money','Singapore Primary School Money (Primary 1-6)',3,NULL,4,3,11,'2023-06-20 08:05:48','2023-06-20 08:05:48'),(141,'Primary School Combined Order of Operations','Singapore Primary School Order of Operations (Primary 1-6)\n',3,NULL,4,1,11,'2023-06-20 08:10:05','2023-06-20 08:40:07'),(142,'Primary School Fractions','Singapore Primary School Fractions (Primary 1-6)\n',3,NULL,4,1,11,'2023-06-20 08:10:50','2023-06-20 08:10:50'),(143,'Primary School Decimals','Singapore Primary School Decimals (Primary 1-6)',3,NULL,4,1,11,'2023-06-20 08:12:40','2023-06-20 08:44:09'),(144,'Primary School Estimation','Singapore Primary School Estimation (Primary 1-6)\n',3,NULL,4,4,11,'2023-06-20 08:16:47','2023-06-20 08:16:47'),(145,'Primary School Graphs','Singapore Primary School Graphs',3,NULL,4,3,11,'2023-06-20 08:37:24','2023-06-20 08:37:24'),(146,'Primary School Decimals and Fractions','Singapore Primary School Decimals and Fractions',3,NULL,4,1,11,'2023-06-20 08:44:57','2023-06-20 08:44:57');

--
-- Table structure for table `types`
--

CREATE TABLE `types` (
  `id` int unsigned NOT NULL AUTO_INCREMENT,
  `type` varchar(255) CHARACTER SET utf8mb3 COLLATE utf8mb3_unicode_ci NOT NULL,
  `description` varchar(255) CHARACTER SET utf8mb3 COLLATE utf8mb3_unicode_ci NOT NULL,
  `created_at` timestamp NULL DEFAULT NULL,
  `updated_at` timestamp NULL DEFAULT NULL,
  PRIMARY KEY (`id`)
) ENGINE=InnoDB AUTO_INCREMENT=8 DEFAULT CHARSET=utf8mb3 COLLATE=utf8mb3_unicode_ci;

--
-- Dumping data for table `types`
--

INSERT INTO `types` VALUES (1,'MCQ','Multiple choice questions','2018-05-03 21:15:37','2018-05-03 21:15:37'),(2,'Number','Fill in the blanks with numbers','2018-05-03 21:15:37','2018-05-03 21:15:37'),(3,'DAD','Drag and drop','2018-05-03 21:15:37','2018-05-03 21:15:37'),(4,'FIB','Fill in the Blanks','2018-05-03 21:15:37','2018-05-03 21:15:37'),(5,'MS','Multi-select','2018-05-03 21:15:37','2018-05-03 21:15:37'),(6,'Essay','Essay','2018-05-03 21:15:37','2018-05-03 21:15:37');

--
-- Table structure for table `units`
--

CREATE TABLE `units` (
  `id` int unsigned NOT NULL AUTO_INCREMENT,
  `unit` varchar(255) CHARACTER SET utf8mb3 COLLATE utf8mb3_unicode_ci NOT NULL,
  `description` varchar(255) CHARACTER SET utf8mb3 COLLATE utf8mb3_unicode_ci NOT NULL,
  `created_at` timestamp NULL DEFAULT NULL,
  `updated_at` timestamp NULL DEFAULT NULL,
  PRIMARY KEY (`id`)
) ENGINE=InnoDB AUTO_INCREMENT=6 DEFAULT CHARSET=utf8mb3 COLLATE=utf8mb3_unicode_ci;

--
-- Dumping data for table `units`
--

INSERT INTO `units` VALUES (1,'hours','hours','2018-05-03 21:15:38','2018-05-03 21:15:38'),(2,'days','24 hours','2018-05-03 21:15:38','2018-05-03 21:15:38'),(3,'months','12 months in a year','2018-05-03 21:15:38','2018-05-03 21:15:38'),(4,'years','12 months in a year','2018-05-03 21:15:38','2018-05-03 21:15:38');

--
-- Table structure for table `user_lives`
--

CREATE TABLE `user_lives` (
  `id` bigint unsigned NOT NULL AUTO_INCREMENT,
  `user_id` int unsigned NOT NULL,
  `lives_remaining` tinyint unsigned NOT NULL DEFAULT '2',
  `last_reset` date DEFAULT NULL,
  `is_unlimited` tinyint(1) NOT NULL DEFAULT '0',
  `user_tier` enum('free','basic','premium') COLLATE utf8mb3_unicode_ci NOT NULL DEFAULT 'free',
  `created_at` timestamp NULL DEFAULT NULL,
  `updated_at` timestamp NULL DEFAULT NULL,
  PRIMARY KEY (`id`),
  KEY `user_lives_user_id_foreign` (`user_id`),
  CONSTRAINT `user_lives_user_id_foreign` FOREIGN KEY (`user_id`) REFERENCES `users` (`id`) ON DELETE CASCADE
) ENGINE=InnoDB AUTO_INCREMENT=2 DEFAULT CHARSET=utf8mb3 COLLATE=utf8mb3_unicode_ci;

--
-- Dumping data for table `user_lives`
--

INSERT INTO `user_lives` VALUES (1,2,2,'2025-05-14',0,'free','2025-05-14 02:05:32','2025-05-14 02:05:32');

--
-- Table structure for table `users`
--

CREATE TABLE `users` (
  `id` int unsigned NOT NULL AUTO_INCREMENT,
  `name` varchar(255) CHARACTER SET utf8mb3 COLLATE utf8mb3_unicode_ci DEFAULT NULL,
  `phone_number` varchar(255) COLLATE utf8mb3_unicode_ci DEFAULT NULL,
  `firstname` varchar(255) CHARACTER SET utf8mb3 COLLATE utf8mb3_unicode_ci DEFAULT NULL,
  `lastname` varchar(255) CHARACTER SET utf8mb3 COLLATE utf8mb3_unicode_ci DEFAULT NULL,
  `contact` varchar(255) CHARACTER SET utf8mb3 COLLATE utf8mb3_unicode_ci DEFAULT NULL,
  `email` varchar(255) COLLATE utf8mb3_unicode_ci DEFAULT NULL,
  `password` varchar(60) COLLATE utf8mb3_unicode_ci DEFAULT NULL,
  `otp_code` varchar(255) COLLATE utf8mb3_unicode_ci DEFAULT NULL,
  `otp_expires_at` timestamp NULL DEFAULT NULL,
  `remember_token` varchar(100) CHARACTER SET utf8mb3 COLLATE utf8mb3_unicode_ci DEFAULT NULL,
  `is_admin` tinyint(1) NOT NULL,
  `maxile_level` decimal(8,2) NOT NULL DEFAULT '0.00',
  `game_level` int NOT NULL DEFAULT '0',
  `lives` int NOT NULL DEFAULT '0',
  `date_of_birth` date NOT NULL,
  `last_test_date` datetime DEFAULT NULL,
  `next_test_date` datetime DEFAULT NULL,
  `image` varchar(255) CHARACTER SET utf8mb3 COLLATE utf8mb3_unicode_ci DEFAULT NULL,
  `created_at` timestamp NULL DEFAULT NULL,
  `updated_at` timestamp NULL DEFAULT NULL,
  `diagnostic` tinyint(1) NOT NULL DEFAULT '1',
  `auth0` varchar(255) COLLATE utf8mb3_unicode_ci DEFAULT NULL,
  `email_verified` tinyint(1) NOT NULL DEFAULT '0',
  PRIMARY KEY (`id`),
  UNIQUE KEY `users_email_unique` (`email`),
  UNIQUE KEY `users_auth0_unique` (`auth0`),
  UNIQUE KEY `users_phone_number_unique` (`phone_number`)
) ENGINE=InnoDB AUTO_INCREMENT=353 DEFAULT CHARSET=utf8mb3 COLLATE=utf8mb3_unicode_ci;

--
-- Dumping data for table `users`
--

INSERT INTO `users` VALUES (1,'All Gifted',NULL,'All Gifted','Administration','null','info.all-gifted@gmail.com','$2y$10$rnaqjYFBd4jPfypCsdmoy.c9Od9wyLv9yXwi/WNHor3ucwqtJeyYS',NULL,NULL,NULL,1,0.00,55,5,'2002-02-20','2018-04-06 18:23:28','2017-05-13 09:12:45','https://mathapi.pamelalim.me/images/profiles/1548689805.png','2018-05-03 21:15:37','2024-05-01 11:54:47',1,NULL,0),(2,'Pamela Lim','+6594357225','Pamela','Lim','94357225','pamelaliusm@gmail.com','$2y$10$VSBu434Fy5eRY.JMkopNFubQQARA2E6oC/akByifwMwba3I.qOOP.','834258','2025-08-03 02:06:26',NULL,1,406.40,1222,5,'1966-02-20','2021-09-16 03:04:28','2018-03-18 01:23:25','https://s.gravatar.com/avatar/de05b94db655e5c2bd350776b5a28553?s=480&r=pg&d=https%3A%2F%2Fcdn.auth0.com%2Favatars%2Fpa.png','2018-05-03 21:15:37','2025-08-03 02:01:26',0,NULL,0),(3,'japher_lim@yahoo.com.sg',NULL,'Japher','Lim','null','japher_lim@yahoo.com.sg','$2y$10$6BuNhBr0a/uCNExroNbVY.MV4My06Z17B.U9XPihuK83jkig/5O7O',NULL,NULL,NULL,1,218.18,30,5,'1990-01-01','2023-06-17 08:07:03','2018-03-24 12:21:24','https://s.gravatar.com/avatar/2f42d91d172e3b3f09cce02ef42f80f3?s=480&r=pg&d=https%3A%2F%2Fcdn.auth0.com%2Favatars%2Fja.png','2018-05-03 21:15:37','2024-04-29 02:15:58',0,NULL,0),(4,'Pamela Liu',NULL,NULL,NULL,'94357225','japher@singnet.com.sg','$2y$10$rnaqjYFBd4jPfypCsdmoy.c9Od9wyLv9yXwi/WNHor3ucwqtJeyYS',NULL,NULL,NULL,1,0.00,968,5,'2012-02-20','2020-09-20 04:06:18',NULL,'https://platform-lookaside.fbsbx.com/platform/profilepic/?asid=10209625080973971&height=50&width=50&ext=1631840370&hash=AeRyA7okfDqcj5TdIME','2018-05-03 21:17:11','2021-08-18 00:59:32',0,NULL,0),(5,'Alicia Cher',NULL,'Alicia','Cher',NULL,'aliciacher@hotmail.com.sg','',NULL,NULL,NULL,0,0.00,0,5,'0000-00-00',NULL,NULL,NULL,'2018-05-03 21:17:11','2018-05-03 21:17:11',1,NULL,0),(6,'Eu Chern Tan',NULL,'Eu Chern','Tan',NULL,'anernsen@hotmail.com.sg','',NULL,NULL,NULL,0,0.00,0,5,'0000-00-00',NULL,NULL,NULL,'2018-05-03 21:17:11','2018-05-03 21:17:11',1,NULL,0),(7,'Isabella Tan',NULL,'Isabella','Tan',NULL,'iztan@live.com','',NULL,NULL,NULL,0,0.00,0,5,'0000-00-00',NULL,NULL,NULL,'2018-05-03 21:17:11','2018-05-03 21:17:11',1,NULL,0),(8,'Jax Lim',NULL,'Jax','Lim',NULL,'jaxlim@gmail.com','',NULL,NULL,NULL,0,0.00,0,5,'0000-00-00',NULL,NULL,NULL,'2018-05-03 21:17:11','2018-05-03 21:17:11',1,NULL,0),(9,'Jennifer Tan',NULL,'Jennifer','Tan',NULL,'jennifer-ocean@hotmail.com','',NULL,NULL,NULL,0,0.00,0,5,'0000-00-00',NULL,NULL,NULL,'2018-05-03 21:17:11','2018-05-03 21:17:11',1,NULL,0),(10,'Juth Lee',NULL,'Juth','Lee',NULL,'juthlee@hotmail.com','',NULL,NULL,NULL,0,0.00,0,5,'0000-00-00',NULL,NULL,NULL,'2018-05-03 21:17:11','2018-05-03 21:17:11',1,NULL,0),(11,'Rachel Yeen',NULL,'Rachel','Yeen',NULL,'lim_hongyue@hotmail.com','',NULL,NULL,NULL,0,0.00,0,5,'0000-00-00',NULL,NULL,NULL,'2018-05-03 21:17:11','2018-05-03 21:17:11',1,NULL,0),(12,'Merlisa Loy',NULL,'Merlisa','Loy',NULL,'merlisaloy@gmail.com','',NULL,NULL,NULL,0,0.00,0,5,'0000-00-00',NULL,NULL,NULL,'2018-05-03 21:17:11','2018-05-03 21:17:11',1,NULL,0),(13,'Yule Chua',NULL,'Yule','Chua',NULL,'siowjiayan@gmail.com.sg','',NULL,NULL,NULL,0,0.00,0,5,'0000-00-00',NULL,NULL,NULL,'2018-05-03 21:17:11','2018-05-03 21:17:11',1,NULL,0),(14,'Marilyn Quek',NULL,'Marilyn','Quek',NULL,'sunexcub@yahoo.com.sg','',NULL,NULL,NULL,0,0.00,0,5,'0000-00-00',NULL,NULL,NULL,'2018-05-03 21:17:11','2018-05-03 21:17:11',1,NULL,0),(15,'Wan Wan Chen',NULL,'Wan Wan','Chen',NULL,'tiffytirry9@yahoo.com','',NULL,NULL,NULL,0,0.00,0,5,'0000-00-00',NULL,NULL,NULL,'2018-05-03 21:17:11','2018-05-03 21:17:11',1,NULL,0),(16,'Apple Face',NULL,'Tyler','Tan',NULL,'tylertan@live.com','',NULL,NULL,NULL,0,0.00,0,5,'0000-00-00',NULL,NULL,'http://devapi.pamelalim.me/images/profiles/1543230577.png','2018-05-03 21:17:11','2018-11-26 11:09:37',1,NULL,0),(17,'Nick Manley',NULL,NULL,NULL,NULL,'nick.j.manley@gmail.com','',NULL,NULL,NULL,0,278.79,37,5,'1980-11-04','2018-05-06 13:54:39',NULL,'https://graph.facebook.com/v2.5/10213320307456838/picture?type=large','2018-05-06 13:35:41','2018-05-18 15:24:40',1,NULL,0),(18,'allyson_sherlock@emerson.edu',NULL,NULL,NULL,NULL,'allyson_sherlock@emerson.edu','',NULL,NULL,NULL,0,286.87,41,5,'2018-05-05','2020-09-30 02:27:56',NULL,'https://s.gravatar.com/avatar/4c169a133777321bc8cea93b4bed99ec?s=480&r=pg&d=https%3A%2F%2Fcdn.auth0.com%2Favatars%2Fal.png','2018-05-07 01:17:51','2020-09-30 02:27:56',1,NULL,0),(19,'Khalid Muhmood',NULL,NULL,NULL,NULL,'km@khalidmuhmood.com','',NULL,NULL,NULL,0,0.00,0,5,'0000-00-00',NULL,NULL,'https://media.licdn.com/dms/image/C4E03AQGOSSG_pnTiAQ/profile-displayphoto-shrink_100_100/0?e=1531353600&v=beta&t=gVbqyLEJstyO7-H4pXOFqPyguqN-2fwDhsMBi1vqpug','2018-05-09 02:07:22','2018-05-09 02:07:22',1,NULL,0),(20,NULL,NULL,NULL,NULL,NULL,'','',NULL,NULL,NULL,1,100.00,85,5,'2015-04-30','2020-09-16 23:41:06',NULL,NULL,'2018-05-11 11:44:24','2024-05-09 14:07:54',0,NULL,0),(21,'Joy Singleton',NULL,NULL,NULL,NULL,'joysingleton1@gmail.com','',NULL,NULL,NULL,0,0.00,0,5,'0000-00-00',NULL,NULL,'https://platform-lookaside.fbsbx.com/platform/profilepic/?asid=296757474053999&height=50&width=50&ext=1559609199&hash=AeQ2z9I0hXn1BNhi','2018-05-19 11:39:14','2019-05-05 00:46:41',1,NULL,0),(22,'robbyf23@verizon.net',NULL,NULL,NULL,NULL,'robbyf23@verizon.net','',NULL,NULL,NULL,0,100.00,0,5,'1969-12-05','2019-07-21 19:07:09',NULL,'https://s.gravatar.com/avatar/7932b110ee2949cf9a103995a7ffb308?s=480&r=pg&d=https%3A%2F%2Fcdn.auth0.com%2Favatars%2Fro.png','2018-05-19 16:21:37','2019-07-21 19:07:09',1,NULL,0),(23,'frnk.bnhm@gmail.com',NULL,NULL,NULL,NULL,'frnk.bnhm@gmail.com','',NULL,NULL,NULL,0,245.45,15,5,'1963-12-25','2018-05-19 16:38:12',NULL,'https://s.gravatar.com/avatar/dd08ceb6cad4e11ae676a306303566f6?s=480&r=pg&d=https%3A%2F%2Fcdn.auth0.com%2Favatars%2Ffr.png','2018-05-19 16:30:25','2018-05-19 16:38:12',1,NULL,0),(24,'hdr@alumni.harvard.edu',NULL,NULL,NULL,NULL,'hdr@alumni.harvard.edu','',NULL,NULL,NULL,0,200.00,0,5,'2006-11-26','2018-05-19 17:50:09',NULL,'https://s.gravatar.com/avatar/e5bfb6da466df0e31df6f10c1f075be4?s=480&r=pg&d=https%3A%2F%2Fcdn.auth0.com%2Favatars%2Fhd.png','2018-05-19 16:33:19','2018-05-19 17:50:09',1,NULL,0),(26,'jkramer@fas.harvard.edu',NULL,NULL,NULL,NULL,'jkramer@fas.harvard.edu','',NULL,NULL,NULL,0,100.00,0,5,'1970-01-22','2018-05-19 17:00:27',NULL,'https://s.gravatar.com/avatar/6d0878592ef5e12de2b1567b1462d064?s=480&r=pg&d=https%3A%2F%2Fcdn.auth0.com%2Favatars%2Fjk.png','2018-05-19 16:49:50','2018-05-19 17:00:27',1,NULL,0),(27,'pjkelnhofer@gmail.com',NULL,NULL,NULL,NULL,'pjkelnhofer@gmail.com','',NULL,NULL,NULL,0,100.00,19,5,'1973-02-21','2019-07-21 19:07:25',NULL,'https://s.gravatar.com/avatar/4e81542a30fcec21d84ceb7294635d78?s=480&r=pg&d=https%3A%2F%2Fcdn.auth0.com%2Favatars%2Fpj.png','2018-05-19 17:13:16','2019-07-21 19:07:25',1,NULL,0),(28,'jajeanchen@g.harvard.edu',NULL,NULL,NULL,NULL,'jajeanchen@g.harvard.edu','',NULL,NULL,NULL,0,100.00,38,5,'1983-01-20','2019-07-20 17:50:34',NULL,'https://s.gravatar.com/avatar/42a5419263f8e8a7f13d74dfb5c603b0?s=480&r=pg&d=https%3A%2F%2Fcdn.auth0.com%2Favatars%2Fja.png','2018-05-19 17:26:40','2019-07-20 17:50:34',1,NULL,0),(29,'cpdesign@snet.net',NULL,NULL,NULL,NULL,'cpdesign@snet.net','',NULL,NULL,NULL,0,0.00,0,5,'1959-09-13',NULL,NULL,'https://s.gravatar.com/avatar/eb5824d21b2d3167ace8d2d137aaa34e?s=480&r=pg&d=https%3A%2F%2Fcdn.auth0.com%2Favatars%2Fcp.png','2018-05-19 17:40:58','2018-05-19 17:41:51',1,NULL,0),(30,'sarah.ledoux@gmail.com',NULL,NULL,NULL,NULL,'sarah.ledoux@gmail.com','',NULL,NULL,NULL,0,300.00,19,5,'1981-03-09','2018-05-19 18:17:18',NULL,'https://s.gravatar.com/avatar/4d1fdd0750f2db0745f2b9801ff9ef35?s=480&r=pg&d=https%3A%2F%2Fcdn.auth0.com%2Favatars%2Fsa.png','2018-05-19 18:01:50','2018-05-19 18:17:18',1,NULL,0),(32,'bhavna_mangal@yahoo.com',NULL,NULL,NULL,NULL,'bhavna_mangal@yahoo.com','',NULL,NULL,NULL,0,175.00,0,5,'0091-01-01','2018-05-19 18:15:21',NULL,'https://s.gravatar.com/avatar/c0b6a7a2fa66dac13445ff6db505a4ac?s=480&r=pg&d=https%3A%2F%2Fcdn.auth0.com%2Favatars%2Fbh.png','2018-05-19 18:03:44','2018-05-19 18:15:21',1,NULL,0),(33,'Lauren Moore Nignon',NULL,NULL,NULL,NULL,'radical_feminista@yahoo.com','',NULL,NULL,NULL,0,272.73,16,5,'1975-08-25','2018-05-19 18:41:30',NULL,'https://graph.facebook.com/v2.5/10156061476112226/picture?type=large','2018-05-19 18:32:27','2018-05-19 18:41:30',1,NULL,0),(34,'davezerega@gmail.com',NULL,NULL,NULL,NULL,'davezerega@gmail.com','',NULL,NULL,NULL,0,245.45,15,5,'1981-05-04','2018-05-19 19:06:05',NULL,'https://s.gravatar.com/avatar/5fab46f30eb2308c1732a9ea8eb6bfbc?s=480&r=pg&d=https%3A%2F%2Fcdn.auth0.com%2Favatars%2Fda.png','2018-05-19 18:46:24','2018-05-19 19:06:05',1,NULL,0),(35,'zeinab.press@gmail.com',NULL,NULL,NULL,NULL,'zeinab.press@gmail.com','',NULL,NULL,NULL,0,100.00,0,5,'1989-12-07','2018-05-19 19:03:19',NULL,'https://s.gravatar.com/avatar/1322fd7df00ccf5e3687e7b0c123331f?s=480&r=pg&d=https%3A%2F%2Fcdn.auth0.com%2Favatars%2Fze.png','2018-05-19 18:54:07','2018-05-19 19:03:19',1,NULL,0),(36,'ejtino@gmail.com',NULL,NULL,NULL,NULL,'ejtino@gmail.com','',NULL,NULL,NULL,0,175.00,0,5,'1982-02-05','2018-05-19 19:17:46',NULL,'https://s.gravatar.com/avatar/ea39597f8880e704c945e8c005a7b0e4?s=480&r=pg&d=https%3A%2F%2Fcdn.auth0.com%2Favatars%2Fej.png','2018-05-19 19:12:31','2018-05-19 19:17:46',1,NULL,0),(37,'Liz Bright',NULL,'Liz','Bright',NULL,'elizabeth.anne.bright@gmail.com','',NULL,NULL,NULL,0,100.00,0,5,'0075-09-26','2020-09-30 02:28:23',NULL,'https://graph.facebook.com/v2.5/10157410865938712/picture?type=large','2018-05-19 19:16:48','2020-09-30 02:28:23',1,NULL,0),(38,'markmarino@g.harvard.edu',NULL,NULL,NULL,NULL,'markmarino@g.harvard.edu','',NULL,NULL,NULL,0,100.00,5,5,'1964-09-11','2019-07-20 17:59:16',NULL,'https://s.gravatar.com/avatar/e5425c98e635d9dd8ee932371f1730cc?s=480&r=pg&d=https%3A%2F%2Fcdn.auth0.com%2Favatars%2Fma.png','2018-05-19 19:51:38','2019-07-20 17:59:16',1,NULL,0),(39,'tsnarro@yahoo.com',NULL,NULL,NULL,NULL,'tsnarro@yahoo.com','',NULL,NULL,NULL,0,100.00,0,5,'1986-05-07','2019-07-21 19:07:48',NULL,'https://s.gravatar.com/avatar/57776f69ecd48a59ee68c0be36ebd842?s=480&r=pg&d=https%3A%2F%2Fcdn.auth0.com%2Favatars%2Fts.png','2018-05-19 20:10:01','2019-07-21 19:07:48',1,NULL,0),(40,'aditya@eddywebs.com',NULL,NULL,NULL,NULL,'aditya@eddywebs.com','',NULL,NULL,NULL,0,100.00,0,5,'1988-07-10','2018-05-19 20:13:45',NULL,'https://s.gravatar.com/avatar/bc1fe55ea851f9b4774acc970f1fd049?s=480&r=pg&d=https%3A%2F%2Fcdn.auth0.com%2Favatars%2Fad.png','2018-05-19 20:11:03','2018-05-19 20:13:45',1,NULL,0),(41,'limkangsong94@gmail.com',NULL,NULL,NULL,'null','limkangsong94@gmail.com','',NULL,NULL,NULL,1,227.27,217,5,'1964-07-10','2020-09-20 06:08:44',NULL,'https://s.gravatar.com/avatar/67e3539578ea552cc50e478ddde98475?s=480&r=pg&d=https%3A%2F%2Fcdn.auth0.com%2Favatars%2Fli.png','2018-06-09 06:11:31','2024-04-11 14:09:59',0,NULL,0),(42,'sasirekha.mh@gmail.com',NULL,NULL,NULL,NULL,'sasirekha.mh@gmail.com','',NULL,NULL,NULL,0,272.73,17,5,'1982-02-24','2018-06-09 07:45:20',NULL,'https://s.gravatar.com/avatar/c41d96d02a11827baeb78a480504c561?s=480&r=pg&d=https%3A%2F%2Fcdn.auth0.com%2Favatars%2Fsa.png','2018-06-09 07:29:07','2018-06-09 07:45:20',1,NULL,0),(43,'Saravanan Sg',NULL,'Saravanan','Sg',NULL,'saravan1@gmail.com','',NULL,NULL,NULL,0,272.73,17,5,'1979-06-17','2018-06-09 07:43:31',NULL,'https://graph.facebook.com/v2.5/10216536771321167/picture?type=large','2018-06-09 07:29:26','2018-06-09 07:47:06',1,NULL,0),(44,'Jim Khor',NULL,NULL,NULL,NULL,'jimkhor@outlook.com','',NULL,NULL,NULL,0,175.00,0,5,'0000-00-00','2018-06-09 07:48:32',NULL,'https://graph.facebook.com/v2.5/10204524943319906/picture?type=large','2018-06-09 07:31:24','2018-06-09 07:48:32',1,NULL,0),(45,'weiqian he',NULL,NULL,NULL,NULL,'he.weiqian@gmail.com','',NULL,NULL,NULL,0,258.79,35,5,'1971-09-25','2018-06-09 08:36:53',NULL,'https://s.gravatar.com/avatar/dadcb9765463e7b612373324792c3718?s=480&r=pg&d=https%3A%2F%2Fcdn.auth0.com%2Favatars%2Fwh.png','2018-06-09 07:32:29','2018-06-09 08:36:53',1,NULL,0),(46,'bmwkan18@gmail.com',NULL,NULL,NULL,NULL,'bmwkan18@gmail.com','',NULL,NULL,NULL,0,300.00,18,5,'1964-02-07','2018-06-09 07:48:13',NULL,'https://s.gravatar.com/avatar/ed7e4aaa508718f5bd49a1b2f65f9c6d?s=480&r=pg&d=https%3A%2F%2Fcdn.auth0.com%2Favatars%2Fbm.png','2018-06-09 07:33:04','2018-06-09 07:48:13',1,NULL,0),(47,'Candy Phyu Phyu Khin',NULL,'Candy Phyu Phyu','Khin',NULL,'phyukhin.eve@gmail.com','',NULL,NULL,NULL,0,300.00,56,5,'0090-11-06','2018-07-19 09:52:48',NULL,'https://media.licdn.com/dms/image/C4D03AQH2t_wpknw98Q/profile-displayphoto-shrink_100_100/0?e=1537401600&v=beta&t=xEc8Qu3OHYQiK75iutFtwHJJgZTosZSB-dcjcpCp67c','2018-06-15 01:10:30','2018-07-20 12:02:07',1,NULL,0),(48,'Candy Phyu Phyu Khin',NULL,NULL,NULL,NULL,'sweetiep2k@gmail.com','',NULL,NULL,NULL,0,0.00,0,5,'0000-00-00',NULL,NULL,'https://graph.facebook.com/v2.5/10215180823006661/picture?type=large','2018-07-19 09:38:09','2018-07-19 09:38:09',1,NULL,0),(49,'Jenny Chan',NULL,'Jenny','Chan',NULL,'jennyochan@yahoo.com','',NULL,NULL,NULL,0,0.00,0,5,'0000-00-00',NULL,NULL,'https://graph.facebook.com/v2.5/10156849306257042/picture?type=large','2018-08-30 02:07:59','2018-08-30 02:07:59',1,NULL,0),(51,'Ng Jin Yee',NULL,'Ng','Yee',NULL,'jinyee@gmail.com','',NULL,NULL,NULL,0,0.00,0,5,'0000-00-00',NULL,NULL,'https://graph.facebook.com/v2.5/10160976199380533/picture?type=large','2018-08-31 12:20:54','2018-08-31 12:20:54',1,NULL,0),(53,'Elvin Li',NULL,'Elvin','Li',NULL,'eltf12@gmail.com','',NULL,NULL,NULL,0,0.00,0,5,'0000-00-00',NULL,NULL,'https://media.licdn.com/dms/image/C5603AQFxgyLnKyKXhw/profile-displayphoto-shrink_100_100/0?e=1544659200&v=beta&t=L_nPoo4IxeRW3sEn2TtEj3W0dxZML3-wCo63p_t1rfk','2018-10-04 08:09:21','2018-10-10 10:12:10',1,NULL,0),(54,'maznatrytka2@abv.bg',NULL,NULL,NULL,NULL,'maznatrytka2@abv.bg','',NULL,NULL,NULL,0,0.00,0,5,'0000-00-00',NULL,NULL,'https://s.gravatar.com/avatar/7194e2016c3276e84efcbc28fd3e784c?s=480&r=pg&d=https%3A%2F%2Fcdn.auth0.com%2Favatars%2Fma.png','2018-10-07 10:35:31','2018-10-07 10:35:31',1,NULL,0),(55,'miinforma@googlemail.com',NULL,NULL,NULL,NULL,'miinforma@googlemail.com','',NULL,NULL,NULL,0,0.00,0,5,'0000-00-00',NULL,NULL,'https://s.gravatar.com/avatar/0d8081ee92f7b448f49495188bb23f6c?s=480&r=pg&d=https%3A%2F%2Fcdn.auth0.com%2Favatars%2Fmi.png','2018-10-07 17:09:25','2018-10-07 17:09:25',1,NULL,0),(56,'Vivek Kumar',NULL,'Vivek','Kumar',NULL,'dearvivekkumar@gmail.com','',NULL,NULL,NULL,0,0.00,0,5,'0000-00-00',NULL,NULL,'https://graph.facebook.com/v2.5/2335910019758031/picture?type=large','2018-10-07 18:37:13','2018-10-07 18:37:13',1,NULL,0),(57,'kushwaha.shiv1103@gmail.com',NULL,NULL,NULL,NULL,'kushwaha.shiv1103@gmail.com','',NULL,NULL,NULL,0,0.00,0,5,'0000-00-00',NULL,NULL,'https://s.gravatar.com/avatar/dc53123df9f85925e5cb8d113804a79a?s=480&r=pg&d=https%3A%2F%2Fcdn.auth0.com%2Favatars%2Fku.png','2018-10-07 19:52:34','2018-10-07 19:52:34',1,NULL,0),(58,'Oleksii Zubko',NULL,NULL,NULL,NULL,'oleksii@olzbk.com','',NULL,NULL,NULL,0,0.00,0,5,'0000-00-00',NULL,NULL,'https://s.gravatar.com/avatar/5ea16218ef8b9d2251eeb37347e13b5f?s=480&r=pg&d=https%3A%2F%2Fcdn.auth0.com%2Favatars%2Foz.png','2018-10-07 21:00:31','2018-11-29 02:31:23',1,NULL,0),(59,'devstar1126@gmail.com',NULL,NULL,NULL,NULL,'devstar1126@gmail.com','',NULL,NULL,NULL,0,0.00,0,5,'0000-00-00',NULL,NULL,'https://s.gravatar.com/avatar/84fd80d6035d2acee5cf7ff396015e15?s=480&r=pg&d=https%3A%2F%2Fcdn.auth0.com%2Favatars%2Fde.png','2018-10-08 12:51:44','2018-10-08 12:51:44',1,NULL,0),(60,'navbox0@gmail.com',NULL,NULL,NULL,NULL,'navbox0@gmail.com','',NULL,NULL,NULL,0,0.00,0,5,'0000-00-00',NULL,NULL,'https://s.gravatar.com/avatar/27b0734ea65ac8abb7e01800ca58070d?s=480&r=pg&d=https%3A%2F%2Fcdn.auth0.com%2Favatars%2Fna.png','2018-10-08 13:46:04','2018-10-08 13:46:04',1,NULL,0),(61,'roy@gmail.com',NULL,NULL,NULL,NULL,'roy@gmail.com','',NULL,NULL,NULL,0,0.00,0,5,'0000-00-00',NULL,NULL,'https://s.gravatar.com/avatar/1981936514e4e4ed96a75063ce53f4c8?s=480&r=pg&d=https%3A%2F%2Fcdn.auth0.com%2Favatars%2Fro.png','2018-10-12 22:10:15','2018-10-12 22:10:15',1,NULL,0),(62,'fer9h7@gmail.com',NULL,NULL,NULL,NULL,'fer9h7@gmail.com','',NULL,NULL,NULL,0,0.00,0,5,'0000-00-00',NULL,NULL,'https://s.gravatar.com/avatar/551f55fbec619afc3b1e447454d3cf0a?s=480&r=pg&d=https%3A%2F%2Fcdn.auth0.com%2Favatars%2Ffe.png','2018-10-13 00:04:22','2018-10-13 00:04:22',1,NULL,0),(63,'nhan sinh Bui',NULL,'nhan sinh','Bui',NULL,'buinhansinh@gmail.com','',NULL,NULL,NULL,0,0.00,0,5,'0000-00-00',NULL,NULL,'https://media.licdn.com/dms/image/C5103AQHZaGmC__54mg/profile-displayphoto-shrink_100_100/0?e=1544659200&v=beta&t=2EOzXoa8AiagYVSjxPn1SpXOp2PTMgQGF3zAF5E046Y','2018-10-13 02:53:39','2018-10-13 02:53:39',1,NULL,0),(64,'devmalimon@gmail.com',NULL,NULL,NULL,NULL,'devmalimon@gmail.com','',NULL,NULL,NULL,0,0.00,0,5,'0000-00-00',NULL,NULL,'https://s.gravatar.com/avatar/f00bfb68d2fa2d393c1ee30a6fcc3102?s=480&r=pg&d=https%3A%2F%2Fcdn.auth0.com%2Favatars%2Fde.png','2018-10-13 05:02:04','2018-10-13 05:02:04',1,NULL,0),(65,'denik_kalenik@mail.ru',NULL,NULL,NULL,NULL,'denik_kalenik@mail.ru','',NULL,NULL,NULL,0,0.00,0,5,'0000-00-00',NULL,NULL,'https://s.gravatar.com/avatar/412c6fede5dbe017695c4c934230cb37?s=480&r=pg&d=https%3A%2F%2Fcdn.auth0.com%2Favatars%2Fde.png','2018-10-15 08:41:34','2018-10-15 08:41:34',1,NULL,0),(67,'hadi@gmail.com',NULL,NULL,NULL,NULL,'hadi@gmail.com','',NULL,NULL,NULL,0,0.00,0,5,'0000-00-00',NULL,NULL,'https://s.gravatar.com/avatar/82cdd5b6195543d03b6c6087545c2fae?s=480&r=pg&d=https%3A%2F%2Fcdn.auth0.com%2Favatars%2Fha.png','2018-10-15 10:01:25','2018-10-15 10:01:25',1,NULL,0),(68,'amazekewal@gmail.com',NULL,NULL,NULL,NULL,'amazekewal@gmail.com','',NULL,NULL,NULL,0,0.00,0,5,'0000-00-00',NULL,NULL,'https://s.gravatar.com/avatar/5123f598a234f55ba8ee63079d72153e?s=480&r=pg&d=https%3A%2F%2Fcdn.auth0.com%2Favatars%2Fam.png','2018-10-24 10:52:33','2018-10-24 10:52:33',1,NULL,0),(69,'Amit Kumar',NULL,'Amit','Kumar','00000','amitkumardev89@gmail.com','',NULL,NULL,NULL,1,0.00,50,5,'1989-11-21','2019-07-19 18:10:50',NULL,'https://platform-lookaside.fbsbx.com/platform/profilepic/?asid=1136706419811317&height=50&width=50&ext=1582448949&hash=AeQsq3c3pwMIXP9B','2018-10-24 12:40:56','2020-01-24 09:09:13',1,NULL,0),(70,'Farooq Abbas',NULL,'Farooq','Abbas',NULL,'hafizfarooqpsr@gmail.com','',NULL,NULL,NULL,0,0.00,0,5,'0000-00-00',NULL,NULL,'https://graph.facebook.com/v2.5/2193522517559451/picture?type=large','2018-10-30 08:12:45','2018-10-30 08:12:45',1,NULL,0),(71,'trigbit.akshay@gmail.com',NULL,NULL,NULL,NULL,'trigbit.akshay@gmail.com','',NULL,NULL,NULL,0,0.00,0,5,'0000-00-00',NULL,NULL,'https://s.gravatar.com/avatar/61c3c64159b2aa1f2a20a577c1a5d24e?s=480&r=pg&d=https%3A%2F%2Fcdn.auth0.com%2Favatars%2Ftr.png','2018-10-30 08:35:45','2018-10-30 08:35:45',1,NULL,0),(72,'lexx006@i.ua',NULL,NULL,NULL,NULL,'lexx006@i.ua','',NULL,NULL,NULL,0,0.00,0,5,'0000-00-00',NULL,NULL,'https://s.gravatar.com/avatar/d64cf65241385b1cdc22fedb2e3f15f3?s=480&r=pg&d=https%3A%2F%2Fcdn.auth0.com%2Favatars%2Fle.png','2018-10-30 09:00:54','2018-10-30 09:00:54',1,NULL,0),(73,'houssem.kallel@gmail.com',NULL,NULL,NULL,NULL,'houssem.kallel@gmail.com','',NULL,NULL,NULL,0,0.00,0,5,'0000-00-00',NULL,NULL,'https://s.gravatar.com/avatar/9eb5e644c24d8646f595113e325b57b8?s=480&r=pg&d=https%3A%2F%2Fcdn.auth0.com%2Favatars%2Fho.png','2018-10-30 09:28:16','2018-10-30 09:28:16',1,NULL,0),(76,'european.ninja999@gmail.com',NULL,NULL,NULL,NULL,'european.ninja999@gmail.com','',NULL,NULL,NULL,0,0.00,0,5,'0000-00-00',NULL,NULL,'https://s.gravatar.com/avatar/d1035b5b1daf4aed89a55ba1ff49e7e1?s=480&r=pg&d=https%3A%2F%2Fcdn.auth0.com%2Favatars%2Feu.png','2018-10-30 09:35:10','2018-10-30 09:35:10',1,NULL,0),(77,'webmatrix.pune@gmail.com',NULL,NULL,NULL,NULL,'webmatrix.pune@gmail.com','',NULL,NULL,NULL,0,0.00,0,5,'0000-00-00',NULL,NULL,'https://s.gravatar.com/avatar/e62725360f622c66c9df09295c7eabbd?s=480&r=pg&d=https%3A%2F%2Fcdn.auth0.com%2Favatars%2Fwe.png','2018-10-30 10:23:51','2018-10-30 10:23:51',1,NULL,0),(78,'Kukutis Nesvarbu',NULL,'Kukutis','Nesvarbu',NULL,'123kukutis123@gmail.com','',NULL,NULL,NULL,0,0.00,0,5,'0000-00-00',NULL,NULL,'https://graph.facebook.com/v2.5/1380632235404480/picture?type=large','2018-10-30 10:32:28','2018-10-30 10:32:28',1,NULL,0),(79,'JiangLi Zi',NULL,'JiangLi','Zi',NULL,'mickey102644@hotmail.com','',NULL,NULL,NULL,0,0.00,0,5,'0000-00-00',NULL,NULL,'https://media.licdn.com/dms/image/C5103AQFaywxT94rUow/profile-displayphoto-shrink_100_100/0?e=1546473600&v=beta&t=F5Fj5Sxpd3Ig_udCx0a5fG0fMlLLGafZqUF_Q1CLbxE','2018-10-30 10:56:29','2018-10-30 10:56:29',1,NULL,0),(80,'pewallin05272@gmail.com',NULL,NULL,NULL,NULL,'pewallin05272@gmail.com','',NULL,NULL,NULL,0,0.00,0,5,'0000-00-00',NULL,NULL,'https://s.gravatar.com/avatar/034b6baf08d8dc1cf694f1d9e2a220fa?s=480&r=pg&d=https%3A%2F%2Fcdn.auth0.com%2Favatars%2Fpe.png','2018-10-30 10:57:40','2018-10-30 10:57:40',1,NULL,0),(81,'proximahaiz@gmail.com',NULL,NULL,NULL,NULL,'proximahaiz@gmail.com','',NULL,NULL,NULL,0,0.00,0,5,'0000-00-00',NULL,NULL,'https://s.gravatar.com/avatar/a57979db045d91086a139ca0d8d1828f?s=480&r=pg&d=https%3A%2F%2Fcdn.auth0.com%2Favatars%2Fpr.png','2018-10-30 13:35:53','2018-10-30 13:35:53',1,NULL,0),(82,'cucuruza740@gmail.com',NULL,NULL,NULL,NULL,'cucuruza740@gmail.com','',NULL,NULL,NULL,0,0.00,0,5,'0000-00-00',NULL,NULL,'https://s.gravatar.com/avatar/71b1f3135289dc7db1aabc4ddcceb730?s=480&r=pg&d=https%3A%2F%2Fcdn.auth0.com%2Favatars%2Fcu.png','2018-10-31 08:59:22','2018-10-31 08:59:22',1,NULL,0),(83,'davidmarjanac@yahoo.com',NULL,NULL,NULL,NULL,'davidmarjanac@yahoo.com','',NULL,NULL,NULL,0,0.00,0,5,'0000-00-00',NULL,NULL,'https://s.gravatar.com/avatar/5222df98aef8df48c130e1b671b34507?s=480&r=pg&d=https%3A%2F%2Fcdn.auth0.com%2Favatars%2Fda.png','2018-10-31 09:22:44','2018-10-31 09:22:44',1,NULL,0),(84,'Kang Song Lim',NULL,'Kang Song','Lim','null','kang.song.lim@oracle.com','',NULL,NULL,NULL,1,395.65,213,5,'1964-07-10','2019-08-20 00:08:21',NULL,'https://platform-lookaside.fbsbx.com/platform/profilepic/?asid=1013993732021974&height=50&width=50&ext=1597628714&hash=AeRkho8uQlMNYPOK','2018-11-02 03:22:57','2020-07-18 01:45:16',0,NULL,0),(85,'Pongsathorn Boongird',NULL,NULL,NULL,NULL,'oh_h2o@hotmail.com','',NULL,NULL,NULL,0,0.00,0,5,'0000-00-00',NULL,NULL,'https://graph.facebook.com/v2.5/975858212614254/picture?type=large','2018-11-08 03:42:12','2018-11-08 03:42:12',1,NULL,0),(86,'ikukoj@icloud.com',NULL,NULL,NULL,NULL,'ikukoj@icloud.com','',NULL,NULL,NULL,0,0.00,0,5,'0000-00-00',NULL,NULL,'https://s.gravatar.com/avatar/470602ead04aaf4b2299221cb4fe1865?s=480&r=pg&d=https%3A%2F%2Fcdn.auth0.com%2Favatars%2Fik.png','2018-11-09 23:42:38','2018-11-09 23:42:38',1,NULL,0),(87,'pradiprupareliya@gmail.com',NULL,NULL,NULL,NULL,'pradiprupareliya@gmail.com','',NULL,NULL,NULL,0,0.00,0,5,'0000-00-00',NULL,NULL,'https://s.gravatar.com/avatar/5e5771bdafe28c05627c4ed1559bdb38?s=480&r=pg&d=https%3A%2F%2Fcdn.auth0.com%2Favatars%2Fpr.png','2018-11-21 12:30:25','2018-11-21 12:30:25',1,NULL,0),(88,'loveun1988@outlook.com',NULL,NULL,NULL,NULL,'loveun1988@outlook.com','',NULL,NULL,NULL,0,0.00,0,5,'0000-00-00',NULL,NULL,'https://s.gravatar.com/avatar/a4570cb7454e049b3e9ae548f4b7584e?s=480&r=pg&d=https%3A%2F%2Fcdn.auth0.com%2Favatars%2Flo.png','2018-11-26 06:20:37','2018-11-26 06:20:37',1,NULL,0),(89,'info.allgifted@gmail.com',NULL,NULL,NULL,NULL,'info.allgifted@gmail.com','',NULL,NULL,NULL,0,0.00,0,5,'0000-00-00',NULL,NULL,'https://s.gravatar.com/avatar/91fb87c1217908de5d2d2bda433da21a?s=480&r=pg&d=https%3A%2F%2Fcdn.auth0.com%2Favatars%2Fin.png','2018-11-26 11:14:15','2018-11-26 11:14:15',1,NULL,0),(90,'kd19850511@gmail.com',NULL,NULL,NULL,NULL,'kd19850511@gmail.com','',NULL,NULL,NULL,0,0.00,0,5,'0000-00-00',NULL,NULL,'https://s.gravatar.com/avatar/38dcf852efc270b568977994d8e00b8e?s=480&r=pg&d=https%3A%2F%2Fcdn.auth0.com%2Favatars%2Fkd.png','2018-12-08 04:27:49','2018-12-08 04:27:49',1,NULL,0),(91,'aa@gmail.com',NULL,NULL,NULL,NULL,'aa@gmail.com','',NULL,NULL,NULL,0,0.00,0,5,'0000-00-00',NULL,NULL,'https://s.gravatar.com/avatar/3979576bcdcbd166d005a5b225e1bc52?s=480&r=pg&d=https%3A%2F%2Fcdn.auth0.com%2Favatars%2Faa.png','2018-12-08 08:12:23','2018-12-08 08:12:23',1,NULL,0),(92,'xorost54@gmail.com',NULL,NULL,NULL,NULL,'xorost54@gmail.com','',NULL,NULL,NULL,0,0.00,0,5,'0000-00-00',NULL,NULL,'https://s.gravatar.com/avatar/79ec2af32dbb5a63d40fb41c432922d7?s=480&r=pg&d=https%3A%2F%2Fcdn.auth0.com%2Favatars%2Fxo.png','2018-12-09 03:10:22','2018-12-09 03:17:43',1,NULL,0),(94,'Sean Lim III',NULL,'Sean','Lim',NULL,'andriodsean@gmail.com','',NULL,NULL,NULL,0,0.00,0,5,'2000-01-03',NULL,NULL,'https://platform-lookaside.fbsbx.com/platform/profilepic/?asid=10206830074908972&height=50&width=50&ext=1603358374&hash=AeSEF1U7_m0I4Xnj','2018-12-24 03:24:15','2020-09-22 09:19:48',1,NULL,0),(96,'blkopsdev@gmail.com',NULL,NULL,NULL,NULL,'blkopsdev@gmail.com','',NULL,NULL,NULL,1,0.00,0,5,'0000-00-00',NULL,NULL,'https://s.gravatar.com/avatar/1dfe2412b2620fd0e216cabed2aa984e?s=480&r=pg&d=https%3A%2F%2Fcdn.auth0.com%2Favatars%2Fbl.png','2019-01-27 08:33:11','2019-01-27 08:33:11',1,NULL,0),(97,'manisha@test.com',NULL,NULL,NULL,NULL,'manisha@test.com','',NULL,NULL,NULL,0,0.00,0,5,'0000-00-00',NULL,NULL,'https://s.gravatar.com/avatar/d49f57adf253a881842dd46c69e88958?s=480&r=pg&d=https%3A%2F%2Fcdn.auth0.com%2Favatars%2Fma.png','2019-01-29 11:44:34','2019-01-29 11:44:34',1,NULL,0),(98,'dalia.aranovskaya@gmail.com',NULL,NULL,NULL,NULL,'dalia.aranovskaya@gmail.com','',NULL,NULL,NULL,0,0.00,0,5,'0000-00-00',NULL,NULL,'https://s.gravatar.com/avatar/6231985209d4d56520bfba3b145a216a?s=480&r=pg&d=https%3A%2F%2Fcdn.auth0.com%2Favatars%2Fda.png','2019-01-29 11:47:42','2019-01-29 11:47:42',1,NULL,0),(99,'slava.erul@gmail.com',NULL,NULL,NULL,NULL,'slava.erul@gmail.com','',NULL,NULL,NULL,0,0.00,0,5,'0000-00-00',NULL,NULL,'https://s.gravatar.com/avatar/d4b311e7480586ee0563e0add56df93c?s=480&r=pg&d=https%3A%2F%2Fcdn.auth0.com%2Favatars%2Fsl.png','2019-01-29 14:14:43','2019-01-29 14:14:43',1,NULL,0),(100,'juricling@gmail.com',NULL,NULL,NULL,NULL,'juricling@gmail.com','',NULL,NULL,NULL,0,0.00,0,5,'0000-00-00',NULL,NULL,'https://s.gravatar.com/avatar/84cd4af18c49cfa2892d5e833b516c91?s=480&r=pg&d=https%3A%2F%2Fcdn.auth0.com%2Favatars%2Fju.png','2019-01-31 15:27:28','2019-01-31 15:27:28',1,NULL,0),(101,'quiz.allgifted@gmail.com',NULL,NULL,NULL,NULL,'quiz.allgifted@gmail.com','',NULL,NULL,NULL,0,0.00,0,5,'0000-00-00',NULL,NULL,'https://s.gravatar.com/avatar/596be2d648afb3139489dc005af5df76?s=480&r=pg&d=https%3A%2F%2Fcdn.auth0.com%2Favatars%2Fqu.png','2019-01-31 15:34:24','2019-01-31 15:34:24',1,NULL,0),(102,'abc2@gmail.com',NULL,NULL,NULL,NULL,'abc2@gmail.com','',NULL,NULL,NULL,0,0.00,0,5,'0000-00-00',NULL,NULL,'https://s.gravatar.com/avatar/f11f28fc257e55b3a2794c9537b7634f?s=480&r=pg&d=https%3A%2F%2Fcdn.auth0.com%2Favatars%2Fab.png','2019-01-31 23:56:23','2019-01-31 23:56:23',1,NULL,0),(103,'finalgu1@gmail.com',NULL,NULL,NULL,NULL,'finalgu1@gmail.com','',NULL,NULL,NULL,0,0.00,0,5,'1987-02-13',NULL,NULL,'https://s.gravatar.com/avatar/3d49310831c07d63824fc1ec2d29afdc?s=480&r=pg&d=https%3A%2F%2Fcdn.auth0.com%2Favatars%2Ffi.png','2019-02-01 01:05:38','2019-02-01 01:08:18',1,NULL,0),(104,'abdul@gmail.com',NULL,NULL,NULL,NULL,'abdul@gmail.com','',NULL,NULL,NULL,0,0.00,0,5,'0000-00-00',NULL,NULL,'https://s.gravatar.com/avatar/ec74f28cfdaa7fd2845848b99a900a3e?s=480&r=pg&d=https%3A%2F%2Fcdn.auth0.com%2Favatars%2Fab.png','2019-02-02 00:31:34','2019-02-02 00:31:34',1,NULL,0),(105,'atabrett@gmail.com',NULL,NULL,NULL,NULL,'atabrett@gmail.com','',NULL,NULL,NULL,0,0.00,0,5,'0000-00-00',NULL,NULL,'https://s.gravatar.com/avatar/71f448068177024eabc65a8e31b1f6d9?s=480&r=pg&d=https%3A%2F%2Fcdn.auth0.com%2Favatars%2Fat.png','2019-02-02 01:05:38','2019-02-02 01:05:38',1,NULL,0),(106,'ecomvidredoc@gmail.com',NULL,NULL,NULL,NULL,'ecomvidredoc@gmail.com','',NULL,NULL,NULL,0,0.00,0,5,'0000-00-00',NULL,NULL,'https://s.gravatar.com/avatar/4561eccd11809eb6d9675c8c173614b6?s=480&r=pg&d=https%3A%2F%2Fcdn.auth0.com%2Favatars%2Fec.png','2019-02-02 01:50:38','2019-02-02 01:50:38',1,NULL,0),(107,'Ng Manis',NULL,NULL,NULL,NULL,'ngkwei@gmail.com','',NULL,NULL,NULL,0,0.00,0,5,'0000-00-00',NULL,NULL,'https://platform-lookaside.fbsbx.com/platform/profilepic/?asid=10156603666398493&height=50&width=50&ext=1552975054&hash=AeT7d1aUhf_xbl1o','2019-02-17 05:57:36','2019-02-17 05:57:36',1,NULL,0),(108,'abc@gmail.com',NULL,NULL,NULL,NULL,'abc@gmail.com','',NULL,NULL,NULL,0,0.00,0,5,'0000-00-00',NULL,NULL,'https://s.gravatar.com/avatar/3f009d72559f51e7e454b16e5d0687a1?s=480&r=pg&d=https%3A%2F%2Fcdn.auth0.com%2Favatars%2Fab.png','2019-02-17 12:20:21','2019-02-17 12:20:21',1,NULL,0),(109,'finalguru21@gmail.com',NULL,NULL,NULL,NULL,'finalguru21@gmail.com','',NULL,NULL,NULL,0,0.00,0,5,'0000-00-00',NULL,NULL,'https://s.gravatar.com/avatar/487fa4ddb2f90a520c3e2dba6da3bee5?s=480&r=pg&d=https%3A%2F%2Fcdn.auth0.com%2Favatars%2Ffi.png','2019-02-18 03:23:27','2019-02-18 03:23:27',1,NULL,0),(110,'limkangsong@yahoo.com',NULL,NULL,NULL,NULL,'limkangsong@yahoo.com','',NULL,NULL,NULL,0,100.00,0,5,'2010-07-10','2019-07-20 17:50:12',NULL,'https://s.gravatar.com/avatar/3f4151836125eae069a75cb4e95c0711?s=480&r=pg&d=https%3A%2F%2Fcdn.auth0.com%2Favatars%2Fli.png','2019-02-18 14:53:40','2019-07-20 17:50:12',1,NULL,0),(111,'onemoreemail@mail.com',NULL,NULL,NULL,NULL,'onemoreemail@mail.com','',NULL,NULL,NULL,0,0.00,0,5,'2010-07-10',NULL,NULL,'https://s.gravatar.com/avatar/7d7344a0e4ba8b51a056c4acc0eecdb7?s=480&r=pg&d=https%3A%2F%2Fcdn.auth0.com%2Favatars%2Fon.png','2019-02-18 15:29:09','2019-02-18 15:35:35',1,NULL,0),(112,'gohjan@gmail.com',NULL,NULL,NULL,NULL,'gohjan@gmail.com','',NULL,NULL,NULL,0,433.33,371,5,'2010-03-23','2020-05-26 06:01:44',NULL,'https://s.gravatar.com/avatar/cc7cd5550c70441ba33a65c322addf45?s=480&r=pg&d=https%3A%2F%2Fcdn.auth0.com%2Favatars%2Fgo.png','2019-02-19 05:13:43','2020-05-26 06:01:44',0,NULL,0),(113,'gohytash@gmail.com',NULL,NULL,NULL,'null','gohytash@gmail.com','',NULL,NULL,NULL,0,325.00,1615,5,'2009-12-10','2019-11-21 13:35:09',NULL,'https://s.gravatar.com/avatar/2e00b670e0ca14d8105ea1a3df2728e0?s=480&r=pg&d=https%3A%2F%2Fcdn.auth0.com%2Favatars%2Fgo.png','2019-02-19 07:09:41','2019-11-21 13:35:09',0,NULL,0),(114,'Josephine Liu',NULL,NULL,NULL,NULL,'josephineliuweiyu@yahoo.com.sg','',NULL,NULL,NULL,0,227.27,542,5,'2012-02-23','2020-04-07 10:09:54',NULL,'https://platform-lookaside.fbsbx.com/platform/profilepic/?asid=1918697101589557&height=50&width=50&ext=1588845823&hash=AeSlfSH8w4FTG0_e','2019-02-19 12:31:00','2020-04-07 10:09:54',0,NULL,0),(115,'bigandsmallarts@yahoo.com',NULL,NULL,NULL,NULL,'bigandsmallarts@yahoo.com','',NULL,NULL,NULL,0,406.67,800,5,'2014-02-10','2020-03-05 09:03:42',NULL,'https://s.gravatar.com/avatar/b35abb720dae7bc988edd522bf51dbeb?s=480&r=pg&d=https%3A%2F%2Fcdn.auth0.com%2Favatars%2Fbi.png','2019-02-20 02:23:25','2020-03-05 09:03:42',0,NULL,0),(116,'Michelle Koh Pei Voon',NULL,NULL,NULL,NULL,'pei760928@yahoo.com.sg','',NULL,NULL,NULL,0,227.27,106,5,'2014-02-10','2019-08-06 00:46:56',NULL,'https://platform-lookaside.fbsbx.com/platform/profilepic/?asid=10156787846984375&height=50&width=50&ext=1583741720&hash=AeS5QdNVaxmy5m4p','2019-02-20 02:26:58','2020-02-08 08:15:24',0,NULL,0),(117,'sharon.kalona@gmail.com',NULL,NULL,NULL,NULL,'sharon.kalona@gmail.com','',NULL,NULL,NULL,0,100.00,10,5,'0013-08-16','2020-09-17 00:32:21',NULL,'https://s.gravatar.com/avatar/3a8ce3698a7a1d4ab357f89a2333d168?s=480&r=pg&d=https%3A%2F%2Fcdn.auth0.com%2Favatars%2Fsh.png','2019-02-20 03:37:47','2020-09-17 00:32:21',1,NULL,0),(118,'gracesim512@yahoo.com.sg',NULL,NULL,NULL,'98899939','gracesim512@yahoo.com.sg','',NULL,NULL,NULL,0,0.00,580,5,'2010-12-15','2019-04-14 00:03:49',NULL,'https://s.gravatar.com/avatar/9742c534ce701ab9ae01fec3d12acfa3?s=480&r=pg&d=https%3A%2F%2Fcdn.auth0.com%2Favatars%2Fgr.png','2019-02-20 06:57:54','2019-04-14 00:03:50',1,NULL,0),(119,'opheliatansl@yahoo.com',NULL,NULL,NULL,NULL,'opheliatansl@yahoo.com','',NULL,NULL,NULL,0,500.00,22,5,'2010-10-10','2019-02-22 11:03:04',NULL,'https://s.gravatar.com/avatar/5b144dee02f678e8354d6c0a62da6a64?s=480&r=pg&d=https%3A%2F%2Fcdn.auth0.com%2Favatars%2Fop.png','2019-02-20 12:14:13','2019-02-22 11:03:04',1,NULL,0),(120,'Lui Ling',NULL,'Lui','Ling',NULL,'familui22@yahoo.com.sg','',NULL,NULL,NULL,0,500.00,16,5,'2010-08-25','2019-03-31 15:04:45',NULL,'https://platform-lookaside.fbsbx.com/platform/profilepic/?asid=10158566312053747&height=50&width=50&ext=1570889975&hash=AeQg9XDRCZk9x2Hm','2019-02-20 13:42:08','2019-09-12 14:19:38',1,NULL,0),(121,'joshlim1234@gmail.com',NULL,NULL,NULL,NULL,'joshlim1234@gmail.com','',NULL,NULL,NULL,0,100.00,0,5,'2003-06-14','2019-07-21 19:06:09',NULL,'https://s.gravatar.com/avatar/6ba2ae502002ba7452461e45f433401e?s=480&r=pg&d=https%3A%2F%2Fcdn.auth0.com%2Favatars%2Fjo.png','2019-02-21 06:11:05','2019-07-21 19:06:09',1,NULL,0),(122,'ykboey@yahoo.com',NULL,NULL,NULL,NULL,'ykboey@yahoo.com','',NULL,NULL,NULL,0,0.00,48,5,'2012-11-26','2019-04-16 00:37:37',NULL,'https://s.gravatar.com/avatar/56253ac7c272917d4afc5d9e01a96773?s=480&r=pg&d=https%3A%2F%2Fcdn.auth0.com%2Favatars%2Fyk.png','2019-02-21 23:41:18','2019-04-16 00:37:37',1,NULL,0),(123,'nicole.hnteo@gmail.com',NULL,NULL,NULL,NULL,'nicole.hnteo@gmail.com','',NULL,NULL,NULL,0,200.00,51,5,'2012-08-10','2019-05-09 08:34:30',NULL,'https://s.gravatar.com/avatar/df9803da73b84c15be7e131ace16e27b?s=480&r=pg&d=https%3A%2F%2Fcdn.auth0.com%2Favatars%2Fni.png','2019-02-22 04:06:55','2019-05-09 08:34:30',1,NULL,0),(124,'Tashya Zhuo',NULL,NULL,NULL,NULL,'tashya.zhuo@gmail.com','',NULL,NULL,NULL,0,100.00,27,5,'2010-11-06','2020-09-17 00:32:37',NULL,'https://platform-lookaside.fbsbx.com/platform/profilepic/?asid=10156096093350382&height=50&width=50&ext=1553495774&hash=AeRZXH7Y4US-noc4','2019-02-22 15:40:35','2020-09-17 00:32:37',1,NULL,0),(125,'seechen@gmail.com',NULL,NULL,NULL,NULL,'seechen@gmail.com','',NULL,NULL,NULL,0,316.67,910,5,'2011-08-05','2020-09-16 23:49:58',NULL,'https://s.gravatar.com/avatar/c76f4a8599ac7003daf8b6a0cdff48d2?s=480&r=pg&d=https%3A%2F%2Fcdn.auth0.com%2Favatars%2Fse.png','2019-02-23 11:59:28','2020-09-16 23:49:58',0,NULL,0),(126,'leiqianming@gmail.com',NULL,NULL,NULL,'null','leiqianming@gmail.com','',NULL,NULL,NULL,0,620.00,852,5,'2009-03-25','2019-11-05 10:16:57',NULL,'https://s.gravatar.com/avatar/8ac1cf0950cf1ed97e735432f4b1a27a?s=480&r=pg&d=https%3A%2F%2Fcdn.auth0.com%2Favatars%2Fle.png','2019-02-23 12:45:45','2019-11-05 10:17:01',0,NULL,0),(127,'suhan.chai@gmail.com',NULL,NULL,NULL,NULL,'suhan.chai@gmail.com','',NULL,NULL,NULL,0,322.22,171,5,'2008-04-12','2019-08-25 05:30:15',NULL,'https://s.gravatar.com/avatar/2ccc320e94c200a88d432684313183c7?s=480&r=pg&d=https%3A%2F%2Fcdn.auth0.com%2Favatars%2Fsu.png','2019-02-23 13:41:53','2019-08-25 05:30:15',0,NULL,0),(128,'cephasbaey@gmail.com',NULL,NULL,NULL,NULL,'cephasbaey@gmail.com','',NULL,NULL,NULL,0,308.33,1256,5,'2012-12-31','2020-08-26 12:58:05',NULL,'https://s.gravatar.com/avatar/e7c6f751aee85ff984442108df9dd441?s=480&r=pg&d=https%3A%2F%2Fcdn.auth0.com%2Favatars%2Fce.png','2019-02-23 14:30:57','2020-08-26 12:58:05',0,NULL,0),(129,'amitaspdev@gmail.com',NULL,NULL,NULL,NULL,'amitaspdev@gmail.com','',NULL,NULL,NULL,0,0.00,0,5,'0000-00-00',NULL,NULL,'https://s.gravatar.com/avatar/390dda41692f927b3aaac58ff599de9e?s=480&r=pg&d=https%3A%2F%2Fcdn.auth0.com%2Favatars%2Fam.png','2019-02-25 05:17:59','2019-02-25 05:17:59',1,NULL,0),(130,'calebkoo@gmail.com',NULL,NULL,NULL,NULL,'calebkoo@gmail.com','',NULL,NULL,NULL,0,325.00,284,5,'2012-05-24','2019-11-13 22:25:35',NULL,'https://s.gravatar.com/avatar/d87a90da50ca724171b5586aa8f45dbe?s=480&r=pg&d=https%3A%2F%2Fcdn.auth0.com%2Favatars%2Fca.png','2019-02-25 17:52:33','2019-11-13 22:25:35',0,NULL,0),(131,'ilan.ashraf11@gmail.com',NULL,NULL,NULL,NULL,'ilan.ashraf11@gmail.com','',NULL,NULL,NULL,0,400.00,108,5,'2011-04-17','2019-07-21 19:08:18',NULL,'https://s.gravatar.com/avatar/b5bb33079c11d2d1186ef906e017e24f?s=480&r=pg&d=https%3A%2F%2Fcdn.auth0.com%2Favatars%2Fil.png','2019-02-27 07:20:30','2019-07-21 19:08:18',1,NULL,0),(132,'cynergy_7@yahoo.com',NULL,NULL,NULL,NULL,'cynergy_7@yahoo.com','',NULL,NULL,NULL,0,400.00,47,5,'2009-01-26','2019-04-16 09:35:39',NULL,'https://s.gravatar.com/avatar/410dcb2c0ba80f13e633ca135ab1a0e1?s=480&r=pg&d=https%3A%2F%2Fcdn.auth0.com%2Favatars%2Fcy.png','2019-02-28 07:28:06','2019-04-16 09:35:39',1,NULL,0),(133,'chinaching@gmail.com',NULL,NULL,NULL,NULL,'chinaching@gmail.com','',NULL,NULL,NULL,0,0.00,112,5,'2012-01-13','2019-04-03 10:52:01',NULL,'https://s.gravatar.com/avatar/556138e3ea8cdc3af6b7bffc3990129d?s=480&r=pg&d=https%3A%2F%2Fcdn.auth0.com%2Favatars%2Fch.png','2019-03-01 13:45:49','2019-04-03 10:52:01',1,NULL,0),(134,'xmichelletanx@gmail.com',NULL,NULL,NULL,NULL,'xmichelletanx@gmail.com','',NULL,NULL,NULL,0,0.00,0,5,'0000-00-00',NULL,NULL,'https://s.gravatar.com/avatar/153dcb1cc59f4ada13ddf9200b296beb?s=480&r=pg&d=https%3A%2F%2Fcdn.auth0.com%2Favatars%2Fxm.png','2019-03-06 05:45:30','2019-03-06 05:45:30',1,NULL,0),(135,'Abdulber Kaya',NULL,NULL,NULL,NULL,'iandyou312@gmail.com','',NULL,NULL,NULL,1,200.00,310,5,'1987-02-05','2019-05-04 05:00:12',NULL,'https://platform-lookaside.fbsbx.com/platform/profilepic/?asid=220955185448640&height=50&width=50&ext=1559641369&hash=AeQjl9-rPUKfBXuc','2019-03-07 00:59:33','2019-05-05 09:42:54',1,NULL,0),(136,'victoriawml@yahoo.com.sg',NULL,NULL,NULL,NULL,'victoriawml@yahoo.com.sg','',NULL,NULL,NULL,0,0.00,0,5,'2012-09-15',NULL,NULL,'https://s.gravatar.com/avatar/af6965589848e8080cbfa749427dc256?s=480&r=pg&d=https%3A%2F%2Fcdn.auth0.com%2Favatars%2Fvi.png','2019-03-10 10:17:52','2019-03-10 10:20:28',1,NULL,0),(137,'yongyskeith@gmail.com',NULL,NULL,NULL,NULL,'yongyskeith@gmail.com','',NULL,NULL,NULL,0,0.00,0,5,'0000-00-00',NULL,NULL,'https://s.gravatar.com/avatar/6748e9717b265b76f2018177ae80b691?s=480&r=pg&d=https%3A%2F%2Fcdn.auth0.com%2Favatars%2Fyo.png','2019-03-14 12:09:08','2019-03-14 12:09:08',1,NULL,0),(138,'jessicakai@gmail.com',NULL,NULL,NULL,NULL,'jessicakai@gmail.com','',NULL,NULL,NULL,0,200.00,11,5,'2011-12-19','2019-03-25 09:19:51',NULL,'https://s.gravatar.com/avatar/4efdd88ac921316ba21d623b529da24f?s=480&r=pg&d=https%3A%2F%2Fcdn.auth0.com%2Favatars%2Fje.png','2019-03-25 06:57:36','2019-03-25 09:19:51',1,NULL,0),(139,'candy.ppkhin@gmail.com',NULL,NULL,NULL,NULL,'candy.ppkhin@gmail.com','',NULL,NULL,NULL,0,0.00,0,5,'0000-00-00',NULL,NULL,'https://s.gravatar.com/avatar/65c546828d6f190c02fefef22a5e928c?s=480&r=pg&d=https%3A%2F%2Fcdn.auth0.com%2Favatars%2Fca.png','2019-03-28 15:18:26','2019-03-28 15:18:26',1,NULL,0),(142,'Liyi Zhen',NULL,'Liyi','Zhen',NULL,'cutieliyi17@hotmail.com','',NULL,NULL,NULL,0,100.00,15,5,'2016-01-01','2019-04-12 14:12:28',NULL,'https://platform-lookaside.fbsbx.com/platform/profilepic/?asid=10157216139439224&height=50&width=50&ext=1601822323&hash=AeRpJTFMvYFuq1fV','2019-04-11 12:24:15','2020-09-04 14:38:45',1,NULL,0),(143,'Crabby Lyn',NULL,'Crabby','Lyn',NULL,'crabpinchedme+fb@gmail.com','',NULL,NULL,NULL,0,0.00,0,5,'0000-00-00',NULL,NULL,'https://platform-lookaside.fbsbx.com/platform/profilepic/?asid=10158479978552306&height=50&width=50&ext=1559048690&hash=AeTtCAJS5A0BnIPG','2019-04-28 12:51:58','2019-04-28 13:04:51',1,NULL,0),(144,'Daniel Frascarelli',NULL,'Daniel','Frascarelli',NULL,'eltruhanero@live.com','',NULL,NULL,NULL,0,600.00,112,5,'1987-11-29','2019-05-24 03:08:12',NULL,'https://platform-lookaside.fbsbx.com/platform/profilepic/?asid=2627836877230942&height=50&width=50&ext=1569462245&hash=AeT4SB6KK77jc8V7','2019-05-07 01:06:58','2019-08-27 01:44:12',1,NULL,0),(145,'work.group831@gmail.com',NULL,NULL,NULL,NULL,'work.group831@gmail.com','',NULL,NULL,NULL,0,0.00,0,5,'0000-00-00',NULL,NULL,'https://s.gravatar.com/avatar/20c88d49db71137929f98bc9646469f6?s=480&r=pg&d=https%3A%2F%2Fcdn.auth0.com%2Favatars%2Fwo.png','2019-05-07 01:19:11','2019-05-07 01:19:11',1,NULL,0),(146,'alexisjara831@outlook.com',NULL,NULL,NULL,NULL,'alexisjara831@outlook.com','',NULL,NULL,NULL,0,0.00,0,5,'1987-04-17',NULL,NULL,'https://s.gravatar.com/avatar/328c7bf39893ef0493ffea0528d17d41?s=480&r=pg&d=https%3A%2F%2Fcdn.auth0.com%2Favatars%2Fal.png','2019-05-07 01:20:23','2019-05-07 01:30:52',1,NULL,0),(147,'saidamirkhon.abdulloev@gmail.com',NULL,NULL,NULL,NULL,'saidamirkhon.abdulloev@gmail.com','',NULL,NULL,NULL,0,100.00,14,5,'1993-06-17','2019-07-19 18:31:39',NULL,'https://s.gravatar.com/avatar/fef24c476946e11733b608deeed21427?s=480&r=pg&d=https%3A%2F%2Fcdn.auth0.com%2Favatars%2Fsa.png','2019-05-07 13:22:04','2019-07-19 18:31:39',1,NULL,0),(148,'Lu Prat',NULL,NULL,NULL,NULL,'lucianaprates10@gmail.com','',NULL,NULL,NULL,0,0.00,0,5,'0000-00-00',NULL,NULL,'https://platform-lookaside.fbsbx.com/platform/profilepic/?asid=2250707898354699&height=50&width=50&ext=1561554132&hash=AeRm1_JHF9zn7j5z','2019-05-09 03:03:20','2019-05-27 13:02:19',1,NULL,0),(149,'Nigel Ng',NULL,NULL,NULL,NULL,'chee_pun7@yahoo.com','',NULL,NULL,NULL,0,440.00,389,5,'0000-00-00','2020-05-29 10:00:05',NULL,'https://platform-lookaside.fbsbx.com/platform/profilepic/?asid=10156837238368725&height=50&width=50&ext=1593337673&hash=AeR7N4zzFSi5kwaC','2019-06-03 05:24:05','2020-05-29 10:00:05',0,NULL,0),(150,'rabbit40496@gmail.com',NULL,NULL,NULL,NULL,'rabbit40496@gmail.com','',NULL,NULL,NULL,0,100.00,12,5,'0000-00-00','2019-07-21 19:22:23',NULL,'https://s.gravatar.com/avatar/c9252cd691e4904cc2d7ed0b7f578660?s=480&r=pg&d=https%3A%2F%2Fcdn.auth0.com%2Favatars%2Fra.png','2019-06-06 14:53:03','2019-07-21 19:22:23',0,NULL,0),(151,'xeyfx@yahoo.com.sg',NULL,NULL,NULL,NULL,'xeyfx@yahoo.com.sg','',NULL,NULL,NULL,0,0.00,0,5,'0000-00-00',NULL,NULL,'https://s.gravatar.com/avatar/3b5e9d8c8479dfbc8088f5462e80d72d?s=480&r=pg&d=https%3A%2F%2Fcdn.auth0.com%2Favatars%2Fxe.png','2019-07-21 12:53:07','2019-07-21 12:53:07',1,NULL,0),(152,'jessie_spring@yahoo.com.sg',NULL,NULL,NULL,NULL,'jessie_spring@yahoo.com.sg','',NULL,NULL,NULL,0,440.00,181,5,'0000-00-00','2019-12-05 05:34:39',NULL,'https://s.gravatar.com/avatar/454674e27279de5914ed913b4729c110?s=480&r=pg&d=https%3A%2F%2Fcdn.auth0.com%2Favatars%2Fje.png','2019-07-24 07:15:27','2019-12-05 05:34:39',0,NULL,0),(153,'james.gohh@gmail.com',NULL,NULL,NULL,NULL,'james.gohh@gmail.com','',NULL,NULL,NULL,0,200.00,15,5,'0000-00-00','2019-07-31 02:11:48',NULL,'https://s.gravatar.com/avatar/7b89412dd887554f9724e4970bff6c2a?s=480&r=pg&d=https%3A%2F%2Fcdn.auth0.com%2Favatars%2Fja.png','2019-07-25 06:27:05','2019-07-31 02:11:48',0,NULL,0),(154,'yiphuiqing@gmail.com',NULL,NULL,NULL,'98717417','yiphuiqing@gmail.com','',NULL,NULL,NULL,0,175.00,17,5,'2013-04-02','2020-03-19 11:56:01',NULL,'https://s.gravatar.com/avatar/41a217c3cc22c03bb68ef11748c86a9b?s=480&r=pg&d=https%3A%2F%2Fcdn.auth0.com%2Favatars%2Fyi.png','2019-08-16 13:48:59','2020-03-19 11:56:01',0,NULL,0),(155,'huang.meiqi@gmail.com',NULL,NULL,NULL,NULL,'huang.meiqi@gmail.com','',NULL,NULL,NULL,0,420.51,41,5,'0000-00-00','2019-09-23 13:35:05',NULL,'https://s.gravatar.com/avatar/1af76015cbca33b898bdf205c6f7fa25?s=480&r=pg&d=https%3A%2F%2Fcdn.auth0.com%2Favatars%2Fhu.png','2019-08-18 01:43:52','2019-09-23 13:35:05',0,NULL,0),(156,'Grace Ho',NULL,NULL,NULL,NULL,'revils_ling@yahoo.com','',NULL,NULL,NULL,0,0.00,0,5,'0000-00-00',NULL,NULL,'https://platform-lookaside.fbsbx.com/platform/profilepic/?asid=10155905765035948&height=50&width=50&ext=1569808903&hash=AeR9xERGMRgg-_Nk','2019-08-31 02:01:45','2019-08-31 02:01:45',1,NULL,0),(157,'Sherry Leo',NULL,'Sherry','Leo',NULL,'sherry809@gmail.com','',NULL,NULL,NULL,0,0.00,0,5,'0000-00-00',NULL,NULL,'https://platform-lookaside.fbsbx.com/platform/profilepic/?asid=1496541003819177&height=50&width=50&ext=1569851392&hash=AeQfx_8Y1jQQN_GZ','2019-08-31 13:49:56','2019-08-31 13:49:56',1,NULL,0),(158,'Adel Cher',NULL,NULL,NULL,'91906579','adel_06@yahoo.com','',NULL,NULL,NULL,0,341.67,4559,5,'1983-05-06','2021-04-05 07:29:22',NULL,'https://platform-lookaside.fbsbx.com/platform/profilepic/?asid=10156764014847686&height=50&width=50&ext=1620198074&hash=AeT56fyMeyh-RQs5AMw','2019-09-18 11:03:20','2021-04-05 07:29:22',0,NULL,0),(159,'ifah17@hotmail.com',NULL,NULL,NULL,NULL,'ifah17@hotmail.com','',NULL,NULL,NULL,0,413.33,726,5,'0000-00-00','2020-06-05 15:56:27',NULL,'https://s.gravatar.com/avatar/b642bfecb5851c7a67de1a5393da39b2?s=480&r=pg&d=https%3A%2F%2Fcdn.auth0.com%2Favatars%2Fif.png','2019-11-10 23:34:14','2020-06-05 15:56:27',0,NULL,0),(160,'jasmine.phua@ymail.com',NULL,NULL,NULL,NULL,'jasmine.phua@ymail.com','',NULL,NULL,NULL,0,283.87,21,5,'0000-00-00','2019-12-27 02:48:59',NULL,'https://s.gravatar.com/avatar/577bb07be1ae96a7cde5a6ab830eb45a?s=480&r=pg&d=https%3A%2F%2Fcdn.auth0.com%2Favatars%2Fja.png','2019-12-27 02:12:35','2019-12-27 02:48:59',0,NULL,0),(161,'m_yeow@yahoo.com',NULL,NULL,NULL,NULL,'m_yeow@yahoo.com','',NULL,NULL,NULL,0,0.00,0,5,'0000-00-00',NULL,NULL,'https://s.gravatar.com/avatar/8ca94e689a006164e24e647c8fcba7af?s=480&r=pg&d=https%3A%2F%2Fcdn.auth0.com%2Favatars%2Fm.png','2020-01-04 07:36:35','2020-01-21 01:07:27',1,NULL,0),(162,'Meng Cheng Wee',NULL,'Meng','Wee',NULL,'mc_wee@yahoo.com.sg','',NULL,NULL,NULL,0,0.00,0,5,'0000-00-00',NULL,NULL,'https://scontent.xx.fbcdn.net/v/t31.0-1/c15.0.50.50a/p50x50/10733713_10150004552801937_4553731092814901385_o.jpg?_nc_cat=1&_nc_oc=AQkc_eACrGCyugs2pxbLWMipWGdchTQf7LIs9dZCzwjDE-XAWm0dG_IPBtx2xod76Rc&_nc_ht=scontent.xx&oh=c6aabced96fb90eafce28e67935cc759&oe','2020-01-07 11:11:21','2020-01-07 11:24:35',1,NULL,0),(164,'elynsim@gmail.com',NULL,NULL,NULL,'+65 91447302','elynsim@gmail.com','',NULL,NULL,NULL,0,537.50,882,5,'2012-09-05','2020-08-13 23:46:56',NULL,'https://s.gravatar.com/avatar/9fe05b66ec091a0ee8208bd6133f2131?s=480&r=pg&d=https%3A%2F%2Fcdn.auth0.com%2Favatars%2Fel.png','2020-01-12 01:32:31','2020-08-13 23:46:56',0,NULL,0),(165,'wchee11@gmail.com',NULL,NULL,NULL,NULL,'wchee11@gmail.com','',NULL,NULL,NULL,0,209.09,26,5,'0000-00-00','2020-03-12 08:07:22',NULL,'https://s.gravatar.com/avatar/365aa50940d173bd90fea243a58742be?s=480&r=pg&d=https%3A%2F%2Fcdn.auth0.com%2Favatars%2Fwc.png','2020-01-12 03:15:16','2020-03-12 08:07:22',0,NULL,0),(166,'the.ang.boys@gmail.com',NULL,NULL,NULL,NULL,'the.ang.boys@gmail.com','',NULL,NULL,NULL,0,0.00,0,5,'0000-00-00',NULL,NULL,'https://s.gravatar.com/avatar/06f68d65abbb4d3ef7f515fbe7f6b5a2?s=480&r=pg&d=https%3A%2F%2Fcdn.auth0.com%2Favatars%2Fth.png','2020-01-14 04:31:29','2020-01-14 04:31:29',1,NULL,0),(167,'Tan Chee Leong',NULL,'Tan','Leong','97442327','tchiluong@gmail.com','',NULL,NULL,NULL,0,406.67,368,5,'2011-08-19','2020-07-24 01:59:42',NULL,'https://platform-lookaside.fbsbx.com/platform/profilepic/?asid=10158330997008881&height=50&width=50&ext=1598148030&hash=AeTu1HHt6CbYcjrM','2020-01-14 09:39:07','2020-07-24 02:00:31',0,NULL,0),(168,'daran1441@gmail.com',NULL,NULL,NULL,NULL,'daran1441@gmail.com','',NULL,NULL,NULL,0,175.00,14,5,'0000-00-00','2020-01-14 10:33:47',NULL,'https://s.gravatar.com/avatar/7a3aa6e2c26ef187a0266400024a4c4a?s=480&r=pg&d=https%3A%2F%2Fcdn.auth0.com%2Favatars%2Fda.png','2020-01-14 10:11:59','2020-01-14 10:33:47',0,NULL,0),(169,'Michael Lee Raditya',NULL,NULL,NULL,'97928633','bsraditya@hopesingapore.org.sg','',NULL,NULL,NULL,0,325.00,918,5,'1976-08-19','2020-11-28 10:53:12',NULL,'https://platform-lookaside.fbsbx.com/platform/profilepic/?asid=10157330426274915&height=50&width=50&ext=1601989198&hash=AeQSJ0EYvWErlpZN','2020-01-18 08:47:35','2020-11-28 10:53:12',0,NULL,0),(170,'shubham@yopmail.com',NULL,NULL,NULL,NULL,'shubham@yopmail.com','',NULL,NULL,NULL,0,0.00,0,5,'0000-00-00',NULL,NULL,'https://s.gravatar.com/avatar/c1b3ce2d1e5046ae43bb238066067dd5?s=480&r=pg&d=https%3A%2F%2Fcdn.auth0.com%2Favatars%2Fsh.png','2020-01-20 15:53:06','2020-01-20 15:53:06',1,NULL,0),(171,'the.angboys@yahoo.com',NULL,NULL,NULL,NULL,'the.angboys@yahoo.com','',NULL,NULL,NULL,0,0.00,0,5,'0000-00-00',NULL,NULL,'https://s.gravatar.com/avatar/cb5d5549048979a0a6f43261430fa2fc?s=480&r=pg&d=https%3A%2F%2Fcdn.auth0.com%2Favatars%2Fth.png','2020-01-21 00:52:14','2020-01-21 00:52:14',1,NULL,0),(172,'Mohan Singh',NULL,NULL,NULL,NULL,'singhmohancs@gmail.com','',NULL,NULL,NULL,0,150.00,3,5,'0000-00-00','2020-01-23 06:59:54',NULL,'https://platform-lookaside.fbsbx.com/platform/profilepic/?asid=10218198219640483&height=50&width=50&ext=1582354726&hash=AeRjZyglFxa2knZT','2020-01-22 16:34:10','2020-01-23 06:59:54',0,NULL,0),(173,'shubham@techlursoftware.com',NULL,NULL,NULL,NULL,'shubham@techlursoftware.com','',NULL,NULL,NULL,0,0.00,0,5,'0000-00-00',NULL,NULL,'https://s.gravatar.com/avatar/170b69ffc65f647d3cc9b7630f249be2?s=480&r=pg&d=https%3A%2F%2Fcdn.auth0.com%2Favatars%2Fsh.png','2020-01-24 11:14:51','2020-01-24 11:14:51',1,NULL,0),(174,'nat.cal.ang@gmail.com',NULL,NULL,NULL,NULL,'nat.cal.ang@gmail.com','',NULL,NULL,NULL,0,446.67,949,5,'2020-05-28','2020-10-22 01:27:39',NULL,'https://s.gravatar.com/avatar/0a2a2d356893db89b523c5cc3b1312a2?s=480&r=pg&d=https%3A%2F%2Fcdn.auth0.com%2Favatars%2Fna.png','2020-01-27 12:29:29','2020-10-22 01:27:39',0,NULL,0),(175,'Pearlyn Chionh',NULL,NULL,NULL,NULL,'pearlchionh@yahoo.com','',NULL,NULL,NULL,0,236.84,331,5,'2012-07-17','2020-12-17 14:19:54',NULL,'https://platform-lookaside.fbsbx.com/platform/profilepic/?asid=10157319907581919&height=50&width=50&ext=1607924508&hash=AeRrJ8_tajoGppkYrws','2020-01-30 07:36:17','2020-12-17 14:19:54',0,NULL,0),(176,'animalfarm@gmail.com',NULL,NULL,NULL,NULL,'animalfarm@gmail.com','',NULL,NULL,NULL,0,0.00,0,5,'0000-00-00',NULL,NULL,'https://s.gravatar.com/avatar/84f92c94580ae68640512059e6d83d09?s=480&r=pg&d=https%3A%2F%2Fcdn.auth0.com%2Favatars%2Fan.png','2020-01-31 17:26:50','2020-01-31 17:26:50',1,NULL,0),(177,'Kiran Kumar',NULL,NULL,NULL,NULL,'k.kiran305@gmail.com','',NULL,NULL,NULL,0,0.00,0,5,'0000-00-00',NULL,NULL,'https://platform-lookaside.fbsbx.com/platform/profilepic/?asid=10206412900999512&height=50&width=50&ext=1583304959&hash=AeQY0NIo2DtGNdYG','2020-02-03 06:56:01','2020-02-03 06:56:01',1,NULL,0),(178,'propertyofpearlyn@gmail.com',NULL,NULL,NULL,NULL,'propertyofpearlyn@gmail.com','',NULL,NULL,NULL,0,0.00,0,5,'0000-00-00',NULL,NULL,'https://s.gravatar.com/avatar/96237ba12573ac0379c2f84c2fae022f?s=480&r=pg&d=https%3A%2F%2Fcdn.auth0.com%2Favatars%2Fpr.png','2020-02-05 07:24:52','2020-02-05 07:24:52',1,NULL,0),(179,'mslogicmaster@gmail.com',NULL,NULL,NULL,NULL,'mslogicmaster@gmail.com','',NULL,NULL,NULL,0,150.00,3,5,'0000-00-00','2020-02-07 09:40:17',NULL,'https://s.gravatar.com/avatar/06a50835a9910d8d9e0ba0e632f649d4?s=480&r=pg&d=https%3A%2F%2Fcdn.auth0.com%2Favatars%2Fms.png','2020-02-07 09:36:05','2020-02-07 09:40:17',0,NULL,0),(180,'3174183505@qq.com',NULL,NULL,NULL,NULL,'3174183505@qq.com','',NULL,NULL,NULL,0,424.44,40,5,'0000-00-00','2020-02-08 04:32:23',NULL,'https://s.gravatar.com/avatar/ef2e59b193bcaaf8dbfe11d078ce935c?s=480&r=pg&d=https%3A%2F%2Fcdn.auth0.com%2Favatars%2F31.png','2020-02-08 03:38:04','2020-02-08 04:32:23',0,NULL,0),(181,'harshptridhyatech@gmail.com',NULL,NULL,NULL,NULL,'harshptridhyatech@gmail.com','',NULL,NULL,NULL,0,218.18,32,5,'0000-00-00','2020-02-12 09:30:13',NULL,'https://s.gravatar.com/avatar/eb1e256fc1df40aed4eabfd38db6ac37?s=480&r=pg&d=https%3A%2F%2Fcdn.auth0.com%2Favatars%2Fha.png','2020-02-12 09:01:09','2020-02-12 09:30:13',0,NULL,0),(182,'Mitul Patel',NULL,NULL,NULL,NULL,'patelmit69@gmail.com','',NULL,NULL,NULL,0,0.00,0,5,'0000-00-00',NULL,NULL,'https://platform-lookaside.fbsbx.com/platform/profilepic/?asid=3260018337359929&height=50&width=50&ext=1584094158&hash=AeQe2-phTOePSPad','2020-02-12 10:09:20','2020-02-12 10:09:20',1,NULL,0),(183,'David Yu',NULL,NULL,NULL,NULL,'yud37@hotmail.com','',NULL,NULL,NULL,0,100.00,0,5,'0000-00-00','2020-10-11 15:09:58',NULL,'https://platform-lookaside.fbsbx.com/platform/profilepic/?asid=10163375068570122&height=50&width=50&ext=1584498539&hash=AeTQQoqCFQYSpBj5','2020-02-17 02:29:02','2020-10-11 15:09:58',1,NULL,0),(184,'daran1441@yahoo.com',NULL,NULL,NULL,NULL,'daran1441@yahoo.com','',NULL,NULL,NULL,0,245.45,74,5,'0000-00-00','2020-03-27 03:40:53',NULL,'https://s.gravatar.com/avatar/3ca2edd41251c7cc0359af76484f5042?s=480&r=pg&d=https%3A%2F%2Fcdn.auth0.com%2Favatars%2Fda.png','2020-02-17 10:21:04','2020-03-27 03:40:53',0,NULL,0),(185,'sarahshelke2008@gmail.com',NULL,NULL,NULL,NULL,'sarahshelke2008@gmail.com','',NULL,NULL,NULL,0,311.11,15,5,'0000-00-00','2020-03-07 04:41:32',NULL,'https://s.gravatar.com/avatar/fe455f3849ba08c0dce8fb2707be3e33?s=480&r=pg&d=https%3A%2F%2Fcdn.auth0.com%2Favatars%2Fsa.png','2020-03-07 04:34:43','2020-03-07 04:41:32',0,NULL,0),(186,'wongesther@gmail.com',NULL,NULL,NULL,NULL,'wongesther@gmail.com','',NULL,NULL,NULL,0,177.78,37,5,'0000-00-00','2020-06-07 17:07:02',NULL,'https://s.gravatar.com/avatar/9a614293092637177bb699fc56c755fa?s=480&r=pg&d=https%3A%2F%2Fcdn.auth0.com%2Favatars%2Fwo.png','2020-03-08 10:14:16','2020-06-07 17:07:02',0,NULL,0),(187,'Skooby Csgo',NULL,NULL,NULL,NULL,'peter.skubur@gmail.com','',NULL,NULL,NULL,0,0.00,0,5,'0000-00-00',NULL,NULL,'https://platform-lookaside.fbsbx.com/platform/profilepic/?asid=1123298058054530&height=50&width=50&ext=1588787944&hash=AeRilhP9hzNqgyMj','2020-04-06 17:59:08','2020-04-06 17:59:08',1,NULL,0),(188,'designer.allgifted@gmail.com',NULL,NULL,NULL,NULL,'designer.allgifted@gmail.com','',NULL,NULL,NULL,0,0.00,0,5,'0000-00-00',NULL,NULL,'https://s.gravatar.com/avatar/fccf3406669d5a99816afe37858f55f7?s=480&r=pg&d=https%3A%2F%2Fcdn.auth0.com%2Favatars%2Fde.png','2020-04-17 14:48:19','2020-04-17 14:48:19',1,NULL,0),(189,'sotsblin@gmail.com',NULL,NULL,NULL,NULL,'sotsblin@gmail.com','',NULL,NULL,NULL,0,175.00,4,5,'0000-00-00','2020-04-17 17:03:41',NULL,'https://s.gravatar.com/avatar/640149eb4496e03ad80c34b835a2d7c9?s=480&r=pg&d=https%3A%2F%2Fcdn.auth0.com%2Favatars%2Fso.png','2020-04-17 16:48:59','2020-04-17 17:03:41',0,NULL,0),(190,'josh_hs@hotmail.com',NULL,NULL,NULL,NULL,'josh_hs@hotmail.com','',NULL,NULL,NULL,0,0.00,0,5,'0000-00-00',NULL,NULL,'https://s.gravatar.com/avatar/ed05b6837c6abee84ca7ec3c6a2102c6?s=480&r=pg&d=https%3A%2F%2Fcdn.auth0.com%2Favatars%2Fjo.png','2020-04-17 17:17:28','2020-04-17 17:17:28',1,NULL,0),(191,'abc@abc.com',NULL,NULL,NULL,NULL,'abc@abc.com','',NULL,NULL,NULL,0,0.00,0,5,'0000-00-00',NULL,NULL,'https://s.gravatar.com/avatar/4adcca49b3b1e5a08ac202f5d5a9e688?s=480&r=pg&d=https%3A%2F%2Fcdn.auth0.com%2Favatars%2Fab.png','2020-04-17 17:30:37','2020-04-17 17:30:37',1,NULL,0),(192,'Monika Anna',NULL,NULL,NULL,NULL,'monika.mankowska@hotmail.com','',NULL,NULL,NULL,0,0.00,0,5,'0000-00-00',NULL,NULL,'https://platform-lookaside.fbsbx.com/platform/profilepic/?asid=10158399154630908&height=50&width=50&ext=1590276614&hash=AeS3PwoYYaDL_l65','2020-04-23 23:30:15','2020-04-23 23:30:15',1,NULL,0),(193,'salahprof@yahoo.com',NULL,NULL,NULL,NULL,'salahprof@yahoo.com','',NULL,NULL,NULL,0,0.00,0,5,'0000-00-00',NULL,NULL,'https://s.gravatar.com/avatar/965eda3fc7e40e6ef2cd8694f4d132b9?s=480&r=pg&d=https%3A%2F%2Fcdn.auth0.com%2Favatars%2Fsa.png','2020-05-01 19:54:05','2020-05-01 19:54:05',1,NULL,0),(194,'ariebedouin@gmail.com',NULL,NULL,NULL,NULL,'ariebedouin@gmail.com','',NULL,NULL,NULL,0,700.00,26064,5,'2011-07-24','2021-08-12 22:57:47',NULL,'https://s.gravatar.com/avatar/6f0b7cc46515852acdec71f86b256b3e?s=480&r=pg&d=https%3A%2F%2Fcdn.auth0.com%2Favatars%2Far.png','2020-05-08 12:00:45','2021-08-12 22:57:50',0,NULL,0),(195,'kangslim2020@gmail.com',NULL,NULL,NULL,NULL,'kangslim2020@gmail.com','',NULL,NULL,NULL,0,0.00,0,5,'0000-00-00',NULL,NULL,'https://s.gravatar.com/avatar/52793dc4b9eca638fc8b57a7fc5370f5?s=480&r=pg&d=https%3A%2F%2Fcdn.auth0.com%2Favatars%2Fka.png','2020-05-27 02:18:41','2020-05-27 02:18:41',1,NULL,0),(196,'hlclim@gmail.com',NULL,NULL,NULL,NULL,'hlclim@gmail.com','',NULL,NULL,NULL,0,0.00,0,5,'0000-00-00',NULL,NULL,'https://s.gravatar.com/avatar/67b5212f7fd8d3a0b7eef076ea3d732f?s=480&r=pg&d=https%3A%2F%2Fcdn.auth0.com%2Favatars%2Fhl.png','2020-07-08 23:23:19','2020-07-08 23:23:19',1,NULL,0),(197,'tyldatanny@gmail.com',NULL,NULL,NULL,'96993091','tyldatanny@gmail.com','',NULL,NULL,NULL,0,446.67,317,5,'2013-04-15','2020-09-14 14:57:49',NULL,'https://s.gravatar.com/avatar/bc8d6c928baff7a8875824d902f571f2?s=480&r=pg&d=https%3A%2F%2Fcdn.auth0.com%2Favatars%2Fty.png','2020-07-09 13:14:32','2020-09-14 14:57:49',0,NULL,0),(198,'malcolm.lee.2008@gmail.com',NULL,NULL,NULL,NULL,'malcolm.lee.2008@gmail.com','',NULL,NULL,NULL,0,325.00,40,5,'0000-00-00','2020-11-28 10:43:32',NULL,'https://s.gravatar.com/avatar/df70d4251fe460e21fbd886626b97547?s=480&r=pg&d=https%3A%2F%2Fcdn.auth0.com%2Favatars%2Fma.png','2020-07-10 04:19:29','2020-11-28 10:43:32',0,NULL,0),(199,'lalofthouse@hotmail.com',NULL,NULL,NULL,NULL,'lalofthouse@hotmail.com','',NULL,NULL,NULL,0,100.00,11,5,'0000-00-00','2020-09-14 14:57:40',NULL,'https://s.gravatar.com/avatar/c42641596da19da61cfa7f0482c1f753?s=480&r=pg&d=https%3A%2F%2Fcdn.auth0.com%2Favatars%2Fla.png','2020-07-23 19:47:49','2020-09-14 14:57:40',0,NULL,0),(200,'Danny Liew',NULL,NULL,NULL,NULL,'dannyliewlc@gmail.com','',NULL,NULL,NULL,0,0.00,0,5,'0000-00-00',NULL,NULL,'https://platform-lookaside.fbsbx.com/platform/profilepic/?asid=10157428283027393&height=50&width=50&ext=1598330031&hash=AeTEIDy4a-nARy2g','2020-07-26 04:33:52','2020-07-26 04:33:52',1,NULL,0),(201,'angel.sctan@gmail.com',NULL,NULL,NULL,NULL,'angel.sctan@gmail.com','',NULL,NULL,NULL,0,0.00,0,5,'0000-00-00',NULL,NULL,'https://s.gravatar.com/avatar/afe1292c7ffed54df49b656c72d4d9c0?s=480&r=pg&d=https%3A%2F%2Fcdn.auth0.com%2Favatars%2Fan.png','2020-07-26 05:06:12','2020-07-26 05:06:12',1,NULL,0),(202,'Michelle Meng Ef',NULL,'Michelle','Meng Ef',NULL,'eefen@yahoo.com','',NULL,NULL,NULL,0,0.00,0,5,'0000-00-00',NULL,NULL,'https://platform-lookaside.fbsbx.com/platform/profilepic/?asid=10157634517918443&height=50&width=50&ext=1598365049&hash=AeT8F193yfZefn0c','2020-07-26 09:35:08','2020-07-26 14:17:31',1,NULL,0),(203,'neoneo0502@icloud.com',NULL,NULL,NULL,NULL,'neoneo0502@icloud.com','',NULL,NULL,NULL,0,0.00,0,5,'0000-00-00',NULL,NULL,'https://s.gravatar.com/avatar/08ac23a024164db942f48a118e78fbe3?s=480&r=pg&d=https%3A%2F%2Fcdn.auth0.com%2Favatars%2Fne.png','2020-07-29 01:52:51','2020-07-29 01:52:51',1,NULL,0),(204,'thampriscilla88@yahoo.com.sg',NULL,NULL,NULL,NULL,'thampriscilla88@yahoo.com.sg','',NULL,NULL,NULL,0,0.00,0,5,'0000-00-00',NULL,NULL,'https://s.gravatar.com/avatar/d9a1a75d0911414432f3cb2db50efcd8?s=480&r=pg&d=https%3A%2F%2Fcdn.auth0.com%2Favatars%2Fth.png','2020-07-29 02:16:40','2020-07-29 02:16:40',1,NULL,0),(205,'KerJin Wong',NULL,NULL,NULL,NULL,'wongkerjin@gmail.com','',NULL,NULL,NULL,0,0.00,0,5,'0000-00-00',NULL,NULL,'https://platform-lookaside.fbsbx.com/platform/profilepic/?asid=10158546501234476&height=50&width=50&ext=1598845977&hash=AeSVniStyaj8Q9Z6','2020-08-01 03:52:58','2020-08-01 03:52:58',1,NULL,0),(206,'Eileen Khoo',NULL,'Eileen','Khoo',NULL,'khooyanzhi@gmail.com','',NULL,NULL,NULL,0,0.00,0,5,'0000-00-00',NULL,NULL,'https://platform-lookaside.fbsbx.com/platform/profilepic/?asid=10160129410064867&height=50&width=50&ext=1598942417&hash=AeTxX3XRPgp5yfiP','2020-08-02 06:40:19','2020-08-02 06:40:19',1,NULL,0),(207,'慧仪',NULL,NULL,NULL,NULL,'hannah.huiyi@gmail.com','',NULL,NULL,NULL,0,100.00,0,5,'0000-00-00','2020-12-17 14:17:40',NULL,'https://platform-lookaside.fbsbx.com/platform/profilepic/?asid=10158446983324598&height=50&width=50&ext=1599139053&hash=AeT7-H4LQ_-Y_6DD','2020-08-04 13:17:34','2020-12-17 14:17:40',1,NULL,0),(208,'pam@cicalearn.com',NULL,NULL,NULL,NULL,'pam@cicalearn.com','',NULL,NULL,NULL,0,0.00,0,5,'1966-02-20',NULL,NULL,'https://s.gravatar.com/avatar/980299033fff41b494d1e70bebbc4108?s=480&r=pg&d=https%3A%2F%2Fcdn.auth0.com%2Favatars%2Fpa.png','2020-08-26 17:28:31','2021-08-20 01:31:59',1,NULL,0),(209,'pam@allgifted.com',NULL,NULL,NULL,NULL,'pam@allgifted.com','',NULL,NULL,NULL,0,0.00,0,5,'1966-02-20',NULL,NULL,'https://s.gravatar.com/avatar/00e989314a2a99992ba950a0571684d2?s=480&r=pg&d=https%3A%2F%2Fcdn.auth0.com%2Favatars%2Fpa.png','2020-08-26 17:28:57','2021-08-20 05:09:49',1,NULL,0),(210,'pink@gmail.com',NULL,NULL,NULL,NULL,'pink@gmail.com','',NULL,NULL,NULL,0,0.00,0,5,'0000-00-00',NULL,NULL,'https://s.gravatar.com/avatar/f3e91c4569d63004ccc71c94bcef8815?s=480&r=pg&d=https%3A%2F%2Fcdn.auth0.com%2Favatars%2Fpi.png','2020-08-26 17:50:40','2020-08-26 17:50:40',1,NULL,0),(211,'aiuyi@gmail.com',NULL,NULL,NULL,NULL,'aiuyi@gmail.com','',NULL,NULL,NULL,0,0.00,0,5,'0000-00-00',NULL,NULL,'https://s.gravatar.com/avatar/4489949e125558ce7e29f6b69ce53468?s=480&r=pg&d=https%3A%2F%2Fcdn.auth0.com%2Favatars%2Fai.png','2020-08-26 17:53:11','2020-08-26 17:53:11',1,NULL,0),(212,'monkey@apple.com',NULL,NULL,NULL,NULL,'monkey@apple.com','',NULL,NULL,NULL,0,0.00,0,5,'0000-00-00',NULL,NULL,'https://s.gravatar.com/avatar/86e7e1d94125dd988b8fe67e32eda1e2?s=480&r=pg&d=https%3A%2F%2Fcdn.auth0.com%2Favatars%2Fmo.png','2020-08-29 16:34:59','2020-08-29 16:34:59',1,NULL,0),(213,'Sue Ann',NULL,'Sue','Ann',NULL,'chemical.sboom@gmail.com','',NULL,NULL,NULL,1,100.00,2,5,'1996-02-16','2020-08-30 07:58:07',NULL,'https://platform-lookaside.fbsbx.com/platform/profilepic/?asid=10207158575830951&height=50&width=50&ext=1607710344&hash=AeRtihEi-3pnmprd0V0','2020-08-30 07:54:43','2020-11-11 18:12:26',0,NULL,0),(214,'laurence.limys@gmail.com',NULL,NULL,NULL,NULL,'laurence.limys@gmail.com','',NULL,NULL,NULL,0,175.00,76,5,'2010-05-03','2020-09-21 11:14:23',NULL,'https://s.gravatar.com/avatar/3fe40623ffda4567a1d9a68aedd7638e?s=480&r=pg&d=https%3A%2F%2Fcdn.auth0.com%2Favatars%2Fla.png','2020-08-30 08:47:05','2020-09-21 11:14:23',0,NULL,0),(215,'developer.expoders@gmail.com',NULL,NULL,NULL,NULL,'developer.expoders@gmail.com','',NULL,NULL,NULL,0,0.00,0,5,'0000-00-00',NULL,NULL,'https://s.gravatar.com/avatar/b40f686eaae5ca74ad1d72e1ff8d3ec8?s=480&r=pg&d=https%3A%2F%2Fcdn.auth0.com%2Favatars%2Fde.png','2020-09-01 12:19:53','2020-09-01 12:19:53',1,NULL,0),(216,'developer.expoders1@gmail.com',NULL,NULL,NULL,NULL,'developer.expoders1@gmail.com','',NULL,NULL,NULL,0,0.00,0,5,'0000-00-00',NULL,NULL,'https://s.gravatar.com/avatar/6e17203932c76d8d7c30e101ded6b080?s=480&r=pg&d=https%3A%2F%2Fcdn.auth0.com%2Favatars%2Fde.png','2020-09-01 12:38:43','2020-09-01 12:38:43',1,NULL,0),(217,'developers.expoders2@gmail.com',NULL,NULL,NULL,NULL,'developers.expoders2@gmail.com','',NULL,NULL,NULL,0,0.00,0,5,'0000-00-00',NULL,NULL,'https://s.gravatar.com/avatar/b3de2d680da9f44a00a7a8da57767318?s=480&r=pg&d=https%3A%2F%2Fcdn.auth0.com%2Favatars%2Fde.png','2020-09-02 08:05:19','2020-09-02 08:05:19',1,NULL,0),(219,'agstest@yahoo.com',NULL,NULL,NULL,NULL,'agstest@yahoo.com','',NULL,NULL,NULL,0,0.00,214,5,'1964-07-10',NULL,NULL,'https://s.gravatar.com/avatar/6c6c2e0dd77f375fef65baedb69ded9d?s=480&r=pg&d=https%3A%2F%2Fcdn.auth0.com%2Favatars%2Fag.png','2020-09-17 04:32:50','2020-10-03 01:06:58',1,NULL,0),(220,'jessicasflee@gmail.com',NULL,NULL,NULL,NULL,'jessicasflee@gmail.com','',NULL,NULL,NULL,0,100.00,0,5,'2010-07-12','2020-09-18 06:42:56',NULL,'https://s.gravatar.com/avatar/c6308ff66f659e898c2381f2914263ed?s=480&r=pg&d=https%3A%2F%2Fcdn.auth0.com%2Favatars%2Fje.png','2020-09-18 06:20:42','2020-09-18 06:42:56',1,NULL,0),(221,'send2isabel@yahoo.com.sg',NULL,NULL,NULL,NULL,'send2isabel@yahoo.com.sg','',NULL,NULL,NULL,0,0.00,0,5,'0000-00-00',NULL,NULL,'https://s.gravatar.com/avatar/f12ca905f711589d2ebe4d2aa634d64e?s=480&r=pg&d=https%3A%2F%2Fcdn.auth0.com%2Favatars%2Fse.png','2020-09-19 02:30:58','2020-09-19 02:30:58',1,NULL,0),(222,'agstestnew@yahoo.com',NULL,'KS','Lim',NULL,'agstestnew@yahoo.com','',NULL,NULL,NULL,0,0.00,0,5,'1964-07-10',NULL,NULL,'https://s.gravatar.com/avatar/70d6e6810208753b71712f256a4a7f44?s=480&r=pg&d=https%3A%2F%2Fcdn.auth0.com%2Favatars%2Fag.png','2020-09-20 06:17:05','2020-09-20 06:19:08',1,NULL,0),(223,'agstest1@yahoo.com',NULL,NULL,NULL,NULL,'agstest1@yahoo.com','',NULL,NULL,NULL,0,0.00,369,5,'2014-07-10',NULL,NULL,'https://s.gravatar.com/avatar/e1eb4a50bdf0fc3ab7a5caa955c8d84b?s=480&r=pg&d=https%3A%2F%2Fcdn.auth0.com%2Favatars%2Fag.png','2020-09-20 07:39:30','2020-10-17 09:58:38',0,NULL,0),(224,'agstest2@yahoo.com',NULL,'KS','Lim',NULL,'agstest2@yahoo.com','',NULL,NULL,NULL,0,0.00,36,5,'2014-07-10',NULL,NULL,'https://s.gravatar.com/avatar/3b30bb5ef26a373eff5d20bb5e6e9fa4?s=480&r=pg&d=https%3A%2F%2Fcdn.auth0.com%2Favatars%2Fag.png','2020-09-20 10:27:18','2020-10-03 01:06:08',1,NULL,0),(225,'agsk6test1@yahoo.com',NULL,NULL,NULL,NULL,'agsk6test1@yahoo.com','',NULL,NULL,NULL,0,254.55,37,5,'2014-01-10','2020-09-22 08:20:21',NULL,'https://s.gravatar.com/avatar/4f232f4d7a88bfa68c3d3615262a4f5e?s=480&r=pg&d=https%3A%2F%2Fcdn.auth0.com%2Favatars%2Fag.png','2020-09-22 07:11:12','2020-09-22 08:20:21',0,NULL,0),(226,'viviangcc2013@gmail.com',NULL,NULL,NULL,NULL,'viviangcc2013@gmail.com','',NULL,NULL,NULL,0,0.00,94,5,'2015-07-09',NULL,NULL,'https://s.gravatar.com/avatar/4a8e04979a4bfef6d40f266e60cec0fc?s=480&r=pg&d=https%3A%2F%2Fcdn.auth0.com%2Favatars%2Fvi.png','2020-09-22 12:09:07','2020-10-18 12:54:07',0,NULL,0),(227,'designlife.pro@gmail.com',NULL,NULL,NULL,NULL,'designlife.pro@gmail.com','',NULL,NULL,NULL,0,0.00,287,5,'2014-07-19',NULL,NULL,'https://s.gravatar.com/avatar/3c86f17a48525e10f46c3b1a0f70ab38?s=480&r=pg&d=https%3A%2F%2Fcdn.auth0.com%2Favatars%2Fde.png','2020-09-22 12:28:16','2020-11-20 11:57:27',0,NULL,0),(228,'justalittlegreen@mail.com',NULL,NULL,NULL,NULL,'justalittlegreen@mail.com','',NULL,NULL,NULL,0,0.00,0,5,'0000-00-00',NULL,NULL,'https://s.gravatar.com/avatar/9a5504c29817c2951fdb6601c1b72c3f?s=480&r=pg&d=https%3A%2F%2Fcdn.auth0.com%2Favatars%2Fju.png','2020-09-22 19:34:50','2020-09-22 19:34:50',1,NULL,0),(229,'agstest3@yahoo.com',NULL,NULL,NULL,NULL,'agstest3@yahoo.com','',NULL,NULL,NULL,0,0.00,65,5,'2014-07-10',NULL,NULL,'https://s.gravatar.com/avatar/54923110124a15a34bddbb40d4b4d7f9?s=480&r=pg&d=https%3A%2F%2Fcdn.auth0.com%2Favatars%2Fag.png','2020-09-25 00:58:58','2020-10-03 05:19:37',1,NULL,0),(230,'agstest4@yahoo.com',NULL,NULL,NULL,NULL,'agstest4@yahoo.com','',NULL,NULL,NULL,0,0.00,0,5,'1964-07-10',NULL,NULL,'https://s.gravatar.com/avatar/32185d3694046cf7974db37e86b73c0d?s=480&r=pg&d=https%3A%2F%2Fcdn.auth0.com%2Favatars%2Fag.png','2020-09-25 03:07:58','2020-10-03 01:07:34',1,NULL,0),(231,'agstest5@yahoo.com',NULL,NULL,NULL,NULL,'agstest5@yahoo.com','',NULL,NULL,NULL,0,0.00,0,5,'2014-07-10',NULL,NULL,'https://s.gravatar.com/avatar/b0f90e801047de41a883858705880ae4?s=480&r=pg&d=https%3A%2F%2Fcdn.auth0.com%2Favatars%2Fag.png','2020-09-25 06:25:44','2020-10-03 01:08:02',1,NULL,0),(232,'agstest6@yahoo.com',NULL,NULL,NULL,NULL,'agstest6@yahoo.com','',NULL,NULL,NULL,0,0.00,81,5,'1964-07-10',NULL,NULL,'https://s.gravatar.com/avatar/aca6e2cb545249de5269e34750b5770e?s=480&r=pg&d=https%3A%2F%2Fcdn.auth0.com%2Favatars%2Fag.png','2020-09-25 10:41:58','2020-10-03 01:08:36',1,NULL,0),(233,'cynthiachongky@gmail.com',NULL,NULL,NULL,NULL,'cynthiachongky@gmail.com','',NULL,NULL,NULL,0,0.00,0,5,'0000-00-00',NULL,NULL,'https://s.gravatar.com/avatar/b26cfcb718044baabc02accbb5126688?s=480&r=pg&d=https%3A%2F%2Fcdn.auth0.com%2Favatars%2Fcy.png','2020-09-25 12:10:04','2020-09-25 12:10:04',1,NULL,0),(234,'shuqiang.rita@gmail.com',NULL,NULL,NULL,NULL,'shuqiang.rita@gmail.com','',NULL,NULL,NULL,0,0.00,0,5,'2014-06-23',NULL,NULL,'https://s.gravatar.com/avatar/6e4f261aef48759a122486fef9f852c9?s=480&r=pg&d=https%3A%2F%2Fcdn.auth0.com%2Favatars%2Fsh.png','2020-09-25 12:12:37','2020-10-08 13:39:43',1,NULL,0),(235,'agsntuctest1@gmail.com',NULL,NULL,NULL,NULL,'agsntuctest1@gmail.com','',NULL,NULL,NULL,0,0.00,317,5,'2014-07-10',NULL,NULL,'https://s.gravatar.com/avatar/1cb9f977b1598600f329fa11f267ff17?s=480&r=pg&d=https%3A%2F%2Fcdn.auth0.com%2Favatars%2Fag.png','2020-09-27 16:03:30','2020-10-03 01:08:55',1,NULL,0),(236,'agsntuctest2@gmail.com',NULL,'KS','Lim',NULL,'agsntuctest2@gmail.com','',NULL,NULL,NULL,0,0.00,228,5,'1964-07-10',NULL,NULL,'https://s.gravatar.com/avatar/363ffba16c6e61a0b68fd283a9883e85?s=480&r=pg&d=https%3A%2F%2Fcdn.auth0.com%2Favatars%2Fag.png','2020-10-02 03:08:21','2020-12-11 09:22:36',0,NULL,0),(237,'hwlhwl@gmail.com',NULL,'Zhiyuan','Zhao',NULL,'hwlhwl@gmail.com','',NULL,NULL,NULL,0,0.00,0,5,'2015-09-26',NULL,NULL,'https://s.gravatar.com/avatar/15667026bebbf72f914435c38aa6a102?s=480&r=pg&d=https%3A%2F%2Fcdn.auth0.com%2Favatars%2Fhw.png','2020-10-02 12:05:10','2024-04-29 02:18:12',1,NULL,0),(238,'Risa Yao',NULL,'Risa','Yao',NULL,'risayao@ymail.com','',NULL,NULL,NULL,0,0.00,0,5,'0000-00-00',NULL,NULL,'https://platform-lookaside.fbsbx.com/platform/profilepic/?asid=3571997096200767&height=50&width=50&ext=1604576579&hash=AeRDz5rICSTVwD3Mnsg','2020-10-02 12:14:24','2020-10-06 11:43:00',1,NULL,0),(239,'agstest2@gmail.com',NULL,NULL,NULL,NULL,'agstest2@gmail.com','',NULL,NULL,NULL,0,0.00,0,5,'0000-00-00',NULL,NULL,'https://s.gravatar.com/avatar/d847b1f37762f4b6f5810395e3951ce8?s=480&r=pg&d=https%3A%2F%2Fcdn.auth0.com%2Favatars%2Fag.png','2020-10-03 02:36:02','2020-10-03 02:36:02',1,NULL,0),(240,'agsntuctest3@gmail.com',NULL,NULL,NULL,NULL,'agsntuctest3@gmail.com','',NULL,NULL,NULL,0,0.00,230,5,'2014-07-10',NULL,NULL,'https://s.gravatar.com/avatar/70d43a61a34354526e3d56bbb92fc336?s=480&r=pg&d=https%3A%2F%2Fcdn.auth0.com%2Favatars%2Fag.png','2020-10-03 03:05:43','2020-10-03 06:38:02',0,NULL,0),(241,'agsntuctest4@gmail.com',NULL,NULL,NULL,NULL,'agsntuctest4@gmail.com','',NULL,NULL,NULL,0,0.00,348,5,'2014-07-10',NULL,NULL,'https://s.gravatar.com/avatar/505da42a09783a6005fc8d0ff90ece4a?s=480&r=pg&d=https%3A%2F%2Fcdn.auth0.com%2Favatars%2Fag.png','2020-10-03 07:00:57','2020-10-03 07:33:20',0,NULL,0),(242,'agsntuctest5@gmail.com',NULL,NULL,NULL,NULL,'agsntuctest5@gmail.com','',NULL,NULL,NULL,0,0.00,786,5,'2014-07-10',NULL,NULL,'https://s.gravatar.com/avatar/7a7e423513726c2ff9d4e44dceb42f7d?s=480&r=pg&d=https%3A%2F%2Fcdn.auth0.com%2Favatars%2Fag.png','2020-10-03 08:29:56','2020-10-05 15:42:01',0,NULL,0),(243,'agsntuctest6@gmail.com',NULL,NULL,NULL,NULL,'agsntuctest6@gmail.com','',NULL,NULL,NULL,0,0.00,0,5,'0000-00-00',NULL,NULL,'https://s.gravatar.com/avatar/f5d949aa18f188b36e1686a20998e77a?s=480&r=pg&d=https%3A%2F%2Fcdn.auth0.com%2Favatars%2Fag.png','2020-10-05 15:49:03','2020-10-05 15:49:03',1,NULL,0),(244,'asgntuctest6@gmail.com',NULL,NULL,NULL,NULL,'asgntuctest6@gmail.com','',NULL,NULL,NULL,0,0.00,79,5,'2014-07-10',NULL,NULL,'https://s.gravatar.com/avatar/8db2e2b73afb16751da2f0361489f03a?s=480&r=pg&d=https%3A%2F%2Fcdn.auth0.com%2Favatars%2Fas.png','2020-10-05 15:53:31','2020-10-06 00:30:36',0,NULL,0),(245,'agsntuctest7@gmail.com',NULL,NULL,NULL,NULL,'agsntuctest7@gmail.com','',NULL,NULL,NULL,0,0.00,242,5,'2014-07-10',NULL,NULL,'https://s.gravatar.com/avatar/78472477488818a0e9264ac9641387c3?s=480&r=pg&d=https%3A%2F%2Fcdn.auth0.com%2Favatars%2Fag.png','2020-10-06 00:39:19','2020-10-06 15:30:24',0,NULL,0),(246,'agsntuctest8@gmail.com',NULL,NULL,NULL,NULL,'agsntuctest8@gmail.com','',NULL,NULL,NULL,0,0.00,207,5,'2014-07-10',NULL,NULL,'https://s.gravatar.com/avatar/fadb91442580884dc98a64efe7194937?s=480&r=pg&d=https%3A%2F%2Fcdn.auth0.com%2Favatars%2Fag.png','2020-10-06 15:35:33','2020-10-06 23:22:10',0,NULL,0),(247,'agsntuctest9@gmail.com',NULL,NULL,NULL,NULL,'agsntuctest9@gmail.com','',NULL,NULL,NULL,0,0.00,235,5,'2014-07-10',NULL,NULL,'https://s.gravatar.com/avatar/bf19a0e918de638050e1b295842a6398?s=480&r=pg&d=https%3A%2F%2Fcdn.auth0.com%2Favatars%2Fag.png','2020-10-06 23:36:35','2020-10-07 03:01:47',0,NULL,0),(248,'freezerpang@gmail.com',NULL,NULL,NULL,NULL,'freezerpang@gmail.com','',NULL,NULL,NULL,0,0.00,170,5,'2015-10-07',NULL,NULL,'https://s.gravatar.com/avatar/ff3a6afc2b1caf2fd7ddca563a1adbbe?s=480&r=pg&d=https%3A%2F%2Fcdn.auth0.com%2Favatars%2Ffr.png','2020-10-07 08:00:48','2020-11-28 15:33:07',0,NULL,0),(249,'segaboy_82@hotmail.com',NULL,NULL,NULL,'98524778','segaboy_82@hotmail.com','',NULL,NULL,NULL,0,0.00,0,5,'2014-06-21',NULL,NULL,'https://s.gravatar.com/avatar/15ef6c4e36f488265104cb6cb0edb184?s=480&r=pg&d=https%3A%2F%2Fcdn.auth0.com%2Favatars%2Fse.png','2020-10-07 08:33:33','2020-10-07 23:52:33',1,NULL,0),(250,'Shirllry Hsu',NULL,NULL,NULL,NULL,'hshirllry@gmail.com','',NULL,NULL,NULL,0,0.00,53,5,'2020-10-04',NULL,NULL,'https://platform-lookaside.fbsbx.com/platform/profilepic/?asid=10224480794832071&height=50&width=50&ext=1604911609&hash=AeTK-kjunEgzxdrlhfI','2020-10-07 10:18:34','2020-10-10 09:08:55',0,NULL,0),(251,'esgreme@gmail.com',NULL,NULL,NULL,'91050866','esgreme@gmail.com','',NULL,NULL,NULL,0,0.00,338,5,'2015-04-01',NULL,NULL,'https://s.gravatar.com/avatar/7729c37a9527284adcd89cb311742716?s=480&r=pg&d=https%3A%2F%2Fcdn.auth0.com%2Favatars%2Fes.png','2020-10-07 12:08:19','2020-11-17 13:02:53',0,NULL,0),(252,'Lynn Lee',NULL,NULL,NULL,NULL,'leelynn2006@gmail.com','',NULL,NULL,NULL,0,0.00,0,5,'2014-06-28',NULL,NULL,'https://platform-lookaside.fbsbx.com/platform/profilepic/?asid=10158568325829185&height=50&width=50&ext=1604739144&hash=AeQl5vIrmFskx7aBLXs','2020-10-07 12:17:14','2020-10-08 08:52:25',1,NULL,0),(253,'Desmond Tang',NULL,NULL,NULL,NULL,'desmondtang2001@yahoo.com.sg','',NULL,NULL,NULL,0,0.00,0,5,'2015-04-24',NULL,NULL,'https://platform-lookaside.fbsbx.com/platform/profilepic/?asid=10158231850029504&height=50&width=50&ext=1604666067&hash=AeRQHhE5ON1JxRprmEM','2020-10-07 12:34:28','2020-10-07 12:37:21',1,NULL,0),(254,'mulerjeo.afar@gmail.com',NULL,NULL,NULL,NULL,'mulerjeo.afar@gmail.com','',NULL,NULL,NULL,0,0.00,657,5,'2015-11-01',NULL,NULL,'https://s.gravatar.com/avatar/dceb8a297073b59adc97e0c8c72a45d6?s=480&r=pg&d=https%3A%2F%2Fcdn.auth0.com%2Favatars%2Fmu.png','2020-10-07 12:58:15','2020-12-16 12:59:41',0,NULL,0),(255,'risayao81@gmail.com',NULL,NULL,NULL,NULL,'risayao81@gmail.com','',NULL,NULL,NULL,0,0.00,58,5,'2015-12-06',NULL,NULL,'https://s.gravatar.com/avatar/81f970e006ef21ad86e2bb5e4c861b5b?s=480&r=pg&d=https%3A%2F%2Fcdn.auth0.com%2Favatars%2Fri.png','2020-10-07 13:20:30','2020-10-17 10:09:49',0,NULL,0),(256,'Lydia Rahim',NULL,NULL,NULL,NULL,'lydia_ar4@yahoo.com.sg','',NULL,NULL,NULL,0,0.00,328,5,'2014-02-14',NULL,NULL,'https://platform-lookaside.fbsbx.com/platform/profilepic/?asid=10220975480630198&height=50&width=50&ext=1611619229&hash=AeSxCaDOPnAq-UNBa5U','2020-10-07 13:50:08','2020-12-27 00:00:30',0,NULL,0),(257,'Cynthia Chong',NULL,NULL,NULL,NULL,'cynthia_9839@hotmail.com','',NULL,NULL,NULL,0,233.33,21,5,'2014-11-12','2020-10-19 14:02:09',NULL,'https://platform-lookaside.fbsbx.com/platform/profilepic/?asid=10159274063217792&height=50&width=50&ext=1608265328&hash=AeQII12dmEpIhRTr1AE','2020-10-07 14:07:27','2020-11-18 04:22:23',0,NULL,0),(258,'belinaong@hotmail.com',NULL,NULL,NULL,NULL,'belinaong@hotmail.com','',NULL,NULL,NULL,0,0.00,67,5,'2014-05-05',NULL,NULL,'https://s.gravatar.com/avatar/1aa8dd08a07f24440d5cf2cecc74f674?s=480&r=pg&d=https%3A%2F%2Fcdn.auth0.com%2Favatars%2Fbe.png','2020-10-07 15:19:52','2020-10-10 05:05:14',0,NULL,0),(259,'Yvonne Lee',NULL,NULL,NULL,NULL,'yvonnelee2703@gmail.com','',NULL,NULL,NULL,0,0.00,192,5,'2014-12-11',NULL,NULL,'https://platform-lookaside.fbsbx.com/platform/profilepic/?asid=166567611754171&height=50&width=50&ext=1610499317&hash=AeQZvnAF3PyB6ajMiZg','2020-10-07 15:54:52','2020-12-14 00:55:19',0,NULL,0),(260,'David Ng',NULL,NULL,NULL,NULL,'ngyihkeedavid@yahoo.com.sg','',NULL,NULL,NULL,0,0.00,0,5,'2015-01-31',NULL,NULL,'https://platform-lookaside.fbsbx.com/platform/profilepic/?asid=3722672581076318&height=50&width=50&ext=1604704044&hash=AeT61L8D18Wq_e6kGs4','2020-10-07 23:07:25','2020-10-07 23:12:19',1,NULL,0),(261,'mollyseow@yahoo.com.sg',NULL,NULL,NULL,NULL,'mollyseow@yahoo.com.sg','',NULL,NULL,NULL,0,0.00,508,5,'2014-07-23',NULL,NULL,'https://s.gravatar.com/avatar/dec4e5a60ab4e0ab2ccca2bf5e18c54b?s=480&r=pg&d=https%3A%2F%2Fcdn.auth0.com%2Favatars%2Fmo.png','2020-10-08 00:02:29','2020-11-18 12:29:28',0,NULL,0),(262,'ltjianheng@gmail.com',NULL,NULL,NULL,NULL,'ltjianheng@gmail.com','',NULL,NULL,NULL,0,0.00,60,5,'2015-03-18',NULL,NULL,'https://s.gravatar.com/avatar/29eca5f97fc01854e74610aa0145d038?s=480&r=pg&d=https%3A%2F%2Fcdn.auth0.com%2Favatars%2Flt.png','2020-10-08 04:04:03','2020-10-19 10:42:37',0,NULL,0),(263,'Zoe Wang',NULL,NULL,NULL,NULL,'zoe_pingping@hotmail.com','',NULL,NULL,NULL,0,0.00,99,5,'2015-08-22',NULL,NULL,'https://platform-lookaside.fbsbx.com/platform/profilepic/?asid=10157777497380910&height=50&width=50&ext=1607299930&hash=AeRfm7RHf_clxl5-Fm4','2020-10-08 07:38:41','2020-11-07 00:32:17',0,NULL,0),(264,'Charmaine Tan',NULL,NULL,NULL,NULL,'charm.tsk@gmail.com','',NULL,NULL,NULL,0,0.00,370,5,'2014-03-10',NULL,NULL,'https://platform-lookaside.fbsbx.com/platform/profilepic/?asid=10157177619520194&height=50&width=50&ext=1621069756&hash=AeRFJ6rUI7VFjuG78Pk','2020-10-08 08:38:06','2021-04-15 09:22:45',0,NULL,0),(265,'imrane.zoubair2011@gmail.com',NULL,NULL,NULL,NULL,'imrane.zoubair2011@gmail.com','',NULL,NULL,NULL,0,0.00,0,5,'0000-00-00',NULL,NULL,'https://s.gravatar.com/avatar/05adac4f1efe64b847aa5668c40107f6?s=480&r=pg&d=https%3A%2F%2Fcdn.auth0.com%2Favatars%2Fim.png','2020-10-08 08:44:42','2020-10-08 08:44:42',1,NULL,0),(266,'pido1312@gmail.com',NULL,NULL,NULL,NULL,'pido1312@gmail.com','',NULL,NULL,NULL,0,0.00,323,5,'2014-11-08',NULL,NULL,'https://s.gravatar.com/avatar/047f99c66601b82e19a5ed7c1bd5263c?s=480&r=pg&d=https%3A%2F%2Fcdn.auth0.com%2Favatars%2Fpi.png','2020-10-08 09:53:15','2020-11-19 13:06:31',0,NULL,0),(267,'icherehuey@gmail.com',NULL,NULL,NULL,NULL,'icherehuey@gmail.com','',NULL,NULL,NULL,0,0.00,0,5,'2015-08-07',NULL,NULL,'https://s.gravatar.com/avatar/a61d045813d527bb56dd55afe949ac07?s=480&r=pg&d=https%3A%2F%2Fcdn.auth0.com%2Favatars%2Fic.png','2020-10-08 10:21:53','2020-11-15 01:56:48',1,NULL,0),(268,'keithywj@gmail.com',NULL,NULL,NULL,NULL,'keithywj@gmail.com','',NULL,NULL,NULL,0,0.00,109,5,'2015-10-15',NULL,NULL,'https://s.gravatar.com/avatar/19c8e411955c263f3e3b834e155d2162?s=480&r=pg&d=https%3A%2F%2Fcdn.auth0.com%2Favatars%2Fke.png','2020-10-08 12:41:09','2020-10-24 05:48:12',0,NULL,0),(269,'lindefen@gmail.com',NULL,NULL,NULL,NULL,'lindefen@gmail.com','',NULL,NULL,NULL,0,0.00,0,5,'2015-09-21',NULL,NULL,'https://s.gravatar.com/avatar/017f122f9928a05d2e000ebe615de469?s=480&r=pg&d=https%3A%2F%2Fcdn.auth0.com%2Favatars%2Fli.png','2020-10-09 12:00:52','2020-10-09 12:07:08',1,NULL,0),(270,'sitiminamin59@gmail.com',NULL,NULL,NULL,NULL,'sitiminamin59@gmail.com','',NULL,NULL,NULL,0,0.00,0,5,'2015-09-14',NULL,NULL,'https://s.gravatar.com/avatar/2140fd2ccec4201b188e00edbc9f3ec8?s=480&r=pg&d=https%3A%2F%2Fcdn.auth0.com%2Favatars%2Fsi.png','2020-10-09 12:05:42','2020-10-09 12:24:06',1,NULL,0),(271,'sharlynquek@gmail.com',NULL,NULL,NULL,NULL,'sharlynquek@gmail.com','',NULL,NULL,NULL,0,0.00,116,5,'2014-08-03',NULL,NULL,'https://s.gravatar.com/avatar/349d034ba03197198401bc41d7734d12?s=480&r=pg&d=https%3A%2F%2Fcdn.auth0.com%2Favatars%2Fsh.png','2020-10-09 12:05:51','2020-11-20 12:07:32',0,NULL,0),(272,'toreachmavis@gmail.com',NULL,NULL,NULL,NULL,'toreachmavis@gmail.com','',NULL,NULL,NULL,0,0.00,205,5,'2014-03-04',NULL,NULL,'https://s.gravatar.com/avatar/9e783e3267312b1f636c903abbadf0ee?s=480&r=pg&d=https%3A%2F%2Fcdn.auth0.com%2Favatars%2Fto.png','2020-10-09 15:43:30','2020-10-25 10:27:43',0,NULL,0),(273,'huiwen.loh@gmail.com',NULL,NULL,NULL,NULL,'huiwen.loh@gmail.com','',NULL,NULL,NULL,0,0.00,92,5,'2014-11-06',NULL,NULL,'https://s.gravatar.com/avatar/ecf78497746b1eba001110538d08cb38?s=480&r=pg&d=https%3A%2F%2Fcdn.auth0.com%2Favatars%2Fhu.png','2020-10-10 00:45:23','2020-10-28 10:17:50',0,NULL,0),(274,'debytan@yahoo.com.sg',NULL,NULL,NULL,NULL,'debytan@yahoo.com.sg','',NULL,NULL,NULL,0,0.00,54,5,'2015-01-27',NULL,NULL,'https://s.gravatar.com/avatar/d2d9985d9770c9870d81599a4eab3520?s=480&r=pg&d=https%3A%2F%2Fcdn.auth0.com%2Favatars%2Fde.png','2020-10-10 01:52:57','2020-10-10 03:35:41',0,NULL,0),(275,'yunwei2400@yahoo.com',NULL,NULL,NULL,NULL,'yunwei2400@yahoo.com','',NULL,NULL,NULL,0,0.00,0,5,'2014-12-31',NULL,NULL,'https://s.gravatar.com/avatar/b4776faf05a67de11ebb8f7c9a410b6b?s=480&r=pg&d=https%3A%2F%2Fcdn.auth0.com%2Favatars%2Fyu.png','2020-10-10 01:56:54','2020-10-10 07:57:03',1,NULL,0),(276,'saianuradha.09@gmail.com',NULL,NULL,NULL,NULL,'saianuradha.09@gmail.com','',NULL,NULL,NULL,0,0.00,0,5,'2014-06-28',NULL,NULL,'https://s.gravatar.com/avatar/c684fde4ff25da115c50be19d671205e?s=480&r=pg&d=https%3A%2F%2Fcdn.auth0.com%2Favatars%2Fsa.png','2020-10-10 02:11:33','2020-10-10 02:35:37',1,NULL,0),(277,'shazadi85@gmail.com',NULL,NULL,NULL,NULL,'shazadi85@gmail.com','',NULL,NULL,NULL,0,0.00,0,5,'2015-08-06',NULL,NULL,'https://s.gravatar.com/avatar/716975902757bd6ced53155bee1fd06f?s=480&r=pg&d=https%3A%2F%2Fcdn.auth0.com%2Favatars%2Fsh.png','2020-10-10 04:34:30','2020-10-10 04:40:39',1,NULL,0),(278,'tanplg@gmail.com',NULL,NULL,NULL,NULL,'tanplg@gmail.com','',NULL,NULL,NULL,0,0.00,0,5,'2015-10-12',NULL,NULL,'https://s.gravatar.com/avatar/b19315cbc88ef896028e21b06c0cd60e?s=480&r=pg&d=https%3A%2F%2Fcdn.auth0.com%2Favatars%2Fta.png','2020-10-10 05:11:23','2020-10-10 05:16:04',1,NULL,0),(279,'xfzjas@gmail.com',NULL,NULL,NULL,NULL,'xfzjas@gmail.com','',NULL,NULL,NULL,0,0.00,170,5,'2014-01-18',NULL,NULL,'https://s.gravatar.com/avatar/70f7561da983a68a4fa555e6c6b8c0b7?s=480&r=pg&d=https%3A%2F%2Fcdn.auth0.com%2Favatars%2Fxf.png','2020-10-10 07:48:04','2020-11-07 02:08:06',0,NULL,0),(280,'Emily Evangeline Tan',NULL,NULL,NULL,NULL,'angeltr3k@hotmail.com','',NULL,NULL,NULL,0,0.00,0,5,'0000-00-00',NULL,NULL,'https://platform-lookaside.fbsbx.com/platform/profilepic/?asid=10157895350932989&height=50&width=50&ext=1604914515&hash=AeSGHk9E-ywbQQ8macM','2020-10-10 09:35:16','2020-10-10 09:35:16',1,NULL,0),(281,'yinshengnan2008@hotmail.com',NULL,NULL,NULL,NULL,'yinshengnan2008@hotmail.com','',NULL,NULL,NULL,0,0.00,55,5,'2015-01-22',NULL,NULL,'https://s.gravatar.com/avatar/78159bc72bb2eca79fb1eb683ab9d7a5?s=480&r=pg&d=https%3A%2F%2Fcdn.auth0.com%2Favatars%2Fyi.png','2020-10-10 11:36:43','2020-10-10 14:33:37',0,NULL,0),(282,'yaning.lang@hotmail.com',NULL,NULL,NULL,NULL,'yaning.lang@hotmail.com','',NULL,NULL,NULL,0,0.00,311,5,'2014-06-10',NULL,NULL,'https://s.gravatar.com/avatar/c3f7ac1221527a4e10ce3bb18a98e6f7?s=480&r=pg&d=https%3A%2F%2Fcdn.auth0.com%2Favatars%2Fya.png','2020-10-11 02:28:39','2020-11-21 08:48:17',0,NULL,0),(283,'arnickkyian07@gmail.com',NULL,NULL,NULL,NULL,'arnickkyian07@gmail.com','',NULL,NULL,NULL,0,0.00,58,5,'2015-09-03',NULL,NULL,'https://s.gravatar.com/avatar/41011ca2c16272f2726069d544ffbe58?s=480&r=pg&d=https%3A%2F%2Fcdn.auth0.com%2Favatars%2Far.png','2020-10-11 08:06:47','2020-10-31 09:51:27',0,NULL,0),(284,'sit.juliana@gmail.com',NULL,NULL,NULL,NULL,'sit.juliana@gmail.com','',NULL,NULL,NULL,0,0.00,60,5,'2015-01-26',NULL,NULL,'https://s.gravatar.com/avatar/80a31b64c406b73e716b66fe24248409?s=480&r=pg&d=https%3A%2F%2Fcdn.auth0.com%2Favatars%2Fsi.png','2020-10-11 09:13:30','2020-10-22 12:11:08',0,NULL,0),(285,'nur_lydia@hotmail.com',NULL,NULL,NULL,NULL,'nur_lydia@hotmail.com','',NULL,NULL,NULL,0,0.00,0,5,'0015-06-03',NULL,NULL,'https://s.gravatar.com/avatar/05d9d72faac4ace84d6f6057a74db6d3?s=480&r=pg&d=https%3A%2F%2Fcdn.auth0.com%2Favatars%2Fnu.png','2020-10-11 13:40:42','2020-10-11 13:48:36',1,NULL,0),(286,'agstest2@outlook.com',NULL,NULL,NULL,NULL,'agstest2@outlook.com','',NULL,NULL,NULL,0,0.00,0,5,'2014-07-10',NULL,NULL,'https://s.gravatar.com/avatar/2ba4aa93f9f440aaea78b47699196e45?s=480&r=pg&d=https%3A%2F%2Fcdn.auth0.com%2Favatars%2Fag.png','2020-10-12 02:11:25','2020-10-12 02:14:50',1,NULL,0),(287,'lyuewei09@gmail.com',NULL,NULL,NULL,NULL,'lyuewei09@gmail.com','',NULL,NULL,NULL,0,0.00,140,5,'2014-09-17',NULL,NULL,'https://s.gravatar.com/avatar/9d6bd2794fc48a9e0769b54da1e8945d?s=480&r=pg&d=https%3A%2F%2Fcdn.auth0.com%2Favatars%2Fly.png','2020-10-12 13:25:41','2020-11-18 13:53:58',0,NULL,0),(288,'ongcw1981@hotmail.com',NULL,NULL,NULL,NULL,'ongcw1981@hotmail.com','',NULL,NULL,NULL,0,0.00,55,5,'2004-04-08',NULL,NULL,'https://s.gravatar.com/avatar/0ce9c6e95c1d9b80f4027065cdf4542f?s=480&r=pg&d=https%3A%2F%2Fcdn.auth0.com%2Favatars%2Fon.png','2020-10-12 13:51:18','2020-10-22 08:22:07',0,NULL,0),(289,'emilytan.property@gmail.com',NULL,NULL,NULL,NULL,'emilytan.property@gmail.com','',NULL,NULL,NULL,0,0.00,80,5,'2014-04-07',NULL,NULL,'https://s.gravatar.com/avatar/c1880662f34726935bc128e580555409?s=480&r=pg&d=https%3A%2F%2Fcdn.auth0.com%2Favatars%2Fem.png','2020-10-13 10:42:52','2020-10-13 11:15:10',0,NULL,0),(290,'Roxy Kay',NULL,NULL,NULL,NULL,'surfergal1988@gmail.com','',NULL,NULL,NULL,0,0.00,0,5,'2014-11-28',NULL,NULL,'https://platform-lookaside.fbsbx.com/platform/profilepic/?asid=10220653934152136&height=50&width=50&ext=1608391799&hash=AeSEbw2IUAGuvIOgfWM','2020-10-17 01:48:29','2020-11-19 15:30:00',1,NULL,0),(291,'leila_ghouse@yahoo.com.sg',NULL,NULL,NULL,NULL,'leila_ghouse@yahoo.com.sg','',NULL,NULL,NULL,0,0.00,170,5,'2014-10-05',NULL,NULL,'https://s.gravatar.com/avatar/1ad3f862aadecd5aa1ab2908adcbeaa0?s=480&r=pg&d=https%3A%2F%2Fcdn.auth0.com%2Favatars%2Fle.png','2020-10-17 02:55:33','2020-11-04 13:14:16',0,NULL,0),(292,'magicjac@live.cn',NULL,NULL,NULL,NULL,'magicjac@live.cn','',NULL,NULL,NULL,0,0.00,198,5,'2015-01-01',NULL,NULL,'https://s.gravatar.com/avatar/2b5ab208f145dba4a6f7e00e9eb2b341?s=480&r=pg&d=https%3A%2F%2Fcdn.auth0.com%2Favatars%2Fma.png','2020-10-17 05:53:53','2020-11-09 10:20:24',0,NULL,0),(293,'andrea_wll@yahoo.com.sg',NULL,NULL,NULL,NULL,'andrea_wll@yahoo.com.sg','',NULL,NULL,NULL,0,0.00,59,5,'2015-04-30',NULL,NULL,'https://s.gravatar.com/avatar/0c7ff6d241cb4b3b7c9cc0268bf3aace?s=480&r=pg&d=https%3A%2F%2Fcdn.auth0.com%2Favatars%2Fan.png','2020-10-17 08:11:23','2020-10-18 07:39:58',0,NULL,0),(294,'Lim Yuewei',NULL,'Elsa','Chia',NULL,'yuewei_lim@hotmail.com','',NULL,NULL,NULL,0,0.00,0,5,'2014-09-17',NULL,NULL,'https://platform-lookaside.fbsbx.com/platform/profilepic/?asid=10221449492738895&height=50&width=50&ext=1605514721&hash=AeSWuBOiBfmZ0UerJ4c','2020-10-17 08:18:42','2020-10-17 08:35:13',1,NULL,0),(295,'tancu8481@gmail.com',NULL,NULL,NULL,NULL,'tancu8481@gmail.com','',NULL,NULL,NULL,0,0.00,86,5,'2015-12-06',NULL,NULL,'https://s.gravatar.com/avatar/d9f0100cbfe6b5e7c52d5db3dcbe5294?s=480&r=pg&d=https%3A%2F%2Fcdn.auth0.com%2Favatars%2Fta.png','2020-10-17 10:12:08','2020-10-19 11:48:58',0,NULL,0),(296,'vivianchengwei@gmail.com',NULL,NULL,NULL,NULL,'vivianchengwei@gmail.com','',NULL,NULL,NULL,0,0.00,84,5,'2015-08-12',NULL,NULL,'https://s.gravatar.com/avatar/14d959af843161d6cbf30c4d2d89b44a?s=480&r=pg&d=https%3A%2F%2Fcdn.auth0.com%2Favatars%2Fvi.png','2020-10-20 01:29:06','2020-10-23 13:07:11',0,NULL,0),(297,'hweimei@gmail.com',NULL,NULL,NULL,NULL,'hweimei@gmail.com','',NULL,NULL,NULL,0,0.00,135,5,'2014-08-04',NULL,NULL,'https://s.gravatar.com/avatar/d3a5b5e2ff44c335f796a96d1b314a11?s=480&r=pg&d=https%3A%2F%2Fcdn.auth0.com%2Favatars%2Fhw.png','2020-10-20 02:57:39','2020-11-14 11:02:50',0,NULL,0),(298,'Stella Xiao',NULL,NULL,NULL,NULL,'litchi_shaw@hotmail.com','',NULL,NULL,NULL,0,0.00,56,5,'2015-12-10',NULL,NULL,'https://platform-lookaside.fbsbx.com/platform/profilepic/?asid=4027182730629936&height=50&width=50&ext=1605948853&hash=AeTyJYXwOQ49t2cGCh4','2020-10-22 08:21:58','2020-10-22 08:54:14',0,NULL,0),(299,'ros.widjaja@gmail.com',NULL,NULL,NULL,NULL,'ros.widjaja@gmail.com','',NULL,NULL,NULL,0,0.00,54,5,'2016-02-01',NULL,NULL,'https://s.gravatar.com/avatar/63abe637786be00822d2b19e297e3181?s=480&r=pg&d=https%3A%2F%2Fcdn.auth0.com%2Favatars%2Fro.png','2020-10-23 06:43:27','2020-11-06 07:22:45',0,NULL,0),(300,'angelawml@hotmail.com',NULL,NULL,NULL,NULL,'angelawml@hotmail.com','',NULL,NULL,NULL,0,0.00,0,5,'2015-10-18',NULL,NULL,'https://s.gravatar.com/avatar/501925d712b11ff026f2ab43d4d8bfff?s=480&r=pg&d=https%3A%2F%2Fcdn.auth0.com%2Favatars%2Fan.png','2020-10-30 02:37:08','2020-10-30 14:02:53',1,NULL,0),(301,'Dave Smith',NULL,NULL,NULL,NULL,'davesmith2013@hotmail.ca','',NULL,NULL,NULL,0,0.00,0,5,'0000-00-00',NULL,NULL,'https://platform-lookaside.fbsbx.com/platform/profilepic/?asid=1354765498194360&height=50&width=50&ext=1606867547&hash=AeS65N9F1GuhcqY-0yg','2020-11-02 00:05:49','2020-11-02 00:05:49',1,NULL,0),(302,'zhngmycarpoke@gmail.com',NULL,NULL,NULL,NULL,'zhngmycarpoke@gmail.com','',NULL,NULL,NULL,0,0.00,0,5,'0000-00-00',NULL,NULL,'https://s.gravatar.com/avatar/d3b9d1b0e0852e4f9eba0cd33f2f44e4?s=480&r=pg&d=https%3A%2F%2Fcdn.auth0.com%2Favatars%2Fzh.png','2020-11-07 01:59:48','2020-11-07 01:59:48',1,NULL,0),(303,'jlamb185@eq.edu.au',NULL,NULL,NULL,NULL,'jlamb185@eq.edu.au','',NULL,NULL,NULL,0,0.00,0,5,'0000-00-00',NULL,NULL,'https://s.gravatar.com/avatar/afc1be0ffda856bc011a62c12f3ece3d?s=480&r=pg&d=https%3A%2F%2Fcdn.auth0.com%2Favatars%2Fjl.png','2020-11-11 05:26:22','2020-11-11 05:26:22',1,NULL,0),(304,'aishab0608@gmail.com',NULL,NULL,NULL,NULL,'aishab0608@gmail.com','',NULL,NULL,NULL,0,0.00,0,5,'2015-08-06',NULL,NULL,'https://s.gravatar.com/avatar/671adb90cfd5f518ec98c0ba07471cf3?s=480&r=pg&d=https%3A%2F%2Fcdn.auth0.com%2Favatars%2Fai.png','2020-11-16 11:31:36','2020-11-17 03:06:25',1,NULL,0),(305,'peipei0114@gmail.com',NULL,NULL,NULL,NULL,'peipei0114@gmail.com','',NULL,NULL,NULL,0,0.00,0,5,'0000-00-00',NULL,NULL,'https://s.gravatar.com/avatar/9f313b0ce318cf30cbfed771ee3fcb00?s=480&r=pg&d=https%3A%2F%2Fcdn.auth0.com%2Favatars%2Fpe.png','2020-11-16 13:42:52','2020-11-16 13:42:52',1,NULL,0),(306,'Miguel Carpio',NULL,NULL,NULL,NULL,'carpiologo@hotmail.com','',NULL,NULL,NULL,0,0.00,0,5,'0000-00-00',NULL,NULL,'https://scontent-syd2-1.xx.fbcdn.net/v/t1.30497-1/cp0/c15.0.50.50a/p50x50/84628273_176159830277856_972693363922829312_n.jpg?_nc_cat=1&ccb=2&_nc_sid=12b3be&_nc_ohc=1K-Uj6h6bZcAX909QO9&_nc_ht=scontent-syd2-1.xx&tp=27&oh=5f0c5bb7316950c673f5008b2163b32c&oe=5','2020-11-16 14:58:18','2020-11-16 14:58:18',1,NULL,0),(307,'Ivan Mok',NULL,NULL,NULL,NULL,'ivanmok03031985@gmail.com','',NULL,NULL,NULL,0,0.00,0,5,'2015-03-05',NULL,NULL,'https://platform-lookaside.fbsbx.com/platform/profilepic/?asid=10159779098893968&height=50&width=50&ext=1608504213&hash=AeT6uUAZEURrcibuaYg','2020-11-20 14:13:05','2020-11-20 22:43:35',1,NULL,0),(308,'TanLim Chua',NULL,'TanLim','Chua',NULL,'bangoh2@gmail.com','',NULL,NULL,NULL,0,0.00,0,5,'0000-00-00',NULL,NULL,'https://platform-lookaside.fbsbx.com/platform/profilepic/?asid=1390243607821578&height=50&width=50&ext=1609147939&hash=AeQvDAq8aEjzqZM4ZBY','2020-11-28 09:32:21','2020-11-28 09:32:21',1,NULL,0),(309,'madadiakshithreddy@gmail.com',NULL,NULL,NULL,NULL,'madadiakshithreddy@gmail.com','',NULL,NULL,NULL,0,0.00,0,5,'0000-00-00',NULL,NULL,'https://s.gravatar.com/avatar/ae03c0a0ed134783728f664daa0ab0d5?s=480&r=pg&d=https%3A%2F%2Fcdn.auth0.com%2Favatars%2Fma.png','2020-12-24 05:52:37','2020-12-24 05:52:37',1,NULL,0),(310,'ghar.bhar.kush.rah@gmail.com',NULL,NULL,NULL,NULL,'ghar.bhar.kush.rah@gmail.com','',NULL,NULL,NULL,0,0.00,0,5,'0000-00-00',NULL,NULL,'https://s.gravatar.com/avatar/f3a0f721aad8c0cf01cbb61ff5b2724c?s=480&r=pg&d=https%3A%2F%2Fcdn.auth0.com%2Favatars%2Fgh.png','2021-03-11 08:49:20','2021-03-11 08:49:20',1,NULL,0),(311,'Harcharan Singh',NULL,'Harcharan','Singh',NULL,'harch133@yahoo.com','',NULL,NULL,NULL,0,0.00,0,5,'0000-00-00',NULL,NULL,'https://platform-lookaside.fbsbx.com/platform/profilepic/?asid=10224903267829892&height=50&width=50&ext=1619234350&hash=AeQNkSubVx0XQWQ3Go4','2021-03-25 03:19:12','2021-03-25 03:19:12',1,NULL,0),(312,'thoibacool@hotmail.co.uk',NULL,NULL,NULL,NULL,'thoibacool@hotmail.co.uk','',NULL,NULL,NULL,0,0.00,0,5,'0000-00-00',NULL,NULL,'https://s.gravatar.com/avatar/5d6c8cf7b8b545d75c8569bceffd26f3?s=480&r=pg&d=https%3A%2F%2Fcdn.auth0.com%2Favatars%2Fth.png','2021-03-30 09:49:16','2021-03-30 09:49:16',1,NULL,0),(313,'Ai Leng Yap',NULL,'Ai Leng','Yap',NULL,'yapaileng@hotmail.com','',NULL,NULL,NULL,0,0.00,0,5,'0000-00-00',NULL,NULL,'https://platform-lookaside.fbsbx.com/platform/profilepic/?asid=10159318751773134&height=50&width=50&ext=1620261936&hash=AeTRgzCbFd5Y8BvGOGA','2021-04-06 00:45:37','2021-04-06 00:45:37',1,NULL,0),(314,'dariusgoh1015@gmail.com',NULL,NULL,NULL,NULL,'dariusgoh1015@gmail.com','',NULL,NULL,NULL,0,0.00,0,5,'0000-00-00',NULL,NULL,'https://s.gravatar.com/avatar/d6158a9a1e4593bb5cedb83b8d07becf?s=480&r=pg&d=https%3A%2F%2Fcdn.auth0.com%2Favatars%2Fda.png','2021-04-13 13:35:20','2021-04-13 13:35:20',1,NULL,0),(315,'lacey.hoffman12@gmail.com',NULL,NULL,NULL,NULL,'lacey.hoffman12@gmail.com','',NULL,NULL,NULL,0,0.00,0,5,'0000-00-00',NULL,NULL,'https://s.gravatar.com/avatar/97d37a97872907215dd1e3539f6f4efd?s=480&r=pg&d=https%3A%2F%2Fcdn.auth0.com%2Favatars%2Fla.png','2021-04-25 19:14:11','2021-04-25 19:14:11',1,NULL,0),(316,'saimaarmankhi@gmail.com',NULL,NULL,NULL,NULL,'saimaarmankhi@gmail.com','',NULL,NULL,NULL,0,0.00,0,5,'0000-00-00',NULL,NULL,'https://s.gravatar.com/avatar/c5dd5a98cab9470f46f50b22575c60c1?s=480&r=pg&d=https%3A%2F%2Fcdn.auth0.com%2Favatars%2Fsa.png','2021-05-05 09:27:20','2021-05-05 09:27:20',1,NULL,0),(317,'inficalvin@gmail.com',NULL,NULL,NULL,NULL,'inficalvin@gmail.com','',NULL,NULL,NULL,0,0.00,0,5,'0000-00-00',NULL,NULL,'https://s.gravatar.com/avatar/85c8aed3615f6b76bf42bd3e670475a7?s=480&r=pg&d=https%3A%2F%2Fcdn.auth0.com%2Favatars%2Fin.png','2021-08-15 15:54:57','2021-08-15 15:54:57',1,NULL,0),(319,'sharon.shiling.tan@gmail.com',NULL,NULL,NULL,NULL,'sharon.shiling.tan@gmail.com','',NULL,NULL,NULL,0,531.25,538,5,'2014-12-03','2021-11-30 06:57:28',NULL,'https://s.gravatar.com/avatar/4c0115b9b7e22ce210a1d7fa4bc5c0ff?s=480&r=pg&d=https%3A%2F%2Fcdn.auth0.com%2Favatars%2Fsh.png','2021-08-18 07:29:37','2021-11-30 06:57:28',0,NULL,0),(320,'sharon.tan1@ibm.com',NULL,NULL,NULL,NULL,'sharon.tan1@ibm.com','',NULL,NULL,NULL,0,506.25,439,5,'2012-01-10','2021-11-30 06:24:06',NULL,'https://s.gravatar.com/avatar/5af3286141a4fce357364694b5a96207?s=480&r=pg&d=https%3A%2F%2Fcdn.auth0.com%2Favatars%2Fsh.png','2021-08-18 12:41:29','2021-11-30 06:24:06',0,NULL,0),(321,'sharontanshiling@gmail.com',NULL,NULL,NULL,NULL,'sharontanshiling@gmail.com','',NULL,NULL,NULL,0,0.00,0,5,'0000-00-00',NULL,NULL,'https://s.gravatar.com/avatar/04d23af3cfa2f0aab449f7373e048905?s=480&r=pg&d=https%3A%2F%2Fcdn.auth0.com%2Favatars%2Fsh.png','2021-08-19 15:09:49','2021-08-19 15:09:49',1,NULL,0),(322,'simontkw@gmail.com',NULL,NULL,NULL,NULL,'simontkw@gmail.com','',NULL,NULL,NULL,0,0.00,0,5,'0000-00-00',NULL,NULL,'https://s.gravatar.com/avatar/242fd184dba21d710e4ce1e19bd47ced?s=480&r=pg&d=https%3A%2F%2Fcdn.auth0.com%2Favatars%2Fsi.png','2021-09-16 02:49:48','2021-09-16 02:49:48',1,NULL,0),(323,'Japher Lim',NULL,'Japher','Lim',NULL,'japherlim.allgifted@gmail.com','',NULL,NULL,NULL,0,0.00,0,5,'0000-00-00',NULL,NULL,'https://lh3.googleusercontent.com/a/ACg8ocKUJPoRbt1INeGRiRYwBptD0qcS55kjHFTxjVRrW5JrZSiVMr8=s96-c','2023-06-12 09:16:12','2024-04-25 04:32:10',1,NULL,0),(324,'suki@suki.com',NULL,NULL,NULL,NULL,'suki@suki.com','',NULL,NULL,NULL,0,0.00,94,5,'2020-02-20',NULL,NULL,'https://s.gravatar.com/avatar/329eb62bd34df47aa95cd75c9e3c6c51?s=480&r=pg&d=https%3A%2F%2Fcdn.auth0.com%2Favatars%2Fsu.png','2024-04-10 23:21:10','2024-04-11 21:42:20',0,NULL,0),(325,'aqibchdev@gmail.com',NULL,NULL,NULL,NULL,'aqibchdev@gmail.com','',NULL,NULL,NULL,0,0.00,0,5,'0000-00-00',NULL,NULL,'https://s.gravatar.com/avatar/468c85d07decf744c4fd2ec9b0621397?s=480&r=pg&d=https%3A%2F%2Fcdn.auth0.com%2Favatars%2Faq.png','2024-04-21 13:43:08','2024-04-22 16:54:07',1,NULL,0),(326,'mimi@mimi.com',NULL,'Mimi','Chan',NULL,'mimi@mimi.com','',NULL,NULL,NULL,0,0.00,0,5,'2022-03-03',NULL,NULL,'https://s.gravatar.com/avatar/a90f606185c3642f78ca52cf0cbab55d?s=480&r=pg&d=https%3A%2F%2Fcdn.auth0.com%2Favatars%2Fmi.png','2024-04-23 11:43:47','2024-07-13 22:03:30',1,NULL,0),(327,'Tejas Variya',NULL,'Tejas','Variya',NULL,'tjv@taglineinfotech.com','',NULL,NULL,NULL,0,0.00,0,5,'0000-00-00',NULL,NULL,'https://lh3.googleusercontent.com/a/ACg8ocJNnMNvwv5L_YBgDYtEkeTzqOnu4A4BH0ly5WYUvfJHNa1vNw=s96-c','2024-04-26 11:46:31','2024-04-26 11:46:31',1,NULL,0),(329,'v.gomenyuk@std.npu.edu.ua',NULL,NULL,NULL,'0932349688','v.gomenyuk@std.npu.edu.ua','',NULL,NULL,NULL,1,0.00,0,5,'2030-01-10',NULL,NULL,'https://s.gravatar.com/avatar/66f894e313fae219b2be5bd2fbe49ad2?s=480&r=pg&d=https%3A%2F%2Fcdn.auth0.com%2Favatars%2Fv.png','2024-04-26 11:57:28','2024-05-01 08:12:22',1,NULL,0),(330,'TALHA FAROOQI',NULL,'TALHA','FAROOQI',NULL,'talhafarooqi.pk@gmail.com','',NULL,NULL,NULL,0,0.00,0,5,'0000-00-00',NULL,NULL,'https://lh3.googleusercontent.com/a/ACg8ocKwmxQiLLjDFHGzvMmvBfMWjeIIh1XucQS6zF3kjzssxwnJcB15=s96-c','2024-04-26 12:26:15','2024-04-26 12:26:15',1,NULL,0),(333,'vfsffssfs@ffe.cd',NULL,NULL,NULL,NULL,'vfsffssfs@ffe.cd','',NULL,NULL,NULL,0,0.00,0,5,'0000-00-00',NULL,NULL,'https://s.gravatar.com/avatar/74ecb7cdd47c9ba3ae8a42e74532de4e?s=480&r=pg&d=https%3A%2F%2Fcdn.auth0.com%2Favatars%2Fvf.png','2024-04-27 13:43:50','2024-04-27 13:43:50',1,NULL,0),(334,'Rolling Hercules',NULL,'Rolling','Hercules',NULL,'herculesrolling@gmail.com','',NULL,NULL,NULL,0,0.00,0,5,'0000-00-00',NULL,NULL,'https://lh3.googleusercontent.com/a/ACg8ocKr6z0DGF9wBf-yBT_OUYd7WAeI36IbTqK_HyCuKBnAHNtR7Q=s96-c','2024-04-29 09:18:07','2024-04-29 09:18:07',1,NULL,0),(335,'passionmuse1216@gmail.com',NULL,NULL,NULL,NULL,'passionmuse1216@gmail.com','',NULL,NULL,NULL,0,0.00,0,5,'0000-00-00',NULL,NULL,'https://s.gravatar.com/avatar/c212495a9f7d1ecebaa4cae0f1abd4d2?s=480&r=pg&d=https%3A%2F%2Fcdn.auth0.com%2Favatars%2Fpa.png','2024-05-09 10:08:52','2024-05-09 10:08:52',1,NULL,0),(336,'kamildietvorst0706@hotmail.com',NULL,NULL,NULL,NULL,'kamildietvorst0706@hotmail.com','',NULL,NULL,NULL,0,0.00,0,5,'0000-00-00',NULL,NULL,'https://s.gravatar.com/avatar/14056e07737f47fe501b765400f2cde3?s=480&r=pg&d=https%3A%2F%2Fcdn.auth0.com%2Favatars%2Fka.png','2024-05-09 11:53:10','2024-05-09 11:53:10',1,NULL,0),(337,'Ihab Khaled',NULL,'Ihab','Khaled',NULL,'ihab.khaled94@gmail.com','',NULL,NULL,NULL,0,0.00,0,5,'0000-00-00',NULL,NULL,'https://lh3.googleusercontent.com/a/ACg8ocIKg5TTvz63um3xyWxbu-JpCrZvjP6iE-YIQnOIp9xByCM5QhNmxQ=s96-c','2024-05-09 21:02:03','2024-05-09 21:02:03',1,NULL,0),(338,'Giovanni Falliti',NULL,'Giovanni','Falliti',NULL,'t0035990@gmail.com','',NULL,NULL,NULL,0,0.00,0,5,'0000-00-00',NULL,NULL,'https://lh3.googleusercontent.com/a/ACg8ocLI-0MWhChk8S4iltYQbonw-moOXIQXP_o5NY9XUd8eNddAeQ=s96-c','2024-05-27 05:13:53','2024-05-27 05:13:53',1,NULL,0),(339,'Mariah Dirisio',NULL,'Mariah','Dirisio',NULL,'mariahdirisio700@gmail.com','',NULL,NULL,NULL,0,0.00,0,5,'0000-00-00',NULL,NULL,'https://lh3.googleusercontent.com/a/ACg8ocJwiAQoAb_Es73dIv6S2Yj1TOzljmqO00iyxVG3edlOZv7D7A=s96-c','2024-05-27 08:47:19','2024-05-27 08:47:19',1,NULL,0),(340,'santos.calvin@outlook.com',NULL,NULL,NULL,NULL,'santos.calvin@outlook.com','',NULL,NULL,NULL,0,0.00,0,5,'0000-00-00',NULL,NULL,'https://s.gravatar.com/avatar/68a25970fdb5e7849bfb2dd88c8d482d?s=480&r=pg&d=https%3A%2F%2Fcdn.auth0.com%2Favatars%2Fsa.png','2024-05-27 20:55:16','2024-05-27 20:55:16',1,NULL,0),(341,'kevintsang15@outlook.com',NULL,NULL,NULL,NULL,'kevintsang15@outlook.com','',NULL,NULL,NULL,0,0.00,0,5,'0000-00-00',NULL,NULL,'https://s.gravatar.com/avatar/23840ca72b1fc071544f532399d00093?s=480&r=pg&d=https%3A%2F%2Fcdn.auth0.com%2Favatars%2Fke.png','2024-05-30 05:51:03','2024-05-30 05:51:03',1,NULL,0),(342,'trongduong9585@outlook.com',NULL,NULL,NULL,NULL,'trongduong9585@outlook.com','',NULL,NULL,NULL,0,0.00,0,5,'0000-00-00',NULL,NULL,'https://s.gravatar.com/avatar/b590cc95f611ba441c36db595a0ac171?s=480&r=pg&d=https%3A%2F%2Fcdn.auth0.com%2Favatars%2Ftr.png','2024-05-30 16:42:25','2024-05-30 16:42:25',1,NULL,0),(343,'User-WPFwgx','+61478811967','japh',NULL,NULL,NULL,NULL,NULL,NULL,NULL,0,308.59,47,5,'1993-03-29',NULL,NULL,NULL,'2025-04-15 09:10:40','2025-05-20 03:51:51',0,NULL,0),(344,'User-wJ5yxj',NULL,NULL,NULL,NULL,'pamelaliusm@gmai.com',NULL,NULL,NULL,NULL,0,0.00,0,0,'1966-02-20',NULL,NULL,NULL,'2025-04-16 20:17:16','2025-05-20 02:30:34',1,NULL,0),(345,'User-273hNC','+61471188967',NULL,NULL,NULL,NULL,NULL,NULL,NULL,NULL,0,0.00,0,5,'0000-00-00',NULL,NULL,NULL,'2025-04-21 12:33:16','2025-04-21 12:33:26',1,NULL,0),(346,'User-iG6OTg','+619478811967','josh',NULL,NULL,NULL,NULL,NULL,NULL,NULL,0,0.00,0,5,'2003-06-14',NULL,NULL,NULL,'2025-04-21 13:13:55','2025-04-21 13:18:34',1,NULL,0),(347,'User-GkyItu','+661478811967','Pammy',NULL,NULL,NULL,NULL,NULL,NULL,NULL,0,0.00,0,5,'1966-02-20',NULL,NULL,NULL,'2025-05-03 19:36:21','2025-05-03 19:37:30',1,NULL,0),(348,'User-WweyjH',NULL,NULL,NULL,NULL,'test@example.com',NULL,'706715','2025-05-05 04:07:06',NULL,0,0.00,0,5,'0000-00-00',NULL,NULL,NULL,'2025-05-05 04:02:06','2025-05-05 04:02:06',1,NULL,0),(349,'User-X7Nh4N','pame@',NULL,NULL,NULL,NULL,NULL,'472495','2025-05-11 21:41:03',NULL,0,0.00,0,5,'0000-00-00',NULL,NULL,NULL,'2025-05-11 21:36:03','2025-05-11 21:36:03',1,NULL,0),(350,'User-zR0MAv','pame',NULL,NULL,NULL,NULL,NULL,'908928','2025-05-11 21:43:30',NULL,0,0.00,0,5,'0000-00-00',NULL,NULL,NULL,'2025-05-11 21:38:30','2025-05-11 21:38:30',1,NULL,0),(351,'User-fjr8XR','omm',NULL,NULL,NULL,NULL,NULL,'718878','2025-05-11 21:45:00',NULL,0,0.00,0,5,'0000-00-00',NULL,NULL,NULL,'2025-05-11 21:40:00','2025-05-11 21:40:00',1,NULL,0),(352,'User-FzFdBx','+614788911967',NULL,NULL,NULL,NULL,NULL,NULL,NULL,NULL,0,0.00,0,0,'1966-02-20',NULL,NULL,NULL,'2025-05-20 03:20:10','2025-05-20 03:20:36',1,NULL,0);

--
-- Table structure for table `videos`
--

CREATE TABLE `videos` (
  `id` int unsigned NOT NULL AUTO_INCREMENT,
  `video_link` varchar(255) CHARACTER SET utf8mb3 COLLATE utf8mb3_unicode_ci NOT NULL,
  `video_title` varchar(255) COLLATE utf8mb3_unicode_ci DEFAULT NULL,
  `order` int DEFAULT NULL,
  `description` varchar(255) CHARACTER SET utf8mb3 COLLATE utf8mb3_unicode_ci NOT NULL,
  `created_at` timestamp NULL DEFAULT NULL,
  `updated_at` timestamp NULL DEFAULT NULL,
  `status_id` int unsigned DEFAULT '4',
  `user_id` int unsigned DEFAULT '1',
  `field_id` bigint unsigned DEFAULT NULL,
  `track_id` bigint unsigned DEFAULT NULL,
  `skill_id` bigint unsigned DEFAULT NULL,
  PRIMARY KEY (`id`),
  KEY `videos_status_id_foreign` (`status_id`),
  KEY `videos_user_id_foreign` (`user_id`),
  CONSTRAINT `videos_status_id_foreign` FOREIGN KEY (`status_id`) REFERENCES `statuses` (`id`) ON DELETE CASCADE,
  CONSTRAINT `videos_user_id_foreign` FOREIGN KEY (`user_id`) REFERENCES `users` (`id`) ON DELETE CASCADE
) ENGINE=InnoDB AUTO_INCREMENT=76 DEFAULT CHARSET=utf8mb3 COLLATE=utf8mb3_unicode_ci;

--
-- Dumping data for table `videos`
--

INSERT INTO `videos` VALUES (1,'/videos/fields/15/Numbers_1_to_10.mp4','Numbers 1 to 10',1,'This video explains the topic: Number 1 to 10',NULL,NULL,3,1,15,NULL,NULL),(2,'/videos/fields/15/Numbers_to_100.mp4','Numbers to 100',2,'This video explains the topic: Numbers to 100',NULL,NULL,3,1,15,NULL,NULL),(3,'/videos/fields/15/Ordinal_Numbers_to_10th.mp4','Ordinal Numbers to 10th',2,'This video explains the topic: Ordinal Numbers to 10th',NULL,NULL,3,1,15,NULL,NULL),(4,'/videos/fields/15/Numbers_to_1000.mp4','Numbers to 1000',3,'This video explains the topic: Numbers to 1000',NULL,NULL,3,1,15,NULL,NULL),(5,'/videos/fields/15/Ordinal_Numbers_to_100th.mp4','Ordinal Numbers to 100th',3,'This video explains the topic: Ordinal Numbers to 100th',NULL,NULL,3,1,15,NULL,NULL),(6,'/videos/fields/6/Area_of_rectangle.mp4','Area of rectangle',NULL,'This video explains the topic: Area of rectangle',NULL,NULL,3,1,6,NULL,NULL),(7,'/videos/fields/6/Area_of_triangle.mp4','Area of triangle',NULL,'This video explains the topic: Area of triangle',NULL,NULL,3,1,6,NULL,NULL),(8,'/videos/fields/6/cubic_units.mp4','cubic units',NULL,'This video explains the topic: cubic units',NULL,NULL,3,1,6,NULL,NULL),(9,'/videos/fields/6/volume.mp4','volume',NULL,'This video explains the topic: volume',NULL,NULL,3,1,6,NULL,NULL),(10,'/videos/fields/7/Angle.mp4','Angle',NULL,'This video explains the topic: Angle',NULL,NULL,3,1,7,NULL,NULL),(11,'/videos/fields/7/Area_of_a_Cricle.mp4','Area of a Cricle',NULL,'This video explains the topic: Area of a Cricle',NULL,NULL,3,1,7,NULL,NULL),(12,'/videos/fields/7/Circumference_of_a_Circle.mp4','Circumference of a Circle',NULL,'This video explains the topic: Circumference of a Circle',NULL,NULL,3,1,7,NULL,NULL),(13,'/videos/fields/7/Parallel_and_Perpendicular_Lines.mp4','Parallel and Perpendicular Lines',NULL,'This video explains the topic: Parallel and Perpendicular Lines',NULL,NULL,3,1,7,NULL,NULL),(14,'/videos/fields/7/Types_of_Angles.mp4','Types of Angles',NULL,'This video explains the topic: Types of Angles',NULL,NULL,3,1,7,NULL,NULL),(15,'/videos/fields/7/What_is_Pie.mp4','What is Pie',NULL,'This video explains the topic: What is Pie',NULL,NULL,3,1,7,NULL,NULL),(21,'/videos/fields/15/Numbers_to_10,000.mp4','Numbers to 10,000',4,'This video explains the topic: Numbers to 10,000',NULL,NULL,3,1,15,NULL,NULL),(22,'/videos/fields/15/Numbers_to_100,000.mp4','Numbers to 100,000',5,'This video explains the topic: Numbers to 100,000',NULL,NULL,3,1,15,NULL,NULL),(23,'/videos/fields/15/Numbers_to_1_million.mp4','Numbers to 1 million',6,'This video explains the topic: Numbers to 1 million',NULL,NULL,3,1,15,NULL,NULL),(24,'/videos/fields/15/Numbers_to_10m.mp4','Numbers to 10m',7,'This video explains the topic: Numbers to 10m',NULL,NULL,3,1,15,NULL,NULL),(34,'/videos/fields/17/Addition_1_to_10.mp4','Addition 1 to 10',1,'This video explains the topic: Addition 1 to 10',NULL,NULL,3,1,17,NULL,NULL),(35,'/videos/fields/17/Addition_to_100.mp4','Addition to 100',2,'This video explains the topic: Addition to 100',NULL,NULL,3,1,17,NULL,NULL),(36,'/videos/fields/17/Subtraction_1_to_10.mp4','Subtraction 1 to 10',2,'This video explains the topic: Subtraction 1 to 10',NULL,NULL,3,1,17,NULL,NULL),(37,'/videos/fields/17/Addition_up_to_1000.mp4','Addition up to 1000',3,'This video explains the topic: Addition up to 1000',NULL,NULL,3,1,17,NULL,NULL),(38,'/videos/fields/17/Subtraction_up_to_100.mp4','Subtraction up to 100',3,'This video explains the topic: Subtraction up to 100',NULL,NULL,3,1,17,NULL,NULL),(39,'/videos/fields/17/Subtraction_up_to_1000.mp4','Subtraction up to 1000',4,'This video explains the topic: Subtraction up to 1000',NULL,NULL,3,1,17,NULL,NULL),(40,'/videos/fields/18/Mulitplication_up_to_40.mp4','Mulitplication up to 40',1,'This video explains the topic: Mulitplication up to 40',NULL,NULL,3,1,18,NULL,NULL),(41,'/videos/fields/18/Multiples_up_to_10.mp4','Multiples up to 10',2,'This video explains the topic: Multiples up to 10',NULL,NULL,3,1,18,NULL,NULL),(42,'/videos/fields/18/Multiplication_table.mp4','Multiplication table',2,'This video explains the topic: Multiplication table',NULL,NULL,3,1,18,NULL,NULL),(43,'/videos/fields/18/Relationship_between_Multiplication_and__Division.mp4','Relationship between Multiplication and  Division',3,'This video explains the topic: Relationship between Multiplication and Division',NULL,NULL,3,1,18,NULL,NULL),(44,'/videos/fields/18/Factors_and_Multiples.mp4','Factors and Multiples',4,'This video explains the topic: Factors and Multiples',NULL,NULL,3,1,18,NULL,NULL),(45,'/videos/fields/18/Looking_for_Factors.mp4','Looking for Factors',5,'This video explains the topic: Looking for Factors',NULL,NULL,3,1,18,NULL,NULL),(46,'/videos/fields/18/Looking_for_Multiples.mp4','Looking for Multiples',6,'This video explains the topic: Looking for Multiples',NULL,NULL,3,1,18,NULL,NULL),(47,'/videos/fields/19/Introduction_to_Decimals.mp4','Introduction to Decimals',1,'This video explains the topic: Introduction to Decimals',NULL,NULL,3,1,19,NULL,NULL),(48,'/videos/fields/19/Addition_with_Decimals.mp4','Addition with Decimals',2,'This video explains the topic: Addition with Decimals',NULL,NULL,3,1,19,NULL,NULL),(49,'/videos/fields/19/Substraction_with_Decimals.mp4','Substraction with Decimals',3,'This video explains the topic: Substraction with Decimals',NULL,NULL,3,1,19,NULL,NULL),(50,'/videos/fields/19/Mulitplication_with_Decimals.mp4','Mulitplication with Decimals',4,'This video explains the topic: Multiplication with Decimals',NULL,NULL,3,1,19,NULL,NULL),(51,'/videos/fields/19/Division_with_Decimals.mp4','Division with Decimals',5,'This video explains the topic: Division with Decimals',NULL,NULL,3,1,19,NULL,NULL),(52,'/videos/fields/20/Introduction_to_Fractions.mp4','Introduction to Fractions',1,'This video explains the topic: Introduction to Fractions',NULL,NULL,3,1,20,NULL,NULL),(53,'/videos/fields/20/Like_Fractions.mp4','Like Fractions',2,'This video explains the topic: Like Fractions',NULL,NULL,3,1,20,NULL,NULL),(54,'/videos/fields/20/Adding_Fractions.mp4','Adding Fractions',3,'This video explains the topic: Adding Fractions',NULL,NULL,3,1,20,NULL,NULL),(55,'/videos/fields/20/Multiplying_Fractions.mp4','Multiplying Fractions',4,'This video explains the topic: Multiplying Fractions',NULL,NULL,3,1,20,NULL,NULL),(56,'/videos/fields/20/Fraction_Multiplication_Shortcuts.mp4','Fraction Multiplication Shortcuts',5,'This video explains the topic: Fraction Multiplication Shortcuts',NULL,NULL,3,1,20,NULL,NULL),(57,'/videos/fields/20/Fraction_Multiply_by_a_Fraction.mp4','Fraction Multiply by a Fraction',5,'This video explains the topic: Fraction Multiply by a Fraction',NULL,NULL,3,1,20,NULL,NULL),(58,'/videos/fields/20/Dividing_Fractions.mp4','Dividing Fractions',6,'This video explains the topic: Dividing Fractions',NULL,NULL,3,1,20,NULL,NULL),(59,'/videos/fields/20/Muliply_Fraction_by_an_Improper_Fraction.mp4','Muliply Fraction by an Improper Fraction',6,'This video explains the topic: Multiply Fraction by an Improper Fraction',NULL,NULL,3,1,20,NULL,NULL),(60,'/videos/fields/20/Dividing_Fractions_II.mp4','Dividing Fractions II',7,'This video explains the topic: Dividing Fractions II',NULL,NULL,3,1,20,NULL,NULL),(61,'/videos/fields/20/Fraction_Division_Shortcuts.mp4','Fraction Division Shortcuts',8,'This video explains the topic: Fraction Division Shortcuts',NULL,NULL,3,1,20,NULL,NULL),(62,'/videos/fields/20/Diving_a_whole_number_by_a_fraction.mp4','Diving a whole number by a fraction',9,'This video explains the topic: Dividing a whole number by a fraction',NULL,NULL,1,1,20,NULL,NULL),(63,'/videos/fields/20/Dividing_a_Fraction_by_a_Fraction.mp4','Dividing a Fraction by a Fraction',10,'This video explains the topic: Dividing a Fraction by a Fraction',NULL,NULL,1,1,20,NULL,NULL),(64,'/videos/fields/20/Dividing_Fractions_by_Improper_Fractions.mp4','Dividing Fractions by Improper Fractions',11,'This video explains the topic: Dividing Fractions by Improper Fractions',NULL,NULL,1,1,20,NULL,NULL),(65,'/videos/fields/20/Ratio.mp4','Ratio',12,'This video explains the topic: Ratio',NULL,NULL,1,1,20,NULL,NULL),(66,'/videos/fields/21/Tell_Time_by_the_hour.mp4','Tell Time by the hour',1,'This video explains the topic: Telling time by the hour',NULL,NULL,1,1,21,NULL,NULL),(67,'/videos/fields/21/Tell_Time_to_the_Minute.mp4','Tell Time to the Minute',2,'This video explains the topic: Telling time to the minute',NULL,NULL,1,1,21,NULL,NULL),(68,'/videos/fields/22/Speed.mp4','Speed',1,'This video explains the topic: Speed',NULL,NULL,1,1,22,NULL,NULL),(69,'/videos/fields/22/Distance,_Time,_Speed.mp4','Distance, Time, Speed',2,'This video explains the relationship between distance, time, and speed',NULL,NULL,1,1,22,NULL,NULL),(70,'/videos/fields/23/Average.mp4','Average',1,'This video explains the topic: Averages',NULL,NULL,1,1,23,NULL,NULL),(71,'/videos/fields/24/Money.mp4','Money',1,'This video explains the topic: Money',NULL,NULL,1,1,24,NULL,NULL),(72,'/videos/fields/25/Estimation.mp4','Estimation',1,'This video explains the topic: Estimation',NULL,NULL,1,1,25,NULL,NULL),(73,'/videos/fields/26/Introduction_to_Percentage.mp4','Introduction to Percentage',1,'This video explains the topic: Introduction to Percentage',NULL,NULL,1,1,26,NULL,NULL),(74,'/videos/fields/26/Fractions_to_Percentage.mp4','Fractions to Percentage',2,'This video explains how to convert fractions to percentages',NULL,NULL,1,1,26,NULL,NULL),(75,'/videos/fields/26/Percentage_to_Fractions.mp4','Percentage to Fractions',3,'This video explains how to convert percentages to fractions',NULL,NULL,1,1,26,NULL,NULL);


