(2188,'sharon.shiling.tan@gmail.com\'s 08/24/2021 test','sharon.shiling.tan@gmail.com\'s 08/24/2021 Test',0,NULL,'2021-08-23 00:00:00','2022-08-24 00:00:00','0000-00-00 00:00:00',2,'highest',1,2,'2021-08-24 03:34:50','2021-08-24 03:34:50',4,0.00,0,0.00,0,0),(2189,'sharon.shiling.tan@gmail.com\'s 08/26/2021 test','sharon.shiling.tan@gmail.com\'s 08/26/2021 Test',0,NULL,'2021-08-25 00:00:00','2022-08-26 00:00:00','0000-00-00 00:00:00',2,'highest',1,2,'2021-08-26 03:57:09','2021-08-26 03:57:09',4,0.00,0,0.00,0,0),(2190,'sharon.shiling.tan@gmail.com\'s 08/26/2021 test','sharon.shiling.tan@gmail.com\'s 08/26/2021 Test',0,NULL,'2021-08-25 00:00:00','2022-08-26 00:00:00','0000-00-00 00:00:00',2,'highest',1,2,'2021-08-26 04:12:19','2021-08-26 04:12:19',4,0.00,0,0.00,0,0),(2191,'sharon.shiling.tan@gmail.com\'s 08/27/2021 test','sharon.shiling.tan@gmail.com\'s 08/27/2021 Test',0,NULL,'2021-08-26 00:00:00','2022-08-27 00:00:00','0000-00-00 00:00:00',2,'highest',1,2,'2021-08-27 05:29:47','2021-08-27 05:31:39',4,400.00,0,0.00,0,0),(2192,'sharon.shiling.tan@gmail.com\'s 08/27/2021 test','sharon.shiling.tan@gmail.com\'s 08/27/2021 Test',0,NULL,'2021-08-26 00:00:00','2022-08-27 00:00:00','0000-00-00 00:00:00',2,'highest',1,2,'2021-08-27 05:32:45','2021-08-27 05:32:45',4,0.00,0,0.00,0,0),(2193,'sharon.shiling.tan@gmail.com\'s 09/03/2021 test','sharon.shiling.tan@gmail.com\'s 09/03/2021 Test',0,NULL,'2021-09-02 00:00:00','2022-09-03 00:00:00','0000-00-00 00:00:00',2,'highest',1,2,'2021-09-03 23:06:22','2021-09-03 23:06:22',4,0.00,0,0.00,0,0),(2194,'sharon.tan1@ibm.com\'s Diagnostic test','sharon.tan1@ibm.com\'s diagnostic test 2021-09-09',1,NULL,'2021-09-08 00:00:00','2022-09-09 00:00:00','0000-00-00 00:00:00',2,'highest',1,2,'2021-09-09 09:00:32','2021-09-10 03:44:27',3,0.00,0,0.00,0,0),(2195,'sharon.tan1@ibm.com\'s 09/10/2021 test','sharon.tan1@ibm.com\'s 09/10/2021 Test',0,NULL,'2021-09-09 00:00:00','2022-09-10 00:00:00','0000-00-00 00:00:00',2,'highest',1,2,'2021-09-10 03:44:50','2021-09-10 03:44:50',3,0.00,0,0.00,0,0),(2196,'sharon.tan1@ibm.com\'s 09/10/2021 test','sharon.tan1@ibm.com\'s 09/10/2021 Test',0,NULL,'2021-09-09 00:00:00','2022-09-10 00:00:00','0000-00-00 00:00:00',2,'highest',1,2,'2021-09-10 03:47:20','2021-09-10 03:47:20',3,0.00,0,0.00,0,0),(2197,'sharon.tan1@ibm.com\'s 09/10/2021 test','sharon.tan1@ibm.com\'s 09/10/2021 Test',0,NULL,'2021-09-09 00:00:00','2022-09-10 00:00:00','0000-00-00 00:00:00',2,'highest',1,2,'2021-09-10 03:58:19','2021-09-10 07:52:05',3,300.00,0,0.00,0,0),(2198,'sharon.tan1@ibm.com\'s 09/10/2021 test','sharon.tan1@ibm.com\'s 09/10/2021 Test',0,NULL,'2021-09-09 00:00:00','2022-09-10 00:00:00','0000-00-00 00:00:00',2,'highest',1,2,'2021-09-10 07:54:26','2021-09-10 07:54:26',3,0.00,0,0.00,0,0),(2199,'sharon.tan1@ibm.com\'s 09/10/2021 test','sharon.tan1@ibm.com\'s 09/10/2021 Test',0,NULL,'2021-09-09 00:00:00','2022-09-10 00:00:00','0000-00-00 00:00:00',2,'highest',1,2,'2021-09-10 08:09:39','2021-09-10 08:09:39',3,0.00,0,0.00,0,0),(2200,'sharon.shiling.tan@gmail.com\'s 09/10/2021 test','sharon.shiling.tan@gmail.com\'s 09/10/2021 Test',0,NULL,'2021-09-09 00:00:00','2022-09-10 00:00:00','0000-00-00 00:00:00',2,'highest',1,2,'2021-09-10 08:15:52','2021-09-10 08:15:52',4,0.00,0,0.00,0,0),(2201,'sharon.shiling.tan@gmail.com\'s 09/10/2021 test','sharon.shiling.tan@gmail.com\'s 09/10/2021 Test',0,NULL,'2021-09-09 00:00:00','2022-09-10 00:00:00','0000-00-00 00:00:00',2,'highest',1,2,'2021-09-10 08:24:45','2021-09-10 08:24:45',4,0.00,0,0.00,0,0),(2202,'sharon.shiling.tan@gmail.com\'s 09/10/2021 test','sharon.shiling.tan@gmail.com\'s 09/10/2021 Test',0,NULL,'2021-09-09 00:00:00','2022-09-10 00:00:00','0000-00-00 00:00:00',2,'highest',1,2,'2021-09-10 08:26:30','2021-09-10 08:26:30',4,0.00,0,0.00,0,0),(2203,'sharon.shiling.tan@gmail.com\'s 09/10/2021 test','sharon.shiling.tan@gmail.com\'s 09/10/2021 Test',0,NULL,'2021-09-09 00:00:00','2022-09-10 00:00:00','0000-00-00 00:00:00',2,'highest',1,2,'2021-09-10 08:28:13','2021-09-10 08:28:13',4,0.00,0,0.00,0,0),(2204,'sharon.shiling.tan@gmail.com\'s 09/10/2021 test','sharon.shiling.tan@gmail.com\'s 09/10/2021 Test',0,NULL,'2021-09-09 00:00:00','2022-09-10 00:00:00','0000-00-00 00:00:00',2,'highest',1,2,'2021-09-10 08:29:53','2021-09-10 08:30:59',4,400.00,0,0.00,0,0),(2205,'sharon.shiling.tan@gmail.com\'s 09/10/2021 test','sharon.shiling.tan@gmail.com\'s 09/10/2021 Test',0,NULL,'2021-09-09 00:00:00','2022-09-10 00:00:00','0000-00-00 00:00:00',2,'highest',1,2,'2021-09-10 08:31:35','2021-09-10 08:31:35',4,0.00,0,0.00,0,0),(2206,'sharon.shiling.tan@gmail.com\'s 09/10/2021 test','sharon.shiling.tan@gmail.com\'s 09/10/2021 Test',0,NULL,'2021-09-09 00:00:00','2022-09-10 00:00:00','0000-00-00 00:00:00',2,'highest',1,2,'2021-09-10 08:34:09','2021-09-10 08:34:09',4,0.00,0,0.00,0,0),(2207,'sharon.tan1@ibm.com\'s 09/10/2021 test','sharon.tan1@ibm.com\'s 09/10/2021 Test',0,NULL,'2021-09-09 00:00:00','2022-09-10 00:00:00','0000-00-00 00:00:00',2,'highest',1,2,'2021-09-10 09:18:09','2021-09-10 09:18:09',3,0.00,0,0.00,0,0),(2208,'sharon.tan1@ibm.com\'s 09/10/2021 test','sharon.tan1@ibm.com\'s 09/10/2021 Test',0,NULL,'2021-09-09 00:00:00','2022-09-10 00:00:00','0000-00-00 00:00:00',2,'highest',1,2,'2021-09-10 09:27:51','2021-09-10 09:27:51',3,0.00,0,0.00,0,0),(2209,'sharon.shiling.tan@gmail.com\'s 09/13/2021 test','sharon.shiling.tan@gmail.com\'s 09/13/2021 Test',0,NULL,'2021-09-12 00:00:00','2022-09-13 00:00:00','0000-00-00 00:00:00',2,'highest',1,2,'2021-09-13 09:27:20','2021-09-13 09:47:18',4,400.00,0,0.00,0,0),(2210,'sharon.shiling.tan@gmail.com\'s 09/13/2021 test','sharon.shiling.tan@gmail.com\'s 09/13/2021 Test',0,NULL,'2021-09-12 00:00:00','2022-09-13 00:00:00','0000-00-00 00:00:00',2,'highest',1,2,'2021-09-13 09:49:12','2021-09-13 10:07:14',5,500.00,0,0.00,0,0),(2211,'sharon.shiling.tan@gmail.com\'s 09/14/2021 test','sharon.shiling.tan@gmail.com\'s 09/14/2021 Test',0,NULL,'2021-09-13 00:00:00','2022-09-14 00:00:00','0000-00-00 00:00:00',2,'highest',1,2,'2021-09-14 09:40:05','2021-09-14 09:40:05',5,0.00,0,0.00,0,0),(2212,'sharon.shiling.tan@gmail.com\'s 09/14/2021 test','sharon.shiling.tan@gmail.com\'s 09/14/2021 Test',0,NULL,'2021-09-13 00:00:00','2022-09-14 00:00:00','0000-00-00 00:00:00',2,'highest',1,2,'2021-09-14 09:44:41','2021-09-14 09:44:41',5,0.00,0,0.00,0,0),(2213,'sharon.shiling.tan@gmail.com\'s 09/14/2021 test','sharon.shiling.tan@gmail.com\'s 09/14/2021 Test',0,NULL,'2021-09-13 00:00:00','2022-09-14 00:00:00','0000-00-00 00:00:00',2,'highest',1,2,'2021-09-14 09:49:13','2021-09-14 09:49:13',5,0.00,0,0.00,0,0),(2214,'sharon.shiling.tan@gmail.com\'s 09/14/2021 test','sharon.shiling.tan@gmail.com\'s 09/14/2021 Test',0,NULL,'2021-09-13 00:00:00','2022-09-14 00:00:00','0000-00-00 00:00:00',2,'highest',1,2,'2021-09-14 09:54:59','2021-09-14 09:57:47',5,500.00,0,0.00,0,0),(2215,'sharon.shiling.tan@gmail.com\'s 09/14/2021 test','sharon.shiling.tan@gmail.com\'s 09/14/2021 Test',0,NULL,'2021-09-13 00:00:00','2022-09-14 00:00:00','0000-00-00 00:00:00',2,'highest',1,2,'2021-09-14 09:58:47','2021-09-14 09:58:47',5,0.00,0,0.00,0,0),(2216,'pamelaliusm@gmail.com\'s 09/16/2021 test','pamelaliusm@gmail.com\'s 09/16/2021 Test',0,NULL,'2021-09-15 00:00:00','2022-09-16 00:00:00','0000-00-00 00:00:00',2,'highest',1,2,'2021-09-16 03:05:11','2021-09-16 03:05:11',4,0.00,0,0.00,0,0),(2217,'sharon.tan1@ibm.com\'s 09/16/2021 test','sharon.tan1@ibm.com\'s 09/16/2021 Test',0,NULL,'2021-09-15 00:00:00','2022-09-16 00:00:00','0000-00-00 00:00:00',2,'highest',1,2,'2021-09-16 08:46:01','2021-09-16 08:55:07',3,300.00,0,0.00,0,0),(2218,'sharon.tan1@ibm.com\'s 09/16/2021 test','sharon.tan1@ibm.com\'s 09/16/2021 Test',0,NULL,'2021-09-15 00:00:00','2022-09-16 00:00:00','0000-00-00 00:00:00',2,'highest',1,2,'2021-09-16 08:55:18','2021-09-16 08:55:18',4,0.00,0,0.00,0,0),(2219,'sharon.tan1@ibm.com\'s 09/16/2021 test','sharon.tan1@ibm.com\'s 09/16/2021 Test',0,NULL,'2021-09-15 00:00:00','2022-09-16 00:00:00','0000-00-00 00:00:00',2,'highest',1,2,'2021-09-16 09:06:55','2021-09-16 09:06:55',4,0.00,0,0.00,0,0),(2220,'sharon.shiling.tan@gmail.com\'s 09/21/2021 test','sharon.shiling.tan@gmail.com\'s 09/21/2021 Test',0,NULL,'2021-09-20 00:00:00','2022-09-21 00:00:00','0000-00-00 00:00:00',2,'highest',1,2,'2021-09-21 08:03:36','2021-09-21 08:03:36',5,0.00,0,0.00,0,0),(2221,'sharon.shiling.tan@gmail.com\'s 09/21/2021 test','sharon.shiling.tan@gmail.com\'s 09/21/2021 Test',0,NULL,'2021-09-20 00:00:00','2022-09-21 00:00:00','0000-00-00 00:00:00',2,'highest',1,2,'2021-09-21 08:08:49','2021-09-21 08:08:49',5,0.00,0,0.00,0,0),(2222,'sharon.shiling.tan@gmail.com\'s 09/21/2021 test','sharon.shiling.tan@gmail.com\'s 09/21/2021 Test',0,NULL,'2021-09-20 00:00:00','2022-09-21 00:00:00','0000-00-00 00:00:00',2,'highest',1,2,'2021-09-21 08:12:35','2021-09-21 08:25:19',5,500.00,0,0.00,0,0),(2223,'sharon.shiling.tan@gmail.com\'s 09/21/2021 test','sharon.shiling.tan@gmail.com\'s 09/21/2021 Test',0,NULL,'2021-09-20 00:00:00','2022-09-21 00:00:00','0000-00-00 00:00:00',2,'highest',1,2,'2021-09-21 08:28:07','2021-09-21 08:33:34',5,500.00,0,0.00,0,0),(2224,'sharon.shiling.tan@gmail.com\'s 09/21/2021 test','sharon.shiling.tan@gmail.com\'s 09/21/2021 Test',0,NULL,'2021-09-20 00:00:00','2022-09-21 00:00:00','0000-00-00 00:00:00',2,'highest',1,2,'2021-09-21 08:33:53','2021-09-21 08:33:53',5,0.00,0,0.00,0,0),(2225,'sharon.shiling.tan@gmail.com\'s 09/22/2021 test','sharon.shiling.tan@gmail.com\'s 09/22/2021 Test',0,NULL,'2021-09-21 00:00:00','2022-09-22 00:00:00','0000-00-00 00:00:00',2,'highest',1,2,'2021-09-22 08:11:06','2021-09-22 08:11:06',5,0.00,0,0.00,0,0),(2226,'sharon.shiling.tan@gmail.com\'s 09/22/2021 test','sharon.shiling.tan@gmail.com\'s 09/22/2021 Test',0,NULL,'2021-09-21 00:00:00','2022-09-22 00:00:00','0000-00-00 00:00:00',2,'highest',1,2,'2021-09-22 08:16:52','2021-09-22 08:18:41',5,500.00,0,0.00,0,0),(2227,'sharon.tan1@ibm.com\'s 09/22/2021 test','sharon.tan1@ibm.com\'s 09/22/2021 Test',0,NULL,'2021-09-21 00:00:00','2022-09-22 00:00:00','0000-00-00 00:00:00',2,'highest',1,2,'2021-09-22 08:16:54','2021-09-22 08:16:54',4,0.00,0,0.00,0,0),(2228,'sharon.shiling.tan@gmail.com\'s 09/22/2021 test','sharon.shiling.tan@gmail.com\'s 09/22/2021 Test',0,NULL,'2021-09-21 00:00:00','2022-09-22 00:00:00','0000-00-00 00:00:00',2,'highest',1,2,'2021-09-22 08:20:13','2021-09-22 08:20:13',5,0.00,0,0.00,0,0),(2229,'sharon.shiling.tan@gmail.com\'s 09/22/2021 test','sharon.shiling.tan@gmail.com\'s 09/22/2021 Test',0,NULL,'2021-09-21 00:00:00','2022-09-22 00:00:00','0000-00-00 00:00:00',2,'highest',1,2,'2021-09-22 08:23:49','2021-09-22 08:26:01',5,500.00,0,0.00,0,0),(2230,'sharon.shiling.tan@gmail.com\'s 09/22/2021 test','sharon.shiling.tan@gmail.com\'s 09/22/2021 Test',0,NULL,'2021-09-21 00:00:00','2022-09-22 00:00:00','0000-00-00 00:00:00',2,'highest',1,2,'2021-09-22 08:26:21','2021-09-22 08:26:21',5,0.00,0,0.00,0,0),(2231,'sharon.tan1@ibm.com\'s 09/22/2021 test','sharon.tan1@ibm.com\'s 09/22/2021 Test',0,NULL,'2021-09-21 00:00:00','2022-09-22 00:00:00','0000-00-00 00:00:00',2,'highest',1,2,'2021-09-22 08:27:03','2021-09-22 08:27:03',4,0.00,0,0.00,0,0),(2232,'sharon.shiling.tan@gmail.com\'s 09/22/2021 test','sharon.shiling.tan@gmail.com\'s 09/22/2021 Test',0,NULL,'2021-09-21 00:00:00','2022-09-22 00:00:00','0000-00-00 00:00:00',2,'highest',1,2,'2021-09-22 08:34:36','2021-09-22 08:34:36',5,0.00,0,0.00,0,0),(2233,'sharon.tan1@ibm.com\'s 09/22/2021 test','sharon.tan1@ibm.com\'s 09/22/2021 Test',0,NULL,'2021-09-21 00:00:00','2022-09-22 00:00:00','0000-00-00 00:00:00',2,'highest',1,2,'2021-09-22 08:35:40','2021-09-22 08:36:25',4,400.00,0,0.00,0,0),(2234,'sharon.shiling.tan@gmail.com\'s 09/22/2021 test','sharon.shiling.tan@gmail.com\'s 09/22/2021 Test',0,NULL,'2021-09-21 00:00:00','2022-09-22 00:00:00','0000-00-00 00:00:00',2,'highest',1,2,'2021-09-22 08:36:50','2021-09-22 08:36:50',5,0.00,0,0.00,0,0),(2235,'sharon.tan1@ibm.com\'s 09/22/2021 test','sharon.tan1@ibm.com\'s 09/22/2021 Test',0,NULL,'2021-09-21 00:00:00','2022-09-22 00:00:00','0000-00-00 00:00:00',2,'highest',1,2,'2021-09-22 08:38:07','2021-09-22 08:38:07',4,0.00,0,0.00,0,0),(2236,'sharon.tan1@ibm.com\'s 09/22/2021 test','sharon.tan1@ibm.com\'s 09/22/2021 Test',0,NULL,'2021-09-21 00:00:00','2022-09-22 00:00:00','0000-00-00 00:00:00',2,'highest',1,2,'2021-09-22 08:39:54','2021-09-22 08:39:54',4,0.00,0,0.00,0,0),(2237,'sharon.tan1@ibm.com\'s 09/22/2021 test','sharon.tan1@ibm.com\'s 09/22/2021 Test',0,NULL,'2021-09-21 00:00:00','2022-09-22 00:00:00','0000-00-00 00:00:00',2,'highest',1,2,'2021-09-22 08:44:20','2021-09-22 08:44:20',4,0.00,0,0.00,0,0),(2238,'sharon.tan1@ibm.com\'s 09/22/2021 test','sharon.tan1@ibm.com\'s 09/22/2021 Test',0,NULL,'2021-09-21 00:00:00','2022-09-22 00:00:00','0000-00-00 00:00:00',2,'highest',1,2,'2021-09-22 08:50:56','2021-09-22 08:50:56',4,0.00,0,0.00,0,0),(2239,'sharon.tan1@ibm.com\'s 09/22/2021 test','sharon.tan1@ibm.com\'s 09/22/2021 Test',0,NULL,'2021-09-21 00:00:00','2022-09-22 00:00:00','0000-00-00 00:00:00',2,'highest',1,2,'2021-09-22 08:58:06','2021-09-22 09:00:04',4,400.00,0,0.00,0,0),(2240,'sharon.tan1@ibm.com\'s 09/22/2021 test','sharon.tan1@ibm.com\'s 09/22/2021 Test',0,NULL,'2021-09-21 00:00:00','2022-09-22 00:00:00','0000-00-00 00:00:00',2,'highest',1,2,'2021-09-22 09:00:25','2021-09-22 09:00:25',4,0.00,0,0.00,0,0),(2241,'sharon.shiling.tan@gmail.com\'s 09/23/2021 test','sharon.shiling.tan@gmail.com\'s 09/23/2021 Test',0,NULL,'2021-09-22 00:00:00','2022-09-23 00:00:00','0000-00-00 00:00:00',2,'highest',1,2,'2021-09-23 09:14:06','2021-09-23 09:14:06',5,0.00,0,0.00,0,0),(2242,'sharon.tan1@ibm.com\'s 09/23/2021 test','sharon.tan1@ibm.com\'s 09/23/2021 Test',0,NULL,'2021-09-22 00:00:00','2022-09-23 00:00:00','0000-00-00 00:00:00',2,'highest',1,2,'2021-09-23 09:15:01','2021-09-23 09:16:35',4,400.00,0,0.00,0,0),(2243,'sharon.tan1@ibm.com\'s 09/23/2021 test','sharon.tan1@ibm.com\'s 09/23/2021 Test',0,NULL,'2021-09-22 00:00:00','2022-09-23 00:00:00','0000-00-00 00:00:00',2,'highest',1,2,'2021-09-23 09:20:02','2021-09-23 09:29:48',5,500.00,0,0.00,0,0),(2244,'sharon.tan1@ibm.com\'s 09/23/2021 test','sharon.tan1@ibm.com\'s 09/23/2021 Test',0,NULL,'2021-09-22 00:00:00','2022-09-23 00:00:00','0000-00-00 00:00:00',2,'highest',1,2,'2021-09-23 09:29:55','2021-09-23 09:29:55',5,0.00,0,0.00,0,0),(2245,'sharon.shiling.tan@gmail.com\'s 09/24/2021 test','sharon.shiling.tan@gmail.com\'s 09/24/2021 Test',0,NULL,'2021-09-23 00:00:00','2022-09-24 00:00:00','0000-00-00 00:00:00',2,'highest',1,2,'2021-09-24 07:35:34','2021-09-24 07:35:34',5,0.00,0,0.00,0,0),(2246,'sharon.shiling.tan@gmail.com\'s 09/24/2021 test','sharon.shiling.tan@gmail.com\'s 09/24/2021 Test',0,NULL,'2021-09-23 00:00:00','2022-09-24 00:00:00','0000-00-00 00:00:00',2,'highest',1,2,'2021-09-24 07:41:02','2021-09-24 07:45:34',5,500.00,0,0.00,0,0),(2247,'sharon.shiling.tan@gmail.com\'s 09/28/2021 test','sharon.shiling.tan@gmail.com\'s 09/28/2021 Test',0,NULL,'2021-09-27 00:00:00','2022-09-28 00:00:00','0000-00-00 00:00:00',2,'highest',1,2,'2021-09-28 06:42:05','2021-09-28 06:42:05',6,0.00,0,0.00,0,0),(2248,'sharon.shiling.tan@gmail.com\'s 09/28/2021 test','sharon.shiling.tan@gmail.com\'s 09/28/2021 Test',0,NULL,'2021-09-27 00:00:00','2022-09-28 00:00:00','0000-00-00 00:00:00',2,'highest',1,2,'2021-09-28 06:56:54','2021-09-28 06:56:54',6,0.00,0,0.00,0,0),(2249,'sharon.shiling.tan@gmail.com\'s 09/28/2021 test','sharon.shiling.tan@gmail.com\'s 09/28/2021 Test',0,NULL,'2021-09-27 00:00:00','2022-09-28 00:00:00','0000-00-00 00:00:00',2,'highest',1,2,'2021-09-28 07:00:56','2021-09-28 07:00:56',6,0.00,0,0.00,0,0),(2250,'sharon.shiling.tan@gmail.com\'s 09/29/2021 test','sharon.shiling.tan@gmail.com\'s 09/29/2021 Test',0,NULL,'2021-09-28 00:00:00','2022-09-29 00:00:00','0000-00-00 00:00:00',2,'highest',1,2,'2021-09-29 07:42:56','2021-09-29 07:42:56',6,0.00,0,0.00,0,0),(2251,'sharon.shiling.tan@gmail.com\'s 09/29/2021 test','sharon.shiling.tan@gmail.com\'s 09/29/2021 Test',0,NULL,'2021-09-28 00:00:00','2022-09-29 00:00:00','0000-00-00 00:00:00',2,'highest',1,2,'2021-09-29 07:52:03','2021-09-29 07:52:03',6,0.00,0,0.00,0,0),(2252,'sharon.shiling.tan@gmail.com\'s 09/29/2021 test','sharon.shiling.tan@gmail.com\'s 09/29/2021 Test',0,NULL,'2021-09-28 00:00:00','2022-09-29 00:00:00','0000-00-00 00:00:00',2,'highest',1,2,'2021-09-29 07:56:56','2021-09-29 07:56:56',6,0.00,0,0.00,0,0),(2253,'sharon.shiling.tan@gmail.com\'s 09/29/2021 test','sharon.shiling.tan@gmail.com\'s 09/29/2021 Test',0,NULL,'2021-09-28 00:00:00','2022-09-29 00:00:00','0000-00-00 00:00:00',2,'highest',1,2,'2021-09-29 07:58:06','2021-09-29 07:58:06',6,0.00,0,0.00,0,0),(2254,'sharon.tan1@ibm.com\'s 09/29/2021 test','sharon.tan1@ibm.com\'s 09/29/2021 Test',0,NULL,'2021-09-28 00:00:00','2022-09-29 00:00:00','0000-00-00 00:00:00',2,'highest',1,2,'2021-09-29 07:58:23','2021-09-29 08:41:05',5,500.00,0,0.00,0,0),(2255,'sharon.shiling.tan@gmail.com\'s 09/29/2021 test','sharon.shiling.tan@gmail.com\'s 09/29/2021 Test',0,NULL,'2021-09-28 00:00:00','2022-09-29 00:00:00','0000-00-00 00:00:00',2,'highest',1,2,'2021-09-29 07:58:55','2021-09-29 07:58:55',6,0.00,0,0.00,0,0),(2256,'sharon.shiling.tan@gmail.com\'s 09/29/2021 test','sharon.shiling.tan@gmail.com\'s 09/29/2021 Test',0,NULL,'2021-09-28 00:00:00','2022-09-29 00:00:00','0000-00-00 00:00:00',2,'highest',1,2,'2021-09-29 07:59:51','2021-09-29 08:00:40',6,600.00,0,0.00,0,0),(2257,'sharon.shiling.tan@gmail.com\'s 09/29/2021 test','sharon.shiling.tan@gmail.com\'s 09/29/2021 Test',0,NULL,'2021-09-28 00:00:00','2022-09-29 00:00:00','0000-00-00 00:00:00',2,'highest',1,2,'2021-09-29 08:01:03','2021-09-29 08:01:34',6,600.00,0,0.00,0,0),(2258,'sharon.shiling.tan@gmail.com\'s 09/29/2021 test','sharon.shiling.tan@gmail.com\'s 09/29/2021 Test',0,NULL,'2021-09-28 00:00:00','2022-09-29 00:00:00','0000-00-00 00:00:00',2,'highest',1,2,'2021-09-29 08:01:59','2021-09-29 08:02:50',6,600.00,0,0.00,0,0),(2259,'sharon.shiling.tan@gmail.com\'s 09/29/2021 test','sharon.shiling.tan@gmail.com\'s 09/29/2021 Test',0,NULL,'2021-09-28 00:00:00','2022-09-29 00:00:00','0000-00-00 00:00:00',2,'highest',1,2,'2021-09-29 08:04:04','2021-09-29 08:04:04',6,0.00,0,0.00,0,0),(2260,'sharon.shiling.tan@gmail.com\'s 09/29/2021 test','sharon.shiling.tan@gmail.com\'s 09/29/2021 Test',0,NULL,'2021-09-28 00:00:00','2022-09-29 00:00:00','0000-00-00 00:00:00',2,'highest',1,2,'2021-09-29 08:06:18','2021-09-29 08:06:18',6,0.00,0,0.00,0,0),(2261,'sharon.shiling.tan@gmail.com\'s 09/29/2021 test','sharon.shiling.tan@gmail.com\'s 09/29/2021 Test',0,NULL,'2021-09-28 00:00:00','2022-09-29 00:00:00','0000-00-00 00:00:00',2,'highest',1,2,'2021-09-29 08:09:09','2021-09-29 08:09:09',6,0.00,0,0.00,0,0),(2262,'sharon.shiling.tan@gmail.com\'s 09/29/2021 test','sharon.shiling.tan@gmail.com\'s 09/29/2021 Test',0,NULL,'2021-09-28 00:00:00','2022-09-29 00:00:00','0000-00-00 00:00:00',2,'highest',1,2,'2021-09-29 08:11:16','2021-09-29 08:11:16',6,0.00,0,0.00,0,0),(2263,'sharon.shiling.tan@gmail.com\'s 09/29/2021 test','sharon.shiling.tan@gmail.com\'s 09/29/2021 Test',0,NULL,'2021-09-28 00:00:00','2022-09-29 00:00:00','0000-00-00 00:00:00',2,'highest',1,2,'2021-09-29 08:12:44','2021-09-29 08:12:44',6,0.00,0,0.00,0,0),(2264,'sharon.shiling.tan@gmail.com\'s 09/29/2021 test','sharon.shiling.tan@gmail.com\'s 09/29/2021 Test',0,NULL,'2021-09-28 00:00:00','2022-09-29 00:00:00','0000-00-00 00:00:00',2,'highest',1,2,'2021-09-29 08:13:33','2021-09-29 08:13:33',6,0.00,0,0.00,0,0),(2265,'sharon.shiling.tan@gmail.com\'s 09/29/2021 test','sharon.shiling.tan@gmail.com\'s 09/29/2021 Test',0,NULL,'2021-09-28 00:00:00','2022-09-29 00:00:00','0000-00-00 00:00:00',2,'highest',1,2,'2021-09-29 08:33:41','2021-10-14 08:11:54',6,600.00,0,0.00,0,0),(2266,'sharon.tan1@ibm.com\'s 09/29/2021 test','sharon.tan1@ibm.com\'s 09/29/2021 Test',0,NULL,'2021-09-28 00:00:00','2022-09-29 00:00:00','0000-00-00 00:00:00',2,'highest',1,2,'2021-09-29 08:41:13','2021-09-29 08:42:32',5,500.00,0,0.00,0,0),(2267,'sharon.tan1@ibm.com\'s 09/29/2021 test','sharon.tan1@ibm.com\'s 09/29/2021 Test',0,NULL,'2021-09-28 00:00:00','2022-09-29 00:00:00','0000-00-00 00:00:00',2,'highest',1,2,'2021-09-29 08:45:59','2021-09-29 08:45:59',5,0.00,0,0.00,0,0),(2268,'sharon.tan1@ibm.com\'s 09/29/2021 test','sharon.tan1@ibm.com\'s 09/29/2021 Test',0,NULL,'2021-09-28 00:00:00','2022-09-29 00:00:00','0000-00-00 00:00:00',2,'highest',1,2,'2021-09-29 08:50:33','2021-09-29 08:50:33',5,0.00,0,0.00,0,0),(2269,'sharon.tan1@ibm.com\'s 09/29/2021 test','sharon.tan1@ibm.com\'s 09/29/2021 Test',0,NULL,'2021-09-28 00:00:00','2022-09-29 00:00:00','0000-00-00 00:00:00',2,'highest',1,2,'2021-09-29 08:57:22','2021-09-29 08:57:22',5,0.00,0,0.00,0,0),(2270,'sharon.tan1@ibm.com\'s 10/14/2021 test','sharon.tan1@ibm.com\'s 10/14/2021 Test',0,NULL,'2021-10-13 00:00:00','2022-10-14 00:00:00','0000-00-00 00:00:00',2,'highest',1,2,'2021-10-14 07:41:26','2021-10-14 07:47:34',5,500.00,0,0.00,0,0),(2271,'sharon.tan1@ibm.com\'s 10/14/2021 test','sharon.tan1@ibm.com\'s 10/14/2021 Test',0,NULL,'2021-10-13 00:00:00','2022-10-14 00:00:00','0000-00-00 00:00:00',2,'highest',1,2,'2021-10-14 07:47:52','2021-10-14 07:47:52',5,0.00,0,0.00,0,0),(2272,'sharon.tan1@ibm.com\'s 10/14/2021 test','sharon.tan1@ibm.com\'s 10/14/2021 Test',0,NULL,'2021-10-13 00:00:00','2022-10-14 00:00:00','0000-00-00 00:00:00',2,'highest',1,2,'2021-10-14 07:52:42','2021-10-14 07:52:42',5,0.00,0,0.00,0,0),(2273,'sharon.tan1@ibm.com\'s 10/14/2021 test','sharon.tan1@ibm.com\'s 10/14/2021 Test',0,NULL,'2021-10-13 00:00:00','2022-10-14 00:00:00','0000-00-00 00:00:00',2,'highest',1,2,'2021-10-14 07:57:13','2021-10-14 07:57:13',5,0.00,0,0.00,0,0),(2274,'sharon.tan1@ibm.com\'s 10/14/2021 test','sharon.tan1@ibm.com\'s 10/14/2021 Test',0,NULL,'2021-10-13 00:00:00','2022-10-14 00:00:00','0000-00-00 00:00:00',2,'highest',1,2,'2021-10-14 07:58:56','2021-10-14 07:58:56',5,0.00,0,0.00,0,0),(2275,'sharon.tan1@ibm.com\'s 10/14/2021 test','sharon.tan1@ibm.com\'s 10/14/2021 Test',0,NULL,'2021-10-13 00:00:00','2022-10-14 00:00:00','0000-00-00 00:00:00',2,'highest',1,2,'2021-10-14 08:00:29','2021-10-14 08:00:29',5,0.00,0,0.00,0,0),(2276,'sharon.tan1@ibm.com\'s 10/14/2021 test','sharon.tan1@ibm.com\'s 10/14/2021 Test',0,NULL,'2021-10-13 00:00:00','2022-10-14 00:00:00','0000-00-00 00:00:00',2,'highest',1,2,'2021-10-14 08:02:38','2021-10-14 08:07:11',5,500.00,0,0.00,0,0),(2277,'sharon.tan1@ibm.com\'s 10/14/2021 test','sharon.tan1@ibm.com\'s 10/14/2021 Test',0,NULL,'2021-10-13 00:00:00','2022-10-14 00:00:00','0000-00-00 00:00:00',2,'highest',1,2,'2021-10-14 08:07:29','2021-10-14 08:08:43',5,500.00,0,0.00,0,0),(2278,'sharon.tan1@ibm.com\'s 10/14/2021 test','sharon.tan1@ibm.com\'s 10/14/2021 Test',0,NULL,'2021-10-13 00:00:00','2022-10-14 00:00:00','0000-00-00 00:00:00',2,'highest',1,2,'2021-10-14 08:10:07','2021-10-14 08:10:07',5,0.00,0,0.00,0,0),(2279,'sharon.tan1@ibm.com\'s 10/14/2021 test','sharon.tan1@ibm.com\'s 10/14/2021 Test',0,NULL,'2021-10-13 00:00:00','2022-10-14 00:00:00','0000-00-00 00:00:00',2,'highest',1,2,'2021-10-14 08:14:11','2021-10-14 08:14:11',5,0.00,0,0.00,0,0),(2280,'sharon.shiling.tan@gmail.com\'s 11/26/2021 test','sharon.shiling.tan@gmail.com\'s 11/26/2021 Test',0,NULL,'2021-11-25 00:00:00','2022-11-26 00:00:00','0000-00-00 00:00:00',2,'highest',1,2,'2021-11-26 06:16:48','2021-11-26 06:16:48',6,0.00,0,0.00,0,0),(2281,'sharon.tan1@ibm.com\'s 11/26/2021 test','sharon.tan1@ibm.com\'s 11/26/2021 Test',0,NULL,'2021-11-25 00:00:00','2022-11-26 00:00:00','0000-00-00 00:00:00',2,'highest',1,2,'2021-11-26 06:50:34','2021-11-26 06:51:14',5,500.00,0,0.00,0,0),(2282,'sharon.tan1@ibm.com\'s 11/26/2021 test','sharon.tan1@ibm.com\'s 11/26/2021 Test',0,NULL,'2021-11-25 00:00:00','2022-11-26 00:00:00','0000-00-00 00:00:00',2,'highest',1,2,'2021-11-26 06:55:09','2021-11-26 06:55:09',5,0.00,0,0.00,0,0),(2283,'sharon.tan1@ibm.com\'s 11/26/2021 test','sharon.tan1@ibm.com\'s 11/26/2021 Test',0,NULL,'2021-11-25 00:00:00','2022-11-26 00:00:00','0000-00-00 00:00:00',2,'highest',1,2,'2021-11-26 07:02:12','2021-11-26 07:02:12',5,0.00,0,0.00,0,0),(2284,'sharon.tan1@ibm.com\'s 11/26/2021 test','sharon.tan1@ibm.com\'s 11/26/2021 Test',0,NULL,'2021-11-25 00:00:00','2022-11-26 00:00:00','0000-00-00 00:00:00',2,'highest',1,2,'2021-11-26 07:10:34','2021-11-26 07:10:34',5,0.00,0,0.00,0,0),(2285,'sharon.tan1@ibm.com\'s 11/26/2021 test','sharon.tan1@ibm.com\'s 11/26/2021 Test',0,NULL,'2021-11-25 00:00:00','2022-11-26 00:00:00','0000-00-00 00:00:00',2,'highest',1,2,'2021-11-26 07:20:04','2021-11-26 07:20:04',5,0.00,0,0.00,0,0),(2286,'sharon.tan1@ibm.com\'s 11/26/2021 test','sharon.tan1@ibm.com\'s 11/26/2021 Test',0,NULL,'2021-11-25 00:00:00','2022-11-26 00:00:00','0000-00-00 00:00:00',2,'highest',1,2,'2021-11-26 07:29:44','2021-11-26 07:29:45',5,0.00,0,0.00,0,0),(2287,'sharon.tan1@ibm.com\'s 11/26/2021 test','sharon.tan1@ibm.com\'s 11/26/2021 Test',0,NULL,'2021-11-25 00:00:00','2022-11-26 00:00:00','0000-00-00 00:00:00',2,'highest',1,2,'2021-11-26 07:33:54','2021-11-30 05:54:03',5,500.00,0,0.00,0,0),(2288,'sharon.tan1@ibm.com\'s 11/30/2021 test','sharon.tan1@ibm.com\'s 11/30/2021 Test',0,NULL,'2021-11-29 00:00:00','2022-11-30 00:00:00','0000-00-00 00:00:00',2,'highest',1,2,'2021-11-30 05:58:37','2021-11-30 06:03:46',6,600.00,0,0.00,0,0),(2289,'sharon.tan1@ibm.com\'s 11/30/2021 test','sharon.tan1@ibm.com\'s 11/30/2021 Test',0,NULL,'2021-11-29 00:00:00','2022-11-30 00:00:00','0000-00-00 00:00:00',2,'highest',1,2,'2021-11-30 06:10:06','2021-11-30 06:10:06',6,0.00,0,0.00,0,0),(2290,'sharon.tan1@ibm.com\'s 11/30/2021 test','sharon.tan1@ibm.com\'s 11/30/2021 Test',0,NULL,'2021-11-29 00:00:00','2022-11-30 00:00:00','0000-00-00 00:00:00',2,'highest',1,2,'2021-11-30 06:13:07','2021-11-30 06:13:07',6,0.00,0,0.00,0,0),(2291,'sharon.tan1@ibm.com\'s 11/30/2021 test','sharon.tan1@ibm.com\'s 11/30/2021 Test',0,NULL,'2021-11-29 00:00:00','2022-11-30 00:00:00','0000-00-00 00:00:00',2,'highest',1,2,'2021-11-30 06:15:46','2021-11-30 06:15:47',6,0.00,0,0.00,0,0),(2292,'sharon.shiling.tan@gmail.com\'s 11/30/2021 test','sharon.shiling.tan@gmail.com\'s 11/30/2021 Test',0,NULL,'2021-11-29 00:00:00','2022-11-30 00:00:00','0000-00-00 00:00:00',2,'highest',1,2,'2021-11-30 06:25:38','2021-11-30 06:25:38',6,0.00,0,0.00,0,0),(2293,'pamelaliusm@gmail.com\'s 06/09/2023 test','pamelaliusm@gmail.com\'s 06/09/2023 Test',0,NULL,'2023-06-08 00:00:00','2024-06-09 00:00:00','0000-00-00 00:00:00',2,'highest',1,2,'2023-06-09 01:45:27','2023-06-09 01:45:27',4,0.00,0,0.00,0,0),(2294,'japher_lim@yahoo.com.sg\'s Diagnostic test','japher_lim@yahoo.com.sg\'s diagnostic test 2023-06-13',1,NULL,'2023-06-12 00:00:00','2024-06-13 00:00:00','0000-00-00 00:00:00',2,'highest',1,2,'2023-06-13 06:47:41','2023-06-13 07:43:03',3,0.00,0,0.00,0,0),(2295,'japher_lim@yahoo.com.sg\'s 06/13/2023 test','japher_lim@yahoo.com.sg\'s 06/13/2023 Test',0,NULL,'2023-06-12 00:00:00','2024-06-13 00:00:00','0000-00-00 00:00:00',2,'highest',1,2,'2023-06-13 07:43:07','2023-06-13 07:43:07',3,0.00,0,0.00,0,0),(2296,'japher_lim@yahoo.com.sg\'s 06/13/2023 test','japher_lim@yahoo.com.sg\'s 06/13/2023 Test',0,NULL,'2023-06-12 00:00:00','2024-06-13 00:00:00','0000-00-00 00:00:00',2,'highest',1,2,'2023-06-13 21:37:30','2023-06-13 22:03:37',3,300.00,0,0.00,0,0),(2297,'japher_lim@yahoo.com.sg\'s 06/19/2023 test','japher_lim@yahoo.com.sg\'s 06/19/2023 Test',0,NULL,'2023-06-18 00:00:00','2024-06-19 00:00:00','0000-00-00 00:00:00',2,'highest',1,2,'2023-06-19 07:34:08','2023-06-19 07:34:08',3,0.00,0,0.00,0,0),(2298,'Free Diagnostic for suki@suki.com on 2024-04-10','Automatically generated free diagnostic test',1,NULL,'2024-04-10 23:30:44','2025-04-10 23:30:44','2025-04-10 23:30:44',2,'highest',2,2,'2024-04-10 23:30:44','2024-04-10 23:30:44',NULL,0.00,0,0.00,0,0),(2299,'suki@suki.com\'s Addition and Subtraction to 100 tracktest','suki@suki.com\'s 04/10/2024 Addition and Subtraction to 100 tracktest',0,NULL,'2024-04-09 00:00:00','2025-04-10 00:00:00','0000-00-00 00:00:00',2,'highest',1,2,'2024-04-10 23:39:28','2024-04-10 23:39:28',NULL,0.00,0,0.00,0,0),(2300,'limkangsong94@gmail.com\'s Numbers up to 100 tracktest','limkangsong94@gmail.com\'s 04/11/2024 Numbers up to 100 tracktest',0,NULL,'2024-04-10 00:00:00','2025-04-11 00:00:00','0000-00-00 00:00:00',2,'highest',1,2,'2024-04-11 00:43:37','2024-04-11 00:43:37',NULL,0.00,0,0.00,0,0),(2301,'limkangsong94@gmail.com\'s Addition and Subtraction to 100 tracktest','limkangsong94@gmail.com\'s 04/11/2024 Addition and Subtraction to 100 tracktest',0,NULL,'2024-04-10 00:00:00','2025-04-11 00:00:00','0000-00-00 00:00:00',2,'highest',1,2,'2024-04-11 00:46:09','2024-04-11 00:46:09',NULL,0.00,0,0.00,0,0),(2302,'limkangsong94@gmail.com\'s Length Year 1 tracktest','limkangsong94@gmail.com\'s 04/11/2024 Length Year 1 tracktest',0,NULL,'2024-04-10 00:00:00','2025-04-11 00:00:00','0000-00-00 00:00:00',2,'highest',1,2,'2024-04-11 00:46:26','2024-04-11 00:46:26',NULL,0.00,0,0.00,0,0),(2303,'limkangsong94@gmail.com\'s Time Year 1 tracktest','limkangsong94@gmail.com\'s 04/11/2024 Time Year 1 tracktest',0,NULL,'2024-04-10 00:00:00','2025-04-11 00:00:00','0000-00-00 00:00:00',2,'highest',1,2,'2024-04-11 00:47:41','2024-04-11 00:50:53',2,0.00,0,0.00,0,0),(2304,'suki@suki.com\'s Length Year 1 tracktest','suki@suki.com\'s 04/11/2024 Length Year 1 tracktest',0,NULL,'2024-04-10 00:00:00','2025-04-11 00:00:00','0000-00-00 00:00:00',2,'highest',1,2,'2024-04-11 00:48:22','2024-04-11 14:18:38',2,0.00,0,0.00,0,0),(2305,'suki@suki.com\'s Numbers up to 100 tracktest','suki@suki.com\'s 04/11/2024 Numbers up to 100 tracktest',0,NULL,'2024-04-10 00:00:00','2025-04-11 00:00:00','0000-00-00 00:00:00',2,'highest',1,2,'2024-04-11 00:49:38','2024-04-11 00:49:38',NULL,0.00,0,0.00,0,0),(2306,'limkangsong94@gmail.com\'s Numbers up to 1000 tracktest','limkangsong94@gmail.com\'s 04/11/2024 Numbers up to 1000 tracktest',0,NULL,'2024-04-10 00:00:00','2025-04-11 00:00:00','0000-00-00 00:00:00',2,'highest',1,2,'2024-04-11 14:03:08','2024-04-11 14:03:08',NULL,0.00,0,0.00,0,0),(2307,'limkangsong94@gmail.com\'s Money Year 1 tracktest','limkangsong94@gmail.com\'s 04/11/2024 Money Year 1 tracktest',0,NULL,'2024-04-10 00:00:00','2025-04-11 00:00:00','0000-00-00 00:00:00',2,'highest',1,2,'2024-04-11 14:03:31','2024-04-11 14:03:31',NULL,0.00,0,0.00,0,0),(2308,'limkangsong94@gmail.com\'s Money Year 3 tracktest','limkangsong94@gmail.com\'s 04/11/2024 Money Year 3 tracktest',0,NULL,'2024-04-10 00:00:00','2025-04-11 00:00:00','0000-00-00 00:00:00',2,'highest',1,2,'2024-04-11 14:04:41','2024-04-11 14:06:17',2,0.00,0,0.00,0,0),(2309,'suki@suki.com\'s Money Year 2 tracktest','suki@suki.com\'s 04/11/2024 Money Year 2 tracktest',0,NULL,'2024-04-10 00:00:00','2025-04-11 00:00:00','0000-00-00 00:00:00',2,'highest',1,2,'2024-04-11 15:37:12','2024-04-11 15:50:23',2,300.00,0,0.00,0,0),(2310,'K-6 Maths\'s 04/11/2024 Test','K-6 Maths\'s 04/11/2024 Test',1,NULL,'2024-04-10 00:00:00','2024-05-11 00:00:00','0000-00-00 00:00:00',2,'highest',1,2,'2024-04-11 15:50:45','2024-04-11 15:50:45',2,0.00,0,0.00,0,0),(2311,'K-6 Maths\'s 04/11/2024 Test','K-6 Maths\'s 04/11/2024 Test',1,NULL,'2024-04-10 00:00:00','2024-05-11 00:00:00','0000-00-00 00:00:00',2,'highest',1,2,'2024-04-11 15:50:46','2024-04-11 15:50:46',2,0.00,0,0.00,0,0),(2312,'K-6 Maths\'s 04/11/2024 Test','K-6 Maths\'s 04/11/2024 Test',1,NULL,'2024-04-10 00:00:00','2024-05-11 00:00:00','0000-00-00 00:00:00',2,'highest',1,2,'2024-04-11 15:50:48','2024-04-11 15:50:48',2,0.00,0,0.00,0,0),(2313,'K-6 Maths\'s 04/11/2024 Test','K-6 Maths\'s 04/11/2024 Test',1,NULL,'2024-04-10 00:00:00','2024-05-11 00:00:00','0000-00-00 00:00:00',2,'highest',1,2,'2024-04-11 15:50:58','2024-04-11 15:50:58',2,0.00,0,0.00,0,0),(2314,'K-6 Maths\'s 04/11/2024 Test','K-6 Maths\'s 04/11/2024 Test',1,NULL,'2024-04-10 00:00:00','2024-05-11 00:00:00','0000-00-00 00:00:00',2,'highest',1,2,'2024-04-11 15:50:59','2024-04-11 15:50:59',2,0.00,0,0.00,0,0),(2315,'K-6 Maths\'s 04/11/2024 Test','K-6 Maths\'s 04/11/2024 Test',1,NULL,'2024-04-10 00:00:00','2024-05-11 00:00:00','0000-00-00 00:00:00',2,'highest',1,2,'2024-04-11 15:50:59','2024-04-11 15:50:59',2,0.00,0,0.00,0,0),(2316,'suki@suki.com\'s Money Year 1 tracktest','suki@suki.com\'s 04/11/2024 Money Year 1 tracktest',0,NULL,'2024-04-10 00:00:00','2025-04-11 00:00:00','0000-00-00 00:00:00',2,'highest',1,2,'2024-04-11 21:38:15','2024-04-11 21:42:19',2,0.00,0,0.00,0,0),(2317,'suki@suki.com diagnostic 04/12/2024 Test','suki@suki.com diagnostic 04/12/2024 Test',1,NULL,'2024-04-11 00:00:00','2024-05-12 00:00:00','0000-00-00 00:00:00',2,'highest',1,2,'2024-04-12 02:37:50','2024-04-12 02:37:50',2,0.00,0,0.00,0,0),(2318,'suki@suki.com diagnostic 04/12/2024 Test','suki@suki.com diagnostic 04/12/2024 Test',1,NULL,'2024-04-11 00:00:00','2024-05-12 00:00:00','0000-00-00 00:00:00',2,'highest',1,2,'2024-04-12 02:42:05','2024-04-12 02:42:05',2,0.00,0,0.00,0,0),(2319,'limkangsong94@gmail.com\'s Money Year 2 tracktest','limkangsong94@gmail.com\'s 04/12/2024 Money Year 2 tracktest',0,NULL,'2024-04-11 00:00:00','2025-04-12 00:00:00','0000-00-00 00:00:00',2,'highest',1,2,'2024-04-12 02:42:53','2024-04-12 02:42:53',NULL,0.00,0,0.00,0,0),(2320,'limkangsong94@gmail.com diagnostic 04/12/2024 Test','limkangsong94@gmail.com diagnostic 04/12/2024 Test',1,NULL,'2024-04-11 00:00:00','2024-05-12 00:00:00','0000-00-00 00:00:00',2,'highest',1,2,'2024-04-12 03:43:04','2024-04-12 03:43:04',2,0.00,0,0.00,0,0),(2321,'limkangsong94@gmail.com\'s Money Year 3 tracktest','limkangsong94@gmail.com\'s 04/12/2024 Money Year 3 tracktest',0,NULL,'2024-04-11 00:00:00','2025-04-12 00:00:00','0000-00-00 00:00:00',2,'highest',1,2,'2024-04-12 03:44:01','2024-04-12 03:46:19',NULL,400.00,0,0.00,0,0),(2322,'','',0,NULL,'2018-05-03 00:00:00','2019-05-04 00:00:00','0000-00-00 00:00:00',2,'highest',1,2,'2024-04-23 05:46:12','2024-04-23 05:46:12',NULL,0.00,0,0.00,0,0),(2323,'pamelaliusm@gmail.com standard 04/23/2024 Test for ','pamelaliusm@gmail.com standard 04/23/2024 Test for ',0,NULL,'2024-04-22 00:00:00','2024-05-23 00:00:00','0000-00-00 00:00:00',2,'highest',1,2,'2024-04-23 05:46:12','2024-04-23 05:46:12',2,0.00,0,0.00,0,0),(2324,'','',0,NULL,'2018-05-03 00:00:00','2019-05-04 00:00:00','0000-00-00 00:00:00',2,'highest',1,2,'2024-04-23 05:46:17','2024-04-23 05:46:17',NULL,0.00,0,0.00,0,0),(2325,'Random 04/23/2024 Test for pamelaliusm@gmail.com','Random 04/23/2024 Test',0,NULL,'2024-04-22 00:00:00','2024-05-23 00:00:00','0000-00-00 00:00:00',2,'highest',1,2,'2024-04-23 05:46:17','2024-04-23 05:46:17',NULL,0.00,0,0.00,0,0),(2326,'pamelaliusm@gmail.com\'s Numbers up to 100 tracktest','pamelaliusm@gmail.com\'s 04/23/2024 Numbers up to 100 tracktest',0,NULL,'2024-04-22 00:00:00','2025-04-23 00:00:00','0000-00-00 00:00:00',2,'highest',1,2,'2024-04-23 05:46:23','2025-04-20 16:48:27',2,200.00,0,0.00,0,0),(2327,'','',0,NULL,'2018-05-03 00:00:00','2019-05-04 00:00:00','0000-00-00 00:00:00',2,'highest',1,2,'2024-04-23 11:43:48','2024-04-23 11:43:48',NULL,0.00,0,0.00,0,0),(2328,'','',0,NULL,'2018-05-03 00:00:00','2019-05-04 00:00:00','0000-00-00 00:00:00',2,'highest',1,2,'2024-04-23 11:44:04','2024-04-23 11:44:04',NULL,0.00,0,0.00,0,0),(2329,'pamelaliusm@gmail.com standard 04/23/2024 Test for ','pamelaliusm@gmail.com standard 04/23/2024 Test for ',0,NULL,'2024-04-22 00:00:00','2024-05-23 00:00:00','0000-00-00 00:00:00',2,'highest',1,2,'2024-04-23 11:44:04','2024-04-23 11:44:04',2,0.00,0,0.00,0,0),(2330,'','',0,NULL,'2018-05-03 00:00:00','2019-05-04 00:00:00','0000-00-00 00:00:00',2,'highest',1,2,'2024-04-23 11:49:50','2024-04-23 11:49:50',NULL,0.00,0,0.00,0,0),(2331,'pamelaliusm@gmail.com standard 04/23/2024 Test for ','pamelaliusm@gmail.com standard 04/23/2024 Test for ',0,NULL,'2024-04-22 00:00:00','2024-05-23 00:00:00','0000-00-00 00:00:00',2,'highest',1,2,'2024-04-23 11:49:50','2024-04-23 12:01:58',2,200.00,0,0.00,0,0),(2332,'','',0,NULL,'2018-05-03 00:00:00','2019-05-04 00:00:00','0000-00-00 00:00:00',2,'highest',1,2,'2024-04-23 12:06:52','2024-04-23 12:06:52',NULL,0.00,0,0.00,0,0),(2333,'pamelaliusm@gmail.com standard 04/23/2024 Test for ','pamelaliusm@gmail.com standard 04/23/2024 Test for ',0,NULL,'2024-04-22 00:00:00','2024-05-23 00:00:00','0000-00-00 00:00:00',2,'highest',1,2,'2024-04-23 12:06:52','2024-04-23 12:06:52',2,0.00,0,0.00,0,0),(2334,'','',0,NULL,'2018-05-03 00:00:00','2019-05-04 00:00:00','0000-00-00 00:00:00',2,'highest',1,2,'2024-04-23 12:08:18','2024-04-23 12:08:18',NULL,0.00,0,0.00,0,0),(2335,'pamelaliusm@gmail.com standard 04/23/2024 Test for ','pamelaliusm@gmail.com standard 04/23/2024 Test for ',0,NULL,'2024-04-22 00:00:00','2024-05-23 00:00:00','0000-00-00 00:00:00',2,'highest',1,2,'2024-04-23 12:08:18','2024-04-23 12:08:18',2,0.00,0,0.00,0,0),(2336,'','',0,NULL,'2018-05-03 00:00:00','2019-05-04 00:00:00','0000-00-00 00:00:00',2,'highest',1,2,'2024-04-24 05:27:22','2024-04-24 05:27:22',NULL,0.00,0,0.00,0,0),(2337,'Random 04/24/2024 Test for limkangsong94@gmail.com','Random 04/24/2024 Test',0,NULL,'2024-04-23 00:00:00','2024-05-24 00:00:00','0000-00-00 00:00:00',2,'highest',1,2,'2024-04-24 05:27:22','2024-04-24 05:27:22',NULL,0.00,0,0.00,0,0),(2338,'','',0,NULL,'2018-05-03 00:00:00','2019-05-04 00:00:00','0000-00-00 00:00:00',2,'highest',1,2,'2024-04-24 05:59:09','2024-04-24 05:59:09',NULL,0.00,0,0.00,0,0),(2339,'pamelaliusm@gmail.com standard 04/24/2024 Test for ','pamelaliusm@gmail.com standard 04/24/2024 Test for ',0,NULL,'2024-04-23 00:00:00','2024-05-24 00:00:00','0000-00-00 00:00:00',2,'highest',1,2,'2024-04-24 05:59:09','2024-04-24 05:59:09',2,0.00,0,0.00,0,0),(2340,'','',0,NULL,'2018-05-03 00:00:00','2019-05-04 00:00:00','0000-00-00 00:00:00',2,'highest',1,2,'2024-04-24 05:59:38','2024-04-24 05:59:38',NULL,0.00,0,0.00,0,0),(2341,'pamelaliusm@gmail.com standard 04/24/2024 Test for ','pamelaliusm@gmail.com standard 04/24/2024 Test for ',0,NULL,'2024-04-23 00:00:00','2024-05-24 00:00:00','0000-00-00 00:00:00',2,'highest',1,2,'2024-04-24 05:59:38','2024-04-24 05:59:38',2,0.00,0,0.00,0,0),(2342,'','',0,NULL,'2018-05-03 00:00:00','2019-05-04 00:00:00','0000-00-00 00:00:00',2,'highest',1,2,'2024-04-24 22:55:22','2024-04-24 22:55:22',NULL,0.00,0,0.00,0,0),(2343,'pamelaliusm@gmail.com standard 04/24/2024 Test for ','pamelaliusm@gmail.com standard 04/24/2024 Test for ',0,NULL,'2024-04-23 00:00:00','2024-05-24 00:00:00','0000-00-00 00:00:00',2,'highest',1,2,'2024-04-24 22:55:22','2024-04-24 22:55:22',2,0.00,0,0.00,0,0),(2344,'Free Diagnostic for Japher Lim on 2024-04-25','Automatically generated free diagnostic test',1,NULL,'2024-04-25 04:32:17','2025-04-25 04:32:17','2025-04-25 04:32:17',2,'highest',2,2,'2024-04-25 04:32:17','2024-04-25 04:32:17',NULL,0.00,0,0.00,0,0),(2345,'','',0,NULL,'2018-05-03 00:00:00','2019-05-04 00:00:00','0000-00-00 00:00:00',2,'highest',1,2,'2024-04-25 06:14:46','2024-04-25 06:14:46',NULL,0.00,0,0.00,0,0),(2346,'pamelaliusm@gmail.com standard 04/25/2024 Test for ','pamelaliusm@gmail.com standard 04/25/2024 Test for ',0,NULL,'2024-04-24 00:00:00','2024-05-25 00:00:00','0000-00-00 00:00:00',2,'highest',1,2,'2024-04-25 06:14:46','2024-04-25 06:14:46',2,0.00,0,0.00,0,0),(2347,'','',0,NULL,'2018-05-03 00:00:00','2019-05-04 00:00:00','0000-00-00 00:00:00',2,'highest',1,2,'2024-04-25 08:56:52','2024-04-25 08:56:52',NULL,0.00,0,0.00,0,0),(2348,'japher_lim@yahoo.com.sg standard 04/25/2024 Test for ','japher_lim@yahoo.com.sg standard 04/25/2024 Test for ',0,NULL,'2024-04-24 00:00:00','2024-05-25 00:00:00','0000-00-00 00:00:00',2,'highest',1,2,'2024-04-25 08:56:52','2024-04-25 08:56:52',2,0.00,0,0.00,0,0),(2349,'japher_lim@yahoo.com.sg\'s Numbers up to 100 tracktest','japher_lim@yahoo.com.sg\'s 04/25/2024 Numbers up to 100 tracktest',0,NULL,'2024-04-24 00:00:00','2025-04-25 00:00:00','0000-00-00 00:00:00',2,'highest',1,2,'2024-04-25 08:59:41','2024-04-25 08:59:41',NULL,0.00,0,0.00,0,0),(2350,'japher_lim@yahoo.com.sg\'s Addition and Subtraction to 100 tracktest','japher_lim@yahoo.com.sg\'s 04/26/2024 Addition and Subtraction to 100 tracktest',0,NULL,'2024-04-25 00:00:00','2025-04-26 00:00:00','0000-00-00 00:00:00',2,'highest',1,2,'2024-04-26 02:47:00','2024-04-26 02:47:00',NULL,0.00,0,0.00,0,0),(2351,'','',0,NULL,'2018-05-03 00:00:00','2019-05-04 00:00:00','0000-00-00 00:00:00',2,'highest',1,2,'2024-04-26 02:54:16','2024-04-26 02:54:16',NULL,0.00,0,0.00,0,0),(2352,'pamelaliusm@gmail.com standard 04/26/2024 Test for ','pamelaliusm@gmail.com standard 04/26/2024 Test for ',0,NULL,'2024-04-25 00:00:00','2024-05-26 00:00:00','0000-00-00 00:00:00',2,'highest',1,2,'2024-04-26 02:54:16','2024-04-26 02:54:16',2,0.00,0,0.00,0,0),(2353,'','',0,NULL,'2018-05-03 00:00:00','2019-05-04 00:00:00','0000-00-00 00:00:00',2,'highest',1,2,'2024-04-26 10:56:03','2024-04-26 10:56:03',NULL,0.00,0,0.00,0,0),(2354,'pamelaliusm@gmail.com standard 04/26/2024 Test for ','pamelaliusm@gmail.com standard 04/26/2024 Test for ',0,NULL,'2024-04-25 00:00:00','2024-05-26 00:00:00','0000-00-00 00:00:00',2,'highest',1,2,'2024-04-26 10:56:03','2024-04-26 10:56:03',2,0.00,0,0.00,0,0),(2355,'','',0,NULL,'2018-05-03 00:00:00','2019-05-04 00:00:00','0000-00-00 00:00:00',2,'highest',1,2,'2024-04-26 10:57:52','2024-04-26 10:57:52',NULL,0.00,0,0.00,0,0),(2356,'pamelaliusm@gmail.com standard 04/26/2024 Test for ','pamelaliusm@gmail.com standard 04/26/2024 Test for ',0,NULL,'2024-04-25 00:00:00','2024-05-26 00:00:00','0000-00-00 00:00:00',2,'highest',1,2,'2024-04-26 10:57:52','2024-04-26 10:57:52',2,0.00,0,0.00,0,0),(2357,'','',0,NULL,'2018-05-03 00:00:00','2019-05-04 00:00:00','0000-00-00 00:00:00',2,'highest',1,2,'2024-04-26 10:57:57','2024-04-26 10:57:57',NULL,0.00,0,0.00,0,0),(2358,'','',0,NULL,'2018-05-03 00:00:00','2019-05-04 00:00:00','0000-00-00 00:00:00',2,'highest',1,2,'2024-04-26 10:59:38','2024-04-26 10:59:38',NULL,0.00,0,0.00,0,0),(2359,'pamelaliusm@gmail.com standard 04/26/2024 Test for ','pamelaliusm@gmail.com standard 04/26/2024 Test for ',0,NULL,'2024-04-25 00:00:00','2024-05-26 00:00:00','0000-00-00 00:00:00',2,'highest',1,2,'2024-04-26 10:59:38','2024-04-26 10:59:38',2,0.00,0,0.00,0,0),(2360,'','',0,NULL,'2018-05-03 00:00:00','2019-05-04 00:00:00','0000-00-00 00:00:00',2,'highest',1,2,'2024-04-26 11:20:11','2024-04-26 11:20:11',NULL,0.00,0,0.00,0,0),(2361,'pamelaliusm@gmail.com standard 04/26/2024 Test for ','pamelaliusm@gmail.com standard 04/26/2024 Test for ',0,NULL,'2024-04-25 00:00:00','2024-05-26 00:00:00','0000-00-00 00:00:00',2,'highest',1,2,'2024-04-26 11:20:11','2024-04-26 11:20:11',2,0.00,0,0.00,0,0),(2362,'Free Diagnostic for aqibchdev@gmail.com on 2024-04-26','Automatically generated free diagnostic test',1,NULL,'2024-04-26 11:22:06','2025-04-26 11:22:06','2025-04-26 11:22:06',2,'highest',2,2,'2024-04-26 11:22:06','2024-04-26 11:22:06',NULL,0.00,0,0.00,0,0),(2363,'Free Diagnostic for TALHA FAROOQI on 2024-04-26','Automatically generated free diagnostic test',1,NULL,'2024-04-26 12:26:22','2025-04-26 12:26:22','2025-04-26 12:26:22',2,'highest',2,2,'2024-04-26 12:26:22','2024-04-26 12:26:22',NULL,0.00,0,0.00,0,0),(2364,'','',0,NULL,'2018-05-03 00:00:00','2019-05-04 00:00:00','0000-00-00 00:00:00',2,'highest',1,2,'2024-04-30 11:59:47','2024-04-30 11:59:47',NULL,0.00,0,0.00,0,0),(2365,'pamelaliusm@gmail.com standard 04/30/2024 Test for ','pamelaliusm@gmail.com standard 04/30/2024 Test for ',0,NULL,'2024-04-29 00:00:00','2024-05-30 00:00:00','0000-00-00 00:00:00',2,'highest',1,2,'2024-04-30 11:59:47','2024-04-30 11:59:47',2,0.00,0,0.00,0,0),(2366,'','',0,NULL,'2018-05-03 00:00:00','2019-05-04 00:00:00','0000-00-00 00:00:00',2,'highest',1,2,'2024-04-30 12:02:44','2024-04-30 12:02:44',NULL,0.00,0,0.00,0,0),(2367,'','',0,NULL,'2018-05-03 00:00:00','2019-05-04 00:00:00','0000-00-00 00:00:00',2,'highest',1,2,'2024-04-30 12:03:47','2024-04-30 12:03:47',NULL,0.00,0,0.00,0,0),(2368,'','',0,NULL,'2018-05-03 00:00:00','2019-05-04 00:00:00','0000-00-00 00:00:00',2,'highest',1,2,'2024-04-30 17:34:26','2024-04-30 17:34:26',NULL,0.00,0,0.00,0,0),(2369,'','',0,NULL,'2018-05-03 00:00:00','2019-05-04 00:00:00','0000-00-00 00:00:00',2,'highest',1,2,'2024-04-30 17:34:58','2024-04-30 17:34:58',NULL,0.00,0,0.00,0,0),(2370,'','',0,NULL,'2018-05-03 00:00:00','2019-05-04 00:00:00','0000-00-00 00:00:00',2,'highest',1,2,'2024-04-30 17:34:58','2024-04-30 17:34:58',NULL,0.00,0,0.00,0,0),(2371,'','',0,NULL,'2018-05-03 00:00:00','2019-05-04 00:00:00','0000-00-00 00:00:00',2,'highest',1,2,'2024-04-30 17:34:58','2024-04-30 17:34:58',NULL,0.00,0,0.00,0,0),(2372,'','',0,NULL,'2018-05-03 00:00:00','2019-05-04 00:00:00','0000-00-00 00:00:00',2,'highest',1,2,'2024-04-30 17:34:58','2024-04-30 17:34:58',NULL,0.00,0,0.00,0,0),(2373,'','',0,NULL,'2018-05-03 00:00:00','2019-05-04 00:00:00','0000-00-00 00:00:00',2,'highest',1,2,'2024-04-30 17:34:59','2024-04-30 17:34:59',NULL,0.00,0,0.00,0,0),(2374,'','',0,NULL,'2018-05-03 00:00:00','2019-05-04 00:00:00','0000-00-00 00:00:00',2,'highest',1,2,'2024-04-30 17:34:59','2024-04-30 17:34:59',NULL,0.00,0,0.00,0,0),(2375,'','',0,NULL,'2018-05-03 00:00:00','2019-05-04 00:00:00','0000-00-00 00:00:00',2,'highest',1,2,'2024-04-30 17:34:59','2024-04-30 17:34:59',NULL,0.00,0,0.00,0,0),(2376,'','',0,NULL,'2018-05-03 00:00:00','2019-05-04 00:00:00','0000-00-00 00:00:00',2,'highest',1,2,'2024-05-01 15:12:54','2024-05-01 15:12:54',NULL,0.00,0,0.00,0,0),(2377,'','',0,NULL,'2018-05-03 00:00:00','2019-05-04 00:00:00','0000-00-00 00:00:00',2,'highest',1,2,'2024-05-01 15:12:55','2024-05-01 15:12:55',NULL,0.00,0,0.00,0,0),(2378,'','',0,NULL,'2018-05-03 00:00:00','2019-05-04 00:00:00','0000-00-00 00:00:00',2,'highest',1,2,'2024-05-01 15:13:03','2024-05-01 15:13:03',NULL,0.00,0,0.00,0,0),(2379,'','',0,NULL,'2018-05-03 00:00:00','2019-05-04 00:00:00','0000-00-00 00:00:00',2,'highest',1,2,'2024-05-01 15:13:04','2024-05-01 15:13:04',NULL,0.00,0,0.00,0,0),(2380,'','',0,NULL,'2018-05-03 00:00:00','2019-05-04 00:00:00','0000-00-00 00:00:00',2,'highest',1,2,'2024-05-01 15:13:07','2024-05-01 15:13:07',NULL,0.00,0,0.00,0,0),(2381,'','',0,NULL,'2018-05-03 00:00:00','2019-05-04 00:00:00','0000-00-00 00:00:00',2,'highest',1,2,'2024-05-01 15:13:08','2024-05-01 15:13:08',NULL,0.00,0,0.00,0,0),(2382,'','',0,NULL,'2018-05-03 00:00:00','2019-05-04 00:00:00','0000-00-00 00:00:00',2,'highest',1,2,'2024-05-01 15:13:09','2024-05-01 15:13:09',NULL,0.00,0,0.00,0,0),(2383,'','',0,NULL,'2018-05-03 00:00:00','2019-05-04 00:00:00','0000-00-00 00:00:00',2,'highest',1,2,'2024-05-01 15:19:39','2024-05-01 15:19:39',NULL,0.00,0,0.00,0,0),(2384,'','',0,NULL,'2018-05-03 00:00:00','2019-05-04 00:00:00','0000-00-00 00:00:00',2,'highest',1,2,'2024-05-01 15:19:40','2024-05-01 15:19:40',NULL,0.00,0,0.00,0,0),(2385,'','',0,NULL,'2018-05-03 00:00:00','2019-05-04 00:00:00','0000-00-00 00:00:00',2,'highest',1,2,'2024-05-03 10:36:28','2024-05-03 10:36:28',NULL,0.00,0,0.00,0,0),(2386,'','',0,NULL,'2018-05-03 00:00:00','2019-05-04 00:00:00','0000-00-00 00:00:00',2,'highest',1,2,'2024-05-03 17:38:05','2024-05-03 17:38:05',NULL,0.00,0,0.00,0,0),(2387,'','',0,NULL,'2018-05-03 00:00:00','2019-05-04 00:00:00','0000-00-00 00:00:00',2,'highest',1,2,'2024-05-03 17:57:07','2024-05-03 17:57:07',NULL,0.00,0,0.00,0,0),(2388,'','',0,NULL,'2018-05-03 00:00:00','2019-05-04 00:00:00','0000-00-00 00:00:00',2,'highest',1,2,'2024-05-04 00:42:37','2024-05-04 00:42:37',NULL,0.00,0,0.00,0,0),(2389,'pamelaliusm@gmail.com standard 05/04/2024 Test for ','pamelaliusm@gmail.com standard 05/04/2024 Test for ',0,NULL,'2024-05-03 00:00:00','2024-06-04 00:00:00','0000-00-00 00:00:00',2,'highest',1,2,'2024-05-04 00:42:37','2024-05-04 00:42:37',2,0.00,0,0.00,0,0),(2390,'pamelaliusm@gmail.com\'s Decimals up to 3 decimal places tracktest','pamelaliusm@gmail.com\'s 05/04/2024 Decimals up to 3 decimal places tracktest',0,NULL,'2024-05-03 00:00:00','2025-05-04 00:00:00','0000-00-00 00:00:00',2,'highest',1,2,'2024-05-04 00:43:30','2024-05-04 00:43:30',NULL,0.00,0,0.00,0,0),(2391,'','',0,NULL,'2018-05-03 00:00:00','2019-05-04 00:00:00','0000-00-00 00:00:00',2,'highest',1,2,'2024-05-04 23:09:02','2024-05-04 23:09:02',NULL,0.00,0,0.00,0,0),(2392,'pamelaliusm@gmail.com standard 05/04/2024 Test for ','pamelaliusm@gmail.com standard 05/04/2024 Test for ',0,NULL,'2024-05-03 00:00:00','2024-06-04 00:00:00','0000-00-00 00:00:00',2,'highest',1,2,'2024-05-04 23:09:02','2024-05-04 23:09:02',2,0.00,0,0.00,0,0),(2393,'','',0,NULL,'2018-05-03 00:00:00','2019-05-04 00:00:00','0000-00-00 00:00:00',2,'highest',1,2,'2024-05-04 23:11:20','2024-05-04 23:11:20',NULL,0.00,0,0.00,0,0),(2394,'pamelaliusm@gmail.com standard 05/04/2024 Test for ','pamelaliusm@gmail.com standard 05/04/2024 Test for ',0,NULL,'2024-05-03 00:00:00','2024-06-04 00:00:00','0000-00-00 00:00:00',2,'highest',1,2,'2024-05-04 23:11:20','2024-05-04 23:11:20',2,0.00,0,0.00,0,0),(2395,'','',0,NULL,'2018-05-03 00:00:00','2019-05-04 00:00:00','0000-00-00 00:00:00',2,'highest',1,2,'2024-05-05 09:15:06','2024-05-05 09:15:06',NULL,0.00,0,0.00,0,0),(2396,'','',0,NULL,'2018-05-03 00:00:00','2019-05-04 00:00:00','0000-00-00 00:00:00',2,'highest',1,2,'2024-05-05 09:16:36','2024-05-05 09:16:36',NULL,0.00,0,0.00,0,0),(2397,'','',0,NULL,'2018-05-03 00:00:00','2019-05-04 00:00:00','0000-00-00 00:00:00',2,'highest',1,2,'2024-05-05 09:17:01','2024-05-05 09:17:01',NULL,0.00,0,0.00,0,0),(2398,'','',0,NULL,'2018-05-03 00:00:00','2019-05-04 00:00:00','0000-00-00 00:00:00',2,'highest',1,2,'2024-05-05 09:17:31','2024-05-05 09:17:31',NULL,0.00,0,0.00,0,0),(2399,'','',0,NULL,'2018-05-03 00:00:00','2019-05-04 00:00:00','0000-00-00 00:00:00',2,'highest',1,2,'2024-05-06 08:18:07','2024-05-06 08:18:07',NULL,0.00,0,0.00,0,0),(2400,'','',0,NULL,'2018-05-03 00:00:00','2019-05-04 00:00:00','0000-00-00 00:00:00',2,'highest',1,2,'2024-05-06 08:18:16','2024-05-06 08:18:16',NULL,0.00,0,0.00,0,0),(2401,'','',0,NULL,'2018-05-03 00:00:00','2019-05-04 00:00:00','0000-00-00 00:00:00',2,'highest',1,2,'2024-05-06 08:18:30','2024-05-06 08:18:30',NULL,0.00,0,0.00,0,0),(2402,'','',0,NULL,'2018-05-03 00:00:00','2019-05-04 00:00:00','0000-00-00 00:00:00',2,'highest',1,2,'2024-05-06 08:18:34','2024-05-06 08:18:34',NULL,0.00,0,0.00,0,0),(2403,'','',0,NULL,'2018-05-03 00:00:00','2019-05-04 00:00:00','0000-00-00 00:00:00',2,'highest',1,2,'2024-05-06 08:18:39','2024-05-06 08:18:39',NULL,0.00,0,0.00,0,0),(2404,'','',0,NULL,'2018-05-03 00:00:00','2019-05-04 00:00:00','0000-00-00 00:00:00',2,'highest',1,2,'2024-05-06 08:22:08','2024-05-06 08:22:08',NULL,0.00,0,0.00,0,0),(2405,'','',0,NULL,'2018-05-03 00:00:00','2019-05-04 00:00:00','0000-00-00 00:00:00',2,'highest',1,2,'2024-05-06 09:05:29','2024-05-06 09:05:29',NULL,0.00,0,0.00,0,0),(2406,'','',0,NULL,'2018-05-03 00:00:00','2019-05-04 00:00:00','0000-00-00 00:00:00',2,'highest',1,2,'2024-05-06 10:55:43','2024-05-06 10:55:43',NULL,0.00,0,0.00,0,0),(2407,'','',0,NULL,'2018-05-03 00:00:00','2019-05-04 00:00:00','0000-00-00 00:00:00',2,'highest',1,2,'2024-05-06 10:56:43','2024-05-06 10:56:43',NULL,0.00,0,0.00,0,0),(2408,'','',0,NULL,'2018-05-03 00:00:00','2019-05-04 00:00:00','0000-00-00 00:00:00',2,'highest',1,2,'2024-05-06 10:56:48','2024-05-06 10:56:48',NULL,0.00,0,0.00,0,0),(2409,'','',0,NULL,'2018-05-03 00:00:00','2019-05-04 00:00:00','0000-00-00 00:00:00',2,'highest',1,2,'2024-05-08 04:00:23','2024-05-08 04:00:23',NULL,0.00,0,0.00,0,0),(2410,'pamelaliusm@gmail.com standard 05/08/2024 Test for ','pamelaliusm@gmail.com standard 05/08/2024 Test for ',0,NULL,'2024-05-07 00:00:00','2024-06-08 00:00:00','0000-00-00 00:00:00',2,'highest',1,2,'2024-05-08 04:00:23','2024-05-08 04:00:23',2,0.00,0,0.00,0,0),(2411,'','',0,NULL,'2018-05-03 00:00:00','2019-05-04 00:00:00','0000-00-00 00:00:00',2,'highest',1,2,'2024-05-09 04:56:54','2024-05-09 04:56:54',NULL,0.00,0,0.00,0,0),(2412,'pamelaliusm@gmail.com standard 05/09/2024 Test for ','pamelaliusm@gmail.com standard 05/09/2024 Test for ',0,NULL,'2024-05-08 00:00:00','2024-06-09 00:00:00','0000-00-00 00:00:00',2,'highest',1,2,'2024-05-09 04:56:54','2024-05-09 04:56:54',2,0.00,0,0.00,0,0),(2413,'','',0,NULL,'2018-05-03 00:00:00','2019-05-04 00:00:00','0000-00-00 00:00:00',2,'highest',1,2,'2024-05-09 14:41:06','2024-05-09 14:41:06',NULL,0.00,0,0.00,0,0),(2414,'pamelaliusm@gmail.com standard 05/09/2024 Test for ','pamelaliusm@gmail.com standard 05/09/2024 Test for ',0,NULL,'2024-05-08 00:00:00','2024-06-09 00:00:00','0000-00-00 00:00:00',2,'highest',1,2,'2024-05-09 14:41:06','2024-05-09 14:41:06',2,0.00,0,0.00,0,0),(2415,'','',0,NULL,'2018-05-03 00:00:00','2019-05-04 00:00:00','0000-00-00 00:00:00',2,'highest',1,2,'2024-05-11 06:13:05','2024-05-11 06:13:05',NULL,0.00,0,0.00,0,0),(2416,'pamelaliusm@gmail.com standard 05/11/2024 Test for ','pamelaliusm@gmail.com standard 05/11/2024 Test for ',0,NULL,'2024-05-10 00:00:00','2024-06-11 00:00:00','0000-00-00 00:00:00',2,'highest',1,2,'2024-05-11 06:13:05','2024-05-11 06:13:05',2,0.00,0,0.00,0,0),(2417,'','',0,NULL,'2018-05-03 00:00:00','2019-05-04 00:00:00','0000-00-00 00:00:00',2,'highest',1,2,'2024-05-11 08:51:31','2024-05-11 08:51:31',NULL,0.00,0,0.00,0,0),(2418,'pamelaliusm@gmail.com standard 05/11/2024 Test for ','pamelaliusm@gmail.com standard 05/11/2024 Test for ',0,NULL,'2024-05-10 00:00:00','2024-06-11 00:00:00','0000-00-00 00:00:00',2,'highest',1,2,'2024-05-11 08:51:31','2024-05-11 08:51:31',2,0.00,0,0.00,0,0),(2419,'','',0,NULL,'2018-05-03 00:00:00','2019-05-04 00:00:00','0000-00-00 00:00:00',2,'highest',1,2,'2024-05-22 10:45:15','2024-05-22 10:45:15',NULL,0.00,0,0.00,0,0),(2420,'','',0,NULL,'2018-05-03 00:00:00','2019-05-04 00:00:00','0000-00-00 00:00:00',2,'highest',1,2,'2024-05-22 10:45:16','2024-05-22 10:45:16',NULL,0.00,0,0.00,0,0),(2421,'','',0,NULL,'2018-05-03 00:00:00','2019-05-04 00:00:00','0000-00-00 00:00:00',2,'highest',1,2,'2024-05-22 10:45:16','2024-05-22 10:45:16',NULL,0.00,0,0.00,0,0),(2422,'','',0,NULL,'2018-05-03 00:00:00','2019-05-04 00:00:00','0000-00-00 00:00:00',2,'highest',1,2,'2024-05-22 12:06:46','2024-05-22 12:06:46',NULL,0.00,0,0.00,0,0),(2423,'','',0,NULL,'2018-05-03 00:00:00','2019-05-04 00:00:00','0000-00-00 00:00:00',2,'highest',1,2,'2024-05-22 12:06:46','2024-05-22 12:06:46',NULL,0.00,0,0.00,0,0),(2424,'','',0,NULL,'2018-05-03 00:00:00','2019-05-04 00:00:00','0000-00-00 00:00:00',2,'highest',1,2,'2024-05-22 18:35:55','2024-05-22 18:35:55',NULL,0.00,0,0.00,0,0),(2425,'','',0,NULL,'2018-05-03 00:00:00','2019-05-04 00:00:00','0000-00-00 00:00:00',2,'highest',1,2,'2024-05-22 18:36:15','2024-05-22 18:36:15',NULL,0.00,0,0.00,0,0),(2426,'','',0,NULL,'2018-05-03 00:00:00','2019-05-04 00:00:00','0000-00-00 00:00:00',2,'highest',1,2,'2024-05-22 18:41:48','2024-05-22 18:41:48',NULL,0.00,0,0.00,0,0),(2427,'','',0,NULL,'2018-05-03 00:00:00','2019-05-04 00:00:00','0000-00-00 00:00:00',2,'highest',1,2,'2024-05-22 18:41:53','2024-05-22 18:41:53',NULL,0.00,0,0.00,0,0),(2428,'','',0,NULL,'2018-05-03 00:00:00','2019-05-04 00:00:00','0000-00-00 00:00:00',2,'highest',1,2,'2024-05-22 18:42:38','2024-05-22 18:42:38',NULL,0.00,0,0.00,0,0),(2429,'','',0,NULL,'2018-05-03 00:00:00','2019-05-04 00:00:00','0000-00-00 00:00:00',2,'highest',1,2,'2024-05-22 18:42:49','2024-05-22 18:42:49',NULL,0.00,0,0.00,0,0),(2430,'','',0,NULL,'2018-05-03 00:00:00','2019-05-04 00:00:00','0000-00-00 00:00:00',2,'highest',1,2,'2024-05-22 18:42:56','2024-05-22 18:42:56',NULL,0.00,0,0.00,0,0),(2431,'','',0,NULL,'2018-05-03 00:00:00','2019-05-04 00:00:00','0000-00-00 00:00:00',2,'highest',1,2,'2024-05-22 19:02:56','2024-05-22 19:02:56',NULL,0.00,0,0.00,0,0),(2432,'','',0,NULL,'2018-05-03 00:00:00','2019-05-04 00:00:00','0000-00-00 00:00:00',2,'highest',1,2,'2024-05-22 19:04:24','2024-05-22 19:04:24',NULL,0.00,0,0.00,0,0),(2433,'','',0,NULL,'2018-05-03 00:00:00','2019-05-04 00:00:00','0000-00-00 00:00:00',2,'highest',1,2,'2024-05-22 21:12:34','2024-05-22 21:12:34',NULL,0.00,0,0.00,0,0),(2434,'','',0,NULL,'2018-05-03 00:00:00','2019-05-04 00:00:00','0000-00-00 00:00:00',2,'highest',1,2,'2024-05-22 21:12:35','2024-05-22 21:12:35',NULL,0.00,0,0.00,0,0),(2435,'','',0,NULL,'2018-05-03 00:00:00','2019-05-04 00:00:00','0000-00-00 00:00:00',2,'highest',1,2,'2024-05-23 08:31:40','2024-05-23 08:31:40',NULL,0.00,0,0.00,0,0),(2436,'','',0,NULL,'2018-05-03 00:00:00','2019-05-04 00:00:00','0000-00-00 00:00:00',2,'highest',1,2,'2024-05-23 09:13:31','2024-05-23 09:13:31',NULL,0.00,0,0.00,0,0),(2437,'','',0,NULL,'2018-05-03 00:00:00','2019-05-04 00:00:00','0000-00-00 00:00:00',2,'highest',1,2,'2024-05-23 17:34:52','2024-05-23 17:34:52',NULL,0.00,0,0.00,0,0),(2438,'Free Diagnostic for mimi@mimi.com on 2024-06-28','Automatically generated free diagnostic test',1,NULL,'2024-06-28 18:32:10','2025-06-28 18:32:10','2025-06-28 18:32:10',2,'highest',2,2,'2024-06-28 08:32:10','2024-06-28 08:32:10',NULL,0.00,0,0.00,0,0),(2439,'','',0,NULL,'2018-05-03 00:00:00','2019-05-04 00:00:00','0000-00-00 00:00:00',2,'highest',1,2,'2024-07-15 04:17:57','2024-07-15 04:17:57',NULL,0.00,0,0.00,0,0),(2440,'mimi@mimi.com standard diagnostic 07/15/2024 Test for Mimi','mimi@mimi.com standard diagnostic 07/15/2024 Test for Mimi',1,NULL,'2024-07-14 00:00:00','2024-08-15 00:00:00','0000-00-00 00:00:00',2,'highest',1,2,'2024-07-15 04:17:57','2024-07-15 04:17:57',2,0.00,0,0.00,0,0),(2441,'','',0,NULL,'2018-05-03 00:00:00','2019-05-04 00:00:00','0000-00-00 00:00:00',2,'highest',1,2,'2024-07-22 11:18:53','2024-07-22 11:18:53',NULL,0.00,0,0.00,0,0),(2442,'mimi@mimi.com standard diagnostic 07/22/2024 Test for Mimi','mimi@mimi.com standard diagnostic 07/22/2024 Test for Mimi',1,NULL,'2024-07-21 00:00:00','2024-08-22 00:00:00','0000-00-00 00:00:00',2,'highest',1,2,'2024-07-22 11:18:53','2024-07-22 11:18:53',2,0.00,0,0.00,0,0),(2443,'','',0,NULL,'2018-05-03 00:00:00','2019-05-04 00:00:00','0000-00-00 00:00:00',2,'highest',1,2,'2024-07-22 11:19:08','2024-07-22 11:19:08',NULL,0.00,0,0.00,0,0),(2444,'mimi@mimi.com standard diagnostic 07/22/2024 Test for Mimi','mimi@mimi.com standard diagnostic 07/22/2024 Test for Mimi',1,NULL,'2024-07-21 00:00:00','2024-08-22 00:00:00','0000-00-00 00:00:00',2,'highest',1,2,'2024-07-22 11:19:08','2024-07-22 11:19:08',2,0.00,0,0.00,0,0),(2445,'','',0,NULL,'2018-05-03 00:00:00','2019-05-04 00:00:00','0000-00-00 00:00:00',2,'highest',1,2,'2024-07-22 11:19:30','2024-07-22 11:19:30',NULL,0.00,0,0.00,0,0),(2446,'Random 07/22/2024 Test for mimi@mimi.com','Random 07/22/2024 Test',0,NULL,'2024-07-21 00:00:00','2024-08-22 00:00:00','0000-00-00 00:00:00',2,'highest',1,2,'2024-07-22 11:19:30','2024-07-22 11:19:30',NULL,0.00,0,0.00,0,0),(2447,'','',0,NULL,'2018-05-03 00:00:00','2019-05-04 00:00:00','0000-00-00 00:00:00',2,'highest',1,2,'2024-07-22 11:34:51','2024-07-22 11:34:51',NULL,0.00,0,0.00,0,0),(2448,'mimi@mimi.com standard diagnostic 07/22/2024 Test for Mimi','mimi@mimi.com standard diagnostic 07/22/2024 Test for Mimi',1,NULL,'2024-07-21 00:00:00','2024-08-22 00:00:00','0000-00-00 00:00:00',2,'highest',1,2,'2024-07-22 11:34:51','2024-07-22 11:34:51',2,0.00,0,0.00,0,0),(2449,'','',0,NULL,'2018-05-03 00:00:00','2019-05-04 00:00:00','0000-00-00 00:00:00',2,'highest',1,2,'2024-07-22 11:35:28','2024-07-22 11:35:28',NULL,0.00,0,0.00,0,0),(2450,'mimi@mimi.com standard diagnostic 07/22/2024 Test for Mimi','mimi@mimi.com standard diagnostic 07/22/2024 Test for Mimi',1,NULL,'2024-07-21 00:00:00','2024-08-22 00:00:00','0000-00-00 00:00:00',2,'highest',1,2,'2024-07-22 11:35:28','2024-07-22 11:35:28',2,0.00,0,0.00,0,0),(2451,'','',0,NULL,'2018-05-03 00:00:00','2019-05-04 00:00:00','0000-00-00 00:00:00',2,'highest',1,2,'2024-07-22 12:08:50','2024-07-22 12:08:50',NULL,0.00,0,0.00,0,0),(2452,'mimi@mimi.com standard diagnostic 07/22/2024 Test for Mimi','mimi@mimi.com standard diagnostic 07/22/2024 Test for Mimi',1,NULL,'2024-07-21 00:00:00','2024-08-22 00:00:00','0000-00-00 00:00:00',2,'highest',1,2,'2024-07-22 12:08:50','2024-07-22 12:08:50',2,0.00,0,0.00,0,0),(2453,'','',0,NULL,'2018-05-03 00:00:00','2019-05-04 00:00:00','0000-00-00 00:00:00',2,'highest',1,2,'2024-07-25 23:19:57','2024-07-25 23:19:57',NULL,0.00,0,0.00,0,0),(2454,'mimi@mimi.com standard diagnostic 07/26/2024 Test for Mimi','mimi@mimi.com standard diagnostic 07/26/2024 Test for Mimi',1,NULL,'2024-07-25 00:00:00','2024-08-26 00:00:00','0000-00-00 00:00:00',2,'highest',1,2,'2024-07-25 23:19:58','2024-07-25 23:19:58',2,0.00,0,0.00,0,0),(2455,'','',0,NULL,'2018-05-03 00:00:00','2019-05-04 00:00:00','0000-00-00 00:00:00',2,'highest',1,2,'2024-07-26 01:12:42','2024-07-26 01:12:42',NULL,0.00,0,0.00,0,0),(2456,'mimi@mimi.com standard diagnostic 07/26/2024 Test for Mimi','mimi@mimi.com standard diagnostic 07/26/2024 Test for Mimi',1,NULL,'2024-07-25 00:00:00','2024-08-26 00:00:00','0000-00-00 00:00:00',2,'highest',1,2,'2024-07-26 01:12:42','2024-07-26 01:12:42',2,0.00,0,0.00,0,0),(2457,'','',0,NULL,'2018-05-03 00:00:00','2019-05-04 00:00:00','0000-00-00 00:00:00',2,'highest',1,2,'2024-07-26 01:12:43','2024-07-26 01:12:43',NULL,0.00,0,0.00,0,0),(2458,'mimi@mimi.com standard diagnostic 07/26/2024 Test for Mimi','mimi@mimi.com standard diagnostic 07/26/2024 Test for Mimi',1,NULL,'2024-07-25 00:00:00','2024-08-26 00:00:00','0000-00-00 00:00:00',2,'highest',1,2,'2024-07-26 01:12:43','2024-07-26 01:12:43',2,0.00,0,0.00,0,0),(2459,'Pamela Lim\'s Addition and Subtraction to 100 tracktest','Pamela Lim\'s 04/18/2025 Addition and Subtraction to 100 tracktest',0,NULL,'2025-04-17 00:00:00','2026-04-18 00:00:00','0000-00-00 00:00:00',2,'highest',1,2,'2025-04-18 05:09:34','2025-05-04 06:04:23',NULL,200.00,0,0.00,0,0),(2460,'Pamela Lim\'s K1T1W11 tracktest','Pamela Lim\'s 04/18/2025 K1T1W11 tracktest',0,NULL,'2025-04-17 00:00:00','2026-04-18 00:00:00','0000-00-00 00:00:00',2,'highest',1,2,'2025-04-18 05:10:12','2025-04-18 05:10:12',NULL,0.00,0,0.00,0,0),(2461,'Pamela Lim\'s Picture Graphs tracktest','Pamela Lim\'s 04/18/2025 Picture Graphs tracktest',0,NULL,'2025-04-17 00:00:00','2026-04-18 00:00:00','0000-00-00 00:00:00',2,'highest',1,2,'2025-04-18 05:58:29','2025-04-18 05:58:29',NULL,0.00,0,0.00,0,0),(2462,'Pamela Lim\'s Length Year 1 tracktest','Pamela Lim\'s 04/18/2025 Length Year 1 tracktest',0,NULL,'2025-04-17 00:00:00','2026-04-18 00:00:00','0000-00-00 00:00:00',2,'highest',1,2,'2025-04-18 06:50:21','2025-04-18 06:50:21',NULL,0.00,0,0.00,0,0),(2463,'Pamela Lim\'s K1T1W1 tracktest','Pamela Lim\'s 04/18/2025 K1T1W1 tracktest',0,NULL,'2025-04-17 00:00:00','2026-04-18 00:00:00','0000-00-00 00:00:00',2,'highest',1,2,'2025-04-18 07:01:59','2025-04-18 07:01:59',NULL,0.00,0,0.00,0,0),(2464,'Pamela Lim\'s Angles Year 5 tracktest','Pamela Lim\'s 04/18/2025 Angles Year 5 tracktest',0,NULL,'2025-04-17 00:00:00','2026-04-18 00:00:00','0000-00-00 00:00:00',2,'highest',1,2,'2025-04-18 07:46:40','2025-04-18 07:46:40',NULL,0.00,0,0.00,0,0),(2465,'Pamela Lim\'s K1T1W2 tracktest','Pamela Lim\'s 04/18/2025 K1T1W2 tracktest',0,NULL,'2025-04-17 00:00:00','2026-04-18 00:00:00','0000-00-00 00:00:00',2,'highest',1,2,'2025-04-18 07:54:50','2025-04-18 07:54:50',NULL,0.00,0,0.00,0,0),(2466,'Pamela Lim\'s K1T1W8 tracktest','Pamela Lim\'s 04/18/2025 K1T1W8 tracktest',0,NULL,'2025-04-17 00:00:00','2026-04-18 00:00:00','0000-00-00 00:00:00',2,'highest',1,2,'2025-04-18 07:54:59','2025-04-18 07:54:59',NULL,0.00,0,0.00,0,0),(2467,'Pamela Lim\'s Money Year 1 tracktest','Pamela Lim\'s 04/18/2025 Money Year 1 tracktest',0,NULL,'2025-04-17 00:00:00','2026-04-18 00:00:00','0000-00-00 00:00:00',2,'highest',1,2,'2025-04-18 07:55:07','2025-04-18 07:55:07',NULL,0.00,0,0.00,0,0),(2468,'Pamela Lim\'s Multiplication and Division to 100 tracktest','Pamela Lim\'s 04/20/2025 Multiplication and Division to 100 tracktest',0,NULL,'2025-04-19 00:00:00','2026-04-20 00:00:00','0000-00-00 00:00:00',2,'highest',1,2,'2025-04-20 07:39:30','2025-04-20 07:39:30',NULL,0.00,0,0.00,0,0),(2469,'Pamela Lim\'s Comparing and measuring lengths tracktest','Pamela Lim\'s 04/20/2025 Comparing and measuring lengths tracktest',0,NULL,'2025-04-19 00:00:00','2026-04-20 00:00:00','0000-00-00 00:00:00',2,'highest',1,2,'2025-04-20 07:40:13','2025-04-20 07:40:13',NULL,0.00,0,0.00,0,0),(2470,'Pamela Lim\'s K1T1W12 tracktest','Pamela Lim\'s 04/20/2025 K1T1W12 tracktest',0,NULL,'2025-04-19 00:00:00','2026-04-20 00:00:00','0000-00-00 00:00:00',2,'highest',1,2,'2025-04-20 07:40:20','2025-04-20 07:40:20',NULL,0.00,0,0.00,0,0),(2471,'Pamela Lim\'s Percentage Year 6 tracktest','Pamela Lim\'s 04/20/2025 Percentage Year 6 tracktest',0,NULL,'2025-04-19 00:00:00','2026-04-20 00:00:00','0000-00-00 00:00:00',2,'highest',1,2,'2025-04-20 07:40:30','2025-04-20 07:40:30',NULL,0.00,0,0.00,0,0),(2472,'Pamela Lim\'s Time Year 1 tracktest','Pamela Lim\'s 04/20/2025 Time Year 1 tracktest',0,NULL,'2025-04-19 00:00:00','2026-04-20 00:00:00','0000-00-00 00:00:00',2,'highest',1,2,'2025-04-20 07:47:53','2025-04-20 07:47:53',NULL,0.00,0,0.00,0,0),(2473,'Pamela Lim\'s Numbers up to 100 tracktest','Pamela Lim\'s 04/21/2025 Numbers up to 100 tracktest',0,NULL,'2025-04-20 00:00:00','2026-04-21 00:00:00','0000-00-00 00:00:00',2,'highest',1,2,'2025-04-20 17:04:32','2025-04-20 18:51:18',2,200.00,0,0.00,0,0),(2474,'Pamela Lim\'s Numbers up to 100 tracktest','Pamela Lim\'s 04/21/2025 Numbers up to 100 tracktest',0,NULL,'2025-04-20 00:00:00','2026-04-21 00:00:00','0000-00-00 00:00:00',2,'highest',1,2,'2025-04-20 19:05:46','2025-04-20 19:06:21',NULL,200.00,0,0.00,0,0),(2475,'Pamela Lim\'s Numbers up to 100 tracktest','Pamela Lim\'s 04/21/2025 Numbers up to 100 tracktest',0,NULL,'2025-04-20 00:00:00','2026-04-21 00:00:00','0000-00-00 00:00:00',2,'highest',1,2,'2025-04-20 19:06:55','2025-04-20 19:07:03',NULL,200.00,0,0.00,0,0),(2476,'Pamela Lim\'s Numbers up to 100 tracktest','Pamela Lim\'s 04/21/2025 Numbers up to 100 tracktest',0,NULL,'2025-04-20 00:00:00','2026-04-21 00:00:00','0000-00-00 00:00:00',2,'highest',1,2,'2025-04-20 19:14:41','2025-04-20 19:14:47',NULL,200.00,0,0.00,0,0),(2477,'Pamela Lim\'s Numbers up to 100 tracktest','Pamela Lim\'s 04/21/2025 Numbers up to 100 tracktest',0,NULL,'2025-04-20 00:00:00','2026-04-21 00:00:00','0000-00-00 00:00:00',2,'highest',1,2,'2025-04-20 19:29:46','2025-04-20 19:29:54',NULL,200.00,0,0.00,0,0),(2478,'Pamela Lim\'s Numbers up to 100 tracktest','Pamela Lim\'s 04/21/2025 Numbers up to 100 tracktest',0,NULL,'2025-04-20 00:00:00','2026-04-21 00:00:00','0000-00-00 00:00:00',2,'highest',1,2,'2025-04-20 19:33:34','2025-04-20 19:33:40',NULL,200.00,0,0.00,0,0),(2479,'Pamela Lim\'s Numbers up to 100 tracktest','Pamela Lim\'s 04/21/2025 Numbers up to 100 tracktest',0,NULL,'2025-04-20 00:00:00','2026-04-21 00:00:00','0000-00-00 00:00:00',2,'highest',1,2,'2025-04-20 20:22:20','2025-04-20 20:22:20',NULL,0.00,0,0.00,0,0),(2480,'User-WPFwgx\'s Numbers up to 100 tracktest','User-WPFwgx\'s 04/22/2025 Numbers up to 100 tracktest',0,NULL,'2025-04-21 00:00:00','2026-04-22 00:00:00','0000-00-00 00:00:00',2,'highest',1,2,'2025-04-21 17:20:41','2025-05-20 03:27:39',NULL,0.00,20,0.00,0,0),(2481,'User-WPFwgx\'s Length Year 1 tracktest','User-WPFwgx\'s 04/22/2025 Length Year 1 tracktest',0,NULL,'2025-04-21 00:00:00','2026-04-22 00:00:00','0000-00-00 00:00:00',2,'highest',1,2,'2025-04-21 17:23:17','2025-04-21 17:23:17',NULL,0.00,0,0.00,0,0),(2482,'User-WPFwgx\'s Addition and Subtraction to 100 tracktest','User-WPFwgx\'s 04/22/2025 Addition and Subtraction to 100 tracktest',0,NULL,'2025-04-21 00:00:00','2026-04-22 00:00:00','0000-00-00 00:00:00',2,'highest',1,2,'2025-04-21 18:00:27','2025-04-21 18:00:27',NULL,0.00,0,0.00,0,0),(2483,'User-WPFwgx\'s Addition and Subtraction of fraction of a whole tracktest','User-WPFwgx\'s 04/22/2025 Addition and Subtraction of fraction of a whole tracktest',0,NULL,'2025-04-21 00:00:00','2026-04-22 00:00:00','0000-00-00 00:00:00',2,'highest',1,2,'2025-04-21 18:08:18','2025-04-30 19:00:17',NULL,300.00,0,0.00,0,0),(2484,'User-WPFwgx\'s Addition within 40 with regrouping tracktest','User-WPFwgx\'s 04/22/2025 Addition within 40 with regrouping tracktest',0,NULL,'2025-04-21 00:00:00','2026-04-22 00:00:00','0000-00-00 00:00:00',2,'highest',1,2,'2025-04-21 18:08:38','2025-04-21 18:08:38',NULL,0.00,0,0.00,0,0),(2485,'User-WPFwgx\'s Addition within 40 without regrouping tracktest','User-WPFwgx\'s 04/22/2025 Addition within 40 without regrouping tracktest',0,NULL,'2025-04-21 00:00:00','2026-04-22 00:00:00','0000-00-00 00:00:00',2,'highest',1,2,'2025-04-21 18:08:44','2025-04-21 18:08:44',NULL,0.00,0,0.00,0,0),(2486,'User-WPFwgx\'s Comparing and ordering within 40 tracktest','User-WPFwgx\'s 04/22/2025 Comparing and ordering within 40 tracktest',0,NULL,'2025-04-21 00:00:00','2026-04-22 00:00:00','0000-00-00 00:00:00',2,'highest',1,2,'2025-04-21 18:18:34','2025-04-21 18:18:34',NULL,0.00,0,0.00,0,0),(2487,'User-WPFwgx\'s Primary School Addition and Subtraction tracktest','User-WPFwgx\'s 04/22/2025 Primary School Addition and Subtraction tracktest',0,NULL,'2025-04-21 00:00:00','2026-04-22 00:00:00','0000-00-00 00:00:00',2,'highest',1,2,'2025-04-21 18:19:07','2025-04-21 18:19:07',NULL,0.00,0,0.00,0,0),(2488,'User-WPFwgx\'s Primary School Money tracktest','User-WPFwgx\'s 04/22/2025 Primary School Money tracktest',0,NULL,'2025-04-21 00:00:00','2026-04-22 00:00:00','0000-00-00 00:00:00',2,'highest',1,2,'2025-04-21 18:19:37','2025-04-21 18:19:37',NULL,0.00,0,0.00,0,0),(2489,'User-WPFwgx\'s Equivalent Fractions tracktest','User-WPFwgx\'s 04/22/2025 Equivalent Fractions tracktest',0,NULL,'2025-04-21 00:00:00','2026-04-22 00:00:00','0000-00-00 00:00:00',2,'highest',1,2,'2025-04-21 18:29:53','2025-04-21 18:29:53',NULL,0.00,0,0.00,0,0),(2490,'Pamela Lim\'s 2D Shapes tracktest','Pamela Lim\'s 04/24/2025 2D Shapes tracktest',0,NULL,'2025-04-23 00:00:00','2026-04-24 00:00:00','0000-00-00 00:00:00',2,'highest',1,2,'2025-04-23 21:16:11','2025-04-23 21:16:11',NULL,0.00,0,0.00,0,0),(2491,'Pamela Lim\'s Multiplication and Division tracktest','Pamela Lim\'s 04/24/2025 Multiplication and Division tracktest',0,NULL,'2025-04-23 00:00:00','2026-04-24 00:00:00','0000-00-00 00:00:00',2,'highest',1,2,'2025-04-23 21:16:57','2025-05-08 02:46:43',NULL,200.00,0,0.00,0,0),(2492,'User-WPFwgx\'s K1T1W1 tracktest','User-WPFwgx\'s 04/30/2025 K1T1W1 tracktest',0,NULL,'2025-04-29 00:00:00','2026-04-30 00:00:00','0000-00-00 00:00:00',2,'highest',1,2,'2025-04-30 06:32:25','2025-04-30 06:32:25',NULL,0.00,0,0.00,0,0),(2493,'User-WPFwgx\'s Numbers up to 1000 tracktest','User-WPFwgx\'s 04/30/2025 Numbers up to 1000 tracktest',0,NULL,'2025-04-29 00:00:00','2026-04-30 00:00:00','0000-00-00 00:00:00',2,'highest',1,2,'2025-04-30 07:36:35','2025-05-20 03:49:47',NULL,0.00,12,0.00,0,0),(2494,'User-WPFwgx\'s Speed - ? tracktest','User-WPFwgx\'s 05/01/2025 Speed - ? tracktest',0,NULL,'2025-04-30 00:00:00','2026-05-01 00:00:00','0000-00-00 00:00:00',2,'highest',1,2,'2025-04-30 17:05:50','2025-04-30 17:05:50',NULL,0.00,0,0.00,0,0),(2495,'User-WPFwgx\'s Algebra tracktest','User-WPFwgx\'s 05/01/2025 Algebra tracktest',0,NULL,'2025-04-30 00:00:00','2026-05-01 00:00:00','0000-00-00 00:00:00',2,'highest',1,2,'2025-04-30 17:07:03','2025-04-30 17:07:03',NULL,0.00,0,0.00,0,0),(2496,'User-WPFwgx\'s Area and Perimeter Year 4 tracktest','User-WPFwgx\'s 05/01/2025 Area and Perimeter Year 4 tracktest',0,NULL,'2025-04-30 00:00:00','2026-05-01 00:00:00','0000-00-00 00:00:00',2,'highest',1,2,'2025-04-30 19:01:30','2025-04-30 19:01:30',NULL,0.00,0,0.00,0,0),(2497,'User-WPFwgx\'s Primary School Time  tracktest','User-WPFwgx\'s 05/01/2025 Primary School Time  tracktest',0,NULL,'2025-04-30 00:00:00','2026-05-01 00:00:00','0000-00-00 00:00:00',2,'highest',1,2,'2025-04-30 19:20:43','2025-04-30 19:20:43',NULL,0.00,0,0.00,0,0),(2498,'User-WPFwgx\'s Fraction of a Whole tracktest','User-WPFwgx\'s 05/01/2025 Fraction of a Whole tracktest',0,NULL,'2025-04-30 00:00:00','2026-05-01 00:00:00','0000-00-00 00:00:00',2,'highest',1,2,'2025-04-30 19:36:52','2025-04-30 19:36:52',NULL,0.00,0,0.00,0,0),(2499,'User-WPFwgx\'s Angles Year 3 tracktest','User-WPFwgx\'s 05/01/2025 Angles Year 3 tracktest',0,NULL,'2025-04-30 00:00:00','2026-05-01 00:00:00','0000-00-00 00:00:00',2,'highest',1,2,'2025-04-30 19:36:58','2025-04-30 19:36:58',NULL,0.00,0,0.00,0,0),(2500,'User-WPFwgx\'s Fraction of a Set tracktest','User-WPFwgx\'s 05/01/2025 Fraction of a Set tracktest',0,NULL,'2025-04-30 00:00:00','2026-05-01 00:00:00','0000-00-00 00:00:00',2,'highest',1,2,'2025-04-30 19:37:18','2025-04-30 19:37:18',NULL,0.00,0,0.00,0,0),(2501,'User-WPFwgx\'s Fraction and Division tracktest','User-WPFwgx\'s 05/01/2025 Fraction and Division tracktest',0,NULL,'2025-04-30 00:00:00','2026-05-01 00:00:00','0000-00-00 00:00:00',2,'highest',1,2,'2025-04-30 19:43:36','2025-04-30 19:43:36',NULL,0.00,0,0.00,0,0),(2502,'User-WPFwgx\'s Addition and Subtraction of fraction of a whole tracktest','User-WPFwgx\'s 05/01/2025 Addition and Subtraction of fraction of a whole tracktest',0,NULL,'2025-04-30 00:00:00','2026-05-01 00:00:00','0000-00-00 00:00:00',2,'highest',1,2,'2025-04-30 19:44:23','2025-04-30 19:45:56',NULL,300.00,0,0.00,0,0),(2503,'User-WPFwgx\'s Length, Mass and Volume Year 3 tracktest','User-WPFwgx\'s 05/01/2025 Length, Mass and Volume Year 3 tracktest',0,NULL,'2025-04-30 00:00:00','2026-05-01 00:00:00','0000-00-00 00:00:00',2,'highest',1,2,'2025-04-30 20:02:43','2025-04-30 20:02:43',NULL,0.00,0,0.00,0,0),(2504,'User-WPFwgx\'s Four operations of fractions tracktest','User-WPFwgx\'s 05/01/2025 Four operations of fractions tracktest',0,NULL,'2025-04-30 00:00:00','2026-05-01 00:00:00','0000-00-00 00:00:00',2,'highest',1,2,'2025-04-30 20:02:57','2025-04-30 20:02:57',NULL,0.00,0,0.00,0,0),(2505,'User-WPFwgx\'s Area and circumference of circle tracktest','User-WPFwgx\'s 05/01/2025 Area and circumference of circle tracktest',0,NULL,'2025-04-30 00:00:00','2026-05-01 00:00:00','0000-00-00 00:00:00',2,'highest',1,2,'2025-04-30 20:03:05','2025-04-30 20:03:05',NULL,0.00,0,0.00,0,0),(2506,'User-WPFwgx\'s Picture Graphs tracktest','User-WPFwgx\'s 05/01/2025 Picture Graphs tracktest',0,NULL,'2025-04-30 00:00:00','2026-05-01 00:00:00','0000-00-00 00:00:00',2,'highest',1,2,'2025-04-30 20:03:11','2025-04-30 20:03:11',NULL,0.00,0,0.00,0,0),(2507,'User-WPFwgx\'s 2D Shapes tracktest','User-WPFwgx\'s 05/01/2025 2D Shapes tracktest',0,NULL,'2025-04-30 00:00:00','2026-05-01 00:00:00','0000-00-00 00:00:00',2,'highest',1,2,'2025-04-30 20:03:14','2025-04-30 20:03:14',NULL,0.00,0,0.00,0,0),(2508,'User-WPFwgx\'s Multiplication and Division tracktest','User-WPFwgx\'s 05/01/2025 Multiplication and Division tracktest',0,NULL,'2025-04-30 00:00:00','2026-05-01 00:00:00','0000-00-00 00:00:00',2,'highest',1,2,'2025-04-30 20:03:17','2025-04-30 20:03:17',NULL,0.00,0,0.00,0,0),(2509,'User-WPFwgx\'s Picture Graphs with Scales tracktest','User-WPFwgx\'s 05/01/2025 Picture Graphs with Scales tracktest',0,NULL,'2025-04-30 00:00:00','2026-05-01 00:00:00','0000-00-00 00:00:00',2,'highest',1,2,'2025-04-30 20:03:46','2025-04-30 20:03:46',NULL,0.00,0,0.00,0,0),(2510,'User-WPFwgx\'s Rectangle and Square tracktest','User-WPFwgx\'s 05/01/2025 Rectangle and Square tracktest',0,NULL,'2025-04-30 00:00:00','2026-05-01 00:00:00','0000-00-00 00:00:00',2,'highest',1,2,'2025-04-30 20:18:18','2025-04-30 20:18:18',NULL,0.00,0,0.00,0,0),(2511,'User-WPFwgx\'s Telling time tracktest','User-WPFwgx\'s 05/01/2025 Telling time tracktest',0,NULL,'2025-04-30 00:00:00','2026-05-01 00:00:00','0000-00-00 00:00:00',2,'highest',1,2,'2025-04-30 20:52:03','2025-04-30 20:52:03',NULL,0.00,0,0.00,0,0),(2512,'User-WPFwgx\'s Money Year 1 tracktest','User-WPFwgx\'s 05/01/2025 Money Year 1 tracktest',0,NULL,'2025-04-30 00:00:00','2026-05-01 00:00:00','0000-00-00 00:00:00',2,'highest',1,2,'2025-04-30 20:54:33','2025-04-30 20:54:33',NULL,0.00,0,0.00,0,0),(2513,'User-WPFwgx\'s Counting to 40 tracktest','User-WPFwgx\'s 05/01/2025 Counting to 40 tracktest',0,NULL,'2025-04-30 00:00:00','2026-05-01 00:00:00','0000-00-00 00:00:00',2,'highest',1,2,'2025-04-30 20:54:37','2025-04-30 20:54:37',NULL,0.00,0,0.00,0,0),(2514,'User-WPFwgx\'s Time Year 2 tracktest','User-WPFwgx\'s 05/01/2025 Time Year 2 tracktest',0,NULL,'2025-04-30 00:00:00','2026-05-01 00:00:00','0000-00-00 00:00:00',2,'highest',1,2,'2025-04-30 21:10:50','2025-04-30 21:10:50',NULL,0.00,0,0.00,0,0),(2515,'User-WPFwgx\'s Multiplication and Dvision to 10000 tracktest','User-WPFwgx\'s 05/01/2025 Multiplication and Dvision to 10000 tracktest',0,NULL,'2025-04-30 00:00:00','2026-05-01 00:00:00','0000-00-00 00:00:00',2,'highest',1,2,'2025-04-30 21:11:04','2025-04-30 21:11:04',NULL,0.00,0,0.00,0,0),(2516,'User-WPFwgx\'s Addition and Subtraction of Decimals tracktest','User-WPFwgx\'s 05/01/2025 Addition and Subtraction of Decimals tracktest',0,NULL,'2025-04-30 00:00:00','2026-05-01 00:00:00','0000-00-00 00:00:00',2,'highest',1,2,'2025-04-30 21:11:08','2025-04-30 21:11:08',NULL,0.00,0,0.00,0,0),(2517,'User-WPFwgx\'s Angles Year 4 tracktest','User-WPFwgx\'s 05/01/2025 Angles Year 4 tracktest',0,NULL,'2025-04-30 00:00:00','2026-05-01 00:00:00','0000-00-00 00:00:00',2,'highest',1,2,'2025-04-30 21:11:12','2025-04-30 21:11:12',NULL,0.00,0,0.00,0,0),(2518,'User-WPFwgx\'s Nets tracktest','User-WPFwgx\'s 05/01/2025 Nets tracktest',0,NULL,'2025-04-30 00:00:00','2026-05-01 00:00:00','0000-00-00 00:00:00',2,'highest',1,2,'2025-04-30 21:11:16','2025-04-30 21:11:16',NULL,0.00,0,0.00,0,0),(2519,'User-WPFwgx\'s Percentage Year 5 tracktest','User-WPFwgx\'s 05/01/2025 Percentage Year 5 tracktest',0,NULL,'2025-04-30 00:00:00','2026-05-01 00:00:00','0000-00-00 00:00:00',2,'highest',1,2,'2025-04-30 21:11:20','2025-04-30 21:11:20',NULL,0.00,0,0.00,0,0),(2520,'User-WPFwgx\'s Triangles tracktest','User-WPFwgx\'s 05/01/2025 Triangles tracktest',0,NULL,'2025-04-30 00:00:00','2026-05-01 00:00:00','0000-00-00 00:00:00',2,'highest',1,2,'2025-04-30 21:11:26','2025-04-30 21:11:26',NULL,0.00,0,0.00,0,0),(2521,'User-WPFwgx\'s Mixed Numbers and Improper Fractions tracktest','User-WPFwgx\'s 05/01/2025 Mixed Numbers and Improper Fractions tracktest',0,NULL,'2025-04-30 00:00:00','2026-05-01 00:00:00','0000-00-00 00:00:00',2,'highest',1,2,'2025-04-30 22:37:48','2025-04-30 22:37:48',NULL,0.00,0,0.00,0,0),(2522,'User-WPFwgx\'s Addition and Subtraction to 1000 tracktest','User-WPFwgx\'s 05/01/2025 Addition and Subtraction to 1000 tracktest',0,NULL,'2025-04-30 00:00:00','2026-05-01 00:00:00','0000-00-00 00:00:00',2,'highest',1,2,'2025-04-30 22:38:38','2025-04-30 22:38:38',NULL,0.00,0,0.00,0,0),(2523,'User-WPFwgx\'s Decimals up to 3 decimal places tracktest','User-WPFwgx\'s 05/01/2025 Decimals up to 3 decimal places tracktest',0,NULL,'2025-04-30 00:00:00','2026-05-01 00:00:00','0000-00-00 00:00:00',2,'highest',1,2,'2025-05-01 01:31:08','2025-05-01 01:31:08',NULL,0.00,0,0.00,0,0),(2524,'User-WPFwgx\'s Four Operations to 10 million tracktest','User-WPFwgx\'s 05/01/2025 Four Operations to 10 million tracktest',0,NULL,'2025-04-30 00:00:00','2026-05-01 00:00:00','0000-00-00 00:00:00',2,'highest',1,2,'2025-05-01 01:31:18','2025-05-01 01:31:18',NULL,0.00,0,0.00,0,0),(2525,'User-WPFwgx\'s Numbers up to 10000 tracktest','User-WPFwgx\'s 05/01/2025 Numbers up to 10000 tracktest',0,NULL,'2025-04-30 00:00:00','2026-05-01 00:00:00','0000-00-00 00:00:00',2,'highest',1,2,'2025-05-01 01:31:39','2025-05-01 01:31:39',NULL,0.00,0,0.00,0,0),(2526,'User-WPFwgx\'s Length, Mass Volume tracktest','User-WPFwgx\'s 05/01/2025 Length, Mass Volume tracktest',0,NULL,'2025-04-30 00:00:00','2026-05-01 00:00:00','0000-00-00 00:00:00',2,'highest',1,2,'2025-05-01 02:31:52','2025-05-01 02:31:52',NULL,0.00,0,0.00,0,0),(2527,'User-WPFwgx\'s Perpendicular and Parallel Lines tracktest','User-WPFwgx\'s 05/01/2025 Perpendicular and Parallel Lines tracktest',0,NULL,'2025-04-30 00:00:00','2026-05-01 00:00:00','0000-00-00 00:00:00',2,'highest',1,2,'2025-05-01 02:32:06','2025-05-01 02:32:06',NULL,0.00,0,0.00,0,0),(2528,'User-WPFwgx\'s Area and Perimeter tracktest','User-WPFwgx\'s 05/01/2025 Area and Perimeter tracktest',0,NULL,'2025-04-30 00:00:00','2026-05-01 00:00:00','0000-00-00 00:00:00',2,'highest',1,2,'2025-05-01 02:32:10','2025-05-01 02:32:10',NULL,0.00,0,0.00,0,0),(2529,'User-WPFwgx\'s Money Year 3 tracktest','User-WPFwgx\'s 05/01/2025 Money Year 3 tracktest',0,NULL,'2025-04-30 00:00:00','2026-05-01 00:00:00','0000-00-00 00:00:00',2,'highest',1,2,'2025-05-01 02:32:25','2025-05-01 02:32:25',NULL,0.00,0,0.00,0,0),(2530,'User-WPFwgx\'s Money Year 2 tracktest','User-WPFwgx\'s 05/01/2025 Money Year 2 tracktest',0,NULL,'2025-04-30 00:00:00','2026-05-01 00:00:00','0000-00-00 00:00:00',2,'highest',1,2,'2025-05-01 03:09:38','2025-05-01 03:09:38',NULL,0.00,0,0.00,0,0),(2531,'User-WPFwgx\'s Multiplication and Division to 1000 tracktest','User-WPFwgx\'s 05/02/2025 Multiplication and Division to 1000 tracktest',0,NULL,'2025-05-01 00:00:00','2026-05-02 00:00:00','0000-00-00 00:00:00',2,'highest',1,2,'2025-05-01 16:13:34','2025-05-01 16:13:34',NULL,0.00,0,0.00,0,0),(2532,'User-WPFwgx\'s 2D Shapes Year 2 tracktest','User-WPFwgx\'s 05/02/2025 2D Shapes Year 2 tracktest',0,NULL,'2025-05-01 00:00:00','2026-05-02 00:00:00','0000-00-00 00:00:00',2,'highest',1,2,'2025-05-01 20:48:25','2025-05-01 20:48:25',NULL,0.00,0,0.00,0,0),(2533,'User-WPFwgx\'s Comparing and measuring lengths tracktest','User-WPFwgx\'s 05/02/2025 Comparing and measuring lengths tracktest',0,NULL,'2025-05-01 00:00:00','2026-05-02 00:00:00','0000-00-00 00:00:00',2,'highest',1,2,'2025-05-01 21:25:53','2025-05-01 21:25:53',NULL,0.00,0,0.00,0,0),(2534,'User-WPFwgx\'s Four operations of decimals tracktest','User-WPFwgx\'s 05/02/2025 Four operations of decimals tracktest',0,NULL,'2025-05-01 00:00:00','2026-05-02 00:00:00','0000-00-00 00:00:00',2,'highest',1,2,'2025-05-01 21:31:04','2025-05-01 21:31:04',NULL,0.00,0,0.00,0,0),(2535,'User-WPFwgx\'s Four Operations tracktest','User-WPFwgx\'s 05/02/2025 Four Operations tracktest',0,NULL,'2025-05-01 00:00:00','2026-05-02 00:00:00','0000-00-00 00:00:00',2,'highest',1,2,'2025-05-01 22:38:48','2025-05-01 22:38:48',NULL,0.00,0,0.00,0,0),(2536,'User-WPFwgx\'s Numbers up to 100000 tracktest','User-WPFwgx\'s 05/02/2025 Numbers up to 100000 tracktest',0,NULL,'2025-05-01 00:00:00','2026-05-02 00:00:00','0000-00-00 00:00:00',2,'highest',1,2,'2025-05-01 22:40:51','2025-05-01 22:40:51',NULL,0.00,0,0.00,0,0),(2537,'User-WPFwgx\'s Primary School Decimals and Fractions tracktest','User-WPFwgx\'s 05/02/2025 Primary School Decimals and Fractions tracktest',0,NULL,'2025-05-01 00:00:00','2026-05-02 00:00:00','0000-00-00 00:00:00',2,'highest',1,2,'2025-05-01 22:53:57','2025-05-01 22:53:57',NULL,0.00,0,0.00,0,0),(2538,'User-WPFwgx\'s Bar Graphs tracktest','User-WPFwgx\'s 05/03/2025 Bar Graphs tracktest',0,NULL,'2025-05-02 00:00:00','2026-05-03 00:00:00','0000-00-00 00:00:00',2,'highest',1,2,'2025-05-03 04:29:56','2025-05-03 04:29:56',NULL,0.00,0,0.00,0,0),(2539,'User-WPFwgx\'s Primary School Counting  tracktest','User-WPFwgx\'s 05/03/2025 Primary School Counting  tracktest',0,NULL,'2025-05-02 00:00:00','2026-05-03 00:00:00','0000-00-00 00:00:00',2,'highest',1,2,'2025-05-03 04:34:20','2025-05-03 04:34:20',NULL,0.00,0,0.00,0,0),(2540,'Pamela Lim\'s Fraction of a Whole tracktest','Pamela Lim\'s 05/04/2025 Fraction of a Whole tracktest',0,NULL,'2025-05-03 00:00:00','2026-05-04 00:00:00','0000-00-00 00:00:00',2,'highest',1,2,'2025-05-03 20:48:57','2025-05-03 20:48:57',NULL,0.00,0,0.00,0,0),(2541,'Pamela Lim\'s Numbers up to 1000 tracktest','Pamela Lim\'s 05/04/2025 Numbers up to 1000 tracktest',0,NULL,'2025-05-03 00:00:00','2026-05-04 00:00:00','0000-00-00 00:00:00',2,'highest',1,2,'2025-05-03 20:49:41','2025-05-03 22:22:01',NULL,300.00,0,0.00,0,0),(2542,'Pamela Lim\'s Numbers up to 10000 tracktest','Pamela Lim\'s 05/04/2025 Numbers up to 10000 tracktest',0,NULL,'2025-05-03 00:00:00','2026-05-04 00:00:00','0000-00-00 00:00:00',2,'highest',1,2,'2025-05-03 20:53:55','2025-05-05 03:10:43',NULL,400.00,0,0.00,0,0),(2543,'Pamela Lim\'s Counting to 40 tracktest','Pamela Lim\'s 05/04/2025 Counting to 40 tracktest',0,NULL,'2025-05-03 00:00:00','2026-05-04 00:00:00','0000-00-00 00:00:00',2,'highest',1,2,'2025-05-03 20:54:08','2025-05-13 04:20:05',NULL,200.00,0,0.00,0,0),(2544,'Pamela Lim\'s Multiplication and Division to 1000 tracktest','Pamela Lim\'s 05/04/2025 Multiplication and Division to 1000 tracktest',0,NULL,'2025-05-03 00:00:00','2026-05-04 00:00:00','0000-00-00 00:00:00',2,'highest',1,2,'2025-05-03 20:55:22','2025-05-03 20:55:22',NULL,0.00,0,0.00,0,0),(2545,'Pamela Lim\'s Money Year 2 tracktest','Pamela Lim\'s 05/04/2025 Money Year 2 tracktest',0,NULL,'2025-05-03 00:00:00','2026-05-04 00:00:00','0000-00-00 00:00:00',2,'highest',1,2,'2025-05-03 20:55:27','2025-05-03 20:55:27',NULL,0.00,0,0.00,0,0),(2546,'Pamela Lim\'s Picture Graphs with Scales tracktest','Pamela Lim\'s 05/04/2025 Picture Graphs with Scales tracktest',0,NULL,'2025-05-03 00:00:00','2026-05-04 00:00:00','0000-00-00 00:00:00',2,'highest',1,2,'2025-05-03 21:52:26','2025-05-12 05:37:35',NULL,300.00,0,0.00,0,0),(2547,'Pamela Lim\'s 3D Shapes tracktest','Pamela Lim\'s 05/04/2025 3D Shapes tracktest',0,NULL,'2025-05-03 00:00:00','2026-05-04 00:00:00','0000-00-00 00:00:00',2,'highest',1,2,'2025-05-03 22:09:06','2025-05-03 22:09:06',NULL,0.00,0,0.00,0,0),(2548,'Pamela Lim\'s Money tracktest','Pamela Lim\'s 05/04/2025 Money tracktest',0,NULL,'2025-05-03 00:00:00','2026-05-04 00:00:00','0000-00-00 00:00:00',2,'highest',1,2,'2025-05-03 22:09:13','2025-05-03 22:09:13',NULL,0.00,0,0.00,0,0),(2549,'Pamela Lim\'s Addition and Subtraction to 1000 tracktest','Pamela Lim\'s 05/04/2025 Addition and Subtraction to 1000 tracktest',0,NULL,'2025-05-03 00:00:00','2026-05-04 00:00:00','0000-00-00 00:00:00',2,'highest',1,2,'2025-05-03 22:23:22','2025-05-03 22:23:22',NULL,0.00,0,0.00,0,0),(2550,'Pamela Lim\'s Multiplication and Division of decimals tracktest','Pamela Lim\'s 05/04/2025 Multiplication and Division of decimals tracktest',0,NULL,'2025-05-03 00:00:00','2026-05-04 00:00:00','0000-00-00 00:00:00',2,'highest',1,2,'2025-05-03 23:44:16','2025-05-03 23:44:16',NULL,0.00,0,0.00,0,0),(2551,'Pamela Lim\'s Numbers up to 10 \nmillion tracktest','Pamela Lim\'s 05/04/2025 Numbers up to 10 \nmillion tracktest',0,NULL,'2025-05-03 00:00:00','2026-05-04 00:00:00','0000-00-00 00:00:00',2,'highest',1,2,'2025-05-03 23:53:31','2025-05-03 23:53:31',NULL,0.00,0,0.00,0,0),(2552,'Pamela Lim\'s Numbers up to 100000 tracktest','Pamela Lim\'s 05/04/2025 Numbers up to 100000 tracktest',0,NULL,'2025-05-03 00:00:00','2026-05-04 00:00:00','0000-00-00 00:00:00',2,'highest',1,2,'2025-05-04 00:11:06','2025-05-13 03:19:45',NULL,500.00,0,0.00,0,0),(2553,'Pamela Lim\'s Numbers up to 100 tracktest','Pamela Lim\'s 05/04/2025 Numbers up to 100 tracktest',0,NULL,'2025-05-03 13:22:18','2026-05-04 13:22:18','0000-00-00 00:00:00',2,'highest',1,2,'2025-05-04 03:22:18','2025-05-04 03:22:18',NULL,0.00,0,0.00,0,0),(2554,'Pamela Lim\'s Numbers up to 100 tracktest','Pamela Lim\'s 05/04/2025 Numbers up to 100 tracktest',0,NULL,'2025-05-03 13:47:43','2026-05-04 13:47:43','0000-00-00 00:00:00',2,'highest',1,2,'2025-05-04 03:47:43','2025-05-04 03:47:43',NULL,0.00,0,0.00,0,0),(2555,'Pamela Lim\'s Numbers up to 100 tracktest','Pamela Lim\'s 05/04/2025 Numbers up to 100 tracktest',0,NULL,'2025-05-03 13:56:04','2026-05-04 13:56:04','0000-00-00 00:00:00',2,'highest',1,2,'2025-05-04 03:56:04','2025-05-04 05:10:27',NULL,200.00,0,0.00,0,0),(2556,'Pamela Lim\'s Numbers up to 100 tracktest','Pamela Lim\'s 05/04/2025 Numbers up to 100 tracktest',0,NULL,'2025-05-03 15:46:30','2026-05-04 15:46:30','0000-00-00 00:00:00',2,'highest',1,2,'2025-05-04 05:46:30','2025-05-04 05:46:37',NULL,200.00,0,0.00,0,0),(2557,'Pamela Lim\'s Numbers up to 100 tracktest','Pamela Lim\'s 05/04/2025 Numbers up to 100 tracktest',0,NULL,'2025-05-03 15:51:04','2026-05-04 15:51:04','0000-00-00 00:00:00',2,'highest',1,2,'2025-05-04 05:51:04','2025-05-04 05:51:10',NULL,200.00,0,0.00,0,0),(2558,'Pamela Lim\'s Numbers up to 100 tracktest','Pamela Lim\'s 05/04/2025 Numbers up to 100 tracktest',0,NULL,'2025-05-03 15:51:55','2026-05-04 15:51:55','0000-00-00 00:00:00',2,'highest',1,2,'2025-05-04 05:51:55','2025-05-04 05:52:03',NULL,200.00,0,0.00,0,0),(2559,'Pamela Lim\'s Numbers up to 100 tracktest','Pamela Lim\'s 05/04/2025 Numbers up to 100 tracktest',0,NULL,'2025-05-03 15:53:30','2026-05-04 15:53:30','0000-00-00 00:00:00',2,'highest',1,2,'2025-05-04 05:53:30','2025-05-04 05:55:04',NULL,200.00,0,0.00,0,0),(2560,'Pamela Lim\'s Numbers up to 100 tracktest','Pamela Lim\'s 05/04/2025 Numbers up to 100 tracktest',0,NULL,'2025-05-03 16:01:31','2026-05-04 16:01:31','0000-00-00 00:00:00',2,'highest',1,2,'2025-05-04 06:01:31','2025-05-04 06:02:07',NULL,200.00,0,0.00,0,0),(2561,'Pamela Lim\'s Numbers up to 100 tracktest','Pamela Lim\'s 05/04/2025 Numbers up to 100 tracktest',0,NULL,'2025-05-03 16:44:15','2026-05-04 16:44:15','0000-00-00 00:00:00',2,'highest',1,2,'2025-05-04 06:44:15','2025-05-04 06:55:26',NULL,200.00,0,0.00,0,0),(2562,'Pamela Lim\'s Numbers up to 1000 tracktest','Pamela Lim\'s 05/04/2025 Numbers up to 1000 tracktest',0,NULL,'2025-05-03 16:45:36','2026-05-04 16:45:36','0000-00-00 00:00:00',2,'highest',1,2,'2025-05-04 06:45:36','2025-05-04 06:45:36',NULL,0.00,0,0.00,0,0),(2563,'Pamela Lim\'s Numbers up to 100 tracktest','Pamela Lim\'s 05/04/2025 Numbers up to 100 tracktest',0,NULL,'2025-05-03 16:56:18','2026-05-04 16:56:18','0000-00-00 00:00:00',2,'highest',1,2,'2025-05-04 06:56:18','2025-05-10 21:52:10',NULL,200.00,0,0.00,0,0),(2564,'Pamela Lim\'s Addition and Subtraction to 100 tracktest','Pamela Lim\'s 05/05/2025 Addition and Subtraction to 100 tracktest',0,NULL,'2025-05-04 09:05:20','2026-05-05 09:05:20','0000-00-00 00:00:00',2,'highest',1,2,'2025-05-04 23:05:20','2025-05-05 05:19:28',NULL,200.00,0,0.00,0,0),(2565,'Pamela Lim\'s Numbers up to 1000 tracktest','Pamela Lim\'s 05/05/2025 Numbers up to 1000 tracktest',0,NULL,'2025-05-04 10:00:42','2026-05-05 10:00:42','0000-00-00 00:00:00',2,'highest',1,2,'2025-05-05 00:00:42','2025-05-05 05:34:22',NULL,300.00,0,0.00,0,0),(2566,'Pamela Lim\'s 2D Shapes Year 2 tracktest','Pamela Lim\'s 05/05/2025 2D Shapes Year 2 tracktest',0,NULL,'2025-05-04 13:39:20','2026-05-05 13:39:20','0000-00-00 00:00:00',2,'highest',1,2,'2025-05-05 03:39:20','2025-05-05 03:39:20',NULL,0.00,0,0.00,0,0),(2567,'Pamela Lim\'s Addition and Subtraction of fraction of a whole tracktest','Pamela Lim\'s 05/05/2025 Addition and Subtraction of fraction of a whole tracktest',0,NULL,'2025-05-04 14:52:19','2026-05-05 14:52:19','0000-00-00 00:00:00',2,'highest',1,2,'2025-05-05 04:52:19','2025-05-05 04:52:19',NULL,0.00,0,0.00,0,0),(2568,'Pamela Lim\'s Area and Perimeter Year 4 tracktest','Pamela Lim\'s 05/05/2025 Area and Perimeter Year 4 tracktest',0,NULL,'2025-05-04 14:55:36','2026-05-05 14:55:36','0000-00-00 00:00:00',2,'highest',1,2,'2025-05-05 04:55:36','2025-05-05 04:55:36',NULL,0.00,0,0.00,0,0),(2569,'Pamela Lim\'s Numbers up to 1000 tracktest','Pamela Lim\'s 05/05/2025 Numbers up to 1000 tracktest',0,NULL,'2025-05-04 15:41:13','2026-05-05 15:41:13','0000-00-00 00:00:00',2,'highest',1,2,'2025-05-05 05:41:13','2025-05-05 05:41:13',NULL,0.00,0,0.00,0,0),(2570,'Pamela Lim\'s Addition and Subtraction of equivalent fractions tracktest','Pamela Lim\'s 05/08/2025 Addition and Subtraction of equivalent fractions tracktest',0,NULL,'2025-05-07 12:03:51','2026-05-08 12:03:51','0000-00-00 00:00:00',2,'highest',1,2,'2025-05-08 02:03:51','2025-05-08 02:03:51',NULL,0.00,0,0.00,0,0),(2571,'Pamela Lim\'s Telling time tracktest','Pamela Lim\'s 05/08/2025 Telling time tracktest',0,NULL,'2025-05-07 12:11:04','2026-05-08 12:11:04','0000-00-00 00:00:00',2,'highest',1,2,'2025-05-08 02:11:04','2025-05-08 02:11:04',NULL,0.00,0,0.00,0,0),(2572,'Pamela Lim\'s Average of a set of data tracktest','Pamela Lim\'s 05/08/2025 Average of a set of data tracktest',0,NULL,'2025-05-07 12:52:20','2026-05-08 12:52:20','0000-00-00 00:00:00',2,'highest',1,2,'2025-05-08 02:52:20','2025-05-08 02:52:20',NULL,0.00,0,0.00,0,0),(2573,'Pamela Lim\'s Numbers up to 100 tracktest','Pamela Lim\'s 05/11/2025 Numbers up to 100 tracktest',0,NULL,'2025-05-10 07:52:21','2026-05-11 07:52:21','0000-00-00 00:00:00',2,'highest',1,2,'2025-05-10 21:52:21','2025-05-10 21:52:21',NULL,0.00,0,0.00,0,0),(2574,'Pamela Lim\'s Numbers up to 100 tracktest','Pamela Lim\'s 05/11/2025 Numbers up to 100 tracktest',0,NULL,'2025-05-10 07:52:24','2026-05-11 07:52:24','0000-00-00 00:00:00',2,'highest',1,2,'2025-05-10 21:52:24','2025-05-10 21:52:24',NULL,0.00,0,0.00,0,0),(2575,'Pamela Lim\'s Numbers up to 100 tracktest','Pamela Lim\'s 05/11/2025 Numbers up to 100 tracktest',0,NULL,'2025-05-10 07:55:53','2026-05-11 07:55:53','0000-00-00 00:00:00',2,'highest',1,2,'2025-05-10 21:55:53','2025-05-10 21:55:53',NULL,0.00,0,0.00,0,0),(2576,'Pamela Lim\'s Numbers up to 100 tracktest','Pamela Lim\'s 05/11/2025 Numbers up to 100 tracktest',0,NULL,'2025-05-10 07:56:04','2026-05-11 07:56:04','0000-00-00 00:00:00',2,'highest',1,2,'2025-05-10 21:56:04','2025-05-10 21:56:04',NULL,0.00,0,0.00,0,0),(2577,'Pamela Lim\'s Numbers up to 100 tracktest','Pamela Lim\'s 05/11/2025 Numbers up to 100 tracktest',0,NULL,'2025-05-10 07:56:23','2026-05-11 07:56:23','0000-00-00 00:00:00',2,'highest',1,2,'2025-05-10 21:56:23','2025-05-10 21:56:23',NULL,0.00,0,0.00,0,0),(2578,'Pamela Lim\'s Numbers up to 100 tracktest','Pamela Lim\'s 05/11/2025 Numbers up to 100 tracktest',0,NULL,'2025-05-10 08:01:15','2026-05-11 08:01:15','0000-00-00 00:00:00',2,'highest',1,2,'2025-05-10 22:01:15','2025-05-10 22:01:15',NULL,0.00,0,0.00,0,0),(2579,'Pamela Lim\'s Numbers up to 100 tracktest','Pamela Lim\'s 05/11/2025 Numbers up to 100 tracktest',0,NULL,'2025-05-10 08:04:45','2026-05-11 08:04:45','0000-00-00 00:00:00',2,'highest',1,2,'2025-05-10 22:04:45','2025-05-10 22:09:50',NULL,200.00,0,0.00,0,0),(2580,'Pamela Lim\'s Numbers up to 100 tracktest','Pamela Lim\'s 05/11/2025 Numbers up to 100 tracktest',0,NULL,'2025-05-10 10:58:32','2026-05-11 10:58:32','0000-00-00 00:00:00',2,'highest',1,2,'2025-05-11 00:58:32','2025-05-11 00:58:32',NULL,0.00,0,0.00,0,0),(2581,'Pamela Lim\'s Numbers up to 100 tracktest','Pamela Lim\'s 05/11/2025 Numbers up to 100 tracktest',0,NULL,'2025-05-10 11:10:53','2026-05-11 11:10:53','0000-00-00 00:00:00',2,'highest',1,2,'2025-05-11 01:10:53','2025-05-11 01:10:53',NULL,0.00,0,0.00,0,0),(2582,'Pamela Lim\'s Numbers up to 100 tracktest','Pamela Lim\'s 05/11/2025 Numbers up to 100 tracktest',0,NULL,'2025-05-10 11:15:44','2026-05-11 11:15:44','0000-00-00 00:00:00',2,'highest',1,2,'2025-05-11 01:15:44','2025-05-11 01:15:44',NULL,0.00,0,0.00,0,0),(2583,'Pamela Lim\'s Numbers up to 100 tracktest','Pamela Lim\'s 05/11/2025 Numbers up to 100 tracktest',0,NULL,'2025-05-10 11:28:18','2026-05-11 11:28:18','0000-00-00 00:00:00',2,'highest',1,2,'2025-05-11 01:28:18','2025-05-11 01:28:18',NULL,0.00,0,0.00,0,0),(2584,'Pamela Lim\'s Numbers up to 100 tracktest','Pamela Lim\'s 05/11/2025 Numbers up to 100 tracktest',0,NULL,'2025-05-10 11:28:52','2026-05-11 11:28:52','0000-00-00 00:00:00',2,'highest',1,2,'2025-05-11 01:28:52','2025-05-11 01:28:52',NULL,0.00,0,0.00,0,0),(2585,'Pamela Lim\'s Numbers up to 100 tracktest','Pamela Lim\'s 05/11/2025 Numbers up to 100 tracktest',0,NULL,'2025-05-10 11:33:13','2026-05-11 11:33:13','0000-00-00 00:00:00',2,'highest',1,2,'2025-05-11 01:33:13','2025-05-11 01:33:13',NULL,0.00,0,0.00,0,0),(2586,'Pamela Lim\'s Numbers up to 100 tracktest','Pamela Lim\'s 05/11/2025 Numbers up to 100 tracktest',0,NULL,'2025-05-10 11:34:23','2026-05-11 11:34:23','0000-00-00 00:00:00',2,'highest',1,2,'2025-05-11 01:34:23','2025-05-11 01:34:23',NULL,0.00,0,0.00,0,0),(2587,'Pamela Lim\'s Numbers up to 100 tracktest','Pamela Lim\'s 05/11/2025 Numbers up to 100 tracktest',0,NULL,'2025-05-10 11:34:42','2026-05-11 11:34:42','0000-00-00 00:00:00',2,'highest',1,2,'2025-05-11 01:34:42','2025-05-11 01:34:42',NULL,0.00,0,0.00,0,0),(2588,'Pamela Lim\'s Numbers up to 100 tracktest','Pamela Lim\'s 05/11/2025 Numbers up to 100 tracktest',0,NULL,'2025-05-10 13:00:17','2026-05-11 13:00:17','0000-00-00 00:00:00',2,'highest',1,2,'2025-05-11 03:00:17','2025-05-11 03:00:17',NULL,0.00,0,0.00,0,0),(2589,'Pamela Lim\'s Numbers up to 100 tracktest','Pamela Lim\'s 05/11/2025 Numbers up to 100 tracktest',0,NULL,'2025-05-10 13:02:24','2026-05-11 13:02:24','0000-00-00 00:00:00',2,'highest',1,2,'2025-05-11 03:02:24','2025-05-11 03:02:24',NULL,0.00,0,0.00,0,0),(2590,'Pamela Lim\'s Numbers up to 100 tracktest','Pamela Lim\'s 05/11/2025 Numbers up to 100 tracktest',0,NULL,'2025-05-10 13:02:42','2026-05-11 13:02:42','0000-00-00 00:00:00',2,'highest',1,2,'2025-05-11 03:02:42','2025-05-11 03:02:42',NULL,0.00,0,0.00,0,0),(2591,'Pamela Lim\'s Numbers up to 100 tracktest','Pamela Lim\'s 05/11/2025 Numbers up to 100 tracktest',0,NULL,'2025-05-10 13:03:27','2026-05-11 13:03:27','0000-00-00 00:00:00',2,'highest',1,2,'2025-05-11 03:03:27','2025-05-11 03:03:27',NULL,0.00,0,0.00,0,0),(2592,'Pamela Lim\'s Numbers up to 100 tracktest','Pamela Lim\'s 05/11/2025 Numbers up to 100 tracktest',0,NULL,'2025-05-10 13:05:28','2026-05-11 13:05:28','0000-00-00 00:00:00',2,'highest',1,2,'2025-05-11 03:05:28','2025-05-11 03:05:28',NULL,0.00,0,0.00,0,0),(2593,'Pamela Lim\'s Numbers up to 100 tracktest','Pamela Lim\'s 05/11/2025 Numbers up to 100 tracktest',0,NULL,'2025-05-10 13:24:49','2026-05-11 13:24:49','0000-00-00 00:00:00',2,'highest',1,2,'2025-05-11 03:24:49','2025-05-11 03:24:49',NULL,0.00,0,0.00,0,0),(2594,'Pamela Lim\'s Numbers up to 100 tracktest','Pamela Lim\'s 05/11/2025 Numbers up to 100 tracktest',0,NULL,'2025-05-10 13:25:08','2026-05-11 13:25:08','0000-00-00 00:00:00',2,'highest',1,2,'2025-05-11 03:25:08','2025-05-11 03:25:08',NULL,0.00,0,0.00,0,0),(2595,'Pamela Lim\'s Numbers up to 100 tracktest','Pamela Lim\'s 05/11/2025 Numbers up to 100 tracktest',0,NULL,'2025-05-10 13:50:55','2026-05-11 13:50:55','0000-00-00 00:00:00',2,'highest',1,2,'2025-05-11 03:50:55','2025-05-11 03:50:55',NULL,0.00,0,0.00,0,0),(2596,'Pamela Lim\'s Numbers up to 100 tracktest','Pamela Lim\'s 05/11/2025 Numbers up to 100 tracktest',0,NULL,'2025-05-10 13:50:55','2026-05-11 13:50:55','0000-00-00 00:00:00',2,'highest',1,2,'2025-05-11 03:50:55','2025-05-11 03:50:55',NULL,0.00,0,0.00,0,0),(2597,'Pamela Lim\'s Numbers up to 100 tracktest','Pamela Lim\'s 05/11/2025 Numbers up to 100 tracktest',0,NULL,'2025-05-10 14:22:50','2026-05-11 14:22:50','0000-00-00 00:00:00',2,'highest',1,2,'2025-05-11 04:22:50','2025-05-11 04:22:50',NULL,0.00,0,0.00,0,0),(2598,'Pamela Lim\'s Numbers up to 100 tracktest','Pamela Lim\'s 05/11/2025 Numbers up to 100 tracktest',0,NULL,'2025-05-10 14:24:59','2026-05-11 14:24:59','0000-00-00 00:00:00',2,'highest',1,2,'2025-05-11 04:24:59','2025-05-11 04:24:59',NULL,0.00,0,0.00,0,0),(2599,'Pamela Lim\'s Numbers up to 100 tracktest','Pamela Lim\'s 05/11/2025 Numbers up to 100 tracktest',0,NULL,'2025-05-10 14:39:32','2026-05-11 14:39:32','0000-00-00 00:00:00',2,'highest',1,2,'2025-05-11 04:39:32','2025-05-11 04:39:32',NULL,0.00,0,0.00,0,0),(2600,'Pamela Lim\'s Numbers up to 100 tracktest','Pamela Lim\'s 05/11/2025 Numbers up to 100 tracktest',0,NULL,'2025-05-10 14:39:38','2026-05-11 14:39:38','0000-00-00 00:00:00',2,'highest',1,2,'2025-05-11 04:39:38','2025-05-11 04:39:38',NULL,0.00,0,0.00,0,0),(2601,'Pamela Lim\'s Addition and subtraction of fractions tracktest','Pamela Lim\'s 05/11/2025 Addition and subtraction of fractions tracktest',0,NULL,'2025-05-10 14:42:10','2026-05-11 14:42:10','0000-00-00 00:00:00',2,'highest',1,2,'2025-05-11 04:42:10','2025-05-11 04:42:10',NULL,0.00,0,0.00,0,0),(2602,'Pamela Lim\'s Pie charts tracktest','Pamela Lim\'s 05/11/2025 Pie charts tracktest',0,NULL,'2025-05-10 14:42:47','2026-05-11 14:42:47','0000-00-00 00:00:00',2,'highest',1,2,'2025-05-11 04:42:47','2025-05-11 04:42:47',NULL,0.00,0,0.00,0,0),(2603,'Pamela Lim\'s Special Quadrilaterals tracktest','Pamela Lim\'s 05/11/2025 Special Quadrilaterals tracktest',0,NULL,'2025-05-10 14:42:48','2026-05-11 14:42:48','0000-00-00 00:00:00',2,'highest',1,2,'2025-05-11 04:42:48','2025-05-11 04:42:48',NULL,0.00,0,0.00,0,0),(2604,'Pamela Lim\'s Volume of cube and cuboid Year 6 tracktest','Pamela Lim\'s 05/11/2025 Volume of cube and cuboid Year 6 tracktest',0,NULL,'2025-05-10 14:42:50','2026-05-11 14:42:50','0000-00-00 00:00:00',2,'highest',1,2,'2025-05-11 04:42:50','2025-05-11 04:42:50',NULL,0.00,0,0.00,0,0),(2605,'Pamela Lim\'s Speed - ? tracktest','Pamela Lim\'s 05/11/2025 Speed - ? tracktest',0,NULL,'2025-05-10 14:42:51','2026-05-11 14:42:51','0000-00-00 00:00:00',2,'highest',1,2,'2025-05-11 04:42:51','2025-05-11 04:42:51',NULL,0.00,0,0.00,0,0),(2606,'Pamela Lim\'s Area and circumference of circle tracktest','Pamela Lim\'s 05/11/2025 Area and circumference of circle tracktest',0,NULL,'2025-05-10 14:42:53','2026-05-11 14:42:53','0000-00-00 00:00:00',2,'highest',1,2,'2025-05-11 04:42:53','2025-05-11 04:42:53',NULL,0.00,0,0.00,0,0),(2607,'Pamela Lim\'s Length, Mass and Volume Year 3 tracktest','Pamela Lim\'s 05/11/2025 Length, Mass and Volume Year 3 tracktest',0,NULL,'2025-05-10 14:43:09','2026-05-11 14:43:09','0000-00-00 00:00:00',2,'highest',1,2,'2025-05-11 04:43:09','2025-05-11 04:43:09',NULL,0.00,0,0.00,0,0),(2608,'Pamela Lim\'s Nets tracktest','Pamela Lim\'s 05/11/2025 Nets tracktest',0,NULL,'2025-05-10 14:43:39','2026-05-11 14:43:39','0000-00-00 00:00:00',2,'highest',1,2,'2025-05-11 04:43:39','2025-05-11 04:43:39',NULL,0.00,0,0.00,0,0),(2609,'Pamela Lim\'s Numbers up to 100 tracktest','Pamela Lim\'s 05/12/2025 Numbers up to 100 tracktest',0,NULL,'2025-05-11 15:07:48','2026-05-12 15:07:48','0000-00-00 00:00:00',2,'highest',1,2,'2025-05-12 05:07:48','2025-05-12 05:07:48',NULL,0.00,0,0.00,0,0),(2610,'Pamela Lim\'s Numbers up to 100 tracktest','Pamela Lim\'s 05/12/2025 Numbers up to 100 tracktest',0,NULL,'2025-05-11 15:08:01','2026-05-12 15:08:01','0000-00-00 00:00:00',2,'highest',1,2,'2025-05-12 05:08:01','2025-05-12 05:08:01',NULL,0.00,0,0.00,0,0),(2611,'Pamela Lim\'s Numbers up to 100 tracktest','Pamela Lim\'s 05/12/2025 Numbers up to 100 tracktest',0,NULL,'2025-05-11 15:22:57','2026-05-12 15:22:57','0000-00-00 00:00:00',2,'highest',1,2,'2025-05-12 05:22:57','2025-05-12 05:22:57',NULL,0.00,0,0.00,0,0),(2612,'Pamela Lim\'s Numbers up to 100 tracktest','Pamela Lim\'s 05/13/2025 Numbers up to 100 tracktest',0,NULL,'2025-05-12 11:06:20','2026-05-13 11:06:20','0000-00-00 00:00:00',2,'highest',1,2,'2025-05-13 01:06:20','2025-05-13 01:06:20',NULL,0.00,0,0.00,0,0),(2613,'Pamela Lim\'s Length, Mass Volume tracktest','Pamela Lim\'s 05/13/2025 Length, Mass Volume tracktest',0,NULL,'2025-05-12 11:09:23','2026-05-13 11:09:23','0000-00-00 00:00:00',2,'highest',1,2,'2025-05-13 01:09:23','2025-05-13 01:09:23',NULL,0.00,0,0.00,0,0),(2614,'Pamela Lim\'s Multiplication and Dvision to 10000 tracktest','Pamela Lim\'s 05/13/2025 Multiplication and Dvision to 10000 tracktest',0,NULL,'2025-05-12 12:00:30','2026-05-13 12:00:30','0000-00-00 00:00:00',2,'highest',1,2,'2025-05-13 02:00:30','2025-05-13 02:00:30',NULL,0.00,0,0.00,0,0),(2615,'Pamela Lim\'s Multiplication and Division tracktest','Pamela Lim\'s 05/13/2025 Multiplication and Division tracktest',0,NULL,'2025-05-12 12:00:56','2026-05-13 12:00:56','0000-00-00 00:00:00',2,'highest',1,2,'2025-05-13 02:00:56','2025-05-13 02:00:56',NULL,0.00,0,0.00,0,0),(2616,'Pamela Lim\'s Multiplication and Division tracktest','Pamela Lim\'s 05/13/2025 Multiplication and Division tracktest',0,NULL,'2025-05-12 12:00:58','2026-05-13 12:00:58','0000-00-00 00:00:00',2,'highest',1,2,'2025-05-13 02:00:58','2025-05-13 02:00:58',NULL,0.00,0,0.00,0,0),(2617,'Pamela Lim\'s Algebra tracktest','Pamela Lim\'s 05/13/2025 Algebra tracktest',0,NULL,'2025-05-12 12:32:30','2026-05-13 12:32:30','0000-00-00 00:00:00',2,'highest',1,2,'2025-05-13 02:32:30','2025-05-13 02:32:30',NULL,0.00,0,0.00,0,0),(2618,'Pamela Lim\'s Angles Year 3 tracktest','Pamela Lim\'s 05/13/2025 Angles Year 3 tracktest',0,NULL,'2025-05-12 12:32:47','2026-05-13 12:32:47','0000-00-00 00:00:00',2,'highest',1,2,'2025-05-13 02:32:47','2025-05-13 02:32:47',NULL,0.00,0,0.00,0,0),(2619,'Pamela Lim\'s Perpendicular and Parallel Lines tracktest','Pamela Lim\'s 05/13/2025 Perpendicular and Parallel Lines tracktest',0,NULL,'2025-05-12 12:32:49','2026-05-13 12:32:49','0000-00-00 00:00:00',2,'highest',1,2,'2025-05-13 02:32:49','2025-05-13 02:32:49',NULL,0.00,0,0.00,0,0),(2620,'Pamela Lim\'s Angles Year 4 tracktest','Pamela Lim\'s 05/13/2025 Angles Year 4 tracktest',0,NULL,'2025-05-12 12:32:52','2026-05-13 12:32:52','0000-00-00 00:00:00',2,'highest',1,2,'2025-05-13 02:32:52','2025-05-13 02:32:52',NULL,0.00,0,0.00,0,0),(2621,'Pamela Lim\'s Bar Graphs tracktest','Pamela Lim\'s 05/13/2025 Bar Graphs tracktest',0,NULL,'2025-05-12 12:36:48','2026-05-13 12:36:48','0000-00-00 00:00:00',2,'highest',1,2,'2025-05-13 02:36:48','2025-05-13 02:36:48',NULL,0.00,0,0.00,0,0),(2622,'Pamela Lim\'s Angles Year 4 tracktest','Pamela Lim\'s 05/13/2025 Angles Year 4 tracktest',0,NULL,'2025-05-12 12:36:56','2026-05-13 12:36:56','0000-00-00 00:00:00',2,'highest',1,2,'2025-05-13 02:36:56','2025-05-13 02:36:56',NULL,0.00,0,0.00,0,0),(2623,'Pamela Lim\'s Numbers up to 100 tracktest','Pamela Lim\'s 05/13/2025 Numbers up to 100 tracktest',0,NULL,'2025-05-12 12:43:54','2026-05-13 12:43:54','0000-00-00 00:00:00',2,'highest',1,2,'2025-05-13 02:43:54','2025-05-13 02:43:54',NULL,0.00,0,0.00,0,0),(2624,'Pamela Lim\'s Numbers up to 100 tracktest','Pamela Lim\'s 05/13/2025 Numbers up to 100 tracktest',0,NULL,'2025-05-12 12:51:35','2026-05-13 12:51:35','0000-00-00 00:00:00',2,'highest',1,2,'2025-05-13 02:51:35','2025-05-13 02:51:35',NULL,0.00,0,0.00,0,0),(2625,'Pamela Lim\'s Numbers up to 100 tracktest','Pamela Lim\'s 05/13/2025 Numbers up to 100 tracktest',0,NULL,'2025-05-12 12:52:40','2026-05-13 12:52:40','0000-00-00 00:00:00',2,'highest',1,2,'2025-05-13 02:52:40','2025-05-13 02:52:40',NULL,0.00,0,0.00,0,0),(2626,'Pamela Lim\'s Numbers up to 100 tracktest','Pamela Lim\'s 05/13/2025 Numbers up to 100 tracktest',0,NULL,'2025-05-12 12:52:44','2026-05-13 12:52:44','0000-00-00 00:00:00',2,'highest',1,2,'2025-05-13 02:52:44','2025-05-13 02:52:44',NULL,0.00,0,0.00,0,0),(2627,'Pamela Lim\'s Numbers up to 100 tracktest','Pamela Lim\'s 05/13/2025 Numbers up to 100 tracktest',0,NULL,'2025-05-12 12:53:10','2026-05-13 12:53:10','0000-00-00 00:00:00',2,'highest',1,2,'2025-05-13 02:53:10','2025-05-13 02:53:10',NULL,0.00,0,0.00,0,0),(2628,'Pamela Lim\'s Numbers up to 100 tracktest','Pamela Lim\'s 05/13/2025 Numbers up to 100 tracktest',0,NULL,'2025-05-12 12:53:14','2026-05-13 12:53:14','0000-00-00 00:00:00',2,'highest',1,2,'2025-05-13 02:53:14','2025-05-13 02:53:14',NULL,0.00,0,0.00,0,0),(2629,'Pamela Lim\'s Numbers up to 100 tracktest','Pamela Lim\'s 05/13/2025 Numbers up to 100 tracktest',0,NULL,'2025-05-12 12:53:50','2026-05-13 12:53:50','0000-00-00 00:00:00',2,'highest',1,2,'2025-05-13 02:53:50','2025-05-13 02:53:50',NULL,0.00,0,0.00,0,0),(2630,'Pamela Lim\'s Numbers up to 100 tracktest','Pamela Lim\'s 05/13/2025 Numbers up to 100 tracktest',0,NULL,'2025-05-12 12:54:26','2026-05-13 12:54:26','0000-00-00 00:00:00',2,'highest',1,2,'2025-05-13 02:54:26','2025-05-13 02:54:26',NULL,0.00,0,0.00,0,0),(2631,'Pamela Lim\'s Numbers up to 100 tracktest','Pamela Lim\'s 05/13/2025 Numbers up to 100 tracktest',0,NULL,'2025-05-12 12:55:06','2026-05-13 12:55:06','0000-00-00 00:00:00',2,'highest',1,2,'2025-05-13 02:55:06','2025-05-13 02:55:06',NULL,0.00,0,0.00,0,0),(2632,'Pamela Lim\'s Numbers up to 100000 tracktest','Pamela Lim\'s 05/13/2025 Numbers up to 100000 tracktest',0,NULL,'2025-05-12 13:19:54','2026-05-13 13:19:54','0000-00-00 00:00:00',2,'highest',1,2,'2025-05-13 03:19:54','2025-05-13 03:19:54',NULL,0.00,0,0.00,0,0),(2633,'Pamela Lim\'s Numbers up to 100000 tracktest','Pamela Lim\'s 05/13/2025 Numbers up to 100000 tracktest',0,NULL,'2025-05-12 13:26:11','2026-05-13 13:26:11','0000-00-00 00:00:00',2,'highest',1,2,'2025-05-13 03:26:11','2025-05-13 03:26:11',NULL,0.00,0,0.00,0,0),(2634,'Pamela Lim\'s Numbers up to 100 tracktest','Pamela Lim\'s 05/13/2025 Numbers up to 100 tracktest',0,NULL,'2025-05-12 13:50:03','2026-05-13 13:50:03','0000-00-00 00:00:00',2,'highest',1,2,'2025-05-13 03:50:03','2025-05-13 21:01:21',NULL,200.00,0,0.00,0,0),(2635,'Pamela Lim\'s Counting to 40 tracktest','Pamela Lim\'s 05/14/2025 Counting to 40 tracktest',0,NULL,'2025-05-13 00:19:57','2026-05-14 00:19:57','0000-00-00 00:00:00',2,'highest',1,2,'2025-05-13 14:19:57','2025-05-13 21:36:26',NULL,200.00,0,0.00,0,0),(2636,'Pamela Lim\'s Numbers up to 100 tracktest','Pamela Lim\'s 05/14/2025 Numbers up to 100 tracktest',0,NULL,'2025-05-13 09:34:44','2026-05-14 09:34:44','0000-00-00 00:00:00',2,'highest',1,2,'2025-05-13 23:34:44','2025-05-13 23:34:44',NULL,0.00,0,0.00,0,0),(2637,'Pamela Lim\'s Numbers up to 100 tracktest','Pamela Lim\'s 05/16/2025 Numbers up to 100 tracktest',0,NULL,'2025-05-15 08:08:36','2026-05-16 08:08:36','0000-00-00 00:00:00',2,'highest',1,2,'2025-05-15 22:08:36','2025-05-15 22:08:36',NULL,0.00,0,0.00,0,0),(2638,'Pamela Lim\'s Numbers up to 100 tracktest','Pamela Lim\'s 05/19/2025 Numbers up to 100 tracktest',0,NULL,'2025-05-18 12:26:49','2026-05-19 12:26:49','0000-00-00 00:00:00',2,'highest',1,2,'2025-05-19 02:26:49','2025-05-19 02:26:49',NULL,0.00,0,0.00,0,0),(2639,'Pamela Lim\'s Numbers up to 100 tracktest','Pamela Lim\'s 05/19/2025 Numbers up to 100 tracktest',0,NULL,'2025-05-18 12:27:33','2026-05-19 12:27:33','0000-00-00 00:00:00',2,'highest',1,2,'2025-05-19 02:27:33','2025-05-19 19:12:31',NULL,0.00,11,0.00,0,0),(2640,'User-WPFwgx\'s Angles Year 5 tracktest','User-WPFwgx\'s 05/20/2025 Angles Year 5 tracktest',0,NULL,'2025-05-19 13:50:53','2026-05-20 13:50:53','0000-00-00 00:00:00',2,'highest',1,2,'2025-05-20 03:50:53','2025-05-20 03:50:53',NULL,0.00,0,0.00,0,0),(2641,'Pamela Lim\'s Numbers up to 100 tracktest','Pamela Lim\'s 07/03/2025 Numbers up to 100 tracktest',0,NULL,'2025-07-02 08:32:21','2026-07-03 08:32:21','0000-00-00 00:00:00',2,'highest',1,2,'2025-07-02 22:32:21','2025-07-13 18:50:31',NULL,0.00,14,0.00,0,0),(2642,'Pamela Lim\'s Addition and Subtraction of Decimals tracktest','Pamela Lim\'s 07/04/2025 Addition and Subtraction of Decimals tracktest',0,NULL,'2025-07-03 00:06:51','2026-07-04 00:06:51','0000-00-00 00:00:00',2,'highest',1,2,'2025-07-03 14:06:51','2025-07-03 14:06:51',NULL,0.00,0,0.00,0,0),(2643,'Pamela Lim\'s Multiplication and Division tracktest','Pamela Lim\'s 07/04/2025 Multiplication and Division tracktest',0,NULL,'2025-07-03 00:06:52','2026-07-04 00:06:52','0000-00-00 00:00:00',2,'highest',1,2,'2025-07-03 14:06:52','2025-07-03 14:06:52',NULL,0.00,0,0.00,0,0),(2644,'Pamela Lim\'s Numbers up to 100 tracktest','Pamela Lim\'s 07/18/2025 Numbers up to 100 tracktest',0,NULL,'2025-07-17 09:59:49','2026-07-18 09:59:49','0000-00-00 00:00:00',2,'highest',1,2,'2025-07-17 23:59:49','2025-07-17 23:59:49',NULL,0.00,0,0.00,0,0),(2645,'Pamela Lim\'s Addition within 40 without regrouping tracktest','Pamela Lim\'s 07/20/2025 Addition within 40 without regrouping tracktest',0,NULL,'2025-07-19 07:22:10','2026-07-20 07:22:10','0000-00-00 00:00:00',2,'highest',1,2,'2025-07-19 21:22:10','2025-07-19 21:22:10',NULL,0.00,0,0.00,0,0),(2646,'Pamela Lim\'s Addition within 40 with regrouping tracktest','Pamela Lim\'s 07/20/2025 Addition within 40 with regrouping tracktest',0,NULL,'2025-07-19 07:22:56','2026-07-20 07:22:56','0000-00-00 00:00:00',2,'highest',1,2,'2025-07-19 21:22:56','2025-07-19 21:22:56',NULL,0.00,0,0.00,0,0);

--
-- Table structure for table `track_track`
--

CREATE TABLE `track_track` (
  `preReq_track_id` int unsigned NOT NULL,
  `track_id` int unsigned NOT NULL,
  `created_at` timestamp NULL DEFAULT NULL,
  `updated_at` timestamp NULL DEFAULT NULL,
  PRIMARY KEY (`preReq_track_id`,`track_id`),
  KEY `track_track_track_id_foreign` (`track_id`),
  CONSTRAINT `track_track_prereq_track_id_foreign` FOREIGN KEY (`preReq_track_id`) REFERENCES `tracks` (`id`) ON DELETE CASCADE,
  CONSTRAINT `track_track_track_id_foreign` FOREIGN KEY (`track_id`) REFERENCES `tracks` (`id`) ON DELETE CASCADE
) ENGINE=InnoDB DEFAULT CHARSET=utf8mb3 COLLATE=utf8mb3_unicode_ci;

--
-- Dumping data for table `track_track`
--

INSERT INTO `track_track` VALUES (1,2,'2018-05-03 21:17:14','2018-05-03 21:17:14'),(2,3,'2018-05-03 21:17:14','2018-05-03 21:17:14'),(3,4,'2018-05-03 21:17:14','2018-05-03 21:17:14'),(4,5,'2018-05-03 21:17:14','2018-05-03 21:17:14'),(5,6,'2018-05-03 21:17:14','2018-05-03 21:17:14'),(6,7,'2018-05-03 21:17:14','2018-05-03 21:17:14');

--
-- Table structure for table `track_user`
--

CREATE TABLE `track_user` (
  `track_id` int unsigned NOT NULL,
  `user_id` int unsigned NOT NULL,
  `track_maxile` decimal(6,2) NOT NULL DEFAULT '0.00',
  `track_passed` tinyint(1) NOT NULL DEFAULT '0',
  `track_test_date` datetime DEFAULT NULL,
  `created_at` timestamp NULL DEFAULT NULL,
  `updated_at` timestamp NULL DEFAULT NULL,
  `doneNess` decimal(5,2) NOT NULL DEFAULT '0.00',
  PRIMARY KEY (`track_id`,`user_id`),
  KEY `track_user_user_id_foreign` (`user_id`),
  CONSTRAINT `track_user_track_id_foreign` FOREIGN KEY (`track_id`) REFERENCES `tracks` (`id`) ON DELETE CASCADE,
  CONSTRAINT `track_user_user_id_foreign` FOREIGN KEY (`user_id`) REFERENCES `users` (`id`) ON DELETE CASCADE
) ENGINE=InnoDB DEFAULT CHARSET=utf8mb3 COLLATE=utf8mb3_unicode_ci;

--
-- Dumping data for table `track_user`
--

INSERT INTO `track_user` VALUES (1,2,133.33,0,'2025-07-20 08:34:24','2025-07-19 21:22:56','2025-07-19 22:34:24',0.00),(1,343,133.33,0,'2025-05-20 13:27:39','2025-05-20 03:25:26','2025-05-20 03:27:39',0.00),(2,2,0.00,0,'2025-07-18 10:01:45','2025-07-18 00:01:45','2025-07-18 00:01:45',0.00),(2,343,0.00,0,'2025-05-14 01:16:31','2025-05-13 15:16:31','2025-05-13 15:16:31',0.00),(3,2,0.00,0,'2025-07-04 00:06:52','2025-07-03 14:06:52','2025-07-03 14:06:52',0.00),(4,2,100.00,0,'2025-05-20 07:45:14','2025-05-19 21:40:40','2025-05-19 21:45:14',0.00),(4,324,200.00,1,'2024-04-12 00:20:27','2024-04-11 21:39:17','2024-04-12 00:20:27',0.00),(5,2,200.00,1,'2025-05-08 13:05:23','2025-05-08 03:01:26','2025-05-08 03:05:23',0.00),(6,324,200.00,1,'2024-04-12 00:20:27','2024-04-12 00:20:27','2024-04-12 00:20:27',0.00),(7,324,200.00,1,'2024-04-12 00:20:27','2024-04-12 00:20:27','2024-04-12 00:20:27',0.00),(8,324,0.00,0,'2024-04-12 00:20:27','2024-04-12 00:20:27','2024-04-12 00:20:27',0.00),(9,2,0.00,0,'2025-05-13 13:14:48','2025-05-03 22:22:01','2025-05-13 03:14:48',0.00),(9,343,216.67,0,'2025-05-20 13:49:47','2025-05-20 03:48:12','2025-05-20 03:49:47',0.00),(10,2,200.00,0,'2025-07-04 00:23:33','2025-07-03 14:23:33','2025-07-03 14:23:33',0.00),(10,41,0.00,0,'2024-04-24 12:11:48','2024-04-24 12:11:48','2024-04-24 12:11:48',0.00),(11,3,300.00,1,'2023-06-13 22:03:37','2023-06-13 07:43:07','2023-06-13 22:03:37',0.00),(12,3,300.00,1,'2023-06-19 09:48:05','2023-06-13 07:43:07','2023-06-19 09:48:05',0.00),(13,343,300.00,1,'2025-05-01 05:45:56','2025-04-30 17:05:15','2025-04-30 19:45:56',0.00),(14,41,300.00,1,'2024-04-24 12:11:48','2024-04-24 12:11:48','2024-04-24 12:11:48',0.00),(15,3,0.00,0,NULL,'2023-06-13 07:43:07','2023-06-13 07:43:07',0.00),(15,320,0.00,0,'2021-09-16 08:54:28','2021-09-10 03:44:50','2021-09-16 08:54:28',0.00),(16,3,0.00,0,NULL,'2023-06-13 07:43:07','2023-06-13 07:43:07',0.00),(16,320,300.00,1,'2021-09-16 08:50:03','2021-09-10 03:44:50','2021-09-16 08:50:03',0.00),(17,3,0.00,0,NULL,'2023-06-13 07:43:07','2023-06-13 07:43:07',0.00),(17,319,0.00,0,'2021-08-21 22:41:56','2021-08-20 06:33:10','2021-08-21 22:41:56',0.00),(17,320,0.00,0,NULL,'2021-09-10 03:44:50','2021-09-10 03:44:50',0.00),(18,3,0.00,0,NULL,'2023-06-13 07:43:07','2023-06-13 07:43:07',0.00),(18,319,0.00,0,'2021-08-21 22:39:57','2021-08-20 06:33:10','2021-08-21 22:39:57',0.00),(18,320,0.00,0,NULL,'2021-09-10 03:44:50','2021-09-10 03:44:50',0.00),(19,2,300.00,1,'2025-05-13 12:25:30','2025-05-12 05:20:19','2025-05-13 02:25:30',0.00),(20,2,300.00,0,'2025-05-20 07:06:13','2023-06-09 01:45:27','2025-05-19 21:06:13',0.00),(21,2,0.00,0,NULL,'2023-06-09 01:45:27','2023-06-09 01:45:27',0.00),(21,320,400.00,1,'2021-09-22 08:16:19','2021-09-16 08:55:18','2021-09-22 08:16:19',0.00),(22,41,400.00,1,'2024-04-24 12:11:48','2024-04-24 12:10:26','2024-04-24 12:11:48',0.00),(23,2,0.00,0,NULL,'2023-06-09 01:45:27','2023-06-09 01:45:27',0.00),(23,320,0.00,0,'2021-09-23 09:19:52','2021-09-16 08:55:18','2021-09-23 09:19:52',0.00),(24,2,0.00,0,NULL,'2023-06-09 01:45:27','2023-06-09 01:45:27',0.00),(24,320,0.00,0,'2021-09-23 09:19:25','2021-09-16 08:55:18','2021-09-23 09:19:25',0.00),(25,41,400.00,1,'2024-04-12 03:46:19','2024-04-11 14:06:17','2024-04-12 03:46:19',0.00),(26,2,0.00,0,NULL,'2023-06-09 01:45:27','2023-06-09 01:45:27',0.00),(26,320,400.00,1,'2021-09-22 08:58:56','2021-09-16 08:55:18','2021-09-22 08:58:56',0.00),(27,41,400.00,1,'2024-04-24 12:11:48','2024-04-24 12:10:26','2024-04-24 12:11:48',0.00),(28,2,0.00,0,NULL,'2023-06-09 01:45:27','2023-06-09 01:45:27',0.00),(28,320,0.00,0,'2021-09-23 09:18:18','2021-09-16 08:55:18','2021-09-23 09:18:18',0.00),(29,2,0.00,0,NULL,'2021-08-15 09:18:28','2021-08-15 09:18:28',0.00),(29,194,0.00,0,'2021-08-11 23:03:49','2020-09-04 02:12:27','2021-08-11 23:03:49',0.00),(29,319,0.00,0,NULL,'2021-08-21 22:50:44','2021-08-21 22:50:44',0.00),(29,320,0.00,0,NULL,'2021-09-16 08:55:18','2021-09-16 08:55:18',0.00),(30,2,0.00,0,NULL,'2021-08-15 09:18:28','2021-08-15 09:18:28',0.00),(30,194,400.00,1,'2021-08-05 23:25:48','2020-09-04 02:40:17','2021-08-05 23:25:48',0.00),(30,319,0.00,0,NULL,'2021-08-21 22:50:44','2021-08-21 22:50:44',0.00),(30,320,0.00,0,NULL,'2021-09-16 08:55:18','2021-09-16 08:55:18',0.00),(31,2,0.00,0,NULL,'2021-08-15 09:18:28','2021-08-15 09:18:28',0.00),(31,194,400.00,1,'2021-08-12 22:57:47','2020-09-04 00:48:49','2021-08-12 22:57:47',0.00),(31,319,0.00,0,NULL,'2021-08-21 22:50:44','2021-08-21 22:50:44',0.00),(31,320,0.00,0,NULL,'2021-09-16 08:55:18','2021-09-16 08:55:18',0.00),(32,2,0.00,0,'2025-05-13 13:26:12','2025-05-13 03:15:10','2025-05-13 03:26:12',0.00),(33,320,0.00,0,'2021-11-30 05:58:21','2021-09-23 09:20:02','2021-11-30 05:58:21',0.00),(34,320,500.00,1,'2021-09-29 07:46:28','2021-09-23 09:20:02','2021-09-29 07:46:28',0.00),(35,320,500.00,1,'2021-10-14 08:00:51','2021-09-23 09:20:02','2021-10-14 08:00:51',0.00),(36,320,500.00,1,'2021-10-14 08:09:26','2021-09-23 09:20:02','2021-10-14 08:09:26',0.00),(37,320,500.00,1,'2021-10-14 08:08:43','2021-09-23 09:20:02','2021-10-14 08:08:43',0.00),(38,320,500.00,1,'2021-11-26 06:52:30','2021-09-23 09:20:02','2021-11-26 06:52:30',0.00),(39,2,0.00,0,'2025-07-04 00:06:52','2025-07-03 14:06:52','2025-07-03 14:06:52',0.00),(39,320,500.00,1,'2021-11-26 07:01:05','2021-09-29 07:58:23','2021-11-26 07:01:05',0.00),(40,320,500.00,1,'2021-11-26 07:15:55','2021-09-23 09:20:02','2021-11-26 07:15:55',0.00),(41,320,500.00,1,'2021-11-26 07:28:58','2021-09-23 09:20:02','2021-11-26 07:28:58',0.00),(42,320,0.00,0,'2021-11-30 05:40:47','2021-09-29 07:58:23','2021-11-30 05:40:47',0.00),(43,319,500.00,1,'2021-09-23 09:15:11','2021-09-13 09:49:12','2021-09-23 09:15:11',0.00),(43,320,0.00,0,NULL,'2021-09-23 09:20:02','2021-09-23 09:20:02',0.00),(44,84,0.00,0,NULL,'2019-11-04 00:29:10','2019-11-04 00:29:10',0.00),(44,112,0.00,0,NULL,'2019-10-01 06:45:20','2019-10-01 06:45:20',0.00),(44,115,0.00,0,NULL,'2020-01-31 17:27:40','2020-01-31 17:27:40',0.00),(44,126,0.00,0,NULL,'2019-07-21 03:09:20','2019-07-21 03:09:20',0.00),(44,149,0.00,0,NULL,'2019-06-19 13:13:15','2019-06-19 13:13:15',0.00),(44,152,0.00,0,NULL,'2019-07-24 07:37:31','2019-07-24 07:37:31',0.00),(44,155,0.00,0,NULL,'2019-09-18 14:15:14','2019-09-18 14:15:14',0.00),(44,159,0.00,0,NULL,'2020-02-24 09:58:44','2020-02-24 09:58:44',0.00),(44,164,0.00,0,NULL,'2020-02-02 06:20:45','2020-02-02 06:20:45',0.00),(44,167,0.00,0,NULL,'2020-04-19 05:35:18','2020-04-19 05:35:18',0.00),(44,174,0.00,0,NULL,'2020-01-27 13:10:08','2020-01-27 13:10:08',0.00),(44,180,0.00,0,NULL,'2020-02-08 04:13:04','2020-02-08 04:13:04',0.00),(44,194,0.00,0,NULL,'2020-05-15 10:02:25','2020-05-15 10:02:25',0.00),(44,197,0.00,0,NULL,'2020-08-21 07:23:17','2020-08-21 07:23:17',0.00),(44,319,0.00,0,NULL,'2021-09-13 09:49:12','2021-09-13 09:49:12',0.00),(44,320,0.00,0,NULL,'2021-09-23 09:20:02','2021-09-23 09:20:02',0.00),(45,194,500.00,1,'2021-08-05 23:26:38','2020-05-15 10:02:25','2021-08-05 23:26:38',0.00),(45,319,0.00,0,NULL,'2021-09-13 09:49:12','2021-09-13 09:49:12',0.00),(45,320,0.00,0,NULL,'2021-09-23 09:20:02','2021-09-23 09:20:02',0.00),(46,319,0.00,0,'2021-08-21 22:50:01','2021-08-21 22:50:01','2021-08-21 22:50:01',0.00),(46,320,0.00,0,NULL,'2021-09-23 09:20:02','2021-09-23 09:20:02',0.00),(47,2,600.00,1,'2025-05-04 10:17:11','2025-05-04 00:17:11','2025-05-04 00:17:11',0.00),(48,319,0.00,0,'2021-11-30 06:57:02','2021-11-30 06:25:38','2021-11-30 06:57:02',0.00),(49,319,0.00,0,NULL,'2021-11-30 06:25:38','2021-11-30 06:25:38',0.00),(49,320,0.00,0,'2021-11-30 06:22:06','2021-11-30 05:58:37','2021-11-30 06:22:06',0.00),(50,319,0.00,0,NULL,'2021-11-30 06:25:38','2021-11-30 06:25:38',0.00),(50,320,0.00,0,'2021-11-30 06:21:32','2021-11-30 05:58:37','2021-11-30 06:21:32',0.00),(51,319,600.00,1,'2021-09-29 07:58:24','2021-08-21 22:46:37','2021-09-29 07:58:24',0.00),(51,320,0.00,0,NULL,'2021-11-30 05:58:37','2021-11-30 05:58:37',0.00),(52,319,600.00,1,'2021-10-14 08:11:54','2021-09-28 06:42:05','2021-10-14 08:11:54',0.00),(52,320,0.00,0,NULL,'2021-11-30 05:58:37','2021-11-30 05:58:37',0.00),(53,319,600.00,1,'2021-09-29 08:09:55','2021-09-28 06:42:05','2021-09-29 08:09:55',0.00),(53,320,0.00,0,NULL,'2021-11-30 05:58:37','2021-11-30 05:58:37',0.00),(54,319,600.00,1,'2021-11-26 06:44:31','2021-09-28 06:42:05','2021-11-26 06:44:31',0.00),(54,320,0.00,0,NULL,'2021-11-30 05:58:37','2021-11-30 05:58:37',0.00),(55,113,0.00,0,NULL,'2019-02-21 13:16:01','2019-02-21 13:16:01',0.00),(55,114,0.00,0,NULL,'2019-02-19 13:02:22','2019-02-19 13:02:22',0.00),(55,115,0.00,0,NULL,'2019-02-20 10:18:47','2019-02-20 10:18:47',0.00),(55,116,0.00,0,NULL,'2019-02-21 08:14:06','2019-02-21 08:14:06',0.00),(55,117,0.00,0,NULL,'2019-02-20 03:59:34','2019-02-20 03:59:34',0.00),(55,118,0.00,0,NULL,'2019-02-23 09:38:56','2019-02-23 09:38:56',0.00),(55,119,0.00,0,NULL,'2019-02-22 10:24:55','2019-02-22 10:24:55',0.00),(55,120,0.00,0,NULL,'2019-02-20 14:53:39','2019-02-20 14:53:39',0.00),(55,121,0.00,0,NULL,'2019-02-21 07:04:07','2019-02-21 07:04:07',0.00),(55,122,0.00,0,NULL,'2019-02-22 00:31:25','2019-02-22 00:31:25',0.00),(55,123,0.00,0,NULL,'2019-02-22 05:37:45','2019-02-22 05:37:45',0.00),(55,124,0.00,0,NULL,'2019-02-23 07:16:47','2019-02-23 07:16:47',0.00),(55,126,0.00,0,NULL,'2019-08-04 03:14:07','2019-08-04 03:14:07',0.00),(55,128,0.00,0,NULL,'2019-02-24 09:22:43','2019-02-24 09:22:43',0.00),(55,130,0.00,0,NULL,'2019-02-25 18:54:11','2019-02-25 18:54:11',0.00),(55,131,0.00,0,NULL,'2019-03-10 06:57:41','2019-03-10 06:57:41',0.00),(55,132,0.00,0,NULL,'2019-03-11 09:06:12','2019-03-11 09:06:12',0.00),(55,133,0.00,0,NULL,'2019-03-01 15:07:10','2019-03-01 15:07:10',0.00),(55,144,0.00,0,NULL,'2019-05-21 13:02:53','2019-05-21 13:02:53',0.00),(55,164,0.00,0,NULL,'2020-04-18 06:13:27','2020-04-18 06:13:27',0.00),(55,194,0.00,0,NULL,'2020-05-18 02:06:11','2020-05-18 02:06:11',0.00),(55,319,0.00,0,NULL,'2021-09-28 06:42:05','2021-09-28 06:42:05',0.00),(55,320,0.00,0,NULL,'2021-11-30 05:58:37','2021-11-30 05:58:37',0.00),(56,194,600.00,1,'2021-08-10 00:45:30','2020-07-13 03:05:09','2021-08-10 00:45:30',0.00),(56,319,0.00,0,NULL,'2021-09-28 06:42:05','2021-09-28 06:42:05',0.00),(56,320,0.00,0,NULL,'2021-11-30 05:58:37','2021-11-30 05:58:37',0.00),(57,194,600.00,1,'2021-08-11 23:05:03','2020-07-15 04:56:51','2021-08-11 23:05:03',0.00),(57,319,0.00,0,NULL,'2021-09-28 06:42:05','2021-09-28 06:42:05',0.00),(57,320,0.00,0,NULL,'2021-11-30 05:58:37','2021-11-30 05:58:37',0.00),(58,2,600.00,1,'2025-05-13 12:50:30','2025-05-13 02:50:30','2025-05-13 02:50:30',0.00),(58,343,500.00,0,'2025-05-20 13:51:51','2025-05-20 03:50:53','2025-05-20 03:51:51',0.00),(59,194,600.00,1,'2021-07-20 23:20:10','2020-05-18 02:06:11','2021-07-20 23:20:10',0.00),(59,319,0.00,0,NULL,'2021-09-28 06:42:05','2021-09-28 06:42:05',0.00),(59,320,0.00,0,NULL,'2021-11-30 05:58:37','2021-11-30 05:58:37',0.00),(60,194,600.00,1,'2021-08-07 23:14:39','2020-05-18 02:06:11','2021-08-07 23:14:39',0.00),(60,319,0.00,0,NULL,'2021-09-28 06:42:05','2021-09-28 06:42:05',0.00),(60,320,0.00,0,NULL,'2021-11-30 05:58:37','2021-11-30 05:58:37',0.00),(61,319,0.00,0,'2021-08-21 22:46:37','2021-08-21 22:46:37','2021-08-21 22:46:37',0.00),(61,320,0.00,0,NULL,'2021-11-30 05:58:37','2021-11-30 05:58:37',0.00),(62,194,600.00,1,'2021-08-08 23:39:21','2020-05-18 02:06:11','2021-08-08 23:39:21',0.00),(62,319,0.00,0,NULL,'2021-09-28 06:42:05','2021-09-28 06:42:05',0.00),(62,320,0.00,0,NULL,'2021-11-30 05:58:37','2021-11-30 05:58:37',0.00),(63,194,0.00,0,'2021-08-10 22:56:05','2020-08-02 23:34:00','2021-08-10 22:56:05',0.00),(64,194,0.00,0,'2021-08-05 06:16:45','2020-08-02 23:34:00','2021-08-05 06:16:45',0.00),(65,194,700.00,1,'2021-08-12 22:55:18','2020-08-02 23:34:00','2021-08-12 22:55:18',0.00),(66,194,0.00,0,'2021-08-10 00:46:22','2020-08-02 23:34:00','2021-08-10 00:46:22',0.00),(67,194,700.00,1,'2021-08-12 22:57:08','2020-08-02 23:34:00','2021-08-12 22:57:08',0.00),(68,194,0.00,0,'2021-07-22 22:58:29','2020-08-02 23:34:00','2021-07-22 22:58:29',0.00),(69,194,0.00,0,'2021-07-26 03:25:41','2020-08-02 23:34:00','2021-07-26 03:25:41',0.00),(70,319,0.00,0,'2021-08-21 22:48:06','2021-08-21 22:48:06','2021-08-21 22:48:06',0.00),(71,194,700.00,1,'2021-08-10 00:27:59','2020-08-02 23:34:00','2021-08-10 00:27:59',0.00),(72,41,0.00,0,'2024-04-24 12:11:48','2024-04-24 12:10:26','2024-04-24 12:11:48',0.00),(105,2,0.00,0,'2025-07-20 07:22:56','2025-07-19 21:22:56','2025-07-19 21:22:56',0.00),(105,3,200.00,1,'2024-04-25 08:59:03','2024-04-25 08:57:25','2024-04-25 08:59:03',0.00),(105,343,0.00,0,'2025-05-14 01:12:07','2025-05-13 15:12:07','2025-05-13 15:12:07',0.00),(111,3,0.00,0,'2023-06-13 07:42:38','2023-06-13 06:47:41','2023-06-13 07:42:38',0.00),(112,3,0.00,0,'2023-06-13 07:42:47','2023-06-13 06:47:41','2023-06-13 07:42:47',0.00),(113,3,200.00,1,'2023-06-13 07:42:47','2023-06-13 06:47:41','2023-06-13 07:42:47',0.00),(114,3,0.00,0,'2023-06-13 07:42:47','2023-06-13 06:47:41','2023-06-13 07:42:47',0.00),(115,41,200.00,1,'2024-04-24 12:11:48','2024-04-24 12:10:26','2024-04-24 12:11:48',0.00),(116,3,0.00,0,'2023-06-13 07:42:47','2023-06-13 06:47:41','2023-06-13 07:42:47',0.00),(117,3,0.00,0,'2023-06-13 07:42:56','2023-06-13 06:47:41','2023-06-13 07:42:56',0.00),(118,3,0.00,0,'2023-06-13 07:42:56','2023-06-13 06:47:41','2023-06-13 07:42:56',0.00),(119,3,0.00,0,'2023-06-13 07:42:56','2023-06-13 06:47:41','2023-06-13 07:42:56',0.00),(120,3,0.00,0,'2023-06-13 07:42:56','2023-06-13 06:47:41','2023-06-13 07:42:56',0.00),(121,3,0.00,0,'2023-06-13 07:42:56','2023-06-13 06:47:41','2023-06-13 07:42:56',0.00),(122,3,0.00,0,'2023-06-13 07:43:02','2023-06-13 06:47:41','2023-06-13 07:43:02',0.00),(123,3,200.00,1,'2023-06-13 07:43:03','2023-06-13 06:47:41','2023-06-13 07:43:03',0.00),(124,2,0.00,0,NULL,'2021-08-15 09:11:19','2021-08-15 09:11:19',0.00),(124,3,0.00,0,NULL,'2023-06-13 06:47:41','2023-06-13 06:47:41',0.00),(124,319,0.00,0,NULL,'2021-08-20 06:20:19','2021-08-20 06:20:19',0.00),(124,320,0.00,0,NULL,'2021-09-09 09:00:32','2021-09-09 09:00:32',0.00),(125,2,0.00,0,NULL,'2021-08-15 09:11:19','2021-08-15 09:11:19',0.00),(125,3,0.00,0,NULL,'2023-06-13 06:47:41','2023-06-13 06:47:41',0.00),(125,319,0.00,0,NULL,'2021-08-20 06:20:19','2021-08-20 06:20:19',0.00),(125,320,0.00,0,NULL,'2021-09-09 09:00:32','2021-09-09 09:00:32',0.00),(126,2,0.00,0,NULL,'2021-08-15 09:11:19','2021-08-15 09:11:19',0.00),(126,3,0.00,0,NULL,'2023-06-13 06:47:41','2023-06-13 06:47:41',0.00),(126,319,0.00,0,NULL,'2021-08-20 06:20:19','2021-08-20 06:20:19',0.00),(126,320,0.00,0,NULL,'2021-09-09 09:00:32','2021-09-09 09:00:32',0.00),(127,2,0.00,0,NULL,'2021-08-15 09:11:19','2021-08-15 09:11:19',0.00),(127,3,0.00,0,NULL,'2023-06-13 06:47:41','2023-06-13 06:47:41',0.00),(127,319,0.00,0,NULL,'2021-08-20 06:20:19','2021-08-20 06:20:19',0.00),(127,320,0.00,0,NULL,'2021-09-09 09:00:32','2021-09-09 09:00:32',0.00),(128,3,0.00,0,'2023-06-13 07:43:03','2023-06-13 06:47:41','2023-06-13 07:43:03',0.00),(129,3,0.00,0,'2023-06-13 07:43:03','2023-06-13 06:47:41','2023-06-13 07:43:03',0.00),(130,2,0.00,0,NULL,'2021-08-15 09:11:19','2021-08-15 09:11:19',0.00),(130,3,0.00,0,NULL,'2023-06-13 06:47:41','2023-06-13 06:47:41',0.00),(130,319,0.00,0,NULL,'2021-08-20 06:20:19','2021-08-20 06:20:19',0.00),(130,320,0.00,0,NULL,'2021-09-09 09:00:32','2021-09-09 09:00:32',0.00),(131,2,0.00,0,'2025-07-20 07:22:56','2025-07-19 21:22:56','2025-07-19 21:22:56',0.00),(131,3,0.00,0,NULL,'2024-04-25 08:56:52','2024-04-25 08:56:52',0.00),(131,41,0.00,0,NULL,'2024-04-11 00:43:37','2024-04-11 00:43:37',0.00),(131,323,0.00,0,NULL,'2024-04-25 04:32:17','2024-04-25 04:32:17',0.00),(131,324,0.00,0,NULL,'2024-04-10 23:30:44','2024-04-10 23:30:44',0.00),(131,325,0.00,0,NULL,'2024-04-26 11:22:06','2024-04-26 11:22:06',0.00),(131,326,0.00,0,NULL,'2024-06-28 08:32:11','2024-06-28 08:32:11',0.00),(131,330,0.00,0,NULL,'2024-04-26 12:26:23','2024-04-26 12:26:23',0.00),(131,343,0.00,0,'2025-05-20 13:25:26','2025-05-20 03:25:26','2025-05-20 03:25:26',0.00),(132,2,0.00,0,'2025-07-18 10:01:45','2025-07-18 00:01:45','2025-07-18 00:01:45',0.00),(132,343,0.00,0,'2025-05-14 01:16:31','2025-05-13 15:16:31','2025-05-13 15:16:31',0.00),(133,2,0.00,0,'2025-07-04 00:06:52','2025-07-03 14:06:52','2025-07-03 14:06:52',0.00),(137,2,0.00,0,'2025-07-20 07:22:56','2025-07-19 21:22:56','2025-07-19 21:22:56',0.00),(137,343,0.00,0,'2025-05-14 01:12:07','2025-05-13 15:12:07','2025-05-13 15:12:07',0.00),(138,343,0.00,0,'2025-05-20 13:50:53','2025-05-20 03:50:53','2025-05-20 03:50:53',0.00),(143,2,0.00,0,'2025-07-04 00:06:52','2025-07-03 14:06:52','2025-07-03 14:06:52',0.00);

--
-- Table structure for table `tracks`
--

CREATE TABLE `tracks` (
  `id` int unsigned NOT NULL AUTO_INCREMENT,
  `track` varchar(255) CHARACTER SET utf8mb3 COLLATE utf8mb3_unicode_ci NOT NULL,
  `description` varchar(255) CHARACTER SET utf8mb3 COLLATE utf8mb3_unicode_ci DEFAULT NULL,
  `user_id` int unsigned NOT NULL DEFAULT '1',
  `image` varchar(255) CHARACTER SET utf8mb3 COLLATE utf8mb3_unicode_ci DEFAULT NULL,
  `status_id` int unsigned NOT NULL DEFAULT '1',
  `field_id` int unsigned NOT NULL,
  `level_id` int unsigned NOT NULL,
  `created_at` timestamp NULL DEFAULT NULL,
  `updated_at` timestamp NULL DEFAULT NULL,
  PRIMARY KEY (`id`),
  KEY `tracks_user_id_foreign` (`user_id`),
  KEY `tracks_status_id_foreign` (`status_id`),
  KEY `tracks_field_id_foreign` (`field_id`),
  KEY `tracks_level_id_foreign` (`level_id`),
  CONSTRAINT `tracks_field_id_foreign` FOREIGN KEY (`field_id`) REFERENCES `fields` (`id`),
  CONSTRAINT `tracks_level_id_foreign` FOREIGN KEY (`level_id`) REFERENCES `levels` (`id`),
  CONSTRAINT `tracks_status_id_foreign` FOREIGN KEY (`status_id`) REFERENCES `statuses` (`id`),
  CONSTRAINT `tracks_user_id_foreign` FOREIGN KEY (`user_id`) REFERENCES `users` (`id`)
) ENGINE=InnoDB AUTO_INCREMENT=153 DEFAULT CHARSET=utf8mb3 COLLATE=utf8mb3_unicode_ci;

--
-- Dumping data for table `tracks`
--

INSERT INTO `tracks` VALUES (1,'Numbers up to 100','Numbers up to 100',1,NULL,3,15,2,'2018-05-03 21:17:12','2018-05-03 21:17:12'),(2,'Addition and Subtraction to 100','Addition and Subtraction to 100',1,NULL,3,17,2,'2018-05-03 21:17:12','2018-05-03 21:17:12'),(3,'Multiplication and Division','Multiplication and Division to 100',1,NULL,3,18,2,'2018-05-03 21:17:12','2018-05-03 21:17:12'),(4,'Money Year 1','Money Year 1',1,NULL,3,24,2,'2018-05-03 21:17:12','2018-05-03 21:17:12'),(5,'Length Year 1','Length Year 1',1,NULL,3,6,2,'2018-05-03 21:17:12','2024-04-26 03:12:46'),(6,'Time Year 1','Time Year 1',1,NULL,3,21,2,'2018-05-03 21:17:12','2018-05-03 21:17:12'),(7,'2D Shapes','2D Shapes in 2D',1,NULL,3,7,2,'2018-05-03 21:17:12','2025-09-11 21:56:18'),(8,'Picture Graphs','Picture Graphs',1,NULL,3,5,2,'2018-05-03 21:17:12','2018-05-03 21:17:12'),(9,'Numbers up to 1000','Numbers up to 1000',1,NULL,3,15,3,'2018-05-03 21:17:12','2018-05-03 21:17:12'),(10,'Addition and Subtraction to 1000','Addition and Subtraction to 1000',1,NULL,3,17,3,'2018-05-03 21:17:12','2018-05-03 21:17:12'),(11,'Multiplication and Division to 1000','Multiplication and Division to 1000',1,NULL,3,18,3,'2018-05-03 21:17:12','2018-05-03 21:17:12'),(12,'Fraction of a Whole','Fraction of a Whole',1,NULL,3,20,3,'2018-05-03 21:17:12','2018-05-03 21:17:12'),(13,'Addition and Subtraction of fraction of a whole','Addition and Subtraction of fraction of a whole',1,NULL,3,17,3,'2018-05-03 21:17:12','2018-05-03 21:17:12'),(14,'Money Year 2','Money Year 2',1,NULL,3,24,3,'2018-05-03 21:17:12','2018-05-03 21:17:12'),(15,'Length, Mass Volume','Length, Mass Volume',1,NULL,3,6,3,'2018-05-03 21:17:12','2018-05-03 21:17:12'),(16,'Time Year 2','Time Year 2',1,NULL,3,21,3,'2018-05-03 21:17:12','2018-05-03 21:17:12'),(17,'2D Shapes Year 2','2D Shapes Year 2',1,NULL,3,7,3,'2018-05-03 21:17:12','2018-05-03 21:17:12'),(18,'3D Shapes','3D Shapes',1,NULL,3,7,3,'2018-05-03 21:17:12','2018-05-03 21:17:12'),(19,'Picture Graphs with Scales','Picture Graphs with Scales',1,NULL,3,5,3,'2018-05-03 21:17:12','2018-05-03 21:17:12'),(20,'Numbers up to 10000','Numbers up to 10000',1,NULL,3,15,4,'2018-05-03 21:17:12','2018-05-03 21:17:12'),(21,'Addition and Subtraction to 10000','Addition and Subtraction to 10000',1,NULL,3,17,4,'2018-05-03 21:17:12','2018-05-03 21:17:12'),(22,'Multiplication and Dvision to 10000','Multiplication and Dvision to 10000',1,NULL,3,18,4,'2018-05-03 21:17:12','2018-05-03 21:17:12'),(23,'Equivalent Fractions','Equivalent Fractions',1,NULL,3,20,4,'2018-05-03 21:17:12','2018-05-03 21:17:12'),(24,'Addition and Subtraction of equivalent fractions','Addition and Subtraction of equivalent fractions',1,NULL,3,17,4,'2018-05-03 21:17:12','2018-05-03 21:17:12'),(25,'Money Year 3','Money Year 3',1,NULL,3,24,4,'2018-05-03 21:17:12','2018-05-03 21:17:12'),(26,'Length, Mass and Volume Year 3','Length, Mass and Volume Year 3',1,NULL,3,6,4,'2018-05-03 21:17:12','2018-05-03 21:17:12'),(27,'Time Year 3','Time Year 3',1,NULL,3,21,4,'2018-05-03 21:17:12','2018-05-03 21:17:12'),(28,'Area and Perimeter','Area and Perimeter',1,NULL,3,6,4,'2018-05-03 21:17:12','2018-05-03 21:17:12'),(29,'Angles Year 3','Angles Year 3',1,NULL,3,7,4,'2018-05-03 21:17:12','2018-05-03 21:17:12'),(30,'Perpendicular and Parallel Lines','Perpendicular and Parallel Lines',1,NULL,3,7,4,'2018-05-03 21:17:12','2018-05-03 21:17:12'),(31,'Bar Graphs','Bar Graphs',1,NULL,3,5,4,'2018-05-03 21:17:12','2018-05-03 21:17:12'),(32,'Numbers up to 100000','Numbers up to 100000',1,NULL,3,15,5,'2018-05-03 21:17:12','2018-05-03 21:17:12'),(33,'Factors and Multiples','Factors and Multiples',1,NULL,3,18,5,'2018-05-03 21:17:12','2018-05-03 21:17:12'),(34,'Four Operations','Four Operations',1,NULL,3,16,5,'2018-05-03 21:17:12','2018-05-03 21:17:12'),(35,'Mixed Numbers and Improper Fractions','Mixed Numbers and Improper Fractions',1,NULL,3,20,5,'2018-05-03 21:17:12','2018-05-03 21:17:12'),(36,'Fraction of a Set','Fraction of a Set of Objects',1,NULL,3,20,5,'2018-05-03 21:17:12','2018-05-03 21:17:12'),(37,'Addition and subtraction of fractions','Addition and subtraction of fractions',1,NULL,3,17,5,'2018-05-03 21:17:12','2018-05-03 21:17:12'),(38,'Decimals up to 3 decimal places','Decimals up to 3 decimal places',1,NULL,3,19,5,'2018-05-03 21:17:12','2018-05-03 21:17:12'),(39,'Addition and Subtraction of Decimals','Addition and Subtraction of Decimals',1,NULL,3,17,5,'2018-05-03 21:17:12','2018-05-03 21:17:12'),(40,'Multiplication and Division of decimals','Multiplication and Division of decimals',1,NULL,3,18,5,'2018-05-03 21:17:12','2018-05-03 21:17:12'),(41,'Time Year 4','Time Year 4',1,NULL,3,6,5,'2018-05-03 21:17:12','2018-05-03 21:17:12'),(42,'Area and Perimeter Year 4','Area and Perimeter Year 4',1,NULL,3,17,5,'2018-05-03 21:17:12','2018-05-03 21:17:12'),(43,'Angles Year 4','Angles Year 4',1,NULL,3,7,5,'2018-05-03 21:17:12','2018-05-03 21:17:12'),(44,'Rectangle and Square','Rectangle and Square',1,NULL,3,17,5,'2018-05-03 21:17:12','2018-05-03 21:17:12'),(45,'Line Symmetry','Line Symmetry',1,NULL,3,7,5,'2018-05-03 21:17:12','2018-05-03 21:17:12'),(46,'Tables, Line Graphs and Pie Charts','Tables and Line Graphs',1,NULL,3,5,5,'2018-05-03 21:17:12','2018-05-03 21:17:12'),(47,'Numbers up to 10 \nmillion','Numbers up to 10\nmillion \nFour Operations',1,NULL,3,15,6,'2018-05-03 21:17:12','2018-05-03 21:17:12'),(48,'Four Operations to 10 million','Four Operations to 10 million',1,NULL,3,16,6,'2018-05-03 21:17:12','2018-05-03 21:17:12'),(49,'Order of Operations to 10 million* Not in use','Order of Operations to 10 million',1,NULL,3,16,6,'2018-05-03 21:17:12','2018-05-03 21:17:12'),(50,'Fraction and Division','Concept of fraction as division',1,NULL,3,20,6,'2018-05-03 21:17:12','2018-05-03 21:17:12'),(51,'Four operations of fractions','Four operations of fractions',1,NULL,3,20,6,'2018-05-03 21:17:12','2018-05-03 21:17:12'),(52,'Four operations of decimals','Four operations of decimals',1,NULL,3,19,6,'2018-05-03 21:17:12','2018-05-03 21:17:12'),(53,'Percentage Year 5','Percentage Year 5',1,NULL,3,26,6,'2018-05-03 21:17:12','2018-05-03 21:17:12'),(54,'Ratio Year 5','Ratio Year 5',1,NULL,3,20,6,'2018-05-03 21:17:12','2018-05-03 21:17:12'),(55,'Length, mass and volume Year 5 - no more in use','Length, mass and volume Year 5',1,NULL,3,6,6,'2018-05-03 21:17:12','2018-05-03 21:17:12'),(56,'Area of triangle','Area of triangle',1,NULL,3,6,6,'2018-05-03 21:17:12','2018-05-03 21:17:12'),(57,'Volume of cube and cuboid Year 5','Volume of cube and cuboid Year 5',1,NULL,3,6,6,'2018-05-03 21:17:12','2018-05-03 21:17:12'),(58,'Angles Year 5','Angles Year 5',1,NULL,3,7,6,'2018-05-03 21:17:12','2018-05-03 21:17:12'),(59,'Triangles','Triangles',1,NULL,3,7,6,'2018-05-03 21:17:12','2018-05-03 21:17:12'),(60,'Parallelogram, rhombus and trapezium','Parallelogram, rhombus and trapezium',1,NULL,3,7,6,'2018-05-03 21:17:12','2018-05-03 21:17:12'),(61,'Average of a set of data','Average of a set of data',1,NULL,3,5,7,'2018-05-03 21:17:12','2018-05-03 21:17:12'),(62,'Four operations of fractions Year 6','Four operations of fractions Year 6',1,NULL,3,16,6,'2018-05-03 21:17:12','2018-05-03 21:17:12'),(63,'Percentage Year 6','Percentage Year 6',1,NULL,3,26,7,'2018-05-03 21:17:12','2018-05-03 21:17:12'),(64,'Ratio Year 6','Ratio Year 6',1,NULL,3,20,7,'2018-05-03 21:17:12','2018-05-03 21:17:12'),(65,'Speed - ?','Speed',1,NULL,3,22,7,'2018-05-03 21:17:12','2018-05-03 21:17:12'),(66,'Area and circumference of circle','Area and circumference of circle',1,NULL,3,6,7,'2018-05-03 21:17:12','2018-05-03 21:17:12'),(67,'Area and perimeter of composite figure - no longer in use?','Area and perimeter of composite figure',1,NULL,3,6,7,'2018-05-03 21:17:12','2018-05-03 21:17:12'),(68,'Volume of cube and cuboid Year 6','Volume of cube and cuboid Year 6',1,NULL,3,6,7,'2018-05-03 21:17:12','2018-05-03 21:17:12'),(69,'Special Quadrilaterals','Geometrical Figures',1,NULL,3,6,7,'2018-05-03 21:17:12','2018-05-03 21:17:12'),(70,'Nets','Nets',1,NULL,3,7,5,'2018-05-03 21:17:12','2018-05-03 21:17:12'),(71,'Pie charts','Pie charts',1,NULL,3,5,7,'2018-05-03 21:17:12','2018-05-03 21:17:12'),(72,'Algebra','Algebraic expessions in one variable',1,NULL,3,2,7,'2018-05-03 21:17:12','2018-05-03 21:17:12'),(73,'Operations with signed numbers','Operations with signed numbers',1,NULL,4,1,11,'2018-05-03 21:17:12','2018-05-03 21:17:12'),(74,'Mathematical properties','Mathematical properties',1,NULL,4,1,11,'2018-05-03 21:17:12','2018-05-03 21:17:12'),(75,'Variable and Formulas','Variable and Formulas',1,NULL,4,1,11,'2018-05-03 21:17:12','2018-05-03 21:17:12'),(76,'Monomials and polynomials','Monomials and polynomials',1,NULL,4,7,11,'2018-05-03 21:17:12','2018-05-03 21:17:12'),(77,'Basic operations with monomials and polynomials','Basic operations with monomials and polynomials',1,NULL,4,7,11,'2018-05-03 21:17:12','2018-05-03 21:17:12'),(78,'Multiplying binomials','Multiplying binomials',1,NULL,4,2,11,'2018-05-03 21:17:12','2018-05-03 21:17:12'),(79,'Dividing Monomials','Dividing Monomials',1,NULL,4,2,11,'2018-05-03 21:17:12','2018-05-03 21:17:12'),(80,'Dividing Polynomials','Dividing Polynomials',1,NULL,4,2,11,'2018-05-03 21:17:12','2018-05-03 21:17:12'),(81,'Equations with one Unknown','Equations with one Unknown',1,NULL,4,2,11,'2018-05-03 21:17:12','2018-05-03 21:17:12'),(82,'Simplying equations','Simplying equations',1,NULL,4,2,11,'2018-05-03 21:17:12','2018-05-03 21:17:12'),(83,'Solving equations with 2 unknowns','Solving equations with 2 unknowns',1,NULL,4,2,11,'2018-05-03 21:17:12','2018-05-03 21:17:12'),(84,'Inequalities and one unknown','Inequalities and one unknown',1,NULL,4,2,11,'2018-05-03 21:17:12','2018-05-03 21:17:12'),(85,'The rectangular coordinate system','The rectangular coordinate system',1,NULL,4,2,11,'2018-05-03 21:17:12','2018-05-03 21:17:12'),(86,'Graphing lines','Graphing lines',1,NULL,4,3,11,'2018-05-03 21:17:12','2018-05-03 21:17:12'),(87,'The slope of a line','The slope of a line',1,NULL,4,3,11,'2018-05-03 21:17:12','2018-05-03 21:17:12'),(88,'graphing linear equations','graphing linear equations',1,NULL,4,3,11,'2018-05-03 21:17:12','2018-05-03 21:17:12'),(89,'Exponents','Exponents',1,NULL,4,1,11,'2018-05-03 21:17:12','2018-05-03 21:17:12'),(90,'Roots','Roots',1,NULL,4,1,11,'2018-05-03 21:17:12','2018-05-03 21:17:12'),(91,'The Pythagorean Theorem','The Pythagorean Theorem',1,NULL,4,1,11,'2018-05-03 21:17:12','2018-05-03 21:17:12'),(92,'The basics of factoring','The basics of factoring',1,NULL,4,2,11,'2018-05-03 21:17:12','2018-05-03 21:17:12'),(93,'Quadratic Equations','Quadratic Equations',1,NULL,4,2,11,'2018-05-03 21:17:13','2018-05-03 21:17:13'),(94,'Algebra Introducation','Algebra Introducation',1,NULL,4,2,11,'2018-05-03 21:17:13','2018-05-03 21:17:13'),(95,'Algebraic fractions','Algebraic fractions',1,NULL,4,2,11,'2018-05-03 21:17:13','2018-05-03 21:17:13'),(96,'Multiplying fractions','Multiplying fractions',1,NULL,4,1,11,'2018-05-03 21:17:13','2018-05-03 21:17:13'),(97,'Dividing fractions','Dividing fractions',1,NULL,4,1,11,'2018-05-03 21:17:13','2018-05-03 21:17:13'),(98,'Like and unlike fractions','Like and unlike fractions',1,NULL,4,1,11,'2018-05-03 21:17:13','2018-05-03 21:17:13'),(99,'Adding and subtracting fractions','Adding and subtracting fractions',1,NULL,4,1,11,'2018-05-03 21:17:13','2018-05-03 21:17:13'),(100,'Complex Fractions','Complex Fractions',1,NULL,4,1,11,'2018-05-03 21:17:13','2018-05-03 21:17:13'),(101,'Linear Equations and Containing  Fractions','Linear Equations and Containing  Fractions',1,NULL,4,2,11,'2018-05-03 21:17:13','2018-05-03 21:17:13'),(103,'Operations with signed numbers',NULL,4,NULL,4,1,12,'2018-05-07 01:30:16','2018-05-07 01:30:16'),(104,'Operational',NULL,4,NULL,4,1,12,'2018-05-07 01:32:34','2018-05-07 01:32:34'),(105,'Numbers up to 100','Numbers up to 10',58,NULL,4,15,1,'2018-10-07 21:04:24','2018-10-07 21:04:24'),(109,'Track 2','Track 2',69,NULL,4,2,1,'2019-04-22 02:25:54','2019-04-22 02:25:54'),(111,'K1T1W1','K1T1 Week 1 track',4,NULL,2,1,1,'2020-09-16 09:09:30','2020-09-16 14:47:17'),(112,'K1T1W2','K1T1 Week 2 track',41,NULL,2,1,1,'2020-09-16 14:48:24','2020-09-16 14:48:24'),(113,'K1T1W3','K1 T1 Week 3 track',41,NULL,2,1,1,'2020-09-16 14:49:30','2020-09-16 14:49:30'),(114,'K1T1W4','K1 T1 Week 4 track',41,NULL,2,1,1,'2020-09-16 14:50:09','2020-09-16 14:50:09'),(115,'K1T1W5','K1 Term 1 Week 5 track',41,NULL,2,1,1,'2020-09-16 14:50:57','2020-09-16 14:50:57'),(116,'K1T1W6','K1 Term 1 Week 6 track',41,NULL,2,1,1,'2020-09-16 14:51:44','2020-09-16 14:51:44'),(117,'K1T1W7','K1 Term 1 Week 7 track',41,NULL,2,1,1,'2020-09-16 14:52:31','2020-09-16 14:52:31'),(118,'K1T1W8','K1 Term 1 Week 8 track',41,NULL,2,1,1,'2020-09-16 14:53:42','2020-09-16 14:53:42'),(119,'K1T1W9','K1 Term 1 week 9 track',41,NULL,2,1,1,'2020-09-16 14:54:25','2020-09-16 14:54:25'),(120,'K1T1W10','K1 Term 1 week 10 track',41,NULL,2,1,1,'2020-09-16 14:55:05','2020-09-16 14:55:05'),(121,'K1T1W11','K1 Term1 Week 11 track.   Bonus topic if progress is good.  Else revise previous tough topic',41,NULL,2,1,1,'2020-09-16 14:55:45','2020-09-16 14:58:02'),(122,'K1T1W12','K1 Term1 Week 12 track',41,NULL,2,1,1,'2020-09-16 14:56:28','2020-09-17 00:42:17'),(123,'Comparing and measuring lengths','Comparing, ordering and measuring, estimating length',41,NULL,2,1,2,'2020-12-10 16:00:55','2020-12-10 16:00:55'),(124,'Counting to 40','Counting to 40',41,NULL,2,15,2,'2020-12-10 16:11:45','2020-12-10 16:11:45'),(125,'Addition within 40 without regrouping','Addiiton within 40 without regrouping',41,NULL,2,1,2,'2020-12-10 16:12:52','2020-12-10 16:12:52'),(126,'Addition within 40 with regrouping','Addition within 40 with regrouping',41,NULL,2,1,2,'2020-12-10 16:13:51','2020-12-10 16:13:51'),(127,'Telling time','Telling time',41,NULL,2,1,2,'2020-12-10 16:14:47','2020-12-10 16:14:47'),(128,'Comparing and ordering within 40','Comparing and ordering within 40',41,NULL,2,1,2,'2020-12-10 16:15:58','2020-12-10 16:15:58'),(129,'Adding 3 numbers','Adding 3 numbers',41,NULL,2,1,2,'2020-12-10 16:16:35','2020-12-10 16:16:35'),(130,'Money','Money for Primary One',41,NULL,2,1,2,'2020-12-10 16:17:03','2024-04-29 05:10:49'),(131,'Primary School Counting ','Counting Skills for Primary School (Primary 1-6)',3,NULL,4,15,11,'2023-06-19 07:03:21','2023-06-20 09:11:34'),(132,'Primary School Addition and Subtraction','Primary School Addition and Subtraction Track (Primary 1-6)',3,NULL,4,1,11,'2023-06-20 05:07:14','2023-06-20 05:07:14'),(133,'Primary School Multiplication and Division','Singapore Primary School Multiplication and Division (Primary 1-6)\n-Multiplication and Division of Integers ONLY',3,NULL,4,1,11,'2023-06-20 07:32:15','2023-06-20 07:38:33'),(134,'Primary School Time ','Primary School Time Subjects (Primary 1-6)\nPrimary 1-6 Subjects for Time',3,NULL,4,6,11,'2023-06-20 07:40:31','2023-06-20 07:40:31'),(135,'Primary School Measurement ','Primary School (Primary 1-6) Measurement Topics',3,NULL,4,6,11,'2023-06-20 07:46:19','2023-06-20 07:46:19'),(136,'Primary School Rate','Singapore Primary School Rate Syllabus',3,NULL,4,6,11,'2023-06-20 07:48:52','2023-06-20 07:48:52'),(137,'Primary School Reading, Writing, and Classifying Numbers','Singapore Primary School Reading, Writing, and Classifying Numbers\n\n',3,NULL,4,10,11,'2023-06-20 07:50:00','2023-06-20 07:51:05'),(138,'Primary School Geometry','Singapore Primary School Geometry (Primary 1-6)\n',3,NULL,4,7,11,'2023-06-20 08:03:27','2023-06-20 08:03:27'),(139,'Primary School Averages','Singapore Primary School Averages (Primary 1-6)',3,NULL,4,1,11,'2023-06-20 08:04:10','2023-06-20 08:04:10'),(140,'Primary School Money','Singapore Primary School Money (Primary 1-6)',3,NULL,4,3,11,'2023-06-20 08:05:48','2023-06-20 08:05:48'),(141,'Primary School Combined Order of Operations','Singapore Primary School Order of Operations (Primary 1-6)\n',3,NULL,4,1,11,'2023-06-20 08:10:05','2023-06-20 08:40:07'),(142,'Primary School Fractions','Singapore Primary School Fractions (Primary 1-6)\n',3,NULL,4,1,11,'2023-06-20 08:10:50','2023-06-20 08:10:50'),(143,'Primary School Decimals','Singapore Primary School Decimals (Primary 1-6)',3,NULL,4,1,11,'2023-06-20 08:12:40','2023-06-20 08:44:09'),(144,'Primary School Estimation','Singapore Primary School Estimation (Primary 1-6)\n',3,NULL,4,4,11,'2023-06-20 08:16:47','2023-06-20 08:16:47'),(145,'Primary School Graphs','Singapore Primary School Graphs',3,NULL,4,3,11,'2023-06-20 08:37:24','2023-06-20 08:37:24'),(146,'Primary School Decimals and Fractions','Singapore Primary School Decimals and Fractions',3,NULL,4,1,11,'2023-06-20 08:44:57','2023-06-20 08:44:57');

--
-- Table structure for table `types`
--

CREATE TABLE `types` (
  `id` int unsigned NOT NULL AUTO_INCREMENT,
  `type` varchar(255) CHARACTER SET utf8mb3 COLLATE utf8mb3_unicode_ci NOT NULL,
  `description` varchar(255) CHARACTER SET utf8mb3 COLLATE utf8mb3_unicode_ci NOT NULL,
  `created_at` timestamp NULL DEFAULT NULL,
  `updated_at` timestamp NULL DEFAULT NULL,
  `status_id` int unsigned NOT NULL DEFAULT '1',
  PRIMARY KEY (`id`),
  KEY `status_id` (`status_id`),
  CONSTRAINT `types_ibfk_1` FOREIGN KEY (`status_id`) REFERENCES `statuses` (`id`)
) ENGINE=InnoDB AUTO_INCREMENT=15 DEFAULT CHARSET=utf8mb3 COLLATE=utf8mb3_unicode_ci;

--
-- Dumping data for table `types`
--

INSERT INTO `types` VALUES (1,'MCQ','Multiple choice questions','2018-05-03 21:15:37','2018-05-03 21:15:37',3),(2,'Number','Fill in the blanks with numbers','2018-05-03 21:15:37','2018-05-03 21:15:37',3),(3,'DAD','Drag and drop','2018-05-03 21:15:37','2018-05-03 21:15:37',1),(4,'FIB','Fill in the Blanks','2018-05-03 21:15:37','2018-05-03 21:15:37',1),(5,'MS','Multi-select','2018-05-03 21:15:37','2018-05-03 21:15:37',1),(6,'Essay','Essay','2018-05-03 21:15:37','2018-05-03 21:15:37',1),(14,'Esaay','Esaay','2025-09-26 06:54:11','2025-09-26 06:54:11',1);

--
-- Table structure for table `units`
--

CREATE TABLE `units` (
  `id` int unsigned NOT NULL AUTO_INCREMENT,
  `unit` varchar(255) CHARACTER SET utf8mb3 COLLATE utf8mb3_unicode_ci NOT NULL,
  `description` varchar(255) CHARACTER SET utf8mb3 COLLATE utf8mb3_unicode_ci NOT NULL,
  `created_at` timestamp NULL DEFAULT NULL,
  `updated_at` timestamp NULL DEFAULT NULL,
  PRIMARY KEY (`id`)
) ENGINE=InnoDB AUTO_INCREMENT=12 DEFAULT CHARSET=utf8mb3 COLLATE=utf8mb3_unicode_ci;

--
-- Dumping data for table `units`
--

INSERT INTO `units` VALUES (1,'hours','hours','2018-05-03 21:15:38','2018-05-03 21:15:38'),(2,'days','24 hours','2018-05-03 21:15:38','2018-05-03 21:15:38'),(3,'months','12 months in a year','2018-05-03 21:15:38','2018-05-03 21:15:38'),(4,'years','12 months in a year','2018-05-03 21:15:38','2018-05-03 21:15:38');

--
-- Table structure for table `user_lives`
--

CREATE TABLE `user_lives` (
  `id` bigint unsigned NOT NULL AUTO_INCREMENT,
  `user_id` int unsigned NOT NULL,
  `lives_remaining` tinyint unsigned NOT NULL DEFAULT '2',
  `last_reset` date DEFAULT NULL,
  `is_unlimited` tinyint(1) NOT NULL DEFAULT '0',
  `user_tier` enum('free','basic','premium') CHARACTER SET utf8mb3 COLLATE utf8mb3_unicode_ci NOT NULL DEFAULT 'free',
  `created_at` timestamp NULL DEFAULT NULL,
  `updated_at` timestamp NULL DEFAULT NULL,
  PRIMARY KEY (`id`),
  KEY `user_lives_user_id_foreign` (`user_id`),
  CONSTRAINT `user_lives_user_id_foreign` FOREIGN KEY (`user_id`) REFERENCES `users` (`id`) ON DELETE CASCADE
) ENGINE=InnoDB AUTO_INCREMENT=2 DEFAULT CHARSET=utf8mb3 COLLATE=utf8mb3_unicode_ci;

--
-- Dumping data for table `user_lives`
--

INSERT INTO `user_lives` VALUES (1,2,2,'2025-05-14',0,'free','2025-05-14 02:05:32','2025-05-14 02:05:32');

--
-- Table structure for table `videos`
--

CREATE TABLE `videos` (
  `id` int unsigned NOT NULL AUTO_INCREMENT,
  `storage_disk` varchar(32) COLLATE utf8mb3_unicode_ci NOT NULL DEFAULT 'public',
  `video_link` varchar(512) COLLATE utf8mb3_unicode_ci NOT NULL,
  `video_title` varchar(255) CHARACTER SET utf8mb3 COLLATE utf8mb3_unicode_ci DEFAULT NULL,
  `description` varchar(255) CHARACTER SET utf8mb3 COLLATE utf8mb3_unicode_ci NOT NULL,
  `created_at` timestamp NULL DEFAULT NULL,
  `updated_at` timestamp NULL DEFAULT NULL,
  `status_id` int unsigned DEFAULT '4',
  `user_id` int unsigned DEFAULT '1',
  `field_id` bigint unsigned DEFAULT NULL,
  PRIMARY KEY (`id`),
  UNIQUE KEY `videos_video_link_unique` (`video_link`),
  KEY `videos_status_id_foreign` (`status_id`),
  KEY `videos_user_id_foreign` (`user_id`),
  KEY `videos_field_id_index` (`field_id`),
  CONSTRAINT `videos_status_id_foreign` FOREIGN KEY (`status_id`) REFERENCES `statuses` (`id`) ON DELETE CASCADE,
  CONSTRAINT `videos_user_id_foreign` FOREIGN KEY (`user_id`) REFERENCES `users` (`id`) ON DELETE CASCADE
) ENGINE=InnoDB AUTO_INCREMENT=240 DEFAULT CHARSET=utf8mb3 COLLATE=utf8mb3_unicode_ci;

--
-- Dumping data for table `videos`
--

INSERT INTO `videos` VALUES (163,'public','videos/AGVIDS/SAMPLE/Copy of 10.11.12.13.35.38.mp4','Copy Of 10.11.12.13.35.38','Copy Of 10.11.12.13.35.38','2025-09-26 20:00:43','2025-09-26 20:00:43',1,1,NULL),(164,'public','videos/AGVIDS/SAMPLE/Copy of 41.42.mp4','Copy Of 41.42','Copy Of 41.42','2025-09-26 20:00:43','2025-09-26 20:00:43',1,1,NULL),(165,'public','videos/AGVIDS/SAMPLE/Copy of 75.76.mp4','Copy Of 75.76','Copy Of 75.76','2025-09-26 20:00:43','2025-09-26 20:00:43',1,1,NULL),(166,'public','videos/fields/15/Numbers_1_to_10.mp4','Numbers 1 To 10','Numbers 1 To 10','2025-09-26 20:00:43','2025-09-26 20:00:43',1,1,15),(167,'public','videos/fields/15/Numbers_to_10,000.mp4','Numbers To 10,000','Numbers To 10,000','2025-09-26 20:00:43','2025-09-26 20:00:43',1,1,15),(168,'public','videos/fields/15/Numbers_to_100,000.mp4','Numbers To 100,000','Numbers To 100,000','2025-09-26 20:00:43','2025-09-26 20:00:43',1,1,15),(169,'public','videos/fields/15/Numbers_to_100.mp4','Numbers To 100','Numbers To 100','2025-09-26 20:00:43','2025-09-26 20:00:43',1,1,15),(170,'public','videos/fields/15/Numbers_to_1000.mp4','Numbers To 1000','Numbers To 1000','2025-09-26 20:00:43','2025-09-26 20:00:43',1,1,15),(171,'public','videos/fields/15/Numbers_to_1_million.mp4','Numbers To 1 Million','Numbers To 1 Million','2025-09-26 20:00:43','2025-09-26 20:00:43',1,1,15),(172,'public','videos/fields/15/Old/1 Ordinal Numbers to 10th.mp4','1 Ordinal Numbers To 10Th','1 Ordinal Numbers To 10Th','2025-09-26 20:00:43','2025-09-26 20:00:43',1,1,15),(173,'public','videos/fields/15/Old/2 Ordinal Numbers to 100th.mp4','2 Ordinal Numbers To 100Th','2 Ordinal Numbers To 100Th','2025-09-26 20:00:43','2025-09-26 20:00:43',1,1,15),(174,'public','videos/fields/15/Ordinal_Numbers_to_100th.mp4','Ordinal Numbers To 100Th','Ordinal Numbers To 100Th','2025-09-26 20:00:43','2025-09-26 20:00:43',1,1,15),(175,'public','videos/fields/15/Ordinal_Numbers_to_10th.mp4','Ordinal Numbers To 10Th','Ordinal Numbers To 10Th','2025-09-26 20:00:43','2025-09-26 20:00:43',1,1,15),(176,'public','videos/fields/15/With No Spelling/1 Numbers 1 to 10.mp4','1 Numbers 1 To 10','1 Numbers 1 To 10','2025-09-26 20:00:43','2025-09-26 20:00:43',1,1,15),(177,'public','videos/fields/15/With No Spelling/2 Numbers to 100.mp4','2 Numbers To 100','2 Numbers To 100','2025-09-26 20:00:43','2025-09-26 20:00:43',1,1,15),(178,'public','videos/fields/15/With No Spelling/3 Numbers to 1000.mp4','3 Numbers To 1000','3 Numbers To 1000','2025-09-26 20:00:43','2025-09-26 20:00:43',1,1,15),(179,'public','videos/fields/15/With No Spelling/4 Numbers to 10000.mp4','4 Numbers To 10000','4 Numbers To 10000','2025-09-26 20:00:43','2025-09-26 20:00:43',1,1,15),(180,'public','videos/fields/15/With No Spelling/5 Numbers to 100000.mp4','5 Numbers To 100000','5 Numbers To 100000','2025-09-26 20:00:43','2025-09-26 20:00:43',1,1,15),(181,'public','videos/fields/15/With No Spelling/6 Numbers to 1m.mp4','6 Numbers To 1M','6 Numbers To 1M','2025-09-26 20:00:43','2025-09-26 20:00:43',1,1,15),(182,'public','videos/fields/15/With No Spelling/7 Numbers to 10m.mp4','7 Numbers To 10M','7 Numbers To 10M','2025-09-26 20:00:43','2025-09-26 20:00:43',1,1,15),(183,'public','videos/fields/16/1 Order of Operations.mp4','1 Order Of Operations','1 Order Of Operations','2025-09-26 20:00:43','2025-09-26 20:00:43',1,1,16),(184,'public','videos/fields/17/1 Addition 1 to 10.mp4','1 Addition 1 To 10','1 Addition 1 To 10','2025-09-26 20:00:43','2025-09-26 20:00:43',1,1,17),(185,'public','videos/fields/17/2 Addition to 100.mp4','2 Addition To 100','2 Addition To 100','2025-09-26 20:00:43','2025-09-26 20:00:43',1,1,17),(186,'public','videos/fields/17/2 Subtraction 1 to 10.mp4','2 Subtraction 1 To 10','2 Subtraction 1 To 10','2025-09-26 20:00:43','2025-09-26 20:00:43',1,1,17),(187,'public','videos/fields/17/3 Addition up to 1000.mp4','3 Addition Up To 1000','3 Addition Up To 1000','2025-09-26 20:00:43','2025-09-26 20:00:43',1,1,17),(188,'public','videos/fields/17/3 Subtraction up to 100.mp4','3 Subtraction Up To 100','3 Subtraction Up To 100','2025-09-26 20:00:43','2025-09-26 20:00:43',1,1,17),(189,'public','videos/fields/17/4 Subtraction up to 1000.mp4','4 Subtraction Up To 1000','4 Subtraction Up To 1000','2025-09-26 20:00:43','2025-09-26 20:00:43',1,1,17),(190,'public','videos/fields/17/Topic_ Subtraction/Old/AG_MathVideo_Subtraction_100.mp4','Ag Mathvideo Subtraction 100','Ag Mathvideo Subtraction 100','2025-09-26 20:00:43','2025-09-26 20:00:43',1,1,17),(191,'public','videos/fields/17/Topic_ Subtraction/Old/AG_MathVideo_Subtraction_1000.mp4','Ag Mathvideo Subtraction 1000','Ag Mathvideo Subtraction 1000','2025-09-26 20:00:43','2025-09-26 20:00:43',1,1,17),(192,'public','videos/fields/18/1 Mulitplication up to 40.mp4','1 Mulitplication Up To 40','1 Mulitplication Up To 40','2025-09-26 20:00:43','2025-09-26 20:00:43',1,1,18),(193,'public','videos/fields/18/2 Multiples up to 10.mp4','2 Multiples Up To 10','2 Multiples Up To 10','2025-09-26 20:00:43','2025-09-26 20:00:43',1,1,18),(194,'public','videos/fields/18/2 Multiplication table.mp4','2 Multiplication Table','2 Multiplication Table','2025-09-26 20:00:43','2025-09-26 20:00:43',1,1,18),(195,'public','videos/fields/18/3 Relationship between Multiplication and  Division.mp4','3 Relationship Between Multiplication And Division','3 Relationship Between Multiplication And Division','2025-09-26 20:00:43','2025-09-26 20:00:43',1,1,18),(196,'public','videos/fields/18/4 Factors and Multiples.mp4','4 Factors And Multiples','4 Factors And Multiples','2025-09-26 20:00:43','2025-09-26 20:00:43',1,1,18),(197,'public','videos/fields/18/5 Looking for Factors.mp4','5 Looking For Factors','5 Looking For Factors','2025-09-26 20:00:43','2025-09-26 20:00:43',1,1,18),(198,'public','videos/fields/18/6 Looking for Multiples.mp4','6 Looking For Multiples','6 Looking For Multiples','2025-09-26 20:00:43','2025-09-26 20:00:43',1,1,18),(199,'public','videos/fields/19/1 Introduction to Decimals.mp4','1 Introduction To Decimals','1 Introduction To Decimals','2025-09-26 20:00:43','2025-09-26 20:00:43',1,1,19),(200,'public','videos/fields/19/2 Addition with Decimals.mp4','2 Addition With Decimals','2 Addition With Decimals','2025-09-26 20:00:43','2025-09-26 20:00:43',1,1,19),(201,'public','videos/fields/19/3 Substraction with Decimals.mp4','3 Substraction With Decimals','3 Substraction With Decimals','2025-09-26 20:00:43','2025-09-26 20:00:43',1,1,19),(202,'public','videos/fields/19/4 Mulitplication with Decimals.mp4','4 Mulitplication With Decimals','4 Mulitplication With Decimals','2025-09-26 20:00:43','2025-09-26 20:00:43',1,1,19),(203,'public','videos/fields/19/5 Division with Decimals.mp4','5 Division With Decimals','5 Division With Decimals','2025-09-26 20:00:43','2025-09-26 20:00:43',1,1,19),(204,'public','videos/fields/20/1 Introduction to Fractions.mp4','1 Introduction To Fractions','1 Introduction To Fractions','2025-09-26 20:00:43','2025-09-26 20:00:43',1,1,20),(205,'public','videos/fields/20/10 Dividing a Fraction by a Fraction.mp4','10 Dividing A Fraction By A Fraction','10 Dividing A Fraction By A Fraction','2025-09-26 20:00:43','2025-09-26 20:00:43',1,1,20),(206,'public','videos/fields/20/11 Dividing Fractions by Improper Fractions.mp4','11 Dividing Fractions By Improper Fractions','11 Dividing Fractions By Improper Fractions','2025-09-26 20:00:43','2025-09-26 20:00:43',1,1,20),(207,'public','videos/fields/20/12 Ratio.mp4','12 Ratio','12 Ratio','2025-09-26 20:00:43','2025-09-26 20:00:43',1,1,20),(208,'public','videos/fields/20/2 Like Fractions.mp4','2 Like Fractions','2 Like Fractions','2025-09-26 20:00:43','2025-09-26 20:00:43',1,1,20),(209,'public','videos/fields/20/3 Adding Fractions.mp4','3 Adding Fractions','3 Adding Fractions','2025-09-26 20:00:43','2025-09-26 20:00:43',1,1,20),(210,'public','videos/fields/20/4 Multiplying Fractions.mp4','4 Multiplying Fractions','4 Multiplying Fractions','2025-09-26 20:00:43','2025-09-26 20:00:43',1,1,20),(211,'public','videos/fields/20/5 Fraction Multiplication Shortcuts.mp4','5 Fraction Multiplication Shortcuts','5 Fraction Multiplication Shortcuts','2025-09-26 20:00:43','2025-09-26 20:00:43',1,1,20),(212,'public','videos/fields/20/5 Fraction Multiply by a Fraction.mp4','5 Fraction Multiply By A Fraction','5 Fraction Multiply By A Fraction','2025-09-26 20:00:43','2025-09-26 20:00:43',1,1,20),(213,'public','videos/fields/20/6 Dividing Fractions.mp4','6 Dividing Fractions','6 Dividing Fractions','2025-09-26 20:00:43','2025-09-26 20:00:43',1,1,20),(214,'public','videos/fields/20/6 Muliply Fraction by an Improper Fraction.mp4','6 Muliply Fraction By An Improper Fraction','6 Muliply Fraction By An Improper Fraction','2025-09-26 20:00:43','2025-09-26 20:00:43',1,1,20),(215,'public','videos/fields/20/7 Dividing Fractions II.mp4','7 Dividing Fractions Ii','7 Dividing Fractions Ii','2025-09-26 20:00:43','2025-09-26 20:00:43',1,1,20),(216,'public','videos/fields/20/8 Fraction Division Shortcuts.mp4','8 Fraction Division Shortcuts','8 Fraction Division Shortcuts','2025-09-26 20:00:43','2025-09-26 20:00:43',1,1,20),(217,'public','videos/fields/20/9 Diving a whole number by a fraction.mp4','9 Diving A Whole Number By A Fraction','9 Diving A Whole Number By A Fraction','2025-09-26 20:00:43','2025-09-26 20:00:43',1,1,20),(218,'public','videos/fields/20/Topic_ Fractions/AG_MathVideo_Fractions_Divide_Part01.mp4','Ag Mathvideo Fractions Divide Part01','Ag Mathvideo Fractions Divide Part01','2025-09-26 20:00:43','2025-09-26 20:00:43',1,1,20),(219,'public','videos/fields/20/Topic_ Fractions/AG_MathVideo_Fractions_Multiply_Part01.mp4','Ag Mathvideo Fractions Multiply Part01','Ag Mathvideo Fractions Multiply Part01','2025-09-26 20:00:43','2025-09-26 20:00:43',1,1,20),(220,'public','videos/fields/21/1 Tell Time by the hour.mp4','1 Tell Time By The Hour','1 Tell Time By The Hour','2025-09-26 20:00:43','2025-09-26 20:00:43',1,1,21),(221,'public','videos/fields/21/2 Tell Time to the Minute.mp4','2 Tell Time To The Minute','2 Tell Time To The Minute','2025-09-26 20:00:43','2025-09-26 20:00:43',1,1,21),(222,'public','videos/fields/22/1 Speed.mp4','1 Speed','1 Speed','2025-09-26 20:00:43','2025-09-26 20:00:43',1,1,22),(223,'public','videos/fields/22/2 Distance, Time, Speed.mp4','2 Distance, Time, Speed','2 Distance, Time, Speed','2025-09-26 20:00:43','2025-09-26 20:00:43',1,1,22),(224,'public','videos/fields/23/1 Average.mp4','1 Average','1 Average','2025-09-26 20:00:43','2025-09-26 20:00:43',1,1,23),(225,'public','videos/fields/24/1 Money.mp4','1 Money','1 Money','2025-09-26 20:00:43','2025-09-26 20:00:43',1,1,24),(226,'public','videos/fields/25/1 Estimation.mp4','1 Estimation','1 Estimation','2025-09-26 20:00:43','2025-09-26 20:00:43',1,1,25),(227,'public','videos/fields/26/1 Introduction to Percentage.mp4','1 Introduction To Percentage','1 Introduction To Percentage','2025-09-26 20:00:43','2025-09-26 20:00:43',1,1,26),(228,'public','videos/fields/26/2 Fractions to Percentage.mp4','2 Fractions To Percentage','2 Fractions To Percentage','2025-09-26 20:00:43','2025-09-26 20:00:43',1,1,26),(229,'public','videos/fields/26/3 Percentage to Fractions.mp4','3 Percentage To Fractions','3 Percentage To Fractions','2025-09-26 20:00:43','2025-09-26 20:00:43',1,1,26),(230,'public','videos/fields/6/Area of rectangle.mp4','Area Of Rectangle','Area Of Rectangle','2025-09-26 20:00:43','2025-09-26 20:00:43',1,1,6),(231,'public','videos/fields/6/Area of triangle.mp4','Area Of Triangle','Area Of Triangle','2025-09-26 20:00:43','2025-09-26 20:00:43',1,1,6),(232,'public','videos/fields/6/cubic units.mp4','Cubic Units','Cubic Units','2025-09-26 20:00:43','2025-09-26 20:00:43',1,1,6),(233,'public','videos/fields/6/volume.mp4','Volume','Volume','2025-09-26 20:00:43','2025-09-26 20:00:43',1,1,6),(234,'public','videos/fields/7/Angle.mp4','Angle','Angle','2025-09-26 20:00:43','2025-09-26 20:00:43',1,1,7),(235,'public','videos/fields/7/Area of a Cricle.mp4','Area Of A Cricle','Area Of A Cricle','2025-09-26 20:00:43','2025-09-26 20:00:43',1,1,7),(236,'public','videos/fields/7/Circumference of a Circle.mp4','Circumference Of A Circle','Circumference Of A Circle','2025-09-26 20:00:43','2025-09-26 20:00:43',1,1,7),(237,'public','videos/fields/7/Parallel and Perpendicular Lines.mp4','Parallel And Perpendicular Lines','Parallel And Perpendicular Lines','2025-09-26 20:00:43','2025-09-26 20:00:43',1,1,7),(238,'public','videos/fields/7/Types of Angles.mp4','Types Of Angles','Types Of Angles','2025-09-26 20:00:43','2025-09-26 20:00:43',1,1,7),(239,'public','videos/fields/7/What is Pie.mp4','What Is Pie','What Is Pie','2025-09-26 20:00:43','2025-09-26 20:00:43',1,1,7);


